87.98.225.137 - - [28/Jun/2026:02:28:27 +0200] "POST /wp-cron.php?doing_wp_cron=1782606507.4928219318389892578125 HTTP/1.1" 200 3658 "-" "WordPress/6.7.2; https://clinicadentalargarate.com"
97.74.88.143 - - [28/Jun/2026:02:28:27 +0200] "POST /wp-login.php HTTP/1.1" 200 3527 "https://clinicadentalargarate.com/wp-login.php" "Mozilla/5.0 (Windows NT 10.0; WOW64) AppleWebKit/537.36 (KHTML, like Gecko) Chrome/133.0.0.0 Safari/537.36"
87.98.225.137 - - [28/Jun/2026:02:30:08 +0200] "POST /wp-cron.php?doing_wp_cron=1782606608.8426220417022705078125 HTTP/1.1" 200 3658 "-" "WordPress/6.7.2; https://clinicadentalargarate.com"
94.23.87.180 - - [28/Jun/2026:02:30:08 +0200] "GET / HTTP/1.0" 200 152488 "-" "-"
87.98.225.137 - - [28/Jun/2026:02:31:16 +0200] "POST /wp-cron.php?doing_wp_cron=1782606676.3555550575256347656250 HTTP/1.1" 200 281 "-" "WordPress/6.7.2; https://clinicadentalargarate.com"
125.230.227.144 - - [28/Jun/2026:02:31:16 +0200] "GET /wp-json/wp/v2/posts HTTP/1.1" 200 148242 "-" "Mozilla/5.0 (Windows NT 10.0; Win64; x64) AppleWebKit/537.36 (KHTML, like Gecko) Chrome/120.0.0.0 Safari/537.36"
87.98.225.137 - - [28/Jun/2026:02:31:30 +0200] "POST /wp-cron.php?doing_wp_cron=1782606690.7508900165557861328125 HTTP/1.1" 200 3658 "-" "WordPress/6.7.2; https://clinicadentalargarate.com"
13.220.224.38 - - [28/Jun/2026:02:31:30 +0200] "GET /blog/waarom-de-klantenservice-van-monixbet-casino-ervoor-zorgt/ HTTP/1.1" 500 6586 "-" "Mozilla/5.0 (Windows NT 10.0; Win64; x64) AppleWebKit/537.36 (KHTML, like Gecko) Chrome/86.0.4240.75 Safari/537.36"
87.98.225.137 - - [28/Jun/2026:02:31:31 +0200] "POST /wp-cron.php?doing_wp_cron=1782606691.0209879875183105468750 HTTP/1.1" 200 3658 "-" "WordPress/6.7.2; https://clinicadentalargarate.com"
13.220.224.38 - - [28/Jun/2026:02:31:30 +0200] "GET /blog/le-top-des-machines-a-sous-a-essayer-absolument-sur-horus-casino/ HTTP/1.1" 500 6586 "-" "Mozilla/5.0 (Windows NT 10.0; Win64; x64) AppleWebKit/537.36 (KHTML, like Gecko) Chrome/86.0.4240.75 Safari/537.36"
13.220.224.38 - - [28/Jun/2026:02:31:30 +0200] "GET /blog/comment-sassurer-que-votre-compte-stakes777-est-bien-securise/ HTTP/1.1" 500 6586 "-" "Mozilla/5.0 (Windows NT 10.0; Win64; x64) AppleWebKit/537.36 (KHTML, like Gecko) Chrome/86.0.4240.75 Safari/537.36"
13.220.224.38 - - [28/Jun/2026:02:31:31 +0200] "GET /blog/comment-fonctionne-le-processus-de-remboursement-partiel-chez-sugar-casino/ HTTP/1.1" 500 6586 "-" "Mozilla/5.0 (Windows NT 10.0; Win64; x64) AppleWebKit/537.36 (KHTML, like Gecko) Chrome/86.0.4240.75 Safari/537.36"
13.220.224.38 - - [28/Jun/2026:02:31:31 +0200] "GET /tratamientos/protesis-dentales/ HTTP/1.1" 200 27602 "-" "Mozilla/5.0 (Windows NT 10.0; Win64; x64) AppleWebKit/537.36 (KHTML, like Gecko) Chrome/86.0.4240.75 Safari/537.36"
87.98.225.137 - - [28/Jun/2026:02:31:41 +0200] "POST /wp-cron.php?doing_wp_cron=1782606701.8608880043029785156250 HTTP/1.1" 200 3658 "-" "WordPress/6.7.2; https://clinicadentalargarate.com"
87.98.225.137 - - [28/Jun/2026:02:31:41 +0200] "POST /wp-cron.php?doing_wp_cron=1782606701.8602380752563476562500 HTTP/1.1" 200 3658 "-" "WordPress/6.7.2; https://clinicadentalargarate.com"
87.98.225.137 - - [28/Jun/2026:02:31:41 +0200] "POST /wp-cron.php?doing_wp_cron=1782606701.8607640266418457031250 HTTP/1.1" 200 3658 "-" "WordPress/6.7.2; https://clinicadentalargarate.com"
13.220.224.38 - - [28/Jun/2026:02:31:41 +0200] "GET /blog/est-ce-que-legiano-casino-accepte-les-portefeuilles-electroniques/ HTTP/1.1" 500 6586 "-" "Mozilla/5.0 (Windows NT 10.0; Win64; x64) AppleWebKit/537.36 (KHTML, like Gecko) Chrome/86.0.4240.75 Safari/537.36"
13.220.224.38 - - [28/Jun/2026:02:31:41 +0200] "GET /blog/comment-suivre-ses-statistiques-de-jeu-sur-instant-casino-en-2026/ HTTP/1.1" 500 6586 "-" "Mozilla/5.0 (Windows NT 10.0; Win64; x64) AppleWebKit/537.36 (KHTML, like Gecko) Chrome/86.0.4240.75 Safari/537.36"
13.220.224.38 - - [28/Jun/2026:02:31:41 +0200] "GET /blog/quels-sont-les-avantages-directs-a-sinscrire-sur-haz-casino-des-maintenant/ HTTP/1.1" 500 3570 "-" "Mozilla/5.0 (Windows NT 10.0; Win64; x64) AppleWebKit/537.36 (KHTML, like Gecko) Chrome/86.0.4240.75 Safari/537.36"
13.220.224.38 - - [28/Jun/2026:02:31:41 +0200] "GET /tratamientos/implantes-dentales/contraindicaciones/ HTTP/1.1" 200 28277 "-" "Mozilla/5.0 (Windows NT 10.0; Win64; x64) AppleWebKit/537.36 (KHTML, like Gecko) Chrome/86.0.4240.75 Safari/537.36"
13.220.224.38 - - [28/Jun/2026:02:31:41 +0200] "GET /blog/waarom-vulkan-vegas-de-toekomst-van-casinos-vormt/ HTTP/1.1" 500 6586 "-" "Mozilla/5.0 (Windows NT 10.0; Win64; x64) AppleWebKit/537.36 (KHTML, like Gecko) Chrome/86.0.4240.75 Safari/537.36"
87.98.225.137 - - [28/Jun/2026:02:31:52 +0200] "POST /wp-cron.php?doing_wp_cron=1782606712.6592490673065185546875 HTTP/1.1" 200 3658 "-" "WordPress/6.7.2; https://clinicadentalargarate.com"
87.98.225.137 - - [28/Jun/2026:02:31:52 +0200] "POST /wp-cron.php?doing_wp_cron=1782606712.6606700420379638671875 HTTP/1.1" 200 3658 "-" "WordPress/6.7.2; https://clinicadentalargarate.com"
87.98.225.137 - - [28/Jun/2026:02:31:52 +0200] "POST /wp-cron.php?doing_wp_cron=1782606712.6592481136322021484375 HTTP/1.1" 200 3658 "-" "WordPress/6.7.2; https://clinicadentalargarate.com"
87.98.225.137 - - [28/Jun/2026:02:31:52 +0200] "POST /wp-cron.php?doing_wp_cron=1782606712.6592481136322021484375 HTTP/1.1" 200 3658 "-" "WordPress/6.7.2; https://clinicadentalargarate.com"
13.220.224.38 - - [28/Jun/2026:02:31:52 +0200] "GET /blog/zo-veilig-is-n1-casino-een-diepgaande-beoordeling/ HTTP/1.1" 500 6586 "-" "Mozilla/5.0 (Windows NT 10.0; Win64; x64) AppleWebKit/537.36 (KHTML, like Gecko) Chrome/86.0.4240.75 Safari/537.36"
13.220.224.38 - - [28/Jun/2026:02:31:52 +0200] "GET /blog/la-gestion-de-compte-et-securite-chez-lucky31-casino-expliquee-simplement/ HTTP/1.1" 500 6586 "-" "Mozilla/5.0 (Windows NT 10.0; Win64; x64) AppleWebKit/537.36 (KHTML, like Gecko) Chrome/86.0.4240.75 Safari/537.36"
13.220.224.38 - - [28/Jun/2026:02:31:52 +0200] "GET /blog/est-ce-facile-douvrir-un-compte-sur-superbet-casino-depuis-la-france/ HTTP/1.1" 500 6586 "-" "Mozilla/5.0 (Windows NT 10.0; Win64; x64) AppleWebKit/537.36 (KHTML, like Gecko) Chrome/86.0.4240.75 Safari/537.36"
13.220.224.38 - - [28/Jun/2026:02:31:52 +0200] "GET /blog/wat-zijn-de-spannendste-toernooien-bij-unique-casino/ HTTP/1.1" 500 3570 "-" "Mozilla/5.0 (Windows NT 10.0; Win64; x64) AppleWebKit/537.36 (KHTML, like Gecko) Chrome/86.0.4240.75 Safari/537.36"
13.220.224.38 - - [28/Jun/2026:02:31:52 +0200] "GET /aviso-legal/ HTTP/1.1" 200 31524 "-" "Mozilla/5.0 (Windows NT 10.0; Win64; x64) AppleWebKit/537.36 (KHTML, like Gecko) Chrome/86.0.4240.75 Safari/537.36"
87.98.225.137 - - [28/Jun/2026:02:32:03 +0200] "POST /wp-cron.php?doing_wp_cron=1782606723.5349569320678710937500 HTTP/1.1" 200 3658 "-" "WordPress/6.7.2; https://clinicadentalargarate.com"
87.98.225.137 - - [28/Jun/2026:02:32:03 +0200] "POST /wp-cron.php?doing_wp_cron=1782606723.5349600315093994140625 HTTP/1.1" 200 3658 "-" "WordPress/6.7.2; https://clinicadentalargarate.com"
87.98.225.137 - - [28/Jun/2026:02:32:03 +0200] "POST /wp-cron.php?doing_wp_cron=1782606723.5348110198974609375000 HTTP/1.1" 200 3658 "-" "WordPress/6.7.2; https://clinicadentalargarate.com"
13.220.224.38 - - [28/Jun/2026:02:32:03 +0200] "GET /blog/revery-play-casino-review-etapes-et-methodes/ HTTP/1.1" 500 3570 "-" "Mozilla/5.0 (Windows NT 10.0; Win64; x64) AppleWebKit/537.36 (KHTML, like Gecko) Chrome/86.0.4240.75 Safari/537.36"
13.220.224.38 - - [28/Jun/2026:02:32:03 +0200] "GET /blog/de-eerste-stappen-bij-pino-casino-wat-te-verwachten/ HTTP/1.1" 500 6586 "-" "Mozilla/5.0 (Windows NT 10.0; Win64; x64) AppleWebKit/537.36 (KHTML, like Gecko) Chrome/86.0.4240.75 Safari/537.36"
13.220.224.38 - - [28/Jun/2026:02:32:03 +0200] "GET /blog/waarom-kan-lucky-gem-casino-jouw-favoriete-site-worden/ HTTP/1.1" 500 6586 "-" "Mozilla/5.0 (Windows NT 10.0; Win64; x64) AppleWebKit/537.36 (KHTML, like Gecko) Chrome/86.0.4240.75 Safari/537.36"
13.220.224.38 - - [28/Jun/2026:02:32:03 +0200] "GET /blog/comment-securiser-son-compte-ile-de-casino-contre-les-fraudes/ HTTP/1.1" 500 6586 "-" "Mozilla/5.0 (Windows NT 10.0; Win64; x64) AppleWebKit/537.36 (KHTML, like Gecko) Chrome/86.0.4240.75 Safari/537.36"
13.220.224.38 - - [28/Jun/2026:02:32:03 +0200] "GET /blog/casino-winner-hoe-vertrouwen-en-veiligheid-worden-gewaarborgd/ HTTP/1.1" 500 6586 "-" "Mozilla/5.0 (Windows NT 10.0; Win64; x64) AppleWebKit/537.36 (KHTML, like Gecko) Chrome/86.0.4240.75 Safari/537.36"
87.98.225.137 - - [28/Jun/2026:02:32:14 +0200] "POST /wp-cron.php?doing_wp_cron=1782606734.4257719516754150390625 HTTP/1.1" 200 3658 "-" "WordPress/6.7.2; https://clinicadentalargarate.com"
13.220.224.38 - - [28/Jun/2026:02:32:14 +0200] "GET /blog/is-katana-spin-casino-the-future-of-online-casinos/ HTTP/1.1" 500 3570 "-" "Mozilla/5.0 (Windows NT 10.0; Win64; x64) AppleWebKit/537.36 (KHTML, like Gecko) Chrome/86.0.4240.75 Safari/537.36"
13.220.224.38 - - [28/Jun/2026:02:32:14 +0200] "GET /blog/hoe-betrouwbaar-is-slotwolf-casino-in-het-aanbieden-van-spellen/ HTTP/1.1" 500 6586 "-" "Mozilla/5.0 (Windows NT 10.0; Win64; x64) AppleWebKit/537.36 (KHTML, like Gecko) Chrome/86.0.4240.75 Safari/537.36"
13.220.224.38 - - [28/Jun/2026:02:32:14 +0200] "GET /blog/tenbet-casino-een-complete-gids-voor-nieuwe-spelers/ HTTP/1.1" 500 6586 "-" "Mozilla/5.0 (Windows NT 10.0; Win64; x64) AppleWebKit/537.36 (KHTML, like Gecko) Chrome/86.0.4240.75 Safari/537.36"
13.220.224.38 - - [28/Jun/2026:02:32:14 +0200] "GET /blog/pistolo-casinos-uitstekende-klantenservice-en-support/ HTTP/1.1" 500 6586 "-" "Mozilla/5.0 (Windows NT 10.0; Win64; x64) AppleWebKit/537.36 (KHTML, like Gecko) Chrome/86.0.4240.75 Safari/537.36"
13.220.224.38 - - [28/Jun/2026:02:32:14 +0200] "GET / HTTP/1.1" 200 36394 "-" "Mozilla/5.0 (Windows NT 10.0; Win64; x64) AppleWebKit/537.36 (KHTML, like Gecko) Chrome/86.0.4240.75 Safari/537.36"
87.98.225.137 - - [28/Jun/2026:02:32:25 +0200] "POST /wp-cron.php?doing_wp_cron=1782606745.4162089824676513671875 HTTP/1.1" 200 3658 "-" "WordPress/6.7.2; https://clinicadentalargarate.com"
13.220.224.38 - - [28/Jun/2026:02:32:25 +0200] "GET /tratamientos/ HTTP/1.1" 200 24691 "-" "Mozilla/5.0 (Windows NT 10.0; Win64; x64) AppleWebKit/537.36 (KHTML, like Gecko) Chrome/86.0.4240.75 Safari/537.36"
87.98.225.137 - - [28/Jun/2026:02:33:40 +0200] "POST /wp-cron.php?doing_wp_cron=1782606820.3629899024963378906250 HTTP/1.1" 200 3658 "-" "WordPress/6.7.2; https://clinicadentalargarate.com"
192.185.4.71 - - [28/Jun/2026:02:33:40 +0200] "GET /wp-login.php HTTP/1.1" 200 6743 "-" "Mozilla/5.0 (Windows NT 10.0) AppleWebKit/537.36 (KHTML, like Gecko) Chrome/133.0.0.0 Safari/537.36"
87.98.225.137 - - [28/Jun/2026:02:33:40 +0200] "POST /wp-cron.php?doing_wp_cron=1782606820.8597970008850097656250 HTTP/1.1" 200 3658 "-" "WordPress/6.7.2; https://clinicadentalargarate.com"
192.185.4.71 - - [28/Jun/2026:02:33:40 +0200] "POST /wp-login.php HTTP/1.1" 200 3500 "https://clinicadentalargarate.com/wp-login.php" "Mozilla/5.0 (Windows NT 10.0) AppleWebKit/537.36 (KHTML, like Gecko) Chrome/133.0.0.0 Safari/537.36"
66.249.66.40 - - [28/Jun/2026:02:34:34 +0200] "GET /wp-content/uploads/2017/12/jon-argarate.jpg HTTP/1.1" 304 3618 "-" "Googlebot-Image/1.0"
87.98.225.137 - - [28/Jun/2026:02:35:49 +0200] "POST /wp-cron.php?doing_wp_cron=1782606949.0270740985870361328125 HTTP/1.1" 200 3658 "-" "WordPress/6.7.2; https://clinicadentalargarate.com"
43.134.38.171 - - [28/Jun/2026:02:35:48 +0200] "GET /blog/le-top-des-machines-a-sous-a-essayer-absolument-sur-horus-casino/ HTTP/1.1" 500 6570 "-" "Mozilla/5.0 (iPhone; CPU iPhone OS 13_2_3 like Mac OS X) AppleWebKit/605.1.15 (KHTML, like Gecko) Version/13.0.3 Mobile/15E148 Safari/604.1"
87.98.225.137 - - [28/Jun/2026:02:36:14 +0200] "POST /wp-cron.php?doing_wp_cron=1782606974.6132268905639648437500 HTTP/1.1" 200 3658 "-" "WordPress/6.7.2; https://clinicadentalargarate.com"
198.46.211.159 - - [28/Jun/2026:02:36:14 +0200] "GET /wp-login.php HTTP/1.1" 200 6743 "-" "Mozilla/5.0 (Windows NT 10.0; Win64; x64) AppleWebKit/537.36 (KHTML, like Gecko) Chrome/133.0.0.0 Safari/537.36 Edg/133.0.0.0"
87.98.225.137 - - [28/Jun/2026:02:38:14 +0200] "POST /wp-cron.php?doing_wp_cron=1782607094.8481099605560302734375 HTTP/1.1" 200 3658 "-" "WordPress/6.7.2; https://clinicadentalargarate.com"
45.61.185.32 - - [28/Jun/2026:02:38:14 +0200] "GET /wp-login.php HTTP/1.1" 200 14604 "-" "Mozilla/5.0 (X11; Linux x86_64) AppleWebKit/537.36 (KHTML, like Gecko) Chrome/121.0.0.0 Safari/537.36"
5.255.231.17 - - [28/Jun/2026:02:38:19 +0200] "GET /robots.txt HTTP/1.1" 200 4154 "-" "Mozilla/5.0 (compatible; YandexBot/3.0; +http://yandex.com/bots)"
87.98.225.137 - - [28/Jun/2026:02:38:20 +0200] "POST /wp-cron.php?doing_wp_cron=1782607100.3084759712219238281250 HTTP/1.1" 200 3658 "-" "WordPress/6.7.2; https://clinicadentalargarate.com"
87.250.224.207 - - [28/Jun/2026:02:38:20 +0200] "GET / HTTP/1.1" 200 36364 "-" "Mozilla/5.0 (compatible; YandexBot/3.0; +http://yandex.com/bots)"
87.98.225.137 - - [28/Jun/2026:02:38:30 +0200] "POST /wp-cron.php?doing_wp_cron=1782607110.7794799804687500000000 HTTP/1.1" 200 3658 "-" "WordPress/6.7.2; https://clinicadentalargarate.com"
103.82.195.111 - - [28/Jun/2026:02:38:30 +0200] "GET /wp-login.php HTTP/1.1" 200 6743 "-" "Mozilla/5.0 (Windows NT 10.0; WOW64) AppleWebKit/537.36 (KHTML, like Gecko) Chrome/133.0.0.0 Safari/537.36"
87.98.225.137 - - [28/Jun/2026:02:38:47 +0200] "POST /wp-cron.php?doing_wp_cron=1782607127.6254460811614990234375 HTTP/1.1" 200 3658 "-" "WordPress/6.7.2; https://clinicadentalargarate.com"
103.82.195.111 - - [28/Jun/2026:02:38:47 +0200] "GET /wp-json/wp/v2/users/me HTTP/1.1" 401 3998 "-" "Mozilla/5.0 (Windows NT 10.0; WOW64) AppleWebKit/537.36 (KHTML, like Gecko) Chrome/133.0.0.0 Safari/537.36"
87.98.225.137 - - [28/Jun/2026:02:39:15 +0200] "POST /wp-cron.php?doing_wp_cron=1782607155.4735031127929687500000 HTTP/1.1" 200 3658 "-" "WordPress/6.7.2; https://clinicadentalargarate.com"
138.186.9.20 - - [28/Jun/2026:02:39:15 +0200] "GET /wp-login.php HTTP/1.1" 200 6743 "-" "Mozilla/5.0 (X11; Fedora; Linux x86_64) AppleWebKit/537.36 (KHTML, like Gecko) Chrome/133.0.0.0 Safari/537.36"
87.98.225.137 - - [28/Jun/2026:02:39:16 +0200] "POST /wp-cron.php?doing_wp_cron=1782607156.3135139942169189453125 HTTP/1.1" 200 3658 "-" "WordPress/6.7.2; https://clinicadentalargarate.com"
138.186.9.20 - - [28/Jun/2026:02:39:16 +0200] "POST /wp-login.php HTTP/1.1" 200 3527 "https://clinicadentalargarate.com/wp-login.php" "Mozilla/5.0 (X11; Fedora; Linux x86_64) AppleWebKit/537.36 (KHTML, like Gecko) Chrome/133.0.0.0 Safari/537.36"
87.98.225.137 - - [28/Jun/2026:02:40:28 +0200] "POST /wp-cron.php?doing_wp_cron=1782607228.3409070968627929687500 HTTP/1.1" 200 3658 "-" "WordPress/6.7.2; https://clinicadentalargarate.com"
45.61.185.32 - - [28/Jun/2026:02:40:28 +0200] "POST /wp-login.php HTTP/1.1" 200 15136 "-" "Mozilla/5.0 (X11; Linux x86_64) AppleWebKit/537.36 (KHTML, like Gecko) Chrome/121.0.0.0 Safari/537.36"
87.98.225.137 - - [28/Jun/2026:02:42:39 +0200] "POST /wp-cron.php?doing_wp_cron=1782607359.6653599739074707031250 HTTP/1.1" 200 281 "-" "WordPress/6.7.2; https://clinicadentalargarate.com"
192.71.12.10 - - [28/Jun/2026:02:42:39 +0200] "GET / HTTP/1.1" 301 275 "-" "Mozilla/5.0 (Windows NT 10.0; Win64; x64) AppleWebKit/537.36 (KHTML, like Gecko) Chrome/122.0.0.0 Safari/537.3"
194.103.212.184 - - [28/Jun/2026:02:42:39 +0200] "GET / HTTP/1.1" 200 36339 "http://clinicadentalargarate.com/" "Mozilla/5.0 (Windows NT 10.0; Win64; x64) AppleWebKit/537.36 (KHTML, like Gecko) Chrome/122.0.0.0 Safari/537.3"
87.98.225.137 - - [28/Jun/2026:02:42:40 +0200] "POST /wp-cron.php?doing_wp_cron=1782607360.5921859741210937500000 HTTP/1.1" 200 3658 "-" "WordPress/6.7.2; https://clinicadentalargarate.com"
192.71.2.56 - - [28/Jun/2026:02:42:40 +0200] "GET /blog/europe-fortune-casino-le-point-sur-les-modalites-de-retrait-entre-joueurs-francais/ HTTP/1.1" 500 6570 "-" "Mozilla/5.0 (Windows NT 10.0; Win64; x64) AppleWebKit/537.36 (KHTML, like Gecko) Chrome/122.0.0.0 Safari/537.3"
87.98.225.137 - - [28/Jun/2026:02:42:41 +0200] "POST /wp-cron.php?doing_wp_cron=1782607361.0328109264373779296875 HTTP/1.1" 200 3658 "-" "WordPress/6.7.2; https://clinicadentalargarate.com"
192.71.2.56 - - [28/Jun/2026:02:42:40 +0200] "GET /blog/peut-on-utiliser-plusieurs-methodes-de-paiement-sur-all-wins-casino-simultanement/ HTTP/1.1" 500 6570 "-" "Mozilla/5.0 (Windows NT 10.0; Win64; x64) AppleWebKit/537.36 (KHTML, like Gecko) Chrome/122.0.0.0 Safari/537.3"
87.98.225.137 - - [28/Jun/2026:02:42:41 +0200] "POST /wp-cron.php?doing_wp_cron=1782607361.4511599540710449218750 HTTP/1.1" 200 3658 "-" "WordPress/6.7.2; https://clinicadentalargarate.com"
192.71.126.26 - - [28/Jun/2026:02:42:41 +0200] "GET /blog/quels-sont-les-secrets-pour-maximiser-les-gains-avec-les-bonus-nirvana-casino/ HTTP/1.1" 500 6570 "-" "Mozilla/5.0 (Windows NT 10.0; Win64; x64) AppleWebKit/537.36 (KHTML, like Gecko) Chrome/122.0.0.0 Safari/537.3"
87.98.225.137 - - [28/Jun/2026:02:43:08 +0200] "POST /wp-cron.php?doing_wp_cron=1782607388.7835600376129150390625 HTTP/1.1" 200 3658 "-" "WordPress/6.7.2; https://clinicadentalargarate.com"
159.198.35.26 - - [28/Jun/2026:02:43:08 +0200] "GET /wp-json/wp/v2/users/me HTTP/1.1" 401 3998 "-" "Mozilla/5.0 (X11; Ubuntu; Linux x86_64; rv:133.0) Gecko/20100101 Firefox/133.0"
114.119.135.172 - - [28/Jun/2026:02:43:34 +0200] "GET /robots.txt HTTP/1.1" 200 464 "http://clinicadentalargarate.com/robots.txt" "Mozilla/5.0 (Windows NT 10.0; Win64; x64) AppleWebKit/537.36 (KHTML, like Gecko) Chrome/148.0.0.0 Safari/537.36"
87.98.225.137 - - [28/Jun/2026:02:43:44 +0200] "POST /wp-cron.php?doing_wp_cron=1782607424.6395030021667480468750 HTTP/1.1" 200 3658 "-" "WordPress/6.7.2; https://clinicadentalargarate.com"
40.77.167.70 - - [28/Jun/2026:02:43:44 +0200] "GET /blog/periimplantitis-como-afecta-implantes-dentales/ HTTP/1.1" 500 6682 "-" "Mozilla/5.0 AppleWebKit/537.36 (KHTML, like Gecko; compatible; bingbot/2.0; +http://www.bing.com/bingbot.htm) Chrome/116.0.1938.76 Safari/537.36"
87.98.225.137 - - [28/Jun/2026:02:44:26 +0200] "POST /wp-cron.php?doing_wp_cron=1782607466.3054809570312500000000 HTTP/1.1" 200 3658 "-" "WordPress/6.7.2; https://clinicadentalargarate.com"
148.72.144.211 - - [28/Jun/2026:02:44:26 +0200] "GET /wp-login.php HTTP/1.1" 200 6743 "-" "Mozilla/5.0 (X11; Ubuntu; Linux x86_64) AppleWebKit/537.36 (KHTML, like Gecko) Chrome/133.0.0.0 Safari/537.36"
87.98.225.137 - - [28/Jun/2026:02:44:26 +0200] "POST /wp-cron.php?doing_wp_cron=1782607466.6512849330902099609375 HTTP/1.1" 200 3658 "-" "WordPress/6.7.2; https://clinicadentalargarate.com"
148.72.144.211 - - [28/Jun/2026:02:44:26 +0200] "POST /wp-login.php HTTP/1.1" 200 3500 "https://clinicadentalargarate.com/wp-login.php" "Mozilla/5.0 (X11; Ubuntu; Linux x86_64) AppleWebKit/537.36 (KHTML, like Gecko) Chrome/133.0.0.0 Safari/537.36"
87.98.225.137 - - [28/Jun/2026:02:45:33 +0200] "POST /wp-cron.php?doing_wp_cron=1782607533.6875860691070556640625 HTTP/1.1" 200 3658 "-" "WordPress/6.7.2; https://clinicadentalargarate.com"
43.130.16.212 - - [28/Jun/2026:02:45:33 +0200] "GET /wp-json/wp/v2/pages/7 HTTP/1.1" 200 50695 "-" "Mozilla/5.0 (iPhone; CPU iPhone OS 13_2_3 like Mac OS X) AppleWebKit/605.1.15 (KHTML, like Gecko) Version/13.0.3 Mobile/15E148 Safari/604.1"
87.98.225.137 - - [28/Jun/2026:02:46:02 +0200] "POST /wp-cron.php?doing_wp_cron=1782607562.0639529228210449218750 HTTP/1.1" 200 281 "-" "WordPress/6.7.2; https://clinicadentalargarate.com"
109.123.236.178 - - [28/Jun/2026:02:46:01 +0200] "GET /wp-json/wp/v2/posts HTTP/1.1" 200 148279 "-" "Mozilla/5.0 (Windows NT 10.0; Win64; x64) AppleWebKit/537.36 (KHTML, like Gecko) Chrome/120.0.0.0 Safari/537.36"
87.98.225.137 - - [28/Jun/2026:02:46:29 +0200] "POST /wp-cron.php?doing_wp_cron=1782607589.5872590541839599609375 HTTP/1.1" 200 3658 "-" "WordPress/6.7.2; https://clinicadentalargarate.com"
159.198.35.26 - - [28/Jun/2026:02:46:29 +0200] "GET /wp-login.php HTTP/1.1" 200 6743 "-" "Mozilla/5.0 (Macintosh; Intel Mac OS X 10_15_7) AppleWebKit/537.36 (KHTML, like Gecko) Chrome/133.0.0.0 Safari/537.36"
87.98.225.137 - - [28/Jun/2026:02:46:30 +0200] "POST /wp-cron.php?doing_wp_cron=1782607590.0284509658813476562500 HTTP/1.1" 200 3658 "-" "WordPress/6.7.2; https://clinicadentalargarate.com"
159.198.35.26 - - [28/Jun/2026:02:46:29 +0200] "POST /wp-login.php HTTP/1.1" 200 3499 "https://clinicadentalargarate.com/wp-login.php" "Mozilla/5.0 (Macintosh; Intel Mac OS X 10_15_7) AppleWebKit/537.36 (KHTML, like Gecko) Chrome/133.0.0.0 Safari/537.36"
87.98.225.137 - - [28/Jun/2026:02:49:10 +0200] "POST /wp-cron.php?doing_wp_cron=1782607750.4544529914855957031250 HTTP/1.1" 200 3658 "-" "WordPress/6.7.2; https://clinicadentalargarate.com"
155.254.17.105 - - [28/Jun/2026:02:49:10 +0200] "GET /wp-login.php HTTP/1.1" 200 6743 "-" "Mozilla/5.0 (X11; Linux x86_64) AppleWebKit/537.36 (KHTML, like Gecko) Chrome/133.0.0.0 Safari/537.36"
87.98.225.137 - - [28/Jun/2026:02:49:10 +0200] "POST /wp-cron.php?doing_wp_cron=1782607750.9249200820922851562500 HTTP/1.1" 200 3658 "-" "WordPress/6.7.2; https://clinicadentalargarate.com"
155.254.17.105 - - [28/Jun/2026:02:49:10 +0200] "POST /wp-login.php HTTP/1.1" 200 3500 "https://clinicadentalargarate.com/wp-login.php" "Mozilla/5.0 (X11; Linux x86_64) AppleWebKit/537.36 (KHTML, like Gecko) Chrome/133.0.0.0 Safari/537.36"
87.98.225.137 - - [28/Jun/2026:02:51:07 +0200] "POST /wp-cron.php?doing_wp_cron=1782607867.4291050434112548828125 HTTP/1.1" 200 3658 "-" "WordPress/6.7.2; https://clinicadentalargarate.com"
40.77.167.70 - - [28/Jun/2026:02:51:07 +0200] "GET /tratamientos/endodoncia/ HTTP/1.1" 200 29713 "-" "Mozilla/5.0 AppleWebKit/537.36 (KHTML, like Gecko; compatible; bingbot/2.0; +http://www.bing.com/bingbot.htm) Chrome/116.0.1938.76 Safari/537.36"
87.98.225.137 - - [28/Jun/2026:02:51:20 +0200] "POST /wp-cron.php?doing_wp_cron=1782607880.4952421188354492187500 HTTP/1.1" 200 3658 "-" "WordPress/6.7.2; https://clinicadentalargarate.com"
119.195.102.159 - - [28/Jun/2026:02:51:20 +0200] "GET /wp-login.php HTTP/1.1" 200 6743 "-" "Mozilla/5.0 (X11; Linux x86_64) AppleWebKit/537.36 (KHTML, like Gecko) Chrome/133.0.0.0 Safari/537.36"
87.98.225.137 - - [28/Jun/2026:02:51:22 +0200] "POST /wp-cron.php?doing_wp_cron=1782607881.9917049407958984375000 HTTP/1.1" 200 3658 "-" "WordPress/6.7.2; https://clinicadentalargarate.com"
119.195.102.159 - - [28/Jun/2026:02:51:21 +0200] "POST /wp-login.php HTTP/1.1" 200 3527 "https://clinicadentalargarate.com/wp-login.php" "Mozilla/5.0 (X11; Linux x86_64) AppleWebKit/537.36 (KHTML, like Gecko) Chrome/133.0.0.0 Safari/537.36"
87.98.225.137 - - [28/Jun/2026:02:55:28 +0200] "POST /wp-cron.php?doing_wp_cron=1782608128.1221890449523925781250 HTTP/1.1" 200 3658 "-" "WordPress/6.7.2; https://clinicadentalargarate.com"
85.215.122.59 - - [28/Jun/2026:02:55:28 +0200] "GET /wp-login.php HTTP/1.1" 200 6743 "-" "Mozilla/5.0 (X11; Linux x86_64) AppleWebKit/537.36 (KHTML, like Gecko) Chrome/133.0.0.0 Safari/537.36 Edg/133.0.0.0"
85.215.122.59 - - [28/Jun/2026:02:55:28 +0200] "POST /wp-login.php HTTP/1.1" 200 3500 "https://clinicadentalargarate.com/wp-login.php" "Mozilla/5.0 (X11; Linux x86_64) AppleWebKit/537.36 (KHTML, like Gecko) Chrome/133.0.0.0 Safari/537.36 Edg/133.0.0.0"
87.98.225.137 - - [28/Jun/2026:02:55:43 +0200] "POST /wp-cron.php?doing_wp_cron=1782608143.3068189620971679687500 HTTP/1.1" 200 3658 "-" "WordPress/6.7.2; https://clinicadentalargarate.com"
43.159.152.184 - - [28/Jun/2026:02:55:43 +0200] "GET /contacto/embed/ HTTP/1.1" 200 10524 "-" "Mozilla/5.0 (iPhone; CPU iPhone OS 13_2_3 like Mac OS X) AppleWebKit/605.1.15 (KHTML, like Gecko) Version/13.0.3 Mobile/15E148 Safari/604.1"
87.98.225.137 - - [28/Jun/2026:02:56:33 +0200] "POST /wp-cron.php?doing_wp_cron=1782608193.4200470447540283203125 HTTP/1.1" 200 3658 "-" "WordPress/6.7.2; https://clinicadentalargarate.com"
66.249.66.40 - - [28/Jun/2026:02:56:33 +0200] "GET /mostbet-az-bukmeker-ve-kazino-mostbet-giris-r-smi-sayt/ HTTP/1.1" 200 25235 "-" "Mozilla/5.0 (Linux; Android 6.0.1; Nexus 5X Build/MMB29P) AppleWebKit/537.36 (KHTML, like Gecko) Chrome/148.0.7778.96 Mobile Safari/537.36 (compatible; Googlebot/2.1; +http://www.google.com/bot.html)"
87.98.225.137 - - [28/Jun/2026:02:56:40 +0200] "POST /wp-cron.php?doing_wp_cron=1782608200.8319640159606933593750 HTTP/1.1" 200 3658 "-" "WordPress/6.7.2; https://clinicadentalargarate.com"
194.180.236.48 - - [28/Jun/2026:02:56:40 +0200] "HEAD /?change-password=75325&_=1782608198578776000 HTTP/1.1" 200 3761 "-" "Mozilla/5.0 (Windows NT 10.0; Win64; x64) AppleWebKit/537.36 (KHTML, like Gecko) Chrome/120.0.0.0 Safari/537.36"
87.98.225.137 - - [28/Jun/2026:02:58:18 +0200] "POST /wp-cron.php?doing_wp_cron=1782608298.2273631095886230468750 HTTP/1.1" 200 3658 "-" "WordPress/6.7.2; https://clinicadentalargarate.com"
103.106.104.172 - - [28/Jun/2026:02:58:18 +0200] "GET /wp-login.php HTTP/1.1" 200 6743 "-" "Mozilla/5.0 (Windows NT 10.0) AppleWebKit/537.36 (KHTML, like Gecko) Chrome/133.0.0.0 Safari/537.36"
87.98.225.137 - - [28/Jun/2026:02:58:18 +0200] "POST /wp-cron.php?doing_wp_cron=1782608298.7238490581512451171875 HTTP/1.1" 200 3658 "-" "WordPress/6.7.2; https://clinicadentalargarate.com"
103.106.104.172 - - [28/Jun/2026:02:58:18 +0200] "POST /wp-login.php HTTP/1.1" 200 3499 "https://clinicadentalargarate.com/wp-login.php" "Mozilla/5.0 (Windows NT 10.0) AppleWebKit/537.36 (KHTML, like Gecko) Chrome/133.0.0.0 Safari/537.36"
87.98.225.137 - - [28/Jun/2026:02:59:18 +0200] "POST /wp-cron.php?doing_wp_cron=1782608358.2910959720611572265625 HTTP/1.1" 200 3658 "-" "WordPress/6.7.2; https://clinicadentalargarate.com"
212.227.154.251 - - [28/Jun/2026:02:59:18 +0200] "GET /wp-login.php HTTP/1.1" 200 6743 "-" "Mozilla/5.0 (Macintosh; Intel Mac OS X 10_15_7) AppleWebKit/537.36 (KHTML, like Gecko) Chrome/133.0.0.0 Safari/537.36 Edg/133.0.0.0"
87.98.225.137 - - [28/Jun/2026:02:59:19 +0200] "POST /wp-cron.php?doing_wp_cron=1782608358.9971270561218261718750 HTTP/1.1" 200 3658 "-" "WordPress/6.7.2; https://clinicadentalargarate.com"
212.227.154.251 - - [28/Jun/2026:02:59:18 +0200] "POST /wp-login.php HTTP/1.1" 200 3525 "https://clinicadentalargarate.com/wp-login.php" "Mozilla/5.0 (Macintosh; Intel Mac OS X 10_15_7) AppleWebKit/537.36 (KHTML, like Gecko) Chrome/133.0.0.0 Safari/537.36 Edg/133.0.0.0"
87.98.225.137 - - [28/Jun/2026:03:01:18 +0200] "POST /wp-cron.php?doing_wp_cron=1782608478.6125071048736572265625 HTTP/1.1" 200 3658 "-" "WordPress/6.7.2; https://clinicadentalargarate.com"
157.66.26.183 - - [28/Jun/2026:03:01:18 +0200] "GET /wp-login.php HTTP/1.1" 200 6743 "-" "Mozilla/5.0 (Windows NT 10.0; Win64; x64) AppleWebKit/537.36 (KHTML, like Gecko) Chrome/133.0.0.0 Safari/537.36 Edg/133.0.0.0"
87.98.225.137 - - [28/Jun/2026:03:01:19 +0200] "POST /wp-cron.php?doing_wp_cron=1782608479.3421440124511718750000 HTTP/1.1" 200 3658 "-" "WordPress/6.7.2; https://clinicadentalargarate.com"
157.66.26.183 - - [28/Jun/2026:03:01:19 +0200] "POST /wp-login.php HTTP/1.1" 200 3500 "https://clinicadentalargarate.com/wp-login.php" "Mozilla/5.0 (Windows NT 10.0; Win64; x64) AppleWebKit/537.36 (KHTML, like Gecko) Chrome/133.0.0.0 Safari/537.36 Edg/133.0.0.0"
87.98.225.137 - - [28/Jun/2026:03:02:31 +0200] "POST /wp-cron.php?doing_wp_cron=1782608551.0182619094848632812500 HTTP/1.1" 200 3658 "-" "WordPress/6.7.2; https://clinicadentalargarate.com"
173.247.255.22 - - [28/Jun/2026:03:02:30 +0200] "GET /wp-login.php HTTP/1.1" 200 6743 "-" "Mozilla/5.0 (Macintosh; Intel Mac OS X 10_15_7) AppleWebKit/537.36 (KHTML, like Gecko) Chrome/133.0.0.0 Safari/537.36"
87.98.225.137 - - [28/Jun/2026:03:02:31 +0200] "POST /wp-cron.php?doing_wp_cron=1782608551.4564580917358398437500 HTTP/1.1" 200 3658 "-" "WordPress/6.7.2; https://clinicadentalargarate.com"
173.247.255.22 - - [28/Jun/2026:03:02:31 +0200] "POST /wp-login.php HTTP/1.1" 200 3527 "https://clinicadentalargarate.com/wp-login.php" "Mozilla/5.0 (Macintosh; Intel Mac OS X 10_15_7) AppleWebKit/537.36 (KHTML, like Gecko) Chrome/133.0.0.0 Safari/537.36"
87.98.225.137 - - [28/Jun/2026:03:03:32 +0200] "POST /wp-cron.php?doing_wp_cron=1782608612.8530480861663818359375 HTTP/1.1" 200 3658 "-" "WordPress/6.7.2; https://clinicadentalargarate.com"
43.157.179.227 - - [28/Jun/2026:03:03:32 +0200] "GET /blog/author/sofia/ HTTP/1.1" 200 27535 "-" "Mozilla/5.0 (iPhone; CPU iPhone OS 13_2_3 like Mac OS X) AppleWebKit/605.1.15 (KHTML, like Gecko) Version/13.0.3 Mobile/15E148 Safari/604.1"
87.98.225.137 - - [28/Jun/2026:03:04:49 +0200] "POST /wp-cron.php?doing_wp_cron=1782608689.4007139205932617187500 HTTP/1.1" 200 3658 "-" "WordPress/6.7.2; https://clinicadentalargarate.com"
85.215.252.72 - - [28/Jun/2026:03:04:49 +0200] "GET /wp-login.php HTTP/1.1" 200 6743 "-" "Mozilla/5.0 (X11; CrOS x86_64 14541.0.0) AppleWebKit/537.36 (KHTML, like Gecko) Chrome/133.0.0.0 Safari/537.36"
85.215.252.72 - - [28/Jun/2026:03:04:49 +0200] "POST /wp-login.php HTTP/1.1" 200 3502 "https://clinicadentalargarate.com/wp-login.php" "Mozilla/5.0 (X11; CrOS x86_64 14541.0.0) AppleWebKit/537.36 (KHTML, like Gecko) Chrome/133.0.0.0 Safari/537.36"
87.98.225.137 - - [28/Jun/2026:03:04:54 +0200] "POST /wp-cron.php?doing_wp_cron=1782608694.6665201187133789062500 HTTP/1.1" 200 3658 "-" "WordPress/6.7.2; https://clinicadentalargarate.com"
154.192.50.238 - - [28/Jun/2026:03:04:54 +0200] "GET /blog/opciones-sustituir-dos-mas-dientes-adyacentes/ HTTP/1.1" 500 6599 "-" "Mozilla/5.0 (Macintosh; Intel Mac OS X 10_15_6) AppleWebKit/537.36 (KHTML, like Gecko) Chrome/84.0.4147.89 Safari/537.36"
87.98.225.137 - - [28/Jun/2026:03:07:04 +0200] "POST /wp-cron.php?doing_wp_cron=1782608824.8159849643707275390625 HTTP/1.1" 200 3658 "-" "WordPress/6.7.2; https://clinicadentalargarate.com"
188.68.47.21 - - [28/Jun/2026:03:07:04 +0200] "GET /wp-login.php HTTP/1.1" 200 6743 "-" "Mozilla/5.0 (Macintosh; Intel Mac OS X 14_7_4) AppleWebKit/537.36 (KHTML, like Gecko) Chrome/133.0.0.0 Safari/537.36"
87.98.225.137 - - [28/Jun/2026:03:07:09 +0200] "POST /wp-cron.php?doing_wp_cron=1782608829.0489549636840820312500 HTTP/1.1" 200 3658 "-" "WordPress/6.7.2; https://clinicadentalargarate.com"
188.68.47.21 - - [28/Jun/2026:03:07:08 +0200] "POST /wp-login.php HTTP/1.1" 200 3500 "https://clinicadentalargarate.com/wp-login.php" "Mozilla/5.0 (Macintosh; Intel Mac OS X 14_7_4) AppleWebKit/537.36 (KHTML, like Gecko) Chrome/133.0.0.0 Safari/537.36"
87.98.225.137 - - [28/Jun/2026:03:09:07 +0200] "POST /wp-cron.php?doing_wp_cron=1782608947.5032498836517333984375 HTTP/1.1" 200 3658 "-" "WordPress/6.7.2; https://clinicadentalargarate.com"
212.227.154.251 - - [28/Jun/2026:03:09:07 +0200] "GET /wp-login.php HTTP/1.1" 200 6743 "-" "Mozilla/5.0 (Macintosh; Intel Mac OS X 10_15_7) AppleWebKit/537.36 (KHTML, like Gecko) Chrome/133.0.0.0 Safari/537.36 Edg/133.0.0.0"
87.98.225.137 - - [28/Jun/2026:03:09:08 +0200] "POST /wp-cron.php?doing_wp_cron=1782608948.2394559383392333984375 HTTP/1.1" 200 3658 "-" "WordPress/6.7.2; https://clinicadentalargarate.com"
212.227.154.251 - - [28/Jun/2026:03:09:08 +0200] "POST /wp-login.php HTTP/1.1" 200 3499 "https://clinicadentalargarate.com/wp-login.php" "Mozilla/5.0 (Macintosh; Intel Mac OS X 10_15_7) AppleWebKit/537.36 (KHTML, like Gecko) Chrome/133.0.0.0 Safari/537.36 Edg/133.0.0.0"
87.98.225.137 - - [28/Jun/2026:03:09:12 +0200] "POST /wp-cron.php?doing_wp_cron=1782608952.4653520584106445312500 HTTP/1.1" 200 3658 "-" "WordPress/6.7.2; https://clinicadentalargarate.com"
185.176.8.77 - - [28/Jun/2026:03:09:12 +0200] "GET /wp-login.php HTTP/1.1" 200 6743 "-" "Mozilla/5.0 (Windows NT 10.0; Win64; x64) AppleWebKit/537.36 (KHTML, like Gecko) Chrome/120.0.0.0 Safari/537.36"
185.176.8.77 - - [28/Jun/2026:03:09:12 +0200] "POST /wp-login.php HTTP/1.1" 200 3500 "https://clinicadentalargarate.com/wp-login.php" "Mozilla/5.0 (Windows NT 10.0; Win64; x64) AppleWebKit/537.36 (KHTML, like Gecko) Chrome/120.0.0.0 Safari/537.36"
87.98.225.137 - - [28/Jun/2026:03:10:05 +0200] "POST /wp-cron.php?doing_wp_cron=1782609005.3779089450836181640625 HTTP/1.1" 200 3658 "-" "WordPress/6.7.2; https://clinicadentalargarate.com"
108.61.87.135 - - [28/Jun/2026:03:10:05 +0200] "GET /wp-login.php HTTP/1.1" 200 6743 "-" "Mozilla/5.0 (Windows NT 10.0; Win64; x64) AppleWebKit/537.36 (KHTML, like Gecko) Chrome/120.0.0.0 Safari/537.36"
108.61.87.135 - - [28/Jun/2026:03:10:05 +0200] "POST /wp-login.php HTTP/1.1" 200 3527 "https://clinicadentalargarate.com/wp-login.php" "Mozilla/5.0 (Windows NT 10.0; Win64; x64) AppleWebKit/537.36 (KHTML, like Gecko) Chrome/120.0.0.0 Safari/537.36"
87.98.225.137 - - [28/Jun/2026:03:11:46 +0200] "POST /wp-cron.php?doing_wp_cron=1782609106.9532439708709716796875 HTTP/1.1" 200 3658 "-" "WordPress/6.7.2; https://clinicadentalargarate.com"
158.69.215.39 - - [28/Jun/2026:03:11:46 +0200] "GET /wp-login.php HTTP/1.1" 200 6743 "-" "Mozilla/5.0 (Macintosh; Intel Mac OS X 10_15_7) AppleWebKit/605.1.15 (KHTML, like Gecko) Version/18.3 Safari/605.1.15"
87.98.225.137 - - [28/Jun/2026:03:11:47 +0200] "POST /wp-cron.php?doing_wp_cron=1782609107.3597788810729980468750 HTTP/1.1" 200 3658 "-" "WordPress/6.7.2; https://clinicadentalargarate.com"
158.69.215.39 - - [28/Jun/2026:03:11:47 +0200] "POST /wp-login.php HTTP/1.1" 200 3500 "https://clinicadentalargarate.com/wp-login.php" "Mozilla/5.0 (Macintosh; Intel Mac OS X 10_15_7) AppleWebKit/605.1.15 (KHTML, like Gecko) Version/18.3 Safari/605.1.15"
87.98.225.137 - - [28/Jun/2026:03:15:04 +0200] "POST /wp-cron.php?doing_wp_cron=1782609304.4838600158691406250000 HTTP/1.1" 200 3658 "-" "WordPress/6.7.2; https://clinicadentalargarate.com"
143.198.203.76 - - [28/Jun/2026:03:15:04 +0200] "GET /wp-login.php HTTP/1.1" 200 6743 "-" "Mozilla/5.0 (X11; Ubuntu; Linux x86_64; rv:133.0) Gecko/20100101 Firefox/133.0"
87.98.225.137 - - [28/Jun/2026:03:15:07 +0200] "POST /wp-cron.php?doing_wp_cron=1782609307.0843169689178466796875 HTTP/1.1" 200 3658 "-" "WordPress/6.7.2; https://clinicadentalargarate.com"
143.198.203.76 - - [28/Jun/2026:03:15:06 +0200] "POST /wp-login.php HTTP/1.1" 200 3502 "https://clinicadentalargarate.com/wp-login.php" "Mozilla/5.0 (X11; Ubuntu; Linux x86_64; rv:133.0) Gecko/20100101 Firefox/133.0"
87.98.225.137 - - [28/Jun/2026:03:16:01 +0200] "POST /wp-cron.php?doing_wp_cron=1782609361.3325428962707519531250 HTTP/1.1" 200 3658 "-" "WordPress/6.7.2; https://clinicadentalargarate.com"
170.106.181.163 - - [28/Jun/2026:03:16:01 +0200] "GET /tratamientos/estetica-dental/embed/ HTTP/1.1" 200 10568 "-" "Mozilla/5.0 (iPhone; CPU iPhone OS 13_2_3 like Mac OS X) AppleWebKit/605.1.15 (KHTML, like Gecko) Version/13.0.3 Mobile/15E148 Safari/604.1"
87.98.225.137 - - [28/Jun/2026:03:17:08 +0200] "POST /wp-cron.php?doing_wp_cron=1782609428.5046999454498291015625 HTTP/1.1" 200 3658 "-" "WordPress/6.7.2; https://clinicadentalargarate.com"
115.78.9.138 - - [28/Jun/2026:03:17:08 +0200] "GET /wp-login.php HTTP/1.1" 200 6743 "-" "Mozilla/5.0 (Windows NT 10.0; Win64; x64) AppleWebKit/537.36 (KHTML, like Gecko) Chrome/120.0.0.0 Safari/537.36"
87.98.225.137 - - [28/Jun/2026:03:17:08 +0200] "POST /wp-cron.php?doing_wp_cron=1782609428.8198380470275878906250 HTTP/1.1" 200 3658 "-" "WordPress/6.7.2; https://clinicadentalargarate.com"
115.78.9.138 - - [28/Jun/2026:03:17:08 +0200] "POST /wp-login.php HTTP/1.1" 200 3500 "https://clinicadentalargarate.com/wp-login.php" "Mozilla/5.0 (Windows NT 10.0; Win64; x64) AppleWebKit/537.36 (KHTML, like Gecko) Chrome/120.0.0.0 Safari/537.36"
87.98.225.137 - - [28/Jun/2026:03:17:36 +0200] "POST /wp-cron.php?doing_wp_cron=1782609456.9439179897308349609375 HTTP/1.1" 200 3658 "-" "WordPress/6.7.2; https://clinicadentalargarate.com"
119.195.102.159 - - [28/Jun/2026:03:17:36 +0200] "GET /wp-login.php HTTP/1.1" 200 6743 "-" "Mozilla/5.0 (X11; Ubuntu; Linux x86_64; rv:133.0) Gecko/20100101 Firefox/133.0"
87.98.225.137 - - [28/Jun/2026:03:17:37 +0200] "POST /wp-cron.php?doing_wp_cron=1782609457.8454229831695556640625 HTTP/1.1" 200 3658 "-" "WordPress/6.7.2; https://clinicadentalargarate.com"
119.195.102.159 - - [28/Jun/2026:03:17:37 +0200] "POST /wp-login.php HTTP/1.1" 200 3500 "https://clinicadentalargarate.com/wp-login.php" "Mozilla/5.0 (X11; Ubuntu; Linux x86_64; rv:133.0) Gecko/20100101 Firefox/133.0"
87.98.225.137 - - [28/Jun/2026:03:19:29 +0200] "POST /wp-cron.php?doing_wp_cron=1782609569.0889079570770263671875 HTTP/1.1" 200 3658 "-" "WordPress/6.7.2; https://clinicadentalargarate.com"
213.128.70.19 - - [28/Jun/2026:03:19:28 +0200] "GET /wp-login.php HTTP/1.1" 200 6743 "-" "Mozilla/5.0 (Macintosh; Intel Mac OS X 10_15_7) AppleWebKit/605.1.15 (KHTML, like Gecko) Version/18.3 Safari/605.1.15"
87.98.225.137 - - [28/Jun/2026:03:19:30 +0200] "POST /wp-cron.php?doing_wp_cron=1782609570.2819530963897705078125 HTTP/1.1" 200 3658 "-" "WordPress/6.7.2; https://clinicadentalargarate.com"
213.128.70.19 - - [28/Jun/2026:03:19:30 +0200] "POST /wp-login.php HTTP/1.1" 200 3499 "https://clinicadentalargarate.com/wp-login.php" "Mozilla/5.0 (Macintosh; Intel Mac OS X 10_15_7) AppleWebKit/605.1.15 (KHTML, like Gecko) Version/18.3 Safari/605.1.15"
87.98.225.137 - - [28/Jun/2026:03:22:01 +0200] "POST /wp-cron.php?doing_wp_cron=1782609721.0289158821105957031250 HTTP/1.1" 200 3658 "-" "WordPress/6.7.2; https://clinicadentalargarate.com"
158.69.215.39 - - [28/Jun/2026:03:22:00 +0200] "GET /wp-login.php HTTP/1.1" 200 6743 "-" "Mozilla/5.0 (X11; Ubuntu; Linux x86_64; rv:133.0) Gecko/20100101 Firefox/133.0"
87.98.225.137 - - [28/Jun/2026:03:22:01 +0200] "POST /wp-cron.php?doing_wp_cron=1782609721.9262409210205078125000 HTTP/1.1" 200 3658 "-" "WordPress/6.7.2; https://clinicadentalargarate.com"
158.69.215.39 - - [28/Jun/2026:03:22:01 +0200] "POST /wp-login.php HTTP/1.1" 200 3500 "https://clinicadentalargarate.com/wp-login.php" "Mozilla/5.0 (X11; Ubuntu; Linux x86_64; rv:133.0) Gecko/20100101 Firefox/133.0"
87.98.225.137 - - [28/Jun/2026:03:22:49 +0200] "POST /wp-cron.php?doing_wp_cron=1782609769.8758358955383300781250 HTTP/1.1" 200 3658 "-" "WordPress/6.7.2; https://clinicadentalargarate.com"
148.72.144.211 - - [28/Jun/2026:03:22:49 +0200] "GET /wp-login.php HTTP/1.1" 200 6743 "-" "Mozilla/5.0 (X11; Ubuntu; Linux x86_64) AppleWebKit/537.36 (KHTML, like Gecko) Chrome/133.0.0.0 Safari/537.36"
87.98.225.137 - - [28/Jun/2026:03:22:50 +0200] "POST /wp-cron.php?doing_wp_cron=1782609770.3865430355072021484375 HTTP/1.1" 200 3658 "-" "WordPress/6.7.2; https://clinicadentalargarate.com"
148.72.144.211 - - [28/Jun/2026:03:22:50 +0200] "POST /wp-login.php HTTP/1.1" 200 3527 "https://clinicadentalargarate.com/wp-login.php" "Mozilla/5.0 (X11; Ubuntu; Linux x86_64) AppleWebKit/537.36 (KHTML, like Gecko) Chrome/133.0.0.0 Safari/537.36"
87.98.225.137 - - [28/Jun/2026:03:25:27 +0200] "POST /wp-cron.php?doing_wp_cron=1782609927.2097549438476562500000 HTTP/1.1" 200 3658 "-" "WordPress/6.7.2; https://clinicadentalargarate.com"
43.135.144.126 - - [28/Jun/2026:03:25:27 +0200] "GET /wp-json/oembed/1.0/embed?url=https%3A%2F%2Fclinicadentalargarate.com%2Ftratamientos%2Festetica-dental%2F HTTP/1.1" 200 6154 "-" "Mozilla/5.0 (iPhone; CPU iPhone OS 13_2_3 like Mac OS X) AppleWebKit/605.1.15 (KHTML, like Gecko) Version/13.0.3 Mobile/15E148 Safari/604.1"
87.98.225.137 - - [28/Jun/2026:03:26:15 +0200] "POST /wp-cron.php?doing_wp_cron=1782609975.7593719959259033203125 HTTP/1.1" 200 3658 "-" "WordPress/6.7.2; https://clinicadentalargarate.com"
66.249.66.41 - - [28/Jun/2026:03:26:15 +0200] "GET /no-wagering-slot-sites-uk-best-slot-sites-with-no-wager-bonuses-and-rankings/ HTTP/1.1" 200 26227 "-" "Mozilla/5.0 (Linux; Android 6.0.1; Nexus 5X Build/MMB29P) AppleWebKit/537.36 (KHTML, like Gecko) Chrome/148.0.7778.96 Mobile Safari/537.36 (compatible; Googlebot/2.1; +http://www.google.com/bot.html)"
87.98.225.137 - - [28/Jun/2026:03:26:32 +0200] "POST /wp-cron.php?doing_wp_cron=1782609992.4414000511169433593750 HTTP/1.1" 200 3658 "-" "WordPress/6.7.2; https://clinicadentalargarate.com"
158.69.215.39 - - [28/Jun/2026:03:26:32 +0200] "GET /wp-login.php HTTP/1.1" 200 6743 "-" "Mozilla/5.0 (X11; CrOS x86_64 14541.0.0) AppleWebKit/537.36 (KHTML, like Gecko) Chrome/133.0.0.0 Safari/537.36"
87.98.225.137 - - [28/Jun/2026:03:26:32 +0200] "POST /wp-cron.php?doing_wp_cron=1782609992.7839450836181640625000 HTTP/1.1" 200 3658 "-" "WordPress/6.7.2; https://clinicadentalargarate.com"
158.69.215.39 - - [28/Jun/2026:03:26:32 +0200] "POST /wp-login.php HTTP/1.1" 200 3502 "https://clinicadentalargarate.com/wp-login.php" "Mozilla/5.0 (X11; CrOS x86_64 14541.0.0) AppleWebKit/537.36 (KHTML, like Gecko) Chrome/133.0.0.0 Safari/537.36"
109.199.117.174 - - [28/Jun/2026:03:27:06 +0200] "GET /wp-admin/css/ HTTP/1.1" 403 507 "-" "Mozilla/5.0 (Windows NT 10.0; Win64; x64) AppleWebKit/537.36 (KHTML, like Gecko) Chrome/120.0.0.0 Safari/537.36"
109.199.117.174 - - [28/Jun/2026:03:27:07 +0200] "GET /wp-admin/css/colors/ HTTP/1.1" 403 506 "-" "Mozilla/5.0 (Windows NT 10.0; Win64; x64) AppleWebKit/537.36 (KHTML, like Gecko) Chrome/120.0.0.0 Safari/537.36"
109.199.117.174 - - [28/Jun/2026:03:27:08 +0200] "GET /wp-admin/css/colors/blue/ HTTP/1.1" 403 506 "-" "Mozilla/5.0 (Windows NT 10.0; Win64; x64) AppleWebKit/537.36 (KHTML, like Gecko) Chrome/120.0.0.0 Safari/537.36"
109.199.117.174 - - [28/Jun/2026:03:27:09 +0200] "GET /wp-admin/includes/ HTTP/1.1" 403 506 "-" "Mozilla/5.0 (Windows NT 10.0; Win64; x64) AppleWebKit/537.36 (KHTML, like Gecko) Chrome/120.0.0.0 Safari/537.36"
109.199.117.174 - - [28/Jun/2026:03:27:10 +0200] "GET /wp-admin/maint/ HTTP/1.1" 403 506 "-" "Mozilla/5.0 (Windows NT 10.0; Win64; x64) AppleWebKit/537.36 (KHTML, like Gecko) Chrome/120.0.0.0 Safari/537.36"
109.199.117.174 - - [28/Jun/2026:03:27:11 +0200] "GET /wp-admin/js/ HTTP/1.1" 403 506 "-" "Mozilla/5.0 (Windows NT 10.0; Win64; x64) AppleWebKit/537.36 (KHTML, like Gecko) Chrome/120.0.0.0 Safari/537.36"
109.199.117.174 - - [28/Jun/2026:03:27:12 +0200] "GET /wp-admin/js/widgets/ HTTP/1.1" 403 506 "-" "Mozilla/5.0 (Windows NT 10.0; Win64; x64) AppleWebKit/537.36 (KHTML, like Gecko) Chrome/120.0.0.0 Safari/537.36"
109.199.117.174 - - [28/Jun/2026:03:27:13 +0200] "GET /wp-admin/images/ HTTP/1.1" 403 506 "-" "Mozilla/5.0 (Windows NT 10.0; Win64; x64) AppleWebKit/537.36 (KHTML, like Gecko) Chrome/120.0.0.0 Safari/537.36"
87.98.225.137 - - [28/Jun/2026:03:27:15 +0200] "POST /wp-cron.php?doing_wp_cron=1782610035.0292220115661621093750 HTTP/1.1" 200 281 "-" "WordPress/6.7.2; https://clinicadentalargarate.com"
109.199.117.174 - - [28/Jun/2026:03:27:14 +0200] "GET /wp-admin/network/ HTTP/1.1" 302 387 "-" "Mozilla/5.0 (Windows NT 10.0; Win64; x64) AppleWebKit/537.36 (KHTML, like Gecko) Chrome/120.0.0.0 Safari/537.36"
109.199.117.174 - - [28/Jun/2026:03:27:25 +0200] "GET /wp-admin/user/ HTTP/1.1" 403 507 "-" "Mozilla/5.0 (Windows NT 10.0; Win64; x64) AppleWebKit/537.36 (KHTML, like Gecko) Chrome/120.0.0.0 Safari/537.36"
109.199.117.174 - - [28/Jun/2026:03:27:26 +0200] "GET /wp-includes/ HTTP/1.1" 403 506 "-" "Mozilla/5.0 (Windows NT 10.0; Win64; x64) AppleWebKit/537.36 (KHTML, like Gecko) Chrome/120.0.0.0 Safari/537.36"
109.199.117.174 - - [28/Jun/2026:03:27:27 +0200] "GET /wp-includes/Text/ HTTP/1.1" 403 506 "-" "Mozilla/5.0 (Windows NT 10.0; Win64; x64) AppleWebKit/537.36 (KHTML, like Gecko) Chrome/120.0.0.0 Safari/537.36"
109.199.117.174 - - [28/Jun/2026:03:27:28 +0200] "GET /wp-includes/Text/Diff/ HTTP/1.1" 403 506 "-" "Mozilla/5.0 (Windows NT 10.0; Win64; x64) AppleWebKit/537.36 (KHTML, like Gecko) Chrome/120.0.0.0 Safari/537.36"
109.199.117.174 - - [28/Jun/2026:03:27:29 +0200] "GET /wp-includes/css/ HTTP/1.1" 403 506 "-" "Mozilla/5.0 (Windows NT 10.0; Win64; x64) AppleWebKit/537.36 (KHTML, like Gecko) Chrome/120.0.0.0 Safari/537.36"
109.199.117.174 - - [28/Jun/2026:03:27:30 +0200] "GET /wp-includes/css/dist/ HTTP/1.1" 403 506 "-" "Mozilla/5.0 (Windows NT 10.0; Win64; x64) AppleWebKit/537.36 (KHTML, like Gecko) Chrome/120.0.0.0 Safari/537.36"
109.199.117.174 - - [28/Jun/2026:03:27:31 +0200] "GET /wp-includes/fonts/ HTTP/1.1" 403 506 "-" "Mozilla/5.0 (Windows NT 10.0; Win64; x64) AppleWebKit/537.36 (KHTML, like Gecko) Chrome/120.0.0.0 Safari/537.36"
109.199.117.174 - - [28/Jun/2026:03:27:32 +0200] "GET /wp-includes/ID3/ HTTP/1.1" 403 506 "-" "Mozilla/5.0 (Windows NT 10.0; Win64; x64) AppleWebKit/537.36 (KHTML, like Gecko) Chrome/120.0.0.0 Safari/537.36"
109.199.117.174 - - [28/Jun/2026:03:27:33 +0200] "GET /wp-includes/sitemaps/ HTTP/1.1" 403 506 "-" "Mozilla/5.0 (Windows NT 10.0; Win64; x64) AppleWebKit/537.36 (KHTML, like Gecko) Chrome/120.0.0.0 Safari/537.36"
109.199.117.174 - - [28/Jun/2026:03:27:35 +0200] "GET /wp-includes/sitemaps/providers/ HTTP/1.1" 403 506 "-" "Mozilla/5.0 (Windows NT 10.0; Win64; x64) AppleWebKit/537.36 (KHTML, like Gecko) Chrome/120.0.0.0 Safari/537.36"
109.199.117.174 - - [28/Jun/2026:03:27:35 +0200] "GET /wp-includes/IXR/ HTTP/1.1" 403 506 "-" "Mozilla/5.0 (Windows NT 10.0; Win64; x64) AppleWebKit/537.36 (KHTML, like Gecko) Chrome/120.0.0.0 Safari/537.36"
109.199.117.174 - - [28/Jun/2026:03:27:37 +0200] "GET /wp-includes/images/ HTTP/1.1" 403 506 "-" "Mozilla/5.0 (Windows NT 10.0; Win64; x64) AppleWebKit/537.36 (KHTML, like Gecko) Chrome/120.0.0.0 Safari/537.36"
109.199.117.174 - - [28/Jun/2026:03:27:37 +0200] "GET /wp-includes/PHPMailer/ HTTP/1.1" 403 506 "-" "Mozilla/5.0 (Windows NT 10.0; Win64; x64) AppleWebKit/537.36 (KHTML, like Gecko) Chrome/120.0.0.0 Safari/537.36"
109.199.117.174 - - [28/Jun/2026:03:27:38 +0200] "GET /wp-includes/pomo/ HTTP/1.1" 403 506 "-" "Mozilla/5.0 (Windows NT 10.0; Win64; x64) AppleWebKit/537.36 (KHTML, like Gecko) Chrome/120.0.0.0 Safari/537.36"
109.199.117.174 - - [28/Jun/2026:03:27:39 +0200] "GET /wp-includes/blocks/ HTTP/1.1" 403 506 "-" "Mozilla/5.0 (Windows NT 10.0; Win64; x64) AppleWebKit/537.36 (KHTML, like Gecko) Chrome/120.0.0.0 Safari/537.36"
109.199.117.174 - - [28/Jun/2026:03:27:39 +0200] "GET /wp-includes/js/ HTTP/1.1" 403 506 "-" "Mozilla/5.0 (Windows NT 10.0; Win64; x64) AppleWebKit/537.36 (KHTML, like Gecko) Chrome/120.0.0.0 Safari/537.36"
109.199.117.174 - - [28/Jun/2026:03:27:39 +0200] "GET /wp-includes/js/codemirror/ HTTP/1.1" 403 506 "-" "Mozilla/5.0 (Windows NT 10.0; Win64; x64) AppleWebKit/537.36 (KHTML, like Gecko) Chrome/120.0.0.0 Safari/537.36"
109.199.117.174 - - [28/Jun/2026:03:27:40 +0200] "GET /wp-includes/js/plupload/ HTTP/1.1" 403 506 "-" "Mozilla/5.0 (Windows NT 10.0; Win64; x64) AppleWebKit/537.36 (KHTML, like Gecko) Chrome/120.0.0.0 Safari/537.36"
109.199.117.174 - - [28/Jun/2026:03:27:40 +0200] "GET /wp-includes/widgets/ HTTP/1.1" 403 506 "-" "Mozilla/5.0 (Windows NT 10.0; Win64; x64) AppleWebKit/537.36 (KHTML, like Gecko) Chrome/120.0.0.0 Safari/537.36"
109.199.117.174 - - [28/Jun/2026:03:27:40 +0200] "GET /wp-content/ HTTP/1.1" 200 202 "-" "Mozilla/5.0 (Windows NT 10.0; Win64; x64) AppleWebKit/537.36 (KHTML, like Gecko) Chrome/120.0.0.0 Safari/537.36"
109.199.117.174 - - [28/Jun/2026:03:27:41 +0200] "GET /wp-content/languages/ HTTP/1.1" 403 506 "-" "Mozilla/5.0 (Windows NT 10.0; Win64; x64) AppleWebKit/537.36 (KHTML, like Gecko) Chrome/120.0.0.0 Safari/537.36"
87.98.225.137 - - [28/Jun/2026:03:27:41 +0200] "POST /wp-cron.php?doing_wp_cron=1782610061.7607629299163818359375 HTTP/1.1" 200 281 "-" "WordPress/6.7.2; https://clinicadentalargarate.com"
109.199.117.174 - - [28/Jun/2026:03:27:41 +0200] "GET /wp-content/IXR/ HTTP/1.1" 404 101433 "-" "Mozilla/5.0 (Windows NT 10.0; Win64; x64) AppleWebKit/537.36 (KHTML, like Gecko) Chrome/120.0.0.0 Safari/537.36"
87.98.225.137 - - [28/Jun/2026:03:27:45 +0200] "POST /wp-cron.php?doing_wp_cron=1782610065.2825660705566406250000 HTTP/1.1" 200 3658 "-" "WordPress/6.7.2; https://clinicadentalargarate.com"
103.82.195.111 - - [28/Jun/2026:03:27:45 +0200] "GET /wp-login.php HTTP/1.1" 200 6743 "-" "Mozilla/5.0 (Macintosh; Intel Mac OS X 10_15_7) AppleWebKit/605.1.15 (KHTML, like Gecko) Version/18.3 Safari/605.1.15"
87.98.225.137 - - [28/Jun/2026:03:27:45 +0200] "POST /wp-cron.php?doing_wp_cron=1782610065.9635860919952392578125 HTTP/1.1" 200 3658 "-" "WordPress/6.7.2; https://clinicadentalargarate.com"
103.82.195.111 - - [28/Jun/2026:03:27:45 +0200] "POST /wp-login.php HTTP/1.1" 200 3500 "https://clinicadentalargarate.com/wp-login.php" "Mozilla/5.0 (Macintosh; Intel Mac OS X 10_15_7) AppleWebKit/605.1.15 (KHTML, like Gecko) Version/18.3 Safari/605.1.15"
109.199.117.174 - - [28/Jun/2026:03:27:58 +0200] "GET /wp-content/plugins/ HTTP/1.1" 200 225 "-" "Mozilla/5.0 (Windows NT 10.0; Win64; x64) AppleWebKit/537.36 (KHTML, like Gecko) Chrome/120.0.0.0 Safari/537.36"
109.199.117.174 - - [28/Jun/2026:03:27:59 +0200] "GET /wp-content/themes/ HTTP/1.1" 403 506 "-" "Mozilla/5.0 (Windows NT 10.0; Win64; x64) AppleWebKit/537.36 (KHTML, like Gecko) Chrome/120.0.0.0 Safari/537.36"
87.98.225.137 - - [28/Jun/2026:03:28:00 +0200] "POST /wp-cron.php?doing_wp_cron=1782610080.6099541187286376953125 HTTP/1.1" 200 281 "-" "WordPress/6.7.2; https://clinicadentalargarate.com"
109.199.117.174 - - [28/Jun/2026:03:28:00 +0200] "GET /.well-known/ HTTP/1.1" 404 101433 "-" "Mozilla/5.0 (Windows NT 10.0; Win64; x64) AppleWebKit/537.36 (KHTML, like Gecko) Chrome/120.0.0.0 Safari/537.36"
87.98.225.137 - - [28/Jun/2026:03:28:12 +0200] "POST /wp-cron.php?doing_wp_cron=1782610092.6006829738616943359375 HTTP/1.1" 200 281 "-" "WordPress/6.7.2; https://clinicadentalargarate.com"
109.199.117.174 - - [28/Jun/2026:03:28:12 +0200] "GET /files/ HTTP/1.1" 404 101456 "-" "Mozilla/5.0 (Windows NT 10.0; Win64; x64) AppleWebKit/537.36 (KHTML, like Gecko) Chrome/120.0.0.0 Safari/537.36"
87.98.225.137 - - [28/Jun/2026:03:28:13 +0200] "POST /wp-cron.php?doing_wp_cron=1782610093.8600409030914306640625 HTTP/1.1" 200 281 "-" "WordPress/6.7.2; https://clinicadentalargarate.com"
109.199.117.174 - - [28/Jun/2026:03:28:13 +0200] "GET /file/ HTTP/1.1" 404 101456 "-" "Mozilla/5.0 (Windows NT 10.0; Win64; x64) AppleWebKit/537.36 (KHTML, like Gecko) Chrome/120.0.0.0 Safari/537.36"
