104.197.69.115 - - [28/Jun/2026:05:01:08 +0200] "GET /wp-content/uploads/2017/12/logo-clinica-dental-argarate.jpg HTTP/1.1" 200 5887 "https://clinicadentalargarate.com/" "Mozilla/5.0 (X11; Linux x86_64) AppleWebKit/537.36 (KHTML, like Gecko) Chrome/125.0.0.0 Safari/537.36"
34.123.170.104 - - [28/Jun/2026:05:01:08 +0200] "GET /wp-content/uploads/telephone.svg HTTP/1.1" 200 1735 "https://clinicadentalargarate.com/" "Mozilla/5.0 (X11; Linux x86_64) AppleWebKit/537.36 (KHTML, like Gecko) Chrome/125.0.0.0 Safari/537.36"
104.197.69.115 - - [28/Jun/2026:05:01:08 +0200] "GET /wp-content/themes/thefox/js/scrollmagic.js HTTP/1.1" 200 46717 "https://clinicadentalargarate.com/" "Mozilla/5.0 (X11; Linux x86_64) AppleWebKit/537.36 (KHTML, like Gecko) Chrome/125.0.0.0 Safari/537.36"
34.123.170.104 - - [28/Jun/2026:05:01:08 +0200] "GET /wp-content/themes/thefox/js/customjs.js HTTP/1.1" 200 66171 "https://clinicadentalargarate.com/" "Mozilla/5.0 (X11; Linux x86_64) AppleWebKit/537.36 (KHTML, like Gecko) Chrome/125.0.0.0 Safari/537.36"
34.72.176.129 - - [28/Jun/2026:05:01:08 +0200] "GET /wp-content/themes/thefox/js/custom_woo_js.js HTTP/1.1" 200 1053 "https://clinicadentalargarate.com/" "Mozilla/5.0 (X11; Linux x86_64) AppleWebKit/537.36 (KHTML, like Gecko) Chrome/125.0.0.0 Safari/537.36"
34.123.170.104 - - [28/Jun/2026:05:01:08 +0200] "GET /wp-content/plugins/contact-form-7/includes/js/scripts.js HTTP/1.1" 200 4359 "https://clinicadentalargarate.com/" "Mozilla/5.0 (X11; Linux x86_64) AppleWebKit/537.36 (KHTML, like Gecko) Chrome/125.0.0.0 Safari/537.36"
34.122.147.229 - - [28/Jun/2026:05:01:08 +0200] "GET /wp-content/plugins/js_composer/assets/js/dist/js_composer_front.min.js HTTP/1.1" 200 6078 "https://clinicadentalargarate.com/" "Mozilla/5.0 (X11; Linux x86_64) AppleWebKit/537.36 (KHTML, like Gecko) Chrome/125.0.0.0 Safari/537.36"
34.122.147.229 - - [28/Jun/2026:05:01:08 +0200] "GET /wp-content/themes/thefox/js/jquery.isotope.min.js HTTP/1.1" 200 13325 "https://clinicadentalargarate.com/" "Mozilla/5.0 (X11; Linux x86_64) AppleWebKit/537.36 (KHTML, like Gecko) Chrome/125.0.0.0 Safari/537.36"
34.123.170.104 - - [28/Jun/2026:05:01:08 +0200] "GET /wp-content/uploads/2017/12/fondo-lineas.jpg?id=37 HTTP/1.1" 200 653 "https://clinicadentalargarate.com/" "Mozilla/5.0 (X11; Linux x86_64) AppleWebKit/537.36 (KHTML, like Gecko) Chrome/125.0.0.0 Safari/537.36"
34.122.147.229 - - [28/Jun/2026:05:01:08 +0200] "GET /wp-content/themes/thefox/js/sorting_bp.js HTTP/1.1" 200 611 "https://clinicadentalargarate.com/" "Mozilla/5.0 (X11; Linux x86_64) AppleWebKit/537.36 (KHTML, like Gecko) Chrome/125.0.0.0 Safari/537.36"
34.122.147.229 - - [28/Jun/2026:05:01:08 +0200] "GET /wp-content/themes/thefox/js/refresh_bp.js HTTP/1.1" 200 569 "https://clinicadentalargarate.com/" "Mozilla/5.0 (X11; Linux x86_64) AppleWebKit/537.36 (KHTML, like Gecko) Chrome/125.0.0.0 Safari/537.36"
34.123.170.104 - - [28/Jun/2026:05:01:08 +0200] "GET /wp-content/uploads/2017/12/argarate-logo-footer.png HTTP/1.1" 200 10182 "https://clinicadentalargarate.com/" "Mozilla/5.0 (X11; Linux x86_64) AppleWebKit/537.36 (KHTML, like Gecko) Chrome/125.0.0.0 Safari/537.36"
34.72.176.129 - - [28/Jun/2026:05:01:08 +0200] "GET /wp-content/themes/thefox/includes/font/fontawesome-webfont.woff?v=4.1.0 HTTP/1.1" 200 98598 "https://clinicadentalargarate.com/wp-content/themes/thefox/css/font-awesome.css" "Mozilla/5.0 (X11; Linux x86_64) AppleWebKit/537.36 (KHTML, like Gecko) Chrome/125.0.0.0 Safari/537.36"
34.123.170.104 - - [28/Jun/2026:05:01:08 +0200] "GET /wp-content/uploads/2017/12/jon-argarate.jpg HTTP/1.1" 200 12835 "https://clinicadentalargarate.com/" "Mozilla/5.0 (X11; Linux x86_64) AppleWebKit/537.36 (KHTML, like Gecko) Chrome/125.0.0.0 Safari/537.36"
34.122.147.229 - - [28/Jun/2026:05:01:08 +0200] "GET /wp-content/uploads/2017/12/odontologia.jpg HTTP/1.1" 200 8322 "https://clinicadentalargarate.com/" "Mozilla/5.0 (X11; Linux x86_64) AppleWebKit/537.36 (KHTML, like Gecko) Chrome/125.0.0.0 Safari/537.36"
34.122.147.229 - - [28/Jun/2026:05:01:08 +0200] "GET /wp-content/uploads/2017/12/implantes-dentales-img.jpg HTTP/1.1" 200 4962 "https://clinicadentalargarate.com/" "Mozilla/5.0 (X11; Linux x86_64) AppleWebKit/537.36 (KHTML, like Gecko) Chrome/125.0.0.0 Safari/537.36"
34.123.170.104 - - [28/Jun/2026:05:01:08 +0200] "GET /wp-content/uploads/2017/12/ortodoncia.jpg HTTP/1.1" 200 7827 "https://clinicadentalargarate.com/" "Mozilla/5.0 (X11; Linux x86_64) AppleWebKit/537.36 (KHTML, like Gecko) Chrome/125.0.0.0 Safari/537.36"
104.197.69.115 - - [28/Jun/2026:05:01:09 +0200] "GET /wp-content/plugins/revslider/public/assets/js/extensions/revolution.extension.slideanims.min.js?version=5.4.6.4 HTTP/1.1" 200 7384 "https://clinicadentalargarate.com/" "Mozilla/5.0 (X11; Linux x86_64) AppleWebKit/537.36 (KHTML, like Gecko) Chrome/125.0.0.0 Safari/537.36"
34.122.147.229 - - [28/Jun/2026:05:01:09 +0200] "GET /wp-content/plugins/revslider/public/assets/js/extensions/revolution.extension.actions.min.js?version=5.4.6.4 HTTP/1.1" 200 2933 "https://clinicadentalargarate.com/" "Mozilla/5.0 (X11; Linux x86_64) AppleWebKit/537.36 (KHTML, like Gecko) Chrome/125.0.0.0 Safari/537.36"
34.123.170.104 - - [28/Jun/2026:05:01:09 +0200] "GET /wp-includes/js/wp-emoji-release.min.js HTTP/1.1" 200 5428 "https://clinicadentalargarate.com/" "Mozilla/5.0 (X11; Linux x86_64) AppleWebKit/537.36 (KHTML, like Gecko) Chrome/125.0.0.0 Safari/537.36"
34.123.170.104 - - [28/Jun/2026:05:01:09 +0200] "GET /wp-content/plugins/revslider/public/assets/js/extensions/revolution.extension.navigation.min.js?version=5.4.6.4 HTTP/1.1" 200 7403 "https://clinicadentalargarate.com/" "Mozilla/5.0 (X11; Linux x86_64) AppleWebKit/537.36 (KHTML, like Gecko) Chrome/125.0.0.0 Safari/537.36"
34.122.147.229 - - [28/Jun/2026:05:01:09 +0200] "GET /wp-content/plugins/revslider/public/assets/js/extensions/revolution.extension.layeranimation.min.js?version=5.4.6.4 HTTP/1.1" 200 14760 "https://clinicadentalargarate.com/" "Mozilla/5.0 (X11; Linux x86_64) AppleWebKit/537.36 (KHTML, like Gecko) Chrome/125.0.0.0 Safari/537.36"
34.72.176.129 - - [28/Jun/2026:05:01:09 +0200] "GET /wp-content/uploads/2017/12/clinica-dental.jpg HTTP/1.1" 200 50467 "https://clinicadentalargarate.com/" "Mozilla/5.0 (X11; Linux x86_64) AppleWebKit/537.36 (KHTML, like Gecko) Chrome/125.0.0.0 Safari/537.36"
104.197.69.115 - - [28/Jun/2026:05:01:09 +0200] "GET /wp-content/uploads/2017/12/ninos.jpg HTTP/1.1" 200 30601 "https://clinicadentalargarate.com/" "Mozilla/5.0 (X11; Linux x86_64) AppleWebKit/537.36 (KHTML, like Gecko) Chrome/125.0.0.0 Safari/537.36"
34.122.147.229 - - [28/Jun/2026:05:01:09 +0200] "GET /wp-content/uploads/2017/12/implantes.jpg HTTP/1.1" 200 51960 "https://clinicadentalargarate.com/" "Mozilla/5.0 (X11; Linux x86_64) AppleWebKit/537.36 (KHTML, like Gecko) Chrome/125.0.0.0 Safari/537.36"
34.123.170.104 - - [28/Jun/2026:05:01:09 +0200] "GET /wp-content/uploads/2018/01/implantes-baratos-donostia.jpg HTTP/1.1" 200 60643 "https://clinicadentalargarate.com/" "Mozilla/5.0 (X11; Linux x86_64) AppleWebKit/537.36 (KHTML, like Gecko) Chrome/125.0.0.0 Safari/537.36"
34.72.176.129 - - [28/Jun/2026:05:01:09 +0200] "GET /wp-content/plugins/revslider/public/assets/assets/coloredbg.png HTTP/1.1" 200 489 "https://clinicadentalargarate.com/wp-content/plugins/revslider/public/assets/css/settings.css" "Mozilla/5.0 (X11; Linux x86_64) AppleWebKit/537.36 (KHTML, like Gecko) Chrome/125.0.0.0 Safari/537.36"
34.122.147.229 - - [28/Jun/2026:05:01:09 +0200] "GET /wp-content/uploads/2017/12/clinica-dental-100x50.jpg HTTP/1.1" 200 2084 "https://clinicadentalargarate.com/" "Mozilla/5.0 (X11; Linux x86_64) AppleWebKit/537.36 (KHTML, like Gecko) Chrome/125.0.0.0 Safari/537.36"
34.123.170.104 - - [28/Jun/2026:05:01:09 +0200] "GET /wp-content/uploads/2017/12/implantes-100x50.jpg HTTP/1.1" 200 2193 "https://clinicadentalargarate.com/" "Mozilla/5.0 (X11; Linux x86_64) AppleWebKit/537.36 (KHTML, like Gecko) Chrome/125.0.0.0 Safari/537.36"
34.123.170.104 - - [28/Jun/2026:05:01:09 +0200] "GET /wp-content/uploads/2017/12/ninos-100x50.jpg HTTP/1.1" 200 1839 "https://clinicadentalargarate.com/" "Mozilla/5.0 (X11; Linux x86_64) AppleWebKit/537.36 (KHTML, like Gecko) Chrome/125.0.0.0 Safari/537.36"
87.98.225.137 - - [28/Jun/2026:05:01:12 +0200] "POST /wp-cron.php?doing_wp_cron=1782615672.5691280364990234375000 HTTP/1.1" 200 281 "-" "WordPress/6.7.2; https://clinicadentalargarate.com"
205.169.39.12 - - [28/Jun/2026:05:01:12 +0200] "GET / HTTP/1.1" 301 312 "-" "Mozilla/5.0 (Windows NT 10.0; Win64; x64) AppleWebKit/537.36 (KHTML, like Gecko) Chrome/117.0.5938.132 Safari/537.36"
87.98.225.137 - - [28/Jun/2026:05:01:13 +0200] "POST /wp-cron.php?doing_wp_cron=1782615673.0192430019378662109375 HTTP/1.1" 200 3658 "-" "WordPress/6.7.2; https://clinicadentalargarate.com"
205.169.39.46 - - [28/Jun/2026:05:01:12 +0200] "GET / HTTP/1.1" 301 3614 "-" "Mozilla/5.0 (Windows NT 10.0) AppleWebKit/537.36 (KHTML, like Gecko) Chrome/106.0.0.0 Safari/537.36"
87.98.225.137 - - [28/Jun/2026:05:01:13 +0200] "POST /wp-cron.php?doing_wp_cron=1782615673.3086628913879394531250 HTTP/1.1" 200 3658 "-" "WordPress/6.7.2; https://clinicadentalargarate.com"
87.98.225.137 - - [28/Jun/2026:05:01:13 +0200] "POST /wp-cron.php?doing_wp_cron=1782615673.6641249656677246093750 HTTP/1.1" 200 3658 "-" "WordPress/6.7.2; https://clinicadentalargarate.com"
205.169.39.12 - - [28/Jun/2026:05:01:13 +0200] "GET / HTTP/1.1" 200 36391 "-" "Mozilla/5.0 (Windows NT 10.0; Win64; x64) AppleWebKit/537.36 (KHTML, like Gecko) Chrome/117.0.5938.132 Safari/537.36"
205.169.39.46 - - [28/Jun/2026:05:01:13 +0200] "GET / HTTP/1.1" 200 36335 "https://vnet.clinicadentalargarate.com" "Mozilla/5.0 (Windows NT 10.0) AppleWebKit/537.36 (KHTML, like Gecko) Chrome/106.0.0.0 Safari/537.36"
205.169.39.12 - - [28/Jun/2026:05:01:14 +0200] "GET /wp-includes/css/dist/block-library/style.min.css HTTP/1.1" 200 15604 "https://clinicadentalargarate.com/" "Mozilla/5.0 (Windows NT 10.0; Win64; x64) AppleWebKit/537.36 (KHTML, like Gecko) Chrome/117.0.5938.132 Safari/537.36"
205.169.39.12 - - [28/Jun/2026:05:01:14 +0200] "GET /wp-content/plugins/contact-form-7/includes/css/styles.css HTTP/1.1" 200 1008 "https://clinicadentalargarate.com/" "Mozilla/5.0 (Windows NT 10.0; Win64; x64) AppleWebKit/537.36 (KHTML, like Gecko) Chrome/117.0.5938.132 Safari/537.36"
205.169.39.12 - - [28/Jun/2026:05:01:14 +0200] "GET /wp-content/plugins/revslider/public/assets/css/settings.css HTTP/1.1" 200 13270 "https://clinicadentalargarate.com/" "Mozilla/5.0 (Windows NT 10.0; Win64; x64) AppleWebKit/537.36 (KHTML, like Gecko) Chrome/117.0.5938.132 Safari/537.36"
205.169.39.12 - - [28/Jun/2026:05:01:14 +0200] "GET /wp-content/themes/thefox/style.css HTTP/1.1" 200 41934 "https://clinicadentalargarate.com/" "Mozilla/5.0 (Windows NT 10.0; Win64; x64) AppleWebKit/537.36 (KHTML, like Gecko) Chrome/117.0.5938.132 Safari/537.36"
205.169.39.12 - - [28/Jun/2026:05:01:14 +0200] "GET /wp-content/themes/thefox/style_end.css HTTP/1.1" 200 34915 "https://clinicadentalargarate.com/" "Mozilla/5.0 (Windows NT 10.0; Win64; x64) AppleWebKit/537.36 (KHTML, like Gecko) Chrome/117.0.5938.132 Safari/537.36"
205.169.39.12 - - [28/Jun/2026:05:01:14 +0200] "GET /wp-content/themes/thefox/media-queries_wide.css HTTP/1.1" 200 9588 "https://clinicadentalargarate.com/" "Mozilla/5.0 (Windows NT 10.0; Win64; x64) AppleWebKit/537.36 (KHTML, like Gecko) Chrome/117.0.5938.132 Safari/537.36"
205.169.39.12 - - [28/Jun/2026:05:01:14 +0200] "GET /wp-content/themes/thefox_child_theme/style.css HTTP/1.1" 200 2612 "https://clinicadentalargarate.com/" "Mozilla/5.0 (Windows NT 10.0; Win64; x64) AppleWebKit/537.36 (KHTML, like Gecko) Chrome/117.0.5938.132 Safari/537.36"
205.169.39.12 - - [28/Jun/2026:05:01:14 +0200] "GET /wp-content/themes/thefox/css/rgs.css HTTP/1.1" 200 1103 "https://clinicadentalargarate.com/" "Mozilla/5.0 (Windows NT 10.0; Win64; x64) AppleWebKit/537.36 (KHTML, like Gecko) Chrome/117.0.5938.132 Safari/537.36"
205.169.39.12 - - [28/Jun/2026:05:01:14 +0200] "GET /wp-content/themes/thefox/css/animations.css HTTP/1.1" 200 5656 "https://clinicadentalargarate.com/" "Mozilla/5.0 (Windows NT 10.0; Win64; x64) AppleWebKit/537.36 (KHTML, like Gecko) Chrome/117.0.5938.132 Safari/537.36"
205.169.39.12 - - [28/Jun/2026:05:01:14 +0200] "GET /wp-content/themes/thefox/includes/Flexslider/flexslider.css HTTP/1.1" 200 2048 "https://clinicadentalargarate.com/" "Mozilla/5.0 (Windows NT 10.0; Win64; x64) AppleWebKit/537.36 (KHTML, like Gecko) Chrome/117.0.5938.132 Safari/537.36"
205.169.39.12 - - [28/Jun/2026:05:01:14 +0200] "GET /wp-content/themes/thefox/css/font-awesome.css HTTP/1.1" 200 5774 "https://clinicadentalargarate.com/" "Mozilla/5.0 (Windows NT 10.0; Win64; x64) AppleWebKit/537.36 (KHTML, like Gecko) Chrome/117.0.5938.132 Safari/537.36"
205.169.39.12 - - [28/Jun/2026:05:01:14 +0200] "GET /wp-content/themes/thefox/css/moon.css HTTP/1.1" 200 13748 "https://clinicadentalargarate.com/" "Mozilla/5.0 (Windows NT 10.0; Win64; x64) AppleWebKit/537.36 (KHTML, like Gecko) Chrome/117.0.5938.132 Safari/537.36"
205.169.39.12 - - [28/Jun/2026:05:01:14 +0200] "GET /wp-content/themes/thefox/css/elegant.css HTTP/1.1" 200 5038 "https://clinicadentalargarate.com/" "Mozilla/5.0 (Windows NT 10.0; Win64; x64) AppleWebKit/537.36 (KHTML, like Gecko) Chrome/117.0.5938.132 Safari/537.36"
205.169.39.12 - - [28/Jun/2026:05:01:15 +0200] "GET /wp-content/themes/thefox/includes/prettyPhoto/css/prettyPhoto.css HTTP/1.1" 200 4124 "https://clinicadentalargarate.com/" "Mozilla/5.0 (Windows NT 10.0; Win64; x64) AppleWebKit/537.36 (KHTML, like Gecko) Chrome/117.0.5938.132 Safari/537.36"
205.169.39.12 - - [28/Jun/2026:05:01:15 +0200] "GET /wp-content/themes/thefox/includes/zilla-likes/styles/zilla-likes.css HTTP/1.1" 200 3888 "https://clinicadentalargarate.com/" "Mozilla/5.0 (Windows NT 10.0; Win64; x64) AppleWebKit/537.36 (KHTML, like Gecko) Chrome/117.0.5938.132 Safari/537.36"
205.169.39.12 - - [28/Jun/2026:05:01:15 +0200] "GET /wp-content/themes/thefox/css/thefox_js_composer.css HTTP/1.1" 200 19867 "https://clinicadentalargarate.com/" "Mozilla/5.0 (Windows NT 10.0; Win64; x64) AppleWebKit/537.36 (KHTML, like Gecko) Chrome/117.0.5938.132 Safari/537.36"
205.169.39.12 - - [28/Jun/2026:05:01:15 +0200] "GET /wp-includes/js/jquery/jquery.min.js HTTP/1.1" 200 30846 "https://clinicadentalargarate.com/" "Mozilla/5.0 (Windows NT 10.0; Win64; x64) AppleWebKit/537.36 (KHTML, like Gecko) Chrome/117.0.5938.132 Safari/537.36"
205.169.39.12 - - [28/Jun/2026:05:01:15 +0200] "GET /wp-includes/js/jquery/jquery-migrate.min.js HTTP/1.1" 200 5238 "https://clinicadentalargarate.com/" "Mozilla/5.0 (Windows NT 10.0; Win64; x64) AppleWebKit/537.36 (KHTML, like Gecko) Chrome/117.0.5938.132 Safari/537.36"
205.169.39.12 - - [28/Jun/2026:05:01:15 +0200] "GET /wp-content/plugins/revslider/public/assets/js/jquery.themepunch.tools.min.js HTTP/1.1" 200 38810 "https://clinicadentalargarate.com/" "Mozilla/5.0 (Windows NT 10.0; Win64; x64) AppleWebKit/537.36 (KHTML, like Gecko) Chrome/117.0.5938.132 Safari/537.36"
87.98.225.137 - - [28/Jun/2026:05:01:15 +0200] "POST /wp-cron.php?doing_wp_cron=1782615675.0651419162750244140625 HTTP/1.1" 200 281 "-" "WordPress/6.7.2; https://clinicadentalargarate.com"
205.169.39.216 - - [28/Jun/2026:05:01:14 +0200] "GET / HTTP/1.1" 301 312 "-" "Mozilla/5.0 (Windows NT 6.1; Win64; x64) AppleWebKit/537.36 (KHTML, like Gecko) Chrome/83.0.4103.61 Safari/537.36"
205.169.39.12 - - [28/Jun/2026:05:01:15 +0200] "GET /wp-content/uploads/2017/12/logo-clinica-dental-argarate.jpg HTTP/1.1" 200 5887 "https://clinicadentalargarate.com/" "Mozilla/5.0 (Windows NT 10.0; Win64; x64) AppleWebKit/537.36 (KHTML, like Gecko) Chrome/117.0.5938.132 Safari/537.36"
205.169.39.12 - - [28/Jun/2026:05:01:15 +0200] "GET /wp-content/plugins/revslider/public/assets/js/jquery.themepunch.revolution.min.js HTTP/1.1" 200 18432 "https://clinicadentalargarate.com/" "Mozilla/5.0 (Windows NT 10.0; Win64; x64) AppleWebKit/537.36 (KHTML, like Gecko) Chrome/117.0.5938.132 Safari/537.36"
205.169.39.12 - - [28/Jun/2026:05:01:15 +0200] "GET /wp-content/uploads/telephone.svg HTTP/1.1" 200 1735 "https://clinicadentalargarate.com/" "Mozilla/5.0 (Windows NT 10.0; Win64; x64) AppleWebKit/537.36 (KHTML, like Gecko) Chrome/117.0.5938.132 Safari/537.36"
205.169.39.12 - - [28/Jun/2026:05:01:15 +0200] "GET /wp-content/themes/thefox/js/scrollmagic.js HTTP/1.1" 200 46717 "https://clinicadentalargarate.com/" "Mozilla/5.0 (Windows NT 10.0; Win64; x64) AppleWebKit/537.36 (KHTML, like Gecko) Chrome/117.0.5938.132 Safari/537.36"
205.169.39.12 - - [28/Jun/2026:05:01:15 +0200] "GET /wp-content/themes/thefox/js/customjs.js HTTP/1.1" 200 66171 "https://clinicadentalargarate.com/" "Mozilla/5.0 (Windows NT 10.0; Win64; x64) AppleWebKit/537.36 (KHTML, like Gecko) Chrome/117.0.5938.132 Safari/537.36"
205.169.39.12 - - [28/Jun/2026:05:01:15 +0200] "GET /wp-content/themes/thefox/js/custom_woo_js.js HTTP/1.1" 200 1053 "https://clinicadentalargarate.com/" "Mozilla/5.0 (Windows NT 10.0; Win64; x64) AppleWebKit/537.36 (KHTML, like Gecko) Chrome/117.0.5938.132 Safari/537.36"
205.169.39.12 - - [28/Jun/2026:05:01:15 +0200] "GET /wp-content/plugins/contact-form-7/includes/js/scripts.js HTTP/1.1" 200 4359 "https://clinicadentalargarate.com/" "Mozilla/5.0 (Windows NT 10.0; Win64; x64) AppleWebKit/537.36 (KHTML, like Gecko) Chrome/117.0.5938.132 Safari/537.36"
205.169.39.12 - - [28/Jun/2026:05:01:15 +0200] "GET /wp-content/plugins/js_composer/assets/js/dist/js_composer_front.min.js HTTP/1.1" 200 6078 "https://clinicadentalargarate.com/" "Mozilla/5.0 (Windows NT 10.0; Win64; x64) AppleWebKit/537.36 (KHTML, like Gecko) Chrome/117.0.5938.132 Safari/537.36"
205.169.39.12 - - [28/Jun/2026:05:01:15 +0200] "GET /wp-content/themes/thefox/js/sorting_bp.js HTTP/1.1" 200 611 "https://clinicadentalargarate.com/" "Mozilla/5.0 (Windows NT 10.0; Win64; x64) AppleWebKit/537.36 (KHTML, like Gecko) Chrome/117.0.5938.132 Safari/537.36"
205.169.39.12 - - [28/Jun/2026:05:01:15 +0200] "GET /wp-content/themes/thefox/js/jquery.isotope.min.js HTTP/1.1" 200 13325 "https://clinicadentalargarate.com/" "Mozilla/5.0 (Windows NT 10.0; Win64; x64) AppleWebKit/537.36 (KHTML, like Gecko) Chrome/117.0.5938.132 Safari/537.36"
205.169.39.12 - - [28/Jun/2026:05:01:15 +0200] "GET /wp-content/themes/thefox/includes/font/fontawesome-webfont.woff?v=4.1.0 HTTP/1.1" 200 98598 "https://clinicadentalargarate.com/wp-content/themes/thefox/css/font-awesome.css" "Mozilla/5.0 (Windows NT 10.0; Win64; x64) AppleWebKit/537.36 (KHTML, like Gecko) Chrome/117.0.5938.132 Safari/537.36"
205.169.39.12 - - [28/Jun/2026:05:01:15 +0200] "GET /wp-content/themes/thefox/js/refresh_bp.js HTTP/1.1" 200 569 "https://clinicadentalargarate.com/" "Mozilla/5.0 (Windows NT 10.0; Win64; x64) AppleWebKit/537.36 (KHTML, like Gecko) Chrome/117.0.5938.132 Safari/537.36"
205.169.39.12 - - [28/Jun/2026:05:01:15 +0200] "GET /wp-content/uploads/2017/12/argarate-logo-footer.png HTTP/1.1" 200 10182 "https://clinicadentalargarate.com/" "Mozilla/5.0 (Windows NT 10.0; Win64; x64) AppleWebKit/537.36 (KHTML, like Gecko) Chrome/117.0.5938.132 Safari/537.36"
205.169.39.12 - - [28/Jun/2026:05:01:16 +0200] "GET /wp-content/uploads/2017/12/fondo-lineas.jpg?id=37 HTTP/1.1" 200 653 "https://clinicadentalargarate.com/" "Mozilla/5.0 (Windows NT 10.0; Win64; x64) AppleWebKit/537.36 (KHTML, like Gecko) Chrome/117.0.5938.132 Safari/537.36"
205.169.39.12 - - [28/Jun/2026:05:01:16 +0200] "GET /wp-content/uploads/2017/12/jon-argarate.jpg HTTP/1.1" 200 12835 "https://clinicadentalargarate.com/" "Mozilla/5.0 (Windows NT 10.0; Win64; x64) AppleWebKit/537.36 (KHTML, like Gecko) Chrome/117.0.5938.132 Safari/537.36"
205.169.39.12 - - [28/Jun/2026:05:01:16 +0200] "GET /wp-content/uploads/2017/12/odontologia.jpg HTTP/1.1" 200 8322 "https://clinicadentalargarate.com/" "Mozilla/5.0 (Windows NT 10.0; Win64; x64) AppleWebKit/537.36 (KHTML, like Gecko) Chrome/117.0.5938.132 Safari/537.36"
205.169.39.12 - - [28/Jun/2026:05:01:16 +0200] "GET /wp-content/uploads/2017/12/implantes-dentales-img.jpg HTTP/1.1" 200 4962 "https://clinicadentalargarate.com/" "Mozilla/5.0 (Windows NT 10.0; Win64; x64) AppleWebKit/537.36 (KHTML, like Gecko) Chrome/117.0.5938.132 Safari/537.36"
205.169.39.12 - - [28/Jun/2026:05:01:16 +0200] "GET /wp-content/uploads/2017/12/ortodoncia.jpg HTTP/1.1" 200 7827 "https://clinicadentalargarate.com/" "Mozilla/5.0 (Windows NT 10.0; Win64; x64) AppleWebKit/537.36 (KHTML, like Gecko) Chrome/117.0.5938.132 Safari/537.36"
34.72.176.129 - - [28/Jun/2026:05:01:19 +0200] "GET /wp-content/uploads/2017/12/implantes.jpg HTTP/1.1" 200 52306 "https://clinicadentalargarate.com/" "Mozilla/5.0 (X11; Linux x86_64) AppleWebKit/537.36 (KHTML, like Gecko) Chrome/125.0.0.0 Safari/537.36"
34.123.170.104 - - [28/Jun/2026:05:01:19 +0200] "GET /wp-content/uploads/2018/01/implantes-baratos-donostia.jpg HTTP/1.1" 200 60989 "https://clinicadentalargarate.com/" "Mozilla/5.0 (X11; Linux x86_64) AppleWebKit/537.36 (KHTML, like Gecko) Chrome/125.0.0.0 Safari/537.36"
34.123.170.104 - - [28/Jun/2026:05:01:20 +0200] "GET /wp-content/uploads/2018/01/implantes-baratos-donostia.jpg HTTP/1.1" 200 60643 "https://clinicadentalargarate.com/" "Mozilla/5.0 (X11; Linux x86_64) AppleWebKit/537.36 (KHTML, like Gecko) Chrome/125.0.0.0 Safari/537.36"
87.98.225.137 - - [28/Jun/2026:05:01:21 +0200] "POST /wp-cron.php?doing_wp_cron=1782615681.9543941020965576171875 HTTP/1.1" 200 3658 "-" "WordPress/6.7.2; https://clinicadentalargarate.com"
205.169.39.216 - - [28/Jun/2026:05:01:21 +0200] "GET / HTTP/1.1" 200 36440 "-" "Mozilla/5.0 (Windows NT 6.1; Win64; x64) AppleWebKit/537.36 (KHTML, like Gecko) Chrome/83.0.4103.61 Safari/537.36"
205.169.39.216 - - [28/Jun/2026:05:01:23 +0200] "GET /wp-includes/js/jquery/jquery.min.js HTTP/1.1" 200 30846 "https://clinicadentalargarate.com/" "Mozilla/5.0 (Windows NT 6.1; Win64; x64) AppleWebKit/537.36 (KHTML, like Gecko) Chrome/83.0.4103.61 Safari/537.36"
205.169.39.216 - - [28/Jun/2026:05:01:23 +0200] "GET /wp-includes/js/jquery/jquery-migrate.min.js HTTP/1.1" 200 5238 "https://clinicadentalargarate.com/" "Mozilla/5.0 (Windows NT 6.1; Win64; x64) AppleWebKit/537.36 (KHTML, like Gecko) Chrome/83.0.4103.61 Safari/537.36"
205.169.39.216 - - [28/Jun/2026:05:01:24 +0200] "GET /wp-content/plugins/revslider/public/assets/js/jquery.themepunch.tools.min.js HTTP/1.1" 200 38810 "https://clinicadentalargarate.com/" "Mozilla/5.0 (Windows NT 6.1; Win64; x64) AppleWebKit/537.36 (KHTML, like Gecko) Chrome/83.0.4103.61 Safari/537.36"
205.169.39.216 - - [28/Jun/2026:05:01:24 +0200] "GET /wp-content/plugins/revslider/public/assets/js/jquery.themepunch.revolution.min.js HTTP/1.1" 200 18432 "https://clinicadentalargarate.com/" "Mozilla/5.0 (Windows NT 6.1; Win64; x64) AppleWebKit/537.36 (KHTML, like Gecko) Chrome/83.0.4103.61 Safari/537.36"
205.169.39.216 - - [28/Jun/2026:05:01:26 +0200] "GET /wp-content/themes/thefox/js/scrollmagic.js HTTP/1.1" 200 46717 "https://clinicadentalargarate.com/" "Mozilla/5.0 (Windows NT 6.1; Win64; x64) AppleWebKit/537.36 (KHTML, like Gecko) Chrome/83.0.4103.61 Safari/537.36"
205.169.39.216 - - [28/Jun/2026:05:01:26 +0200] "GET /wp-content/themes/thefox/js/customjs.js HTTP/1.1" 200 66171 "https://clinicadentalargarate.com/" "Mozilla/5.0 (Windows NT 6.1; Win64; x64) AppleWebKit/537.36 (KHTML, like Gecko) Chrome/83.0.4103.61 Safari/537.36"
205.169.39.216 - - [28/Jun/2026:05:01:28 +0200] "GET /wp-content/themes/thefox/js/custom_woo_js.js HTTP/1.1" 200 1053 "https://clinicadentalargarate.com/" "Mozilla/5.0 (Windows NT 6.1; Win64; x64) AppleWebKit/537.36 (KHTML, like Gecko) Chrome/83.0.4103.61 Safari/537.36"
205.169.39.216 - - [28/Jun/2026:05:01:28 +0200] "GET /wp-content/plugins/contact-form-7/includes/js/scripts.js HTTP/1.1" 200 4359 "https://clinicadentalargarate.com/" "Mozilla/5.0 (Windows NT 6.1; Win64; x64) AppleWebKit/537.36 (KHTML, like Gecko) Chrome/83.0.4103.61 Safari/537.36"
205.169.39.216 - - [28/Jun/2026:05:01:28 +0200] "GET /wp-content/plugins/js_composer/assets/js/dist/js_composer_front.min.js HTTP/1.1" 200 6078 "https://clinicadentalargarate.com/" "Mozilla/5.0 (Windows NT 6.1; Win64; x64) AppleWebKit/537.36 (KHTML, like Gecko) Chrome/83.0.4103.61 Safari/537.36"
205.169.39.216 - - [28/Jun/2026:05:01:28 +0200] "GET /wp-content/themes/thefox/js/jquery.isotope.min.js HTTP/1.1" 200 13325 "https://clinicadentalargarate.com/" "Mozilla/5.0 (Windows NT 6.1; Win64; x64) AppleWebKit/537.36 (KHTML, like Gecko) Chrome/83.0.4103.61 Safari/537.36"
205.169.39.216 - - [28/Jun/2026:05:01:28 +0200] "GET /wp-content/themes/thefox/js/sorting_bp.js HTTP/1.1" 200 611 "https://clinicadentalargarate.com/" "Mozilla/5.0 (Windows NT 6.1; Win64; x64) AppleWebKit/537.36 (KHTML, like Gecko) Chrome/83.0.4103.61 Safari/537.36"
205.169.39.216 - - [28/Jun/2026:05:01:29 +0200] "GET /wp-content/themes/thefox/js/refresh_bp.js HTTP/1.1" 200 569 "https://clinicadentalargarate.com/" "Mozilla/5.0 (Windows NT 6.1; Win64; x64) AppleWebKit/537.36 (KHTML, like Gecko) Chrome/83.0.4103.61 Safari/537.36"
205.169.39.216 - - [28/Jun/2026:05:01:29 +0200] "GET /wp-content/plugins/revslider/public/assets/js/extensions/revolution.extension.slideanims.min.js?version=5.4.6.4 HTTP/1.1" 200 7384 "https://clinicadentalargarate.com/" "Mozilla/5.0 (Windows NT 6.1; Win64; x64) AppleWebKit/537.36 (KHTML, like Gecko) Chrome/83.0.4103.61 Safari/537.36"
205.169.39.216 - - [28/Jun/2026:05:01:29 +0200] "GET /wp-content/plugins/revslider/public/assets/js/extensions/revolution.extension.actions.min.js?version=5.4.6.4 HTTP/1.1" 200 2933 "https://clinicadentalargarate.com/" "Mozilla/5.0 (Windows NT 6.1; Win64; x64) AppleWebKit/537.36 (KHTML, like Gecko) Chrome/83.0.4103.61 Safari/537.36"
205.169.39.216 - - [28/Jun/2026:05:01:29 +0200] "GET /wp-content/plugins/revslider/public/assets/js/extensions/revolution.extension.layeranimation.min.js?version=5.4.6.4 HTTP/1.1" 200 14760 "https://clinicadentalargarate.com/" "Mozilla/5.0 (Windows NT 6.1; Win64; x64) AppleWebKit/537.36 (KHTML, like Gecko) Chrome/83.0.4103.61 Safari/537.36"
205.169.39.216 - - [28/Jun/2026:05:01:29 +0200] "GET /wp-content/plugins/revslider/public/assets/js/extensions/revolution.extension.navigation.min.js?version=5.4.6.4 HTTP/1.1" 200 7403 "https://clinicadentalargarate.com/" "Mozilla/5.0 (Windows NT 6.1; Win64; x64) AppleWebKit/537.36 (KHTML, like Gecko) Chrome/83.0.4103.61 Safari/537.36"
34.72.176.129 - - [28/Jun/2026:05:01:30 +0200] "GET /wp-content/uploads/2017/12/ninos.jpg HTTP/1.1" 200 30947 "https://clinicadentalargarate.com/" "Mozilla/5.0 (X11; Linux x86_64) AppleWebKit/537.36 (KHTML, like Gecko) Chrome/125.0.0.0 Safari/537.36"
205.169.39.216 - - [28/Jun/2026:05:01:31 +0200] "GET /wp-content/uploads/2017/12/logo-clinica-dental-argarate.jpg HTTP/1.1" 200 5887 "https://clinicadentalargarate.com/" "Mozilla/5.0 (Windows NT 6.1; Win64; x64) AppleWebKit/537.36 (KHTML, like Gecko) Chrome/83.0.4103.61 Safari/537.36"
205.169.39.216 - - [28/Jun/2026:05:01:31 +0200] "GET /wp-content/uploads/2017/12/clinica-dental.jpg HTTP/1.1" 200 50467 "https://clinicadentalargarate.com/" "Mozilla/5.0 (Windows NT 6.1; Win64; x64) AppleWebKit/537.36 (KHTML, like Gecko) Chrome/83.0.4103.61 Safari/537.36"
205.169.39.216 - - [28/Jun/2026:05:01:31 +0200] "GET /wp-content/uploads/2017/12/implantes.jpg HTTP/1.1" 200 51960 "https://clinicadentalargarate.com/" "Mozilla/5.0 (Windows NT 6.1; Win64; x64) AppleWebKit/537.36 (KHTML, like Gecko) Chrome/83.0.4103.61 Safari/537.36"
205.169.39.216 - - [28/Jun/2026:05:01:31 +0200] "GET /wp-content/uploads/2018/01/implantes-baratos-donostia.jpg HTTP/1.1" 200 60643 "https://clinicadentalargarate.com/" "Mozilla/5.0 (Windows NT 6.1; Win64; x64) AppleWebKit/537.36 (KHTML, like Gecko) Chrome/83.0.4103.61 Safari/537.36"
87.98.225.137 - - [28/Jun/2026:05:01:34 +0200] "POST /wp-cron.php?doing_wp_cron=1782615694.7963728904724121093750 HTTP/1.1" 200 281 "-" "WordPress/6.7.2; https://clinicadentalargarate.com"
205.169.39.216 - - [28/Jun/2026:05:01:34 +0200] "GET / HTTP/1.1" 301 312 "-" "Mozilla/5.0 (Windows NT 10.0; Win64; x64) AppleWebKit/537.36 (KHTML, like Gecko) Chrome/79.0.3945.79 Safari/537.36"
87.98.225.137 - - [28/Jun/2026:05:01:35 +0200] "POST /wp-cron.php?doing_wp_cron=1782615695.2993850708007812500000 HTTP/1.1" 200 3658 "-" "WordPress/6.7.2; https://clinicadentalargarate.com"
205.169.39.216 - - [28/Jun/2026:05:01:35 +0200] "GET / HTTP/1.1" 200 36393 "-" "Mozilla/5.0 (Windows NT 10.0; Win64; x64) AppleWebKit/537.36 (KHTML, like Gecko) Chrome/79.0.3945.79 Safari/537.36"
205.169.39.216 - - [28/Jun/2026:05:01:35 +0200] "GET /wp-includes/css/dist/block-library/style.min.css HTTP/1.1" 200 15604 "https://clinicadentalargarate.com/" "Mozilla/5.0 (Windows NT 10.0; Win64; x64) AppleWebKit/537.36 (KHTML, like Gecko) Chrome/79.0.3945.79 Safari/537.36"
205.169.39.216 - - [28/Jun/2026:05:01:36 +0200] "GET /wp-content/plugins/contact-form-7/includes/css/styles.css HTTP/1.1" 200 1008 "https://clinicadentalargarate.com/" "Mozilla/5.0 (Windows NT 10.0; Win64; x64) AppleWebKit/537.36 (KHTML, like Gecko) Chrome/79.0.3945.79 Safari/537.36"
205.169.39.216 - - [28/Jun/2026:05:01:36 +0200] "GET /wp-content/plugins/revslider/public/assets/css/settings.css HTTP/1.1" 200 10254 "https://clinicadentalargarate.com/" "Mozilla/5.0 (Windows NT 10.0; Win64; x64) AppleWebKit/537.36 (KHTML, like Gecko) Chrome/79.0.3945.79 Safari/537.36"
205.169.39.216 - - [28/Jun/2026:05:01:36 +0200] "GET /wp-content/themes/thefox_child_theme/style.css HTTP/1.1" 200 5974 "https://clinicadentalargarate.com/" "Mozilla/5.0 (Windows NT 10.0; Win64; x64) AppleWebKit/537.36 (KHTML, like Gecko) Chrome/79.0.3945.79 Safari/537.36"
205.169.39.216 - - [28/Jun/2026:05:01:36 +0200] "GET /wp-content/themes/thefox/media-queries_wide.css HTTP/1.1" 200 12950 "https://clinicadentalargarate.com/" "Mozilla/5.0 (Windows NT 10.0; Win64; x64) AppleWebKit/537.36 (KHTML, like Gecko) Chrome/79.0.3945.79 Safari/537.36"
205.169.39.216 - - [28/Jun/2026:05:01:36 +0200] "GET /wp-content/themes/thefox/style.css HTTP/1.1" 200 38918 "https://clinicadentalargarate.com/" "Mozilla/5.0 (Windows NT 10.0; Win64; x64) AppleWebKit/537.36 (KHTML, like Gecko) Chrome/79.0.3945.79 Safari/537.36"
205.169.39.216 - - [28/Jun/2026:05:01:36 +0200] "GET /wp-content/themes/thefox/style_end.css HTTP/1.1" 200 38277 "https://clinicadentalargarate.com/" "Mozilla/5.0 (Windows NT 10.0; Win64; x64) AppleWebKit/537.36 (KHTML, like Gecko) Chrome/79.0.3945.79 Safari/537.36"
205.169.39.216 - - [28/Jun/2026:05:01:36 +0200] "GET /wp-content/themes/thefox/css/rgs.css HTTP/1.1" 200 1103 "https://clinicadentalargarate.com/" "Mozilla/5.0 (Windows NT 10.0; Win64; x64) AppleWebKit/537.36 (KHTML, like Gecko) Chrome/79.0.3945.79 Safari/537.36"
205.169.39.216 - - [28/Jun/2026:05:01:36 +0200] "GET /wp-content/themes/thefox/css/animations.css HTTP/1.1" 200 5656 "https://clinicadentalargarate.com/" "Mozilla/5.0 (Windows NT 10.0; Win64; x64) AppleWebKit/537.36 (KHTML, like Gecko) Chrome/79.0.3945.79 Safari/537.36"
205.169.39.216 - - [28/Jun/2026:05:01:36 +0200] "GET /wp-content/themes/thefox/includes/Flexslider/flexslider.css HTTP/1.1" 200 2048 "https://clinicadentalargarate.com/" "Mozilla/5.0 (Windows NT 10.0; Win64; x64) AppleWebKit/537.36 (KHTML, like Gecko) Chrome/79.0.3945.79 Safari/537.36"
205.169.39.216 - - [28/Jun/2026:05:01:36 +0200] "GET /wp-content/themes/thefox/css/font-awesome.css HTTP/1.1" 200 5774 "https://clinicadentalargarate.com/" "Mozilla/5.0 (Windows NT 10.0; Win64; x64) AppleWebKit/537.36 (KHTML, like Gecko) Chrome/79.0.3945.79 Safari/537.36"
205.169.39.216 - - [28/Jun/2026:05:01:36 +0200] "GET /wp-content/themes/thefox/css/moon.css HTTP/1.1" 200 13748 "https://clinicadentalargarate.com/" "Mozilla/5.0 (Windows NT 10.0; Win64; x64) AppleWebKit/537.36 (KHTML, like Gecko) Chrome/79.0.3945.79 Safari/537.36"
205.169.39.216 - - [28/Jun/2026:05:01:36 +0200] "GET /wp-content/themes/thefox/css/elegant.css HTTP/1.1" 200 5038 "https://clinicadentalargarate.com/" "Mozilla/5.0 (Windows NT 10.0; Win64; x64) AppleWebKit/537.36 (KHTML, like Gecko) Chrome/79.0.3945.79 Safari/537.36"
205.169.39.216 - - [28/Jun/2026:05:01:36 +0200] "GET /wp-content/themes/thefox/includes/prettyPhoto/css/prettyPhoto.css HTTP/1.1" 200 3778 "https://clinicadentalargarate.com/" "Mozilla/5.0 (Windows NT 10.0; Win64; x64) AppleWebKit/537.36 (KHTML, like Gecko) Chrome/79.0.3945.79 Safari/537.36"
205.169.39.216 - - [28/Jun/2026:05:01:36 +0200] "GET /wp-content/themes/thefox/css/thefox_js_composer.css HTTP/1.1" 200 19521 "https://clinicadentalargarate.com/" "Mozilla/5.0 (Windows NT 10.0; Win64; x64) AppleWebKit/537.36 (KHTML, like Gecko) Chrome/79.0.3945.79 Safari/537.36"
205.169.39.216 - - [28/Jun/2026:05:01:36 +0200] "GET /wp-content/themes/thefox/includes/zilla-likes/styles/zilla-likes.css HTTP/1.1" 200 526 "https://clinicadentalargarate.com/" "Mozilla/5.0 (Windows NT 10.0; Win64; x64) AppleWebKit/537.36 (KHTML, like Gecko) Chrome/79.0.3945.79 Safari/537.36"
205.169.39.216 - - [28/Jun/2026:05:01:36 +0200] "GET /wp-includes/js/jquery/jquery-migrate.min.js HTTP/1.1" 200 5238 "https://clinicadentalargarate.com/" "Mozilla/5.0 (Windows NT 10.0; Win64; x64) AppleWebKit/537.36 (KHTML, like Gecko) Chrome/79.0.3945.79 Safari/537.36"
205.169.39.216 - - [28/Jun/2026:05:01:36 +0200] "GET /wp-includes/js/jquery/jquery.min.js HTTP/1.1" 200 30846 "https://clinicadentalargarate.com/" "Mozilla/5.0 (Windows NT 10.0; Win64; x64) AppleWebKit/537.36 (KHTML, like Gecko) Chrome/79.0.3945.79 Safari/537.36"
205.169.39.216 - - [28/Jun/2026:05:01:36 +0200] "GET /wp-content/plugins/revslider/public/assets/js/jquery.themepunch.revolution.min.js HTTP/1.1" 200 18432 "https://clinicadentalargarate.com/" "Mozilla/5.0 (Windows NT 10.0; Win64; x64) AppleWebKit/537.36 (KHTML, like Gecko) Chrome/79.0.3945.79 Safari/537.36"
205.169.39.216 - - [28/Jun/2026:05:01:36 +0200] "GET /wp-content/plugins/revslider/public/assets/js/jquery.themepunch.tools.min.js HTTP/1.1" 200 38810 "https://clinicadentalargarate.com/" "Mozilla/5.0 (Windows NT 10.0; Win64; x64) AppleWebKit/537.36 (KHTML, like Gecko) Chrome/79.0.3945.79 Safari/537.36"
205.169.39.216 - - [28/Jun/2026:05:01:36 +0200] "GET /wp-content/themes/thefox/js/scrollmagic.js HTTP/1.1" 200 46717 "https://clinicadentalargarate.com/" "Mozilla/5.0 (Windows NT 10.0; Win64; x64) AppleWebKit/537.36 (KHTML, like Gecko) Chrome/79.0.3945.79 Safari/537.36"
205.169.39.216 - - [28/Jun/2026:05:01:36 +0200] "GET /wp-content/themes/thefox/js/customjs.js HTTP/1.1" 200 66171 "https://clinicadentalargarate.com/" "Mozilla/5.0 (Windows NT 10.0; Win64; x64) AppleWebKit/537.36 (KHTML, like Gecko) Chrome/79.0.3945.79 Safari/537.36"
205.169.39.216 - - [28/Jun/2026:05:01:36 +0200] "GET /wp-content/themes/thefox/js/custom_woo_js.js HTTP/1.1" 200 1053 "https://clinicadentalargarate.com/" "Mozilla/5.0 (Windows NT 10.0; Win64; x64) AppleWebKit/537.36 (KHTML, like Gecko) Chrome/79.0.3945.79 Safari/537.36"
205.169.39.216 - - [28/Jun/2026:05:01:36 +0200] "GET /wp-content/plugins/contact-form-7/includes/js/scripts.js HTTP/1.1" 200 4359 "https://clinicadentalargarate.com/" "Mozilla/5.0 (Windows NT 10.0; Win64; x64) AppleWebKit/537.36 (KHTML, like Gecko) Chrome/79.0.3945.79 Safari/537.36"
205.169.39.216 - - [28/Jun/2026:05:01:36 +0200] "GET /wp-content/plugins/js_composer/assets/js/dist/js_composer_front.min.js HTTP/1.1" 200 6078 "https://clinicadentalargarate.com/" "Mozilla/5.0 (Windows NT 10.0; Win64; x64) AppleWebKit/537.36 (KHTML, like Gecko) Chrome/79.0.3945.79 Safari/537.36"
205.169.39.216 - - [28/Jun/2026:05:01:36 +0200] "GET /wp-content/themes/thefox/js/jquery.isotope.min.js HTTP/1.1" 200 13325 "https://clinicadentalargarate.com/" "Mozilla/5.0 (Windows NT 10.0; Win64; x64) AppleWebKit/537.36 (KHTML, like Gecko) Chrome/79.0.3945.79 Safari/537.36"
205.169.39.216 - - [28/Jun/2026:05:01:36 +0200] "GET /wp-content/themes/thefox/js/sorting_bp.js HTTP/1.1" 200 611 "https://clinicadentalargarate.com/" "Mozilla/5.0 (Windows NT 10.0; Win64; x64) AppleWebKit/537.36 (KHTML, like Gecko) Chrome/79.0.3945.79 Safari/537.36"
205.169.39.216 - - [28/Jun/2026:05:01:36 +0200] "GET /wp-content/uploads/2017/12/logo-clinica-dental-argarate.jpg HTTP/1.1" 200 5887 "https://clinicadentalargarate.com/" "Mozilla/5.0 (Windows NT 10.0; Win64; x64) AppleWebKit/537.36 (KHTML, like Gecko) Chrome/79.0.3945.79 Safari/537.36"
205.169.39.216 - - [28/Jun/2026:05:01:37 +0200] "GET /wp-content/themes/thefox/js/refresh_bp.js HTTP/1.1" 200 569 "https://clinicadentalargarate.com/" "Mozilla/5.0 (Windows NT 10.0; Win64; x64) AppleWebKit/537.36 (KHTML, like Gecko) Chrome/79.0.3945.79 Safari/537.36"
205.169.39.216 - - [28/Jun/2026:05:01:37 +0200] "GET /wp-content/uploads/telephone.svg HTTP/1.1" 200 1735 "https://clinicadentalargarate.com/" "Mozilla/5.0 (Windows NT 10.0; Win64; x64) AppleWebKit/537.36 (KHTML, like Gecko) Chrome/79.0.3945.79 Safari/537.36"
205.169.39.216 - - [28/Jun/2026:05:01:37 +0200] "GET /wp-content/uploads/2017/12/argarate-logo-footer.png HTTP/1.1" 200 10182 "https://clinicadentalargarate.com/" "Mozilla/5.0 (Windows NT 10.0; Win64; x64) AppleWebKit/537.36 (KHTML, like Gecko) Chrome/79.0.3945.79 Safari/537.36"
205.169.39.216 - - [28/Jun/2026:05:01:37 +0200] "GET /wp-content/uploads/2017/12/fondo-lineas.jpg?id=37 HTTP/1.1" 200 653 "https://clinicadentalargarate.com/" "Mozilla/5.0 (Windows NT 10.0; Win64; x64) AppleWebKit/537.36 (KHTML, like Gecko) Chrome/79.0.3945.79 Safari/537.36"
205.169.39.216 - - [28/Jun/2026:05:01:37 +0200] "GET /wp-content/uploads/2017/12/jon-argarate.jpg HTTP/1.1" 200 12835 "https://clinicadentalargarate.com/" "Mozilla/5.0 (Windows NT 10.0; Win64; x64) AppleWebKit/537.36 (KHTML, like Gecko) Chrome/79.0.3945.79 Safari/537.36"
205.169.39.216 - - [28/Jun/2026:05:01:37 +0200] "GET /wp-content/uploads/2017/12/odontologia.jpg HTTP/1.1" 200 8322 "https://clinicadentalargarate.com/" "Mozilla/5.0 (Windows NT 10.0; Win64; x64) AppleWebKit/537.36 (KHTML, like Gecko) Chrome/79.0.3945.79 Safari/537.36"
205.169.39.216 - - [28/Jun/2026:05:01:37 +0200] "GET /wp-content/uploads/2017/12/implantes-dentales-img.jpg HTTP/1.1" 200 4962 "https://clinicadentalargarate.com/" "Mozilla/5.0 (Windows NT 10.0; Win64; x64) AppleWebKit/537.36 (KHTML, like Gecko) Chrome/79.0.3945.79 Safari/537.36"
205.169.39.216 - - [28/Jun/2026:05:01:37 +0200] "GET /wp-content/uploads/2017/12/ortodoncia.jpg HTTP/1.1" 200 7827 "https://clinicadentalargarate.com/" "Mozilla/5.0 (Windows NT 10.0; Win64; x64) AppleWebKit/537.36 (KHTML, like Gecko) Chrome/79.0.3945.79 Safari/537.36"
205.169.39.216 - - [28/Jun/2026:05:01:38 +0200] "GET /wp-content/themes/thefox/includes/font/fontawesome-webfont.woff?v=4.1.0 HTTP/1.1" 200 98598 "https://clinicadentalargarate.com/wp-content/themes/thefox/css/font-awesome.css" "Mozilla/5.0 (Windows NT 10.0; Win64; x64) AppleWebKit/537.36 (KHTML, like Gecko) Chrome/79.0.3945.79 Safari/537.36"
205.169.39.216 - - [28/Jun/2026:05:01:42 +0200] "GET /wp-includes/js/wp-emoji-release.min.js HTTP/1.1" 200 5428 "https://clinicadentalargarate.com/" "Mozilla/5.0 (Windows NT 10.0; Win64; x64) AppleWebKit/537.36 (KHTML, like Gecko) Chrome/79.0.3945.79 Safari/537.36"
205.169.39.216 - - [28/Jun/2026:05:01:43 +0200] "GET /wp-content/plugins/revslider/public/assets/js/extensions/revolution.extension.slideanims.min.js?version=5.4.6.4 HTTP/1.1" 200 7384 "https://clinicadentalargarate.com/" "Mozilla/5.0 (Windows NT 10.0; Win64; x64) AppleWebKit/537.36 (KHTML, like Gecko) Chrome/79.0.3945.79 Safari/537.36"
205.169.39.216 - - [28/Jun/2026:05:01:43 +0200] "GET /wp-content/plugins/revslider/public/assets/js/extensions/revolution.extension.actions.min.js?version=5.4.6.4 HTTP/1.1" 200 2933 "https://clinicadentalargarate.com/" "Mozilla/5.0 (Windows NT 10.0; Win64; x64) AppleWebKit/537.36 (KHTML, like Gecko) Chrome/79.0.3945.79 Safari/537.36"
205.169.39.216 - - [28/Jun/2026:05:01:43 +0200] "GET /wp-content/plugins/revslider/public/assets/js/extensions/revolution.extension.layeranimation.min.js?version=5.4.6.4 HTTP/1.1" 200 14760 "https://clinicadentalargarate.com/" "Mozilla/5.0 (Windows NT 10.0; Win64; x64) AppleWebKit/537.36 (KHTML, like Gecko) Chrome/79.0.3945.79 Safari/537.36"
205.169.39.216 - - [28/Jun/2026:05:01:43 +0200] "GET /wp-content/uploads/2017/12/ninos.jpg HTTP/1.1" 200 30947 "https://clinicadentalargarate.com/" "Mozilla/5.0 (Windows NT 10.0; Win64; x64) AppleWebKit/537.36 (KHTML, like Gecko) Chrome/79.0.3945.79 Safari/537.36"
205.169.39.216 - - [28/Jun/2026:05:01:43 +0200] "GET /wp-content/plugins/revslider/public/assets/js/extensions/revolution.extension.navigation.min.js?version=5.4.6.4 HTTP/1.1" 200 7749 "https://clinicadentalargarate.com/" "Mozilla/5.0 (Windows NT 10.0; Win64; x64) AppleWebKit/537.36 (KHTML, like Gecko) Chrome/79.0.3945.79 Safari/537.36"
205.169.39.216 - - [28/Jun/2026:05:01:43 +0200] "GET /wp-content/uploads/2018/01/implantes-baratos-donostia.jpg HTTP/1.1" 200 64005 "https://clinicadentalargarate.com/" "Mozilla/5.0 (Windows NT 10.0; Win64; x64) AppleWebKit/537.36 (KHTML, like Gecko) Chrome/79.0.3945.79 Safari/537.36"
205.169.39.216 - - [28/Jun/2026:05:01:43 +0200] "GET /wp-content/uploads/2017/12/clinica-dental.jpg HTTP/1.1" 200 53829 "https://clinicadentalargarate.com/" "Mozilla/5.0 (Windows NT 10.0; Win64; x64) AppleWebKit/537.36 (KHTML, like Gecko) Chrome/79.0.3945.79 Safari/537.36"
205.169.39.216 - - [28/Jun/2026:05:01:43 +0200] "GET /wp-content/uploads/2017/12/implantes.jpg HTTP/1.1" 200 55322 "https://clinicadentalargarate.com/" "Mozilla/5.0 (Windows NT 10.0; Win64; x64) AppleWebKit/537.36 (KHTML, like Gecko) Chrome/79.0.3945.79 Safari/537.36"
205.169.39.216 - - [28/Jun/2026:05:01:43 +0200] "GET /wp-content/plugins/revslider/public/assets/assets/coloredbg.png HTTP/1.1" 200 489 "https://clinicadentalargarate.com/wp-content/plugins/revslider/public/assets/css/settings.css" "Mozilla/5.0 (Windows NT 10.0; Win64; x64) AppleWebKit/537.36 (KHTML, like Gecko) Chrome/79.0.3945.79 Safari/537.36"
205.169.39.216 - - [28/Jun/2026:05:01:43 +0200] "GET /wp-content/uploads/2017/12/clinica-dental-100x50.jpg HTTP/1.1" 200 2084 "https://clinicadentalargarate.com/" "Mozilla/5.0 (Windows NT 10.0; Win64; x64) AppleWebKit/537.36 (KHTML, like Gecko) Chrome/79.0.3945.79 Safari/537.36"
205.169.39.216 - - [28/Jun/2026:05:01:44 +0200] "GET /wp-content/uploads/2017/12/implantes-100x50.jpg HTTP/1.1" 200 2193 "https://clinicadentalargarate.com/" "Mozilla/5.0 (Windows NT 10.0; Win64; x64) AppleWebKit/537.36 (KHTML, like Gecko) Chrome/79.0.3945.79 Safari/537.36"
205.169.39.216 - - [28/Jun/2026:05:01:44 +0200] "GET /wp-content/uploads/2017/12/ninos-100x50.jpg HTTP/1.1" 200 1839 "https://clinicadentalargarate.com/" "Mozilla/5.0 (Windows NT 10.0; Win64; x64) AppleWebKit/537.36 (KHTML, like Gecko) Chrome/79.0.3945.79 Safari/537.36"
87.98.225.137 - - [28/Jun/2026:05:02:06 +0200] "POST /wp-cron.php?doing_wp_cron=1782615725.9964749813079833984375 HTTP/1.1" 200 281 "-" "WordPress/6.7.2; https://clinicadentalargarate.com"
205.169.39.6 - - [28/Jun/2026:05:02:05 +0200] "GET / HTTP/1.1" 301 312 "-" "Mozilla/5.0 (Windows NT 10.0; Win64; x64) AppleWebKit/537.36 (KHTML, like Gecko) Chrome/117.0.5938.132 Safari/537.36"
87.98.225.137 - - [28/Jun/2026:05:02:06 +0200] "POST /wp-cron.php?doing_wp_cron=1782615726.9451770782470703125000 HTTP/1.1" 200 3658 "-" "WordPress/6.7.2; https://clinicadentalargarate.com"
205.169.39.6 - - [28/Jun/2026:05:02:06 +0200] "GET / HTTP/1.1" 200 36391 "-" "Mozilla/5.0 (Windows NT 10.0; Win64; x64) AppleWebKit/537.36 (KHTML, like Gecko) Chrome/117.0.5938.132 Safari/537.36"
205.169.39.6 - - [28/Jun/2026:05:02:07 +0200] "GET /wp-includes/css/dist/block-library/style.min.css HTTP/1.1" 200 15604 "https://clinicadentalargarate.com/" "Mozilla/5.0 (Windows NT 10.0; Win64; x64) AppleWebKit/537.36 (KHTML, like Gecko) Chrome/117.0.5938.132 Safari/537.36"
205.169.39.6 - - [28/Jun/2026:05:02:07 +0200] "GET /wp-content/plugins/contact-form-7/includes/css/styles.css HTTP/1.1" 200 1008 "https://clinicadentalargarate.com/" "Mozilla/5.0 (Windows NT 10.0; Win64; x64) AppleWebKit/537.36 (KHTML, like Gecko) Chrome/117.0.5938.132 Safari/537.36"
205.169.39.6 - - [28/Jun/2026:05:02:08 +0200] "GET /wp-content/plugins/revslider/public/assets/css/settings.css HTTP/1.1" 200 10254 "https://clinicadentalargarate.com/" "Mozilla/5.0 (Windows NT 10.0; Win64; x64) AppleWebKit/537.36 (KHTML, like Gecko) Chrome/117.0.5938.132 Safari/537.36"
205.169.39.6 - - [28/Jun/2026:05:02:08 +0200] "GET /wp-content/themes/thefox/style.css HTTP/1.1" 200 38572 "https://clinicadentalargarate.com/" "Mozilla/5.0 (Windows NT 10.0; Win64; x64) AppleWebKit/537.36 (KHTML, like Gecko) Chrome/117.0.5938.132 Safari/537.36"
205.169.39.6 - - [28/Jun/2026:05:02:08 +0200] "GET /wp-content/themes/thefox/style_end.css HTTP/1.1" 200 34915 "https://clinicadentalargarate.com/" "Mozilla/5.0 (Windows NT 10.0; Win64; x64) AppleWebKit/537.36 (KHTML, like Gecko) Chrome/117.0.5938.132 Safari/537.36"
205.169.39.6 - - [28/Jun/2026:05:02:08 +0200] "GET /wp-content/themes/thefox/media-queries_wide.css HTTP/1.1" 200 9588 "https://clinicadentalargarate.com/" "Mozilla/5.0 (Windows NT 10.0; Win64; x64) AppleWebKit/537.36 (KHTML, like Gecko) Chrome/117.0.5938.132 Safari/537.36"
205.169.39.6 - - [28/Jun/2026:05:02:08 +0200] "GET /wp-content/themes/thefox_child_theme/style.css HTTP/1.1" 200 2612 "https://clinicadentalargarate.com/" "Mozilla/5.0 (Windows NT 10.0; Win64; x64) AppleWebKit/537.36 (KHTML, like Gecko) Chrome/117.0.5938.132 Safari/537.36"
205.169.39.6 - - [28/Jun/2026:05:02:08 +0200] "GET /wp-content/themes/thefox/css/rgs.css HTTP/1.1" 200 1103 "https://clinicadentalargarate.com/" "Mozilla/5.0 (Windows NT 10.0; Win64; x64) AppleWebKit/537.36 (KHTML, like Gecko) Chrome/117.0.5938.132 Safari/537.36"
205.169.39.6 - - [28/Jun/2026:05:02:08 +0200] "GET /wp-content/themes/thefox/css/animations.css HTTP/1.1" 200 5656 "https://clinicadentalargarate.com/" "Mozilla/5.0 (Windows NT 10.0; Win64; x64) AppleWebKit/537.36 (KHTML, like Gecko) Chrome/117.0.5938.132 Safari/537.36"
205.169.39.6 - - [28/Jun/2026:05:02:08 +0200] "GET /wp-content/themes/thefox/includes/Flexslider/flexslider.css HTTP/1.1" 200 2048 "https://clinicadentalargarate.com/" "Mozilla/5.0 (Windows NT 10.0; Win64; x64) AppleWebKit/537.36 (KHTML, like Gecko) Chrome/117.0.5938.132 Safari/537.36"
205.169.39.6 - - [28/Jun/2026:05:02:08 +0200] "GET /wp-content/themes/thefox/css/font-awesome.css HTTP/1.1" 200 5774 "https://clinicadentalargarate.com/" "Mozilla/5.0 (Windows NT 10.0; Win64; x64) AppleWebKit/537.36 (KHTML, like Gecko) Chrome/117.0.5938.132 Safari/537.36"
205.169.39.6 - - [28/Jun/2026:05:02:08 +0200] "GET /wp-content/themes/thefox/css/moon.css HTTP/1.1" 200 13748 "https://clinicadentalargarate.com/" "Mozilla/5.0 (Windows NT 10.0; Win64; x64) AppleWebKit/537.36 (KHTML, like Gecko) Chrome/117.0.5938.132 Safari/537.36"
205.169.39.6 - - [28/Jun/2026:05:02:08 +0200] "GET /wp-content/themes/thefox/css/elegant.css HTTP/1.1" 200 5038 "https://clinicadentalargarate.com/" "Mozilla/5.0 (Windows NT 10.0; Win64; x64) AppleWebKit/537.36 (KHTML, like Gecko) Chrome/117.0.5938.132 Safari/537.36"
205.169.39.6 - - [28/Jun/2026:05:02:08 +0200] "GET /wp-content/themes/thefox/includes/prettyPhoto/css/prettyPhoto.css HTTP/1.1" 200 3778 "https://clinicadentalargarate.com/" "Mozilla/5.0 (Windows NT 10.0; Win64; x64) AppleWebKit/537.36 (KHTML, like Gecko) Chrome/117.0.5938.132 Safari/537.36"
205.169.39.6 - - [28/Jun/2026:05:02:08 +0200] "GET /wp-content/themes/thefox/css/thefox_js_composer.css HTTP/1.1" 200 19521 "https://clinicadentalargarate.com/" "Mozilla/5.0 (Windows NT 10.0; Win64; x64) AppleWebKit/537.36 (KHTML, like Gecko) Chrome/117.0.5938.132 Safari/537.36"
205.169.39.6 - - [28/Jun/2026:05:02:08 +0200] "GET /wp-content/themes/thefox/includes/zilla-likes/styles/zilla-likes.css HTTP/1.1" 200 526 "https://clinicadentalargarate.com/" "Mozilla/5.0 (Windows NT 10.0; Win64; x64) AppleWebKit/537.36 (KHTML, like Gecko) Chrome/117.0.5938.132 Safari/537.36"
205.169.39.6 - - [28/Jun/2026:05:02:08 +0200] "GET /wp-includes/js/jquery/jquery.min.js HTTP/1.1" 200 30846 "https://clinicadentalargarate.com/" "Mozilla/5.0 (Windows NT 10.0; Win64; x64) AppleWebKit/537.36 (KHTML, like Gecko) Chrome/117.0.5938.132 Safari/537.36"
205.169.39.6 - - [28/Jun/2026:05:02:09 +0200] "GET /wp-includes/js/jquery/jquery-migrate.min.js HTTP/1.1" 200 5238 "https://clinicadentalargarate.com/" "Mozilla/5.0 (Windows NT 10.0; Win64; x64) AppleWebKit/537.36 (KHTML, like Gecko) Chrome/117.0.5938.132 Safari/537.36"
205.169.39.6 - - [28/Jun/2026:05:02:09 +0200] "GET /wp-content/plugins/revslider/public/assets/js/jquery.themepunch.tools.min.js HTTP/1.1" 200 38810 "https://clinicadentalargarate.com/" "Mozilla/5.0 (Windows NT 10.0; Win64; x64) AppleWebKit/537.36 (KHTML, like Gecko) Chrome/117.0.5938.132 Safari/537.36"
205.169.39.6 - - [28/Jun/2026:05:02:09 +0200] "GET /wp-content/plugins/revslider/public/assets/js/jquery.themepunch.revolution.min.js HTTP/1.1" 200 18432 "https://clinicadentalargarate.com/" "Mozilla/5.0 (Windows NT 10.0; Win64; x64) AppleWebKit/537.36 (KHTML, like Gecko) Chrome/117.0.5938.132 Safari/537.36"
205.169.39.6 - - [28/Jun/2026:05:02:09 +0200] "GET /wp-content/uploads/2017/12/logo-clinica-dental-argarate.jpg HTTP/1.1" 200 5887 "https://clinicadentalargarate.com/" "Mozilla/5.0 (Windows NT 10.0; Win64; x64) AppleWebKit/537.36 (KHTML, like Gecko) Chrome/117.0.5938.132 Safari/537.36"
205.169.39.6 - - [28/Jun/2026:05:02:09 +0200] "GET /wp-content/uploads/telephone.svg HTTP/1.1" 200 1735 "https://clinicadentalargarate.com/" "Mozilla/5.0 (Windows NT 10.0; Win64; x64) AppleWebKit/537.36 (KHTML, like Gecko) Chrome/117.0.5938.132 Safari/537.36"
205.169.39.6 - - [28/Jun/2026:05:02:09 +0200] "GET /wp-content/themes/thefox/js/scrollmagic.js HTTP/1.1" 200 46717 "https://clinicadentalargarate.com/" "Mozilla/5.0 (Windows NT 10.0; Win64; x64) AppleWebKit/537.36 (KHTML, like Gecko) Chrome/117.0.5938.132 Safari/537.36"
