87.98.225.137 - - [28/Jun/2026:03:28:16 +0200] "POST /wp-cron.php?doing_wp_cron=1782610096.4847269058227539062500 HTTP/1.1" 200 281 "-" "WordPress/6.7.2; https://clinicadentalargarate.com"
109.199.117.174 - - [28/Jun/2026:03:28:16 +0200] "GET /images/ HTTP/1.1" 404 101456 "-" "Mozilla/5.0 (Windows NT 10.0; Win64; x64) AppleWebKit/537.36 (KHTML, like Gecko) Chrome/120.0.0.0 Safari/537.36"
87.98.225.137 - - [28/Jun/2026:03:28:21 +0200] "POST /wp-cron.php?doing_wp_cron=1782610101.5662798881530761718750 HTTP/1.1" 200 3658 "-" "WordPress/6.7.2; https://clinicadentalargarate.com"
40.77.167.7 - - [28/Jun/2026:03:28:21 +0200] "GET /blog/que-hacer-si-caries-duele/ HTTP/1.1" 500 6680 "-" "Mozilla/5.0 AppleWebKit/537.36 (KHTML, like Gecko; compatible; bingbot/2.0; +http://www.bing.com/bingbot.htm) Chrome/116.0.1938.76 Safari/537.36"
109.199.117.174 - - [28/Jun/2026:03:28:27 +0200] "GET /cgi-bin/ HTTP/1.1" 403 507 "-" "Mozilla/5.0 (Windows NT 10.0; Win64; x64) AppleWebKit/537.36 (KHTML, like Gecko) Chrome/120.0.0.0 Safari/537.36"
87.98.225.137 - - [28/Jun/2026:03:28:28 +0200] "POST /wp-cron.php?doing_wp_cron=1782610108.3672199249267578125000 HTTP/1.1" 200 281 "-" "WordPress/6.7.2; https://clinicadentalargarate.com"
109.199.117.174 - - [28/Jun/2026:03:28:28 +0200] "GET /.tmb/ HTTP/1.1" 404 101433 "-" "Mozilla/5.0 (Windows NT 10.0; Win64; x64) AppleWebKit/537.36 (KHTML, like Gecko) Chrome/120.0.0.0 Safari/537.36"
87.98.225.137 - - [28/Jun/2026:03:29:36 +0200] "POST /wp-cron.php?doing_wp_cron=1782610175.9904720783233642578125 HTTP/1.1" 200 3658 "-" "WordPress/6.7.2; https://clinicadentalargarate.com"
158.69.215.39 - - [28/Jun/2026:03:29:35 +0200] "GET /wp-login.php HTTP/1.1" 200 6743 "-" "Mozilla/5.0 (X11; Linux i686) AppleWebKit/537.36 (KHTML, like Gecko) Chrome/133.0.0.0 Safari/537.36"
87.98.225.137 - - [28/Jun/2026:03:29:36 +0200] "POST /wp-cron.php?doing_wp_cron=1782610176.5696020126342773437500 HTTP/1.1" 200 3658 "-" "WordPress/6.7.2; https://clinicadentalargarate.com"
158.69.215.39 - - [28/Jun/2026:03:29:36 +0200] "POST /wp-login.php HTTP/1.1" 200 3499 "https://clinicadentalargarate.com/wp-login.php" "Mozilla/5.0 (X11; Linux i686) AppleWebKit/537.36 (KHTML, like Gecko) Chrome/133.0.0.0 Safari/537.36"
87.98.225.137 - - [28/Jun/2026:03:30:09 +0200] "POST /wp-cron.php?doing_wp_cron=1782610209.2390499114990234375000 HTTP/1.1" 200 3658 "-" "WordPress/6.7.2; https://clinicadentalargarate.com"
94.23.87.180 - - [28/Jun/2026:03:30:09 +0200] "GET / HTTP/1.0" 200 112914 "-" "-"
87.98.225.137 - - [28/Jun/2026:03:33:17 +0200] "POST /wp-cron.php?doing_wp_cron=1782610397.4858310222625732421875 HTTP/1.1" 200 3658 "-" "WordPress/6.7.2; https://clinicadentalargarate.com"
158.69.215.39 - - [28/Jun/2026:03:33:17 +0200] "GET /wp-login.php HTTP/1.1" 200 6743 "-" "Mozilla/5.0 (X11; Linux i686) AppleWebKit/537.36 (KHTML, like Gecko) Chrome/133.0.0.0 Safari/537.36"
87.98.225.137 - - [28/Jun/2026:03:33:17 +0200] "POST /wp-cron.php?doing_wp_cron=1782610397.9121880531311035156250 HTTP/1.1" 200 3658 "-" "WordPress/6.7.2; https://clinicadentalargarate.com"
158.69.215.39 - - [28/Jun/2026:03:33:17 +0200] "POST /wp-login.php HTTP/1.1" 200 3500 "https://clinicadentalargarate.com/wp-login.php" "Mozilla/5.0 (X11; Linux i686) AppleWebKit/537.36 (KHTML, like Gecko) Chrome/133.0.0.0 Safari/537.36"
213.180.203.160 - - [28/Jun/2026:03:33:28 +0200] "GET /robots.txt HTTP/1.1" 200 4154 "-" "Mozilla/5.0 (compatible; YandexBot/3.0; +http://yandex.com/bots)"
87.98.225.137 - - [28/Jun/2026:03:33:29 +0200] "POST /wp-cron.php?doing_wp_cron=1782610409.4073009490966796875000 HTTP/1.1" 200 3658 "-" "WordPress/6.7.2; https://clinicadentalargarate.com"
213.180.203.20 - - [28/Jun/2026:03:33:29 +0200] "GET /blog/explore-the-vegashero-platform-experience-from-sign-up-to-payout/ HTTP/1.1" 500 6601 "-" "Mozilla/5.0 (compatible; YandexBot/3.0; +http://yandex.com/bots)"
95.108.213.138 - - [28/Jun/2026:03:33:29 +0200] "GET /blog/quels-sont-les-avantages-dutiliser-buran-casino-sur-smartphone/ HTTP/1.1" 500 6601 "-" "Mozilla/5.0 (compatible; YandexBot/3.0; +http://yandex.com/bots)"
87.98.225.137 - - [28/Jun/2026:03:33:29 +0200] "POST /wp-cron.php?doing_wp_cron=1782610409.8977620601654052734375 HTTP/1.1" 200 3658 "-" "WordPress/6.7.2; https://clinicadentalargarate.com"
5.255.231.39 - - [28/Jun/2026:03:33:29 +0200] "GET /blog/een-eerlijke-blik-op-de-inzetvereisten-van-revery-play-casino/ HTTP/1.1" 500 6601 "-" "Mozilla/5.0 (compatible; YandexBot/3.0; +http://yandex.com/bots)"
213.180.203.146 - - [28/Jun/2026:03:33:29 +0200] "GET /blog/tout-savoir-sur-les-conditions-de-bonus-spinbara-casino-a-jour/ HTTP/1.1" 500 6601 "-" "Mozilla/5.0 (compatible; YandexBot/3.0; +http://yandex.com/bots)"
213.180.203.235 - - [28/Jun/2026:03:33:29 +0200] "GET /blog/pistolo-casinos-uitstekende-klantenservice-en-support/ HTTP/1.1" 500 6601 "-" "Mozilla/5.0 (compatible; YandexBot/3.0; +http://yandex.com/bots)"
87.98.225.137 - - [28/Jun/2026:03:33:30 +0200] "POST /wp-cron.php?doing_wp_cron=1782610410.3990120887756347656250 HTTP/1.1" 200 3658 "-" "WordPress/6.7.2; https://clinicadentalargarate.com"
213.180.203.113 - - [28/Jun/2026:03:33:30 +0200] "GET /blog/winhero-casino-wat-maakt-het-een-ideaal-platform/ HTTP/1.1" 500 6601 "-" "Mozilla/5.0 (compatible; YandexBot/3.0; +http://yandex.com/bots)"
87.98.225.137 - - [28/Jun/2026:03:33:30 +0200] "POST /wp-cron.php?doing_wp_cron=1782610410.9105210304260253906250 HTTP/1.1" 200 3658 "-" "WordPress/6.7.2; https://clinicadentalargarate.com"
5.255.231.46 - - [28/Jun/2026:03:33:30 +0200] "GET /blog/est-ce-que-les-promotions-wild-dice-casino-sont-mises-a-jour-regulierement/ HTTP/1.1" 500 6601 "-" "Mozilla/5.0 (compatible; YandexBot/3.0; +http://yandex.com/bots)"
87.98.225.137 - - [28/Jun/2026:03:33:31 +0200] "POST /wp-cron.php?doing_wp_cron=1782610411.4112610816955566406250 HTTP/1.1" 200 3658 "-" "WordPress/6.7.2; https://clinicadentalargarate.com"
5.255.231.248 - - [28/Jun/2026:03:33:31 +0200] "GET /blog/comment-sassurer-que-votre-compte-stakes777-est-bien-securise/ HTTP/1.1" 500 6601 "-" "Mozilla/5.0 (compatible; YandexBot/3.0; +http://yandex.com/bots)"
87.98.225.137 - - [28/Jun/2026:03:33:31 +0200] "POST /wp-cron.php?doing_wp_cron=1782610411.9191219806671142578125 HTTP/1.1" 200 3658 "-" "WordPress/6.7.2; https://clinicadentalargarate.com"
213.180.203.7 - - [28/Jun/2026:03:33:31 +0200] "GET /blog/tiki-taka-casino-een-diepgaande-blik-op-de-game-ervaring/ HTTP/1.1" 500 6601 "-" "Mozilla/5.0 (compatible; YandexBot/3.0; +http://yandex.com/bots)"
87.98.225.137 - - [28/Jun/2026:03:33:32 +0200] "POST /wp-cron.php?doing_wp_cron=1782610412.4218831062316894531250 HTTP/1.1" 200 3658 "-" "WordPress/6.7.2; https://clinicadentalargarate.com"
5.255.231.82 - - [28/Jun/2026:03:33:32 +0200] "GET /blog/b7-casinos-maak-een-impact-in-de-online-gaming-markt/ HTTP/1.1" 500 6601 "-" "Mozilla/5.0 (compatible; YandexBot/3.0; +http://yandex.com/bots)"
87.98.225.137 - - [28/Jun/2026:03:33:32 +0200] "POST /wp-cron.php?doing_wp_cron=1782610412.9026350975036621093750 HTTP/1.1" 200 3658 "-" "WordPress/6.7.2; https://clinicadentalargarate.com"
87.250.224.239 - - [28/Jun/2026:03:33:32 +0200] "GET /blog/quelles-sont-les-conditions-pour-activer-les-free-spins-chez-casino-intense/ HTTP/1.1" 500 6601 "-" "Mozilla/5.0 (compatible; YandexBot/3.0; +http://yandex.com/bots)"
87.98.225.137 - - [28/Jun/2026:03:33:33 +0200] "POST /wp-cron.php?doing_wp_cron=1782610413.4166200160980224609375 HTTP/1.1" 200 3658 "-" "WordPress/6.7.2; https://clinicadentalargarate.com"
213.180.203.97 - - [28/Jun/2026:03:33:33 +0200] "GET /blog/hoe-kaasino-casino-klanttevredenheid-garandeert/ HTTP/1.1" 500 6601 "-" "Mozilla/5.0 (compatible; YandexBot/3.0; +http://yandex.com/bots)"
87.98.225.137 - - [28/Jun/2026:03:33:33 +0200] "POST /wp-cron.php?doing_wp_cron=1782610413.9042170047760009765625 HTTP/1.1" 200 3658 "-" "WordPress/6.7.2; https://clinicadentalargarate.com"
213.180.203.127 - - [28/Jun/2026:03:33:33 +0200] "GET /blog/waarom-de-klantenservice-van-monixbet-casino-ervoor-zorgt/ HTTP/1.1" 500 6601 "-" "Mozilla/5.0 (compatible; YandexBot/3.0; +http://yandex.com/bots)"
87.98.225.137 - - [28/Jun/2026:03:33:34 +0200] "POST /wp-cron.php?doing_wp_cron=1782610414.4136679172515869140625 HTTP/1.1" 200 3658 "-" "WordPress/6.7.2; https://clinicadentalargarate.com"
95.108.213.233 - - [28/Jun/2026:03:33:34 +0200] "GET /blog/kenmerken-van-jacktop-casinos-klantenservice/ HTTP/1.1" 500 6601 "-" "Mozilla/5.0 (compatible; YandexBot/3.0; +http://yandex.com/bots)"
87.98.225.137 - - [28/Jun/2026:03:33:34 +0200] "POST /wp-cron.php?doing_wp_cron=1782610414.9158229827880859375000 HTTP/1.1" 200 3658 "-" "WordPress/6.7.2; https://clinicadentalargarate.com"
213.180.203.160 - - [28/Jun/2026:03:33:34 +0200] "GET /blog/de-meest-opvallende-kenmerken-van-froggybet-casino/ HTTP/1.1" 500 6601 "-" "Mozilla/5.0 (compatible; YandexBot/3.0; +http://yandex.com/bots)"
87.98.225.137 - - [28/Jun/2026:03:33:35 +0200] "POST /wp-cron.php?doing_wp_cron=1782610415.4156959056854248046875 HTTP/1.1" 200 3658 "-" "WordPress/6.7.2; https://clinicadentalargarate.com"
213.180.203.20 - - [28/Jun/2026:03:33:35 +0200] "GET /blog/verkenning-van-de-spellen-bij-lunarspins-casino/ HTTP/1.1" 500 6601 "-" "Mozilla/5.0 (compatible; YandexBot/3.0; +http://yandex.com/bots)"
87.98.225.137 - - [28/Jun/2026:03:33:35 +0200] "POST /wp-cron.php?doing_wp_cron=1782610415.9413669109344482421875 HTTP/1.1" 200 3658 "-" "WordPress/6.7.2; https://clinicadentalargarate.com"
95.108.213.138 - - [28/Jun/2026:03:33:35 +0200] "GET /blog/europe-fortune-casino-le-point-sur-les-modalites-de-retrait-entre-joueurs-francais/ HTTP/1.1" 500 6601 "-" "Mozilla/5.0 (compatible; YandexBot/3.0; +http://yandex.com/bots)"
87.98.225.137 - - [28/Jun/2026:03:33:36 +0200] "POST /wp-cron.php?doing_wp_cron=1782610416.4252789020538330078125 HTTP/1.1" 200 3658 "-" "WordPress/6.7.2; https://clinicadentalargarate.com"
5.255.231.39 - - [28/Jun/2026:03:33:36 +0200] "GET /blog/kult-kirjautuminen-taydellinen-opas-suomalaisille-pelaajille/ HTTP/1.1" 500 6601 "-" "Mozilla/5.0 (compatible; YandexBot/3.0; +http://yandex.com/bots)"
87.98.225.137 - - [28/Jun/2026:03:33:36 +0200] "POST /wp-cron.php?doing_wp_cron=1782610416.9184219837188720703125 HTTP/1.1" 200 3658 "-" "WordPress/6.7.2; https://clinicadentalargarate.com"
213.180.203.146 - - [28/Jun/2026:03:33:36 +0200] "GET /blog/wat-te-verwachten-van-de-nieuwe-spellen-bij-wino-casino/ HTTP/1.1" 500 6601 "-" "Mozilla/5.0 (compatible; YandexBot/3.0; +http://yandex.com/bots)"
87.98.225.137 - - [28/Jun/2026:03:33:37 +0200] "POST /wp-cron.php?doing_wp_cron=1782610417.9251658916473388671875 HTTP/1.1" 200 3658 "-" "WordPress/6.7.2; https://clinicadentalargarate.com"
213.180.203.235 - - [28/Jun/2026:03:33:37 +0200] "GET /blog/what-to-look-for-when-signing-up-at-vegashero/ HTTP/1.1" 500 6601 "-" "Mozilla/5.0 (compatible; YandexBot/3.0; +http://yandex.com/bots)"
87.98.225.137 - - [28/Jun/2026:03:33:38 +0200] "POST /wp-cron.php?doing_wp_cron=1782610418.4242050647735595703125 HTTP/1.1" 200 3658 "-" "WordPress/6.7.2; https://clinicadentalargarate.com"
213.180.203.113 - - [28/Jun/2026:03:33:38 +0200] "GET /blog/hoe-betrouwbaar-is-slotwolf-casino-in-het-aanbieden-van-spellen/ HTTP/1.1" 500 6601 "-" "Mozilla/5.0 (compatible; YandexBot/3.0; +http://yandex.com/bots)"
87.98.225.137 - - [28/Jun/2026:03:33:38 +0200] "POST /wp-cron.php?doing_wp_cron=1782610418.9277689456939697265625 HTTP/1.1" 200 3658 "-" "WordPress/6.7.2; https://clinicadentalargarate.com"
5.255.231.46 - - [28/Jun/2026:03:33:38 +0200] "GET /blog/wat-maakt-cusco-casino-zo-bijzonder/ HTTP/1.1" 500 6601 "-" "Mozilla/5.0 (compatible; YandexBot/3.0; +http://yandex.com/bots)"
87.98.225.137 - - [28/Jun/2026:03:33:39 +0200] "POST /wp-cron.php?doing_wp_cron=1782610419.4160768985748291015625 HTTP/1.1" 200 3658 "-" "WordPress/6.7.2; https://clinicadentalargarate.com"
5.255.231.248 - - [28/Jun/2026:03:33:39 +0200] "GET /blog/la-gestion-de-compte-et-securite-chez-lucky31-casino-expliquee-simplement/ HTTP/1.1" 500 6601 "-" "Mozilla/5.0 (compatible; YandexBot/3.0; +http://yandex.com/bots)"
87.98.225.137 - - [28/Jun/2026:03:33:39 +0200] "POST /wp-cron.php?doing_wp_cron=1782610419.9422709941864013671875 HTTP/1.1" 200 3658 "-" "WordPress/6.7.2; https://clinicadentalargarate.com"
213.180.203.7 - - [28/Jun/2026:03:33:39 +0200] "GET /blog/nv-casino-offre-t-il-des-solutions-rapides-pour-la-verification-didentite/ HTTP/1.1" 500 6601 "-" "Mozilla/5.0 (compatible; YandexBot/3.0; +http://yandex.com/bots)"
87.98.225.137 - - [28/Jun/2026:03:33:40 +0200] "POST /wp-cron.php?doing_wp_cron=1782610420.4284679889678955078125 HTTP/1.1" 200 3658 "-" "WordPress/6.7.2; https://clinicadentalargarate.com"
5.255.231.82 - - [28/Jun/2026:03:33:40 +0200] "GET /blog/quels-sont-les-avantages-directs-a-sinscrire-sur-haz-casino-des-maintenant/ HTTP/1.1" 500 6601 "-" "Mozilla/5.0 (compatible; YandexBot/3.0; +http://yandex.com/bots)"
87.98.225.137 - - [28/Jun/2026:03:33:40 +0200] "POST /wp-cron.php?doing_wp_cron=1782610420.9251890182495117187500 HTTP/1.1" 200 3658 "-" "WordPress/6.7.2; https://clinicadentalargarate.com"
87.250.224.239 - - [28/Jun/2026:03:33:40 +0200] "GET /blog/betsixty-casino-betaalmethoden-wat-je-moet-weten/ HTTP/1.1" 500 6601 "-" "Mozilla/5.0 (compatible; YandexBot/3.0; +http://yandex.com/bots)"
87.98.225.137 - - [28/Jun/2026:03:33:41 +0200] "POST /wp-cron.php?doing_wp_cron=1782610421.4250390529632568359375 HTTP/1.1" 200 3658 "-" "WordPress/6.7.2; https://clinicadentalargarate.com"
213.180.203.97 - - [28/Jun/2026:03:33:41 +0200] "GET /blog/casino-winner-hoe-vertrouwen-en-veiligheid-worden-gewaarborgd/ HTTP/1.1" 500 6601 "-" "Mozilla/5.0 (compatible; YandexBot/3.0; +http://yandex.com/bots)"
87.98.225.137 - - [28/Jun/2026:03:33:41 +0200] "POST /wp-cron.php?doing_wp_cron=1782610421.9219748973846435546875 HTTP/1.1" 200 3658 "-" "WordPress/6.7.2; https://clinicadentalargarate.com"
213.180.203.127 - - [28/Jun/2026:03:33:41 +0200] "GET /blog/quels-sont-les-secrets-pour-maximiser-les-gains-avec-les-bonus-nirvana-casino/ HTTP/1.1" 500 6601 "-" "Mozilla/5.0 (compatible; YandexBot/3.0; +http://yandex.com/bots)"
87.98.225.137 - - [28/Jun/2026:03:33:42 +0200] "POST /wp-cron.php?doing_wp_cron=1782610422.4291260242462158203125 HTTP/1.1" 200 3658 "-" "WordPress/6.7.2; https://clinicadentalargarate.com"
95.108.213.233 - - [28/Jun/2026:03:33:42 +0200] "GET /blog/tenbet-casino-een-complete-gids-voor-nieuwe-spelers/ HTTP/1.1" 500 6601 "-" "Mozilla/5.0 (compatible; YandexBot/3.0; +http://yandex.com/bots)"
87.98.225.137 - - [28/Jun/2026:03:33:42 +0200] "POST /wp-cron.php?doing_wp_cron=1782610422.9313991069793701171875 HTTP/1.1" 200 3658 "-" "WordPress/6.7.2; https://clinicadentalargarate.com"
213.180.203.160 - - [28/Jun/2026:03:33:42 +0200] "GET /blog/peut-on-utiliser-plusieurs-methodes-de-paiement-sur-all-wins-casino-simultanement/ HTTP/1.1" 500 6601 "-" "Mozilla/5.0 (compatible; YandexBot/3.0; +http://yandex.com/bots)"
87.98.225.137 - - [28/Jun/2026:03:33:43 +0200] "POST /wp-cron.php?doing_wp_cron=1782610423.4319651126861572265625 HTTP/1.1" 200 3658 "-" "WordPress/6.7.2; https://clinicadentalargarate.com"
95.108.213.138 - - [28/Jun/2026:03:33:43 +0200] "GET /blog/gt-bet-casino-de-toekomst-van-mobiel-gokken/ HTTP/1.1" 500 6601 "-" "Mozilla/5.0 (compatible; YandexBot/3.0; +http://yandex.com/bots)"
213.180.203.20 - - [28/Jun/2026:03:33:43 +0200] "GET /blog/een-blik-op-de-klantenservice-van-casino-peaches/ HTTP/1.1" 500 6601 "-" "Mozilla/5.0 (compatible; YandexBot/3.0; +http://yandex.com/bots)"
87.98.225.137 - - [28/Jun/2026:03:34:18 +0200] "POST /wp-cron.php?doing_wp_cron=1782610458.3745129108428955078125 HTTP/1.1" 200 3658 "-" "WordPress/6.7.2; https://clinicadentalargarate.com"
87.250.224.102 - - [28/Jun/2026:03:34:18 +0200] "GET /blog/wat-zijn-de-spannendste-toernooien-bij-unique-casino/ HTTP/1.1" 500 6601 "-" "Mozilla/5.0 (compatible; YandexBot/3.0; +http://yandex.com/bots)"
87.98.225.137 - - [28/Jun/2026:03:34:21 +0200] "POST /wp-cron.php?doing_wp_cron=1782610461.0360798835754394531250 HTTP/1.1" 200 3658 "-" "WordPress/6.7.2; https://clinicadentalargarate.com"
110.78.149.6 - - [28/Jun/2026:03:34:20 +0200] "GET / HTTP/1.1" 200 36393 "-" "Mozilla/5.0 (X11; Linux x86_64; rv:150.0) Gecko/20100101 Firefox/150.0"
110.78.149.6 - - [28/Jun/2026:03:34:21 +0200] "GET /wp-includes/js/jquery/jquery-migrate.min.js HTTP/1.1" 200 5238 "https://clinicadentalargarate.com/" "Mozilla/5.0 (X11; Linux x86_64; rv:150.0) Gecko/20100101 Firefox/150.0"
110.78.149.6 - - [28/Jun/2026:03:34:21 +0200] "GET /wp-content/themes/thefox/js/customjs.js HTTP/1.1" 200 66171 "https://clinicadentalargarate.com/" "Mozilla/5.0 (X11; Linux x86_64; rv:150.0) Gecko/20100101 Firefox/150.0"
110.78.149.6 - - [28/Jun/2026:03:34:21 +0200] "GET /wp-includes/js/jquery/jquery.min.js HTTP/1.1" 200 31192 "https://clinicadentalargarate.com/" "Mozilla/5.0 (X11; Linux x86_64; rv:150.0) Gecko/20100101 Firefox/150.0"
110.78.149.6 - - [28/Jun/2026:03:34:21 +0200] "GET /wp-content/themes/thefox/js/scrollmagic.js HTTP/1.1" 200 47063 "https://clinicadentalargarate.com/" "Mozilla/5.0 (X11; Linux x86_64; rv:150.0) Gecko/20100101 Firefox/150.0"
110.78.149.6 - - [28/Jun/2026:03:34:21 +0200] "GET /wp-content/plugins/revslider/public/assets/js/jquery.themepunch.tools.min.js HTTP/1.1" 200 42172 "https://clinicadentalargarate.com/" "Mozilla/5.0 (X11; Linux x86_64; rv:150.0) Gecko/20100101 Firefox/150.0"
110.78.149.6 - - [28/Jun/2026:03:34:21 +0200] "GET /wp-content/plugins/revslider/public/assets/js/jquery.themepunch.revolution.min.js HTTP/1.1" 200 21794 "https://clinicadentalargarate.com/" "Mozilla/5.0 (X11; Linux x86_64; rv:150.0) Gecko/20100101 Firefox/150.0"
110.78.149.6 - - [28/Jun/2026:03:34:22 +0200] "GET /wp-content/themes/thefox/js/custom_woo_js.js HTTP/1.1" 200 4415 "https://clinicadentalargarate.com/" "Mozilla/5.0 (X11; Linux x86_64; rv:150.0) Gecko/20100101 Firefox/150.0"
110.78.149.6 - - [28/Jun/2026:03:34:22 +0200] "GET /wp-content/plugins/contact-form-7/includes/js/scripts.js HTTP/1.1" 200 4359 "https://clinicadentalargarate.com/" "Mozilla/5.0 (X11; Linux x86_64; rv:150.0) Gecko/20100101 Firefox/150.0"
110.78.149.6 - - [28/Jun/2026:03:34:22 +0200] "GET /wp-content/plugins/js_composer/assets/js/dist/js_composer_front.min.js HTTP/1.1" 200 6078 "https://clinicadentalargarate.com/" "Mozilla/5.0 (X11; Linux x86_64; rv:150.0) Gecko/20100101 Firefox/150.0"
110.78.149.6 - - [28/Jun/2026:03:34:22 +0200] "GET /wp-content/themes/thefox/js/jquery.isotope.min.js HTTP/1.1" 200 13325 "https://clinicadentalargarate.com/" "Mozilla/5.0 (X11; Linux x86_64; rv:150.0) Gecko/20100101 Firefox/150.0"
110.78.149.6 - - [28/Jun/2026:03:34:22 +0200] "GET /wp-content/themes/thefox/js/sorting_bp.js HTTP/1.1" 200 611 "https://clinicadentalargarate.com/" "Mozilla/5.0 (X11; Linux x86_64; rv:150.0) Gecko/20100101 Firefox/150.0"
110.78.149.6 - - [28/Jun/2026:03:34:22 +0200] "GET /wp-content/themes/thefox/js/refresh_bp.js HTTP/1.1" 200 569 "https://clinicadentalargarate.com/" "Mozilla/5.0 (X11; Linux x86_64; rv:150.0) Gecko/20100101 Firefox/150.0"
110.78.149.6 - - [28/Jun/2026:03:34:22 +0200] "GET /wp-content/plugins/revslider/public/assets/js/extensions/revolution.extension.slideanims.min.js?version=5.4.6.4 HTTP/1.1" 200 7384 "https://clinicadentalargarate.com/" "Mozilla/5.0 (X11; Linux x86_64; rv:150.0) Gecko/20100101 Firefox/150.0"
110.78.149.6 - - [28/Jun/2026:03:34:22 +0200] "GET /wp-content/plugins/revslider/public/assets/js/extensions/revolution.extension.navigation.min.js?version=5.4.6.4 HTTP/1.1" 200 7403 "https://clinicadentalargarate.com/" "Mozilla/5.0 (X11; Linux x86_64; rv:150.0) Gecko/20100101 Firefox/150.0"
110.78.149.6 - - [28/Jun/2026:03:34:22 +0200] "GET /wp-content/plugins/revslider/public/assets/js/extensions/revolution.extension.actions.min.js?version=5.4.6.4 HTTP/1.1" 200 2933 "https://clinicadentalargarate.com/" "Mozilla/5.0 (X11; Linux x86_64; rv:150.0) Gecko/20100101 Firefox/150.0"
110.78.149.6 - - [28/Jun/2026:03:34:22 +0200] "GET /wp-content/plugins/revslider/public/assets/js/extensions/revolution.extension.layeranimation.min.js?version=5.4.6.4 HTTP/1.1" 200 14760 "https://clinicadentalargarate.com/" "Mozilla/5.0 (X11; Linux x86_64; rv:150.0) Gecko/20100101 Firefox/150.0"
87.98.225.137 - - [28/Jun/2026:03:34:25 +0200] "POST /wp-cron.php?doing_wp_cron=1782610465.3897550106048583984375 HTTP/1.1" 200 3658 "-" "WordPress/6.7.2; https://clinicadentalargarate.com"
110.78.149.6 - - [28/Jun/2026:03:34:25 +0200] "GET / HTTP/1.1" 200 36405 "-" "Mozilla/5.0 (Windows NT 10.0; Win64; x64) Chrome/120.0.0.0"
87.98.225.137 - - [28/Jun/2026:03:34:26 +0200] "POST /wp-cron.php?doing_wp_cron=1782610466.5175070762634277343750 HTTP/1.1" 200 3658 "-" "WordPress/6.7.2; https://clinicadentalargarate.com"
110.78.149.6 - - [28/Jun/2026:03:34:26 +0200] "GET /CHANGELOG.txt HTTP/1.1" 404 105613 "-" "Mozilla/5.0 (Windows NT 10.0; Win64; x64) Chrome/120.0.0.0"
110.78.149.6 - - [28/Jun/2026:03:34:27 +0200] "GET /wp-includes/version.php HTTP/1.1" 200 224 "-" "Mozilla/5.0 (Windows NT 10.0; Win64; x64) Chrome/120.0.0.0"
87.98.225.137 - - [28/Jun/2026:03:34:27 +0200] "POST /wp-cron.php?doing_wp_cron=1782610467.7903559207916259765625 HTTP/1.1" 200 3658 "-" "WordPress/6.7.2; https://clinicadentalargarate.com"
110.78.149.6 - - [28/Jun/2026:03:34:27 +0200] "HEAD /c99.php HTTP/1.1" 404 383 "-" "Mozilla/5.0 (Windows NT 10.0; Win64; x64) Chrome/120.0.0.0"
87.98.225.137 - - [28/Jun/2026:03:34:28 +0200] "POST /wp-cron.php?doing_wp_cron=1782610468.3447039127349853515625 HTTP/1.1" 200 3658 "-" "WordPress/6.7.2; https://clinicadentalargarate.com"
110.78.149.6 - - [28/Jun/2026:03:34:28 +0200] "HEAD /r57.php HTTP/1.1" 404 383 "-" "Mozilla/5.0 (Windows NT 10.0; Win64; x64) Chrome/120.0.0.0"
87.98.225.137 - - [28/Jun/2026:03:34:28 +0200] "POST /wp-cron.php?doing_wp_cron=1782610468.8936278820037841796875 HTTP/1.1" 200 3658 "-" "WordPress/6.7.2; https://clinicadentalargarate.com"
110.78.149.6 - - [28/Jun/2026:03:34:28 +0200] "HEAD /shell.php HTTP/1.1" 404 383 "-" "Mozilla/5.0 (Windows NT 10.0; Win64; x64) Chrome/120.0.0.0"
87.98.225.137 - - [28/Jun/2026:03:34:29 +0200] "POST /wp-cron.php?doing_wp_cron=1782610469.5096430778503417968750 HTTP/1.1" 200 3658 "-" "WordPress/6.7.2; https://clinicadentalargarate.com"
110.78.149.6 - - [28/Jun/2026:03:34:29 +0200] "HEAD /wso.php HTTP/1.1" 404 383 "-" "Mozilla/5.0 (Windows NT 10.0; Win64; x64) Chrome/120.0.0.0"
87.98.225.137 - - [28/Jun/2026:03:34:30 +0200] "POST /wp-cron.php?doing_wp_cron=1782610470.0461740493774414062500 HTTP/1.1" 200 3658 "-" "WordPress/6.7.2; https://clinicadentalargarate.com"
110.78.149.6 - - [28/Jun/2026:03:34:29 +0200] "HEAD /b374k.php HTTP/1.1" 404 383 "-" "Mozilla/5.0 (Windows NT 10.0; Win64; x64) Chrome/120.0.0.0"
87.98.225.137 - - [28/Jun/2026:03:34:30 +0200] "POST /wp-cron.php?doing_wp_cron=1782610470.5774059295654296875000 HTTP/1.1" 200 3658 "-" "WordPress/6.7.2; https://clinicadentalargarate.com"
110.78.149.6 - - [28/Jun/2026:03:34:30 +0200] "HEAD /adminer.php HTTP/1.1" 404 383 "-" "Mozilla/5.0 (Windows NT 10.0; Win64; x64) Chrome/120.0.0.0"
87.98.225.137 - - [28/Jun/2026:03:34:31 +0200] "POST /wp-cron.php?doing_wp_cron=1782610471.1191449165344238281250 HTTP/1.1" 200 3658 "-" "WordPress/6.7.2; https://clinicadentalargarate.com"
110.78.149.6 - - [28/Jun/2026:03:34:31 +0200] "HEAD /phpMyAdmin HTTP/1.1" 404 383 "-" "Mozilla/5.0 (Windows NT 10.0; Win64; x64) Chrome/120.0.0.0"
87.98.225.137 - - [28/Jun/2026:03:34:37 +0200] "POST /wp-cron.php?doing_wp_cron=1782610477.2430670261383056640625 HTTP/1.1" 200 3658 "-" "WordPress/6.7.2; https://clinicadentalargarate.com"
213.180.203.95 - - [28/Jun/2026:03:34:37 +0200] "GET /blog/is-kaasino-casino-geschikt-voor-high-rollers/ HTTP/1.1" 500 6601 "-" "Mozilla/5.0 (compatible; YandexBot/3.0; +http://yandex.com/bots)"
87.98.225.137 - - [28/Jun/2026:03:34:37 +0200] "POST /wp-cron.php?doing_wp_cron=1782610477.7462170124053955078125 HTTP/1.1" 200 3658 "-" "WordPress/6.7.2; https://clinicadentalargarate.com"
87.250.224.5 - - [28/Jun/2026:03:34:37 +0200] "GET /blog/is-katana-spin-casino-the-future-of-online-casinos/ HTTP/1.1" 500 6601 "-" "Mozilla/5.0 (compatible; YandexBot/3.0; +http://yandex.com/bots)"
87.98.225.137 - - [28/Jun/2026:03:35:00 +0200] "POST /wp-cron.php?doing_wp_cron=1782610500.1567220687866210937500 HTTP/1.1" 200 3658 "-" "WordPress/6.7.2; https://clinicadentalargarate.com"
87.250.224.87 - - [28/Jun/2026:03:35:00 +0200] "GET /blog/een-overzicht-van-de-betalingsopties-bij-love-casino-2/ HTTP/1.1" 500 6601 "-" "Mozilla/5.0 (compatible; YandexBot/3.0; +http://yandex.com/bots)"
87.98.225.137 - - [28/Jun/2026:03:35:01 +0200] "POST /wp-cron.php?doing_wp_cron=1782610501.2826399803161621093750 HTTP/1.1" 200 3658 "-" "WordPress/6.7.2; https://clinicadentalargarate.com"
213.180.203.176 - - [28/Jun/2026:03:35:01 +0200] "GET /blog/peut-on-faire-confiance-aux-avis-joueurs-sur-winbet-casino/ HTTP/1.1" 500 6601 "-" "Mozilla/5.0 (compatible; YandexBot/3.0; +http://yandex.com/bots)"
87.98.225.137 - - [28/Jun/2026:03:35:30 +0200] "POST /wp-cron.php?doing_wp_cron=1782610530.8480761051177978515625 HTTP/1.1" 200 3658 "-" "WordPress/6.7.2; https://clinicadentalargarate.com"
50.87.144.11 - - [28/Jun/2026:03:35:30 +0200] "GET /wp-login.php HTTP/1.1" 200 6743 "-" "Mozilla/5.0 (Windows NT 10.0; Win64; x64) AppleWebKit/537.36 (KHTML, like Gecko) Chrome/120.0.0.0 Safari/537.36"
87.98.225.137 - - [28/Jun/2026:03:35:31 +0200] "POST /wp-cron.php?doing_wp_cron=1782610531.6405630111694335937500 HTTP/1.1" 200 3658 "-" "WordPress/6.7.2; https://clinicadentalargarate.com"
5.255.231.25 - - [28/Jun/2026:03:35:31 +0200] "GET /blog/les-meilleures-strategies-pour-exploiter-les-bonus-fast-slots-casino/ HTTP/1.1" 500 6601 "-" "Mozilla/5.0 (compatible; YandexBot/3.0; +http://yandex.com/bots)"
87.98.225.137 - - [28/Jun/2026:03:35:31 +0200] "POST /wp-cron.php?doing_wp_cron=1782610531.8633680343627929687500 HTTP/1.1" 200 3658 "-" "WordPress/6.7.2; https://clinicadentalargarate.com"
50.87.144.11 - - [28/Jun/2026:03:35:31 +0200] "POST /wp-login.php HTTP/1.1" 200 3500 "https://clinicadentalargarate.com/wp-login.php" "Mozilla/5.0 (Windows NT 10.0; Win64; x64) AppleWebKit/537.36 (KHTML, like Gecko) Chrome/120.0.0.0 Safari/537.36"
87.98.225.137 - - [28/Jun/2026:03:35:36 +0200] "POST /wp-cron.php?doing_wp_cron=1782610536.6010038852691650390625 HTTP/1.1" 200 3658 "-" "WordPress/6.7.2; https://clinicadentalargarate.com"
43.134.38.171 - - [28/Jun/2026:03:35:36 +0200] "GET /wp-json/wp/v2/pages/393 HTTP/1.1" 200 21859 "-" "Mozilla/5.0 (iPhone; CPU iPhone OS 13_2_3 like Mac OS X) AppleWebKit/605.1.15 (KHTML, like Gecko) Version/13.0.3 Mobile/15E148 Safari/604.1"
87.98.225.137 - - [28/Jun/2026:03:35:59 +0200] "POST /wp-cron.php?doing_wp_cron=1782610559.6195058822631835937500 HTTP/1.1" 200 3658 "-" "WordPress/6.7.2; https://clinicadentalargarate.com"
87.250.224.24 - - [28/Jun/2026:03:35:59 +0200] "GET /blog/est-ce-que-legiano-casino-accepte-les-portefeuilles-electroniques/ HTTP/1.1" 500 6601 "-" "Mozilla/5.0 (compatible; YandexBot/3.0; +http://yandex.com/bots)"
87.98.225.137 - - [28/Jun/2026:03:36:02 +0200] "POST /wp-cron.php?doing_wp_cron=1782610562.6526079177856445312500 HTTP/1.1" 200 3658 "-" "WordPress/6.7.2; https://clinicadentalargarate.com"
95.108.213.173 - - [28/Jun/2026:03:36:02 +0200] "GET /blog/quels-sont-les-criteres-pour-evaluer-la-fiabilite-de-bruno-casino/ HTTP/1.1" 500 6601 "-" "Mozilla/5.0 (compatible; YandexBot/3.0; +http://yandex.com/bots)"
87.98.225.137 - - [28/Jun/2026:03:36:03 +0200] "POST /wp-cron.php?doing_wp_cron=1782610563.6871619224548339843750 HTTP/1.1" 200 3658 "-" "WordPress/6.7.2; https://clinicadentalargarate.com"
95.108.213.177 - - [28/Jun/2026:03:36:03 +0200] "GET /blog/comment-securiser-son-compte-ile-de-casino-contre-les-fraudes/ HTTP/1.1" 500 6601 "-" "Mozilla/5.0 (compatible; YandexBot/3.0; +http://yandex.com/bots)"
87.98.225.137 - - [28/Jun/2026:03:36:29 +0200] "POST /wp-cron.php?doing_wp_cron=1782610589.7466309070587158203125 HTTP/1.1" 200 3658 "-" "WordPress/6.7.2; https://clinicadentalargarate.com"
5.255.231.244 - - [28/Jun/2026:03:36:29 +0200] "GET /blog/nomad-casino-rukovodstvo-po-bezopasnosti-dlya-igrokov-iz-kazahstana/ HTTP/1.1" 500 6601 "-" "Mozilla/5.0 (compatible; YandexBot/3.0; +http://yandex.com/bots) AppleWebKit/537.36 (KHTML, like Gecko) Chrome/108.0.0.0"
87.98.225.137 - - [28/Jun/2026:03:36:31 +0200] "POST /wp-cron.php?doing_wp_cron=1782610591.9085760116577148437500 HTTP/1.1" 200 3658 "-" "WordPress/6.7.2; https://clinicadentalargarate.com"
95.108.213.182 - - [28/Jun/2026:03:36:31 +0200] "GET /blog/verken-de-mobiele-versie-van-simple-casino/ HTTP/1.1" 500 6601 "-" "Mozilla/5.0 (compatible; YandexBot/3.0; +http://yandex.com/bots)"
87.98.225.137 - - [28/Jun/2026:03:36:45 +0200] "POST /wp-cron.php?doing_wp_cron=1782610605.5009279251098632812500 HTTP/1.1" 200 3658 "-" "WordPress/6.7.2; https://clinicadentalargarate.com"
87.250.224.211 - - [28/Jun/2026:03:36:45 +0200] "GET /blog/waarom-vulkan-vegas-de-toekomst-van-casinos-vormt/ HTTP/1.1" 500 6601 "-" "Mozilla/5.0 (compatible; YandexBot/3.0; +http://yandex.com/bots)"
87.98.225.137 - - [28/Jun/2026:03:36:58 +0200] "POST /wp-cron.php?doing_wp_cron=1782610618.8952980041503906250000 HTTP/1.1" 200 3658 "-" "WordPress/6.7.2; https://clinicadentalargarate.com"
87.250.224.87 - - [28/Jun/2026:03:36:58 +0200] "GET /blog/spin-million-casino-comment-recuperer-un-compte-bloque-simplement/ HTTP/1.1" 500 6601 "-" "Mozilla/5.0 (compatible; YandexBot/3.0; +http://yandex.com/bots)"
87.98.225.137 - - [28/Jun/2026:03:37:01 +0200] "POST /wp-cron.php?doing_wp_cron=1782610621.3420999050140380859375 HTTP/1.1" 200 3658 "-" "WordPress/6.7.2; https://clinicadentalargarate.com"
213.180.203.176 - - [28/Jun/2026:03:37:01 +0200] "GET /blog/quels-sont-les-petits-plus-des-offres-cashed-casino-qui-font-la-difference/ HTTP/1.1" 500 6601 "-" "Mozilla/5.0 (compatible; YandexBot/3.0; +http://yandex.com/bots)"
87.98.225.137 - - [28/Jun/2026:03:37:09 +0200] "POST /wp-cron.php?doing_wp_cron=1782610629.3804719448089599609375 HTTP/1.1" 200 3658 "-" "WordPress/6.7.2; https://clinicadentalargarate.com"
213.180.203.254 - - [28/Jun/2026:03:37:09 +0200] "GET /blog/starzino-casino-een-blik-op-de-nieuwste-uitbetalingsmethodes/ HTTP/1.1" 500 6601 "-" "Mozilla/5.0 (compatible; YandexBot/3.0; +http://yandex.com/bots)"
87.98.225.137 - - [28/Jun/2026:03:37:09 +0200] "POST /wp-cron.php?doing_wp_cron=1782610629.9689559936523437500000 HTTP/1.1" 200 3658 "-" "WordPress/6.7.2; https://clinicadentalargarate.com"
87.250.224.2 - - [28/Jun/2026:03:37:09 +0200] "GET /blog/est-ce-facile-douvrir-un-compte-sur-superbet-casino-depuis-la-france/ HTTP/1.1" 500 6601 "-" "Mozilla/5.0 (compatible; YandexBot/3.0; +http://yandex.com/bots)"
87.98.225.137 - - [28/Jun/2026:03:37:20 +0200] "POST /wp-cron.php?doing_wp_cron=1782610640.4058299064636230468750 HTTP/1.1" 200 3658 "-" "WordPress/6.7.2; https://clinicadentalargarate.com"
213.180.203.226 - - [28/Jun/2026:03:37:20 +0200] "GET /blog/revery-play-casino-review-etapes-et-methodes/ HTTP/1.1" 500 6601 "-" "Mozilla/5.0 (compatible; YandexBot/3.0; +http://yandex.com/bots)"
87.98.225.137 - - [28/Jun/2026:03:37:23 +0200] "POST /wp-cron.php?doing_wp_cron=1782610643.5737459659576416015625 HTTP/1.1" 200 3658 "-" "WordPress/6.7.2; https://clinicadentalargarate.com"
87.250.224.29 - - [28/Jun/2026:03:37:23 +0200] "GET /blog/de-bijzondere-aanpak-van-klantenservice-bij-nv-casino/ HTTP/1.1" 500 6601 "-" "Mozilla/5.0 (compatible; YandexBot/3.0; +http://yandex.com/bots)"
87.98.225.137 - - [28/Jun/2026:03:37:34 +0200] "POST /wp-cron.php?doing_wp_cron=1782610654.1647639274597167968750 HTTP/1.1" 200 3658 "-" "WordPress/6.7.2; https://clinicadentalargarate.com"
5.255.231.37 - - [28/Jun/2026:03:37:34 +0200] "GET /blog/comment-fonctionne-le-processus-de-remboursement-partiel-chez-sugar-casino/ HTTP/1.1" 500 6601 "-" "Mozilla/5.0 (compatible; YandexBot/3.0; +http://yandex.com/bots)"
87.98.225.137 - - [28/Jun/2026:03:37:38 +0200] "POST /wp-cron.php?doing_wp_cron=1782610658.2581920623779296875000 HTTP/1.1" 200 3658 "-" "WordPress/6.7.2; https://clinicadentalargarate.com"
85.215.252.72 - - [28/Jun/2026:03:37:38 +0200] "GET /wp-json/wp/v2/users/me HTTP/1.1" 401 3998 "-" "Mozilla/5.0 (Macintosh; Intel Mac OS X 10_15_7) AppleWebKit/537.36 (KHTML, like Gecko) Chrome/133.0.0.0 Safari/537.36"
87.98.225.137 - - [28/Jun/2026:03:38:10 +0200] "POST /wp-cron.php?doing_wp_cron=1782610690.9716839790344238281250 HTTP/1.1" 200 3658 "-" "WordPress/6.7.2; https://clinicadentalargarate.com"
213.180.203.5 - - [28/Jun/2026:03:38:10 +0200] "GET /blog/le-top-des-machines-a-sous-a-essayer-absolument-sur-horus-casino/ HTTP/1.1" 500 6601 "-" "Mozilla/5.0 (compatible; YandexBot/3.0; +http://yandex.com/bots)"
87.98.225.137 - - [28/Jun/2026:03:38:12 +0200] "POST /wp-cron.php?doing_wp_cron=1782610692.0671679973602294921875 HTTP/1.1" 200 3658 "-" "WordPress/6.7.2; https://clinicadentalargarate.com"
5.255.231.188 - - [28/Jun/2026:03:38:11 +0200] "GET /blog/what-is-the-angliabet-online-casino-experience-like/ HTTP/1.1" 500 6601 "-" "Mozilla/5.0 (compatible; YandexBot/3.0; +http://yandex.com/bots)"
87.98.225.137 - - [28/Jun/2026:03:38:12 +0200] "POST /wp-cron.php?doing_wp_cron=1782610692.6040170192718505859375 HTTP/1.1" 200 3658 "-" "WordPress/6.7.2; https://clinicadentalargarate.com"
87.250.224.3 - - [28/Jun/2026:03:38:12 +0200] "GET /blog/comment-suivre-ses-statistiques-de-jeu-sur-instant-casino-en-2026/ HTTP/1.1" 500 6601 "-" "Mozilla/5.0 (compatible; YandexBot/3.0; +http://yandex.com/bots)"
87.98.225.137 - - [28/Jun/2026:03:38:28 +0200] "POST /wp-cron.php?doing_wp_cron=1782610708.7718000411987304687500 HTTP/1.1" 200 3658 "-" "WordPress/6.7.2; https://clinicadentalargarate.com"
119.195.102.159 - - [28/Jun/2026:03:38:28 +0200] "GET /wp-login.php HTTP/1.1" 200 6743 "-" "Mozilla/5.0 (Windows NT 10.0; Win64; x64) AppleWebKit/537.36 (KHTML, like Gecko) Chrome/133.0.0.0 Safari/537.36 Edg/133.0.0.0"
87.98.225.137 - - [28/Jun/2026:03:38:30 +0200] "POST /wp-cron.php?doing_wp_cron=1782610710.0505130290985107421875 HTTP/1.1" 200 3658 "-" "WordPress/6.7.2; https://clinicadentalargarate.com"
119.195.102.159 - - [28/Jun/2026:03:38:29 +0200] "POST /wp-login.php HTTP/1.1" 200 3500 "https://clinicadentalargarate.com/wp-login.php" "Mozilla/5.0 (Windows NT 10.0; Win64; x64) AppleWebKit/537.36 (KHTML, like Gecko) Chrome/133.0.0.0 Safari/537.36 Edg/133.0.0.0"
87.98.225.137 - - [28/Jun/2026:03:38:36 +0200] "POST /wp-cron.php?doing_wp_cron=1782610716.5511798858642578125000 HTTP/1.1" 200 3658 "-" "WordPress/6.7.2; https://clinicadentalargarate.com"
87.250.224.207 - - [28/Jun/2026:03:38:36 +0200] "GET /blog/betzard-casino-hoe-zijn-de-gebruikerservaringen/ HTTP/1.1" 500 6601 "-" "Mozilla/5.0 (compatible; YandexBot/3.0; +http://yandex.com/bots)"
87.98.225.137 - - [28/Jun/2026:03:38:37 +0200] "POST /wp-cron.php?doing_wp_cron=1782610717.1390829086303710937500 HTTP/1.1" 200 3658 "-" "WordPress/6.7.2; https://clinicadentalargarate.com"
95.108.213.85 - - [28/Jun/2026:03:38:37 +0200] "GET /blog/waarom-kan-lucky-gem-casino-jouw-favoriete-site-worden/ HTTP/1.1" 500 6601 "-" "Mozilla/5.0 (compatible; YandexBot/3.0; +http://yandex.com/bots)"
87.98.225.137 - - [28/Jun/2026:03:38:37 +0200] "POST /wp-cron.php?doing_wp_cron=1782610717.6348710060119628906250 HTTP/1.1" 200 3658 "-" "WordPress/6.7.2; https://clinicadentalargarate.com"
87.250.224.41 - - [28/Jun/2026:03:38:37 +0200] "GET /blog/zo-veilig-is-n1-casino-een-diepgaande-beoordeling/ HTTP/1.1" 500 6601 "-" "Mozilla/5.0 (compatible; YandexBot/3.0; +http://yandex.com/bots)"
87.98.225.137 - - [28/Jun/2026:03:38:56 +0200] "POST /wp-cron.php?doing_wp_cron=1782610736.1774780750274658203125 HTTP/1.1" 200 3658 "-" "WordPress/6.7.2; https://clinicadentalargarate.com"
213.180.203.88 - - [28/Jun/2026:03:38:56 +0200] "GET /blog/winhero-casino-vergeleken-met-andere-online-casinos/ HTTP/1.1" 500 6601 "-" "Mozilla/5.0 (compatible; YandexBot/3.0; +http://yandex.com/bots)"
87.98.225.137 - - [28/Jun/2026:03:38:58 +0200] "POST /wp-cron.php?doing_wp_cron=1782610738.3849089145660400390625 HTTP/1.1" 200 3658 "-" "WordPress/6.7.2; https://clinicadentalargarate.com"
5.255.231.11 - - [28/Jun/2026:03:38:58 +0200] "GET /blog/casino-intense-offre-t-il-un-bonus-anniversaire-pour-ses-membres/ HTTP/1.1" 500 6601 "-" "Mozilla/5.0 (compatible; YandexBot/3.0; +http://yandex.com/bots)"
87.98.225.137 - - [28/Jun/2026:03:38:59 +0200] "POST /wp-cron.php?doing_wp_cron=1782610739.2132980823516845703125 HTTP/1.1" 200 3658 "-" "WordPress/6.7.2; https://clinicadentalargarate.com"
5.255.231.55 - - [28/Jun/2026:03:38:59 +0200] "GET /blog/de-beste-slots-bij-vulkan-vegas-casino-onder-de-aandacht/ HTTP/1.1" 500 6601 "-" "Mozilla/5.0 (compatible; YandexBot/3.0; +http://yandex.com/bots)"
87.98.225.137 - - [28/Jun/2026:03:39:13 +0200] "POST /wp-cron.php?doing_wp_cron=1782610753.5268979072570800781250 HTTP/1.1" 200 3658 "-" "WordPress/6.7.2; https://clinicadentalargarate.com"
5.255.231.74 - - [28/Jun/2026:03:39:13 +0200] "GET /blog/comment-utiliser-efficacement-les-free-spins-offerts-par-cazeus-casino/ HTTP/1.1" 500 6601 "-" "Mozilla/5.0 (compatible; YandexBot/3.0; +http://yandex.com/bots)"
87.98.225.137 - - [28/Jun/2026:03:39:16 +0200] "POST /wp-cron.php?doing_wp_cron=1782610756.7390649318695068359375 HTTP/1.1" 200 3658 "-" "WordPress/6.7.2; https://clinicadentalargarate.com"
95.108.213.155 - - [28/Jun/2026:03:39:16 +0200] "GET /blog/blazing-wildz-casino-en-de-opkomende-goktrends/ HTTP/1.1" 500 6601 "-" "Mozilla/5.0 (compatible; YandexBot/3.0; +http://yandex.com/bots)"
87.98.225.137 - - [28/Jun/2026:03:39:20 +0200] "POST /wp-cron.php?doing_wp_cron=1782610760.7127940654754638671875 HTTP/1.1" 200 3658 "-" "WordPress/6.7.2; https://clinicadentalargarate.com"
213.180.203.248 - - [28/Jun/2026:03:39:20 +0200] "GET /blog/de-eerste-stappen-bij-pino-casino-wat-te-verwachten/ HTTP/1.1" 500 6601 "-" "Mozilla/5.0 (compatible; YandexBot/3.0; +http://yandex.com/bots)"
66.249.66.40 - - [28/Jun/2026:03:39:30 +0200] "GET /wp-content/uploads/2018/03/dientes-blancos-donostia-1024x1024.jpg HTTP/1.1" 200 78146 "-" "Googlebot-Image/1.0"
87.98.225.137 - - [28/Jun/2026:03:40:11 +0200] "POST /wp-cron.php?doing_wp_cron=1782610811.2092630863189697265625 HTTP/1.1" 200 3658 "-" "WordPress/6.7.2; https://clinicadentalargarate.com"
185.176.8.77 - - [28/Jun/2026:03:40:11 +0200] "GET /wp-login.php HTTP/1.1" 200 6743 "-" "Mozilla/5.0 (Windows NT 10.0; Win64; x64) AppleWebKit/537.36 (KHTML, like Gecko) Chrome/120.0.0.0 Safari/537.36"
87.98.225.137 - - [28/Jun/2026:03:40:22 +0200] "POST /wp-cron.php?doing_wp_cron=1782610822.3470630645751953125000 HTTP/1.1" 200 3658 "-" "WordPress/6.7.2; https://clinicadentalargarate.com"
185.176.8.77 - - [28/Jun/2026:03:40:22 +0200] "POST /wp-login.php HTTP/1.1" 200 6900 "https://clinicadentalargarate.com/wp-login.php" "Mozilla/5.0 (Windows NT 10.0; Win64; x64) AppleWebKit/537.36 (KHTML, like Gecko) Chrome/120.0.0.0 Safari/537.36"
87.98.225.137 - - [28/Jun/2026:03:40:43 +0200] "POST /wp-cron.php?doing_wp_cron=1782610843.0637528896331787109375 HTTP/1.1" 200 281 "-" "WordPress/6.7.2; https://clinicadentalargarate.com"
43.159.139.164 - - [28/Jun/2026:03:40:42 +0200] "GET / HTTP/1.1" 301 275 "-" "Mozilla/5.0 (iPhone; CPU iPhone OS 13_2_3 like Mac OS X) AppleWebKit/605.1.15 (KHTML, like Gecko) Version/13.0.3 Mobile/15E148 Safari/604.1"
87.98.225.137 - - [28/Jun/2026:03:40:44 +0200] "POST /wp-cron.php?doing_wp_cron=1782610844.2880508899688720703125 HTTP/1.1" 200 3658 "-" "WordPress/6.7.2; https://clinicadentalargarate.com"
43.159.139.164 - - [28/Jun/2026:03:40:44 +0200] "GET / HTTP/1.1" 200 36366 "http://clinicadentalargarate.com" "Mozilla/5.0 (iPhone; CPU iPhone OS 13_2_3 like Mac OS X) AppleWebKit/605.1.15 (KHTML, like Gecko) Version/13.0.3 Mobile/15E148 Safari/604.1"
87.98.225.137 - - [28/Jun/2026:03:42:17 +0200] "POST /wp-cron.php?doing_wp_cron=1782610937.8914699554443359375000 HTTP/1.1" 200 3658 "-" "WordPress/6.7.2; https://clinicadentalargarate.com"
60.234.77.227 - - [28/Jun/2026:03:42:17 +0200] "GET /wp-login.php HTTP/1.1" 200 6743 "-" "Mozilla/5.0 (Macintosh; Intel Mac OS X 10_15_7) AppleWebKit/537.36 (KHTML, like Gecko) Chrome/133.0.0.0 Safari/537.36"
87.98.225.137 - - [28/Jun/2026:03:42:18 +0200] "POST /wp-cron.php?doing_wp_cron=1782610938.5788431167602539062500 HTTP/1.1" 200 3658 "-" "WordPress/6.7.2; https://clinicadentalargarate.com"
60.234.77.227 - - [28/Jun/2026:03:42:18 +0200] "POST /wp-login.php HTTP/1.1" 200 3525 "https://clinicadentalargarate.com/wp-login.php" "Mozilla/5.0 (Macintosh; Intel Mac OS X 10_15_7) AppleWebKit/537.36 (KHTML, like Gecko) Chrome/133.0.0.0 Safari/537.36"
87.98.225.137 - - [28/Jun/2026:03:44:19 +0200] "POST /wp-cron.php?doing_wp_cron=1782611059.6714370250701904296875 HTTP/1.1" 200 3658 "-" "WordPress/6.7.2; https://clinicadentalargarate.com"
97.74.87.194 - - [28/Jun/2026:03:44:19 +0200] "GET /wp-login.php HTTP/1.1" 200 6743 "-" "Mozilla/5.0 (Windows NT 10.0; WOW64) AppleWebKit/537.36 (KHTML, like Gecko) Chrome/133.0.0.0 Safari/537.36"
87.98.225.137 - - [28/Jun/2026:03:44:20 +0200] "POST /wp-cron.php?doing_wp_cron=1782611060.2145080566406250000000 HTTP/1.1" 200 3658 "-" "WordPress/6.7.2; https://clinicadentalargarate.com"
97.74.87.194 - - [28/Jun/2026:03:44:20 +0200] "POST /wp-login.php HTTP/1.1" 200 3500 "https://clinicadentalargarate.com/wp-login.php" "Mozilla/5.0 (Windows NT 10.0; WOW64) AppleWebKit/537.36 (KHTML, like Gecko) Chrome/133.0.0.0 Safari/537.36"
87.98.225.137 - - [28/Jun/2026:03:45:06 +0200] "POST /wp-cron.php?doing_wp_cron=1782611106.7201499938964843750000 HTTP/1.1" 200 3658 "-" "WordPress/6.7.2; https://clinicadentalargarate.com"
43.131.243.61 - - [28/Jun/2026:03:45:06 +0200] "GET /wp-json/oembed/1.0/embed?url=https%3A%2F%2Fclinicadentalargarate.com%2Ftratamientos%2Fperiodoncia%2F HTTP/1.1" 200 6119 "-" "Mozilla/5.0 (iPhone; CPU iPhone OS 13_2_3 like Mac OS X) AppleWebKit/605.1.15 (KHTML, like Gecko) Version/13.0.3 Mobile/15E148 Safari/604.1"
87.98.225.137 - - [28/Jun/2026:03:45:42 +0200] "POST /wp-cron.php?doing_wp_cron=1782611142.5856299400329589843750 HTTP/1.1" 200 3658 "-" "WordPress/6.7.2; https://clinicadentalargarate.com"
95.108.213.181 - - [28/Jun/2026:03:45:42 +0200] "GET /blog/een-eerlijke-blik-op-de-inzetvereisten-van-revery-play-casino/ HTTP/1.1" 500 6601 "-" "Mozilla/5.0 (compatible; YandexBot/3.0; +http://yandex.com/bots)"
87.98.225.137 - - [28/Jun/2026:03:46:05 +0200] "POST /wp-cron.php?doing_wp_cron=1782611165.1126859188079833984375 HTTP/1.1" 200 3658 "-" "WordPress/6.7.2; https://clinicadentalargarate.com"
198.46.211.159 - - [28/Jun/2026:03:46:05 +0200] "GET /wp-json/wp/v2/users/me HTTP/1.1" 401 3998 "-" "Mozilla/5.0 (Windows NT 10.0; Win64; x64; rv:133.0) Gecko/20100101 Firefox/133.0"
87.98.225.137 - - [28/Jun/2026:03:48:30 +0200] "POST /wp-cron.php?doing_wp_cron=1782611310.1308739185333251953125 HTTP/1.1" 200 3658 "-" "WordPress/6.7.2; https://clinicadentalargarate.com"
212.227.154.251 - - [28/Jun/2026:03:48:30 +0200] "GET /wp-login.php HTTP/1.1" 200 6743 "-" "Mozilla/5.0 (X11; Ubuntu; Linux x86_64) AppleWebKit/537.36 (KHTML, like Gecko) Chrome/133.0.0.0 Safari/537.36"
87.98.225.137 - - [28/Jun/2026:03:48:31 +0200] "POST /wp-cron.php?doing_wp_cron=1782611311.0765690803527832031250 HTTP/1.1" 200 3658 "-" "WordPress/6.7.2; https://clinicadentalargarate.com"
212.227.154.251 - - [28/Jun/2026:03:48:30 +0200] "POST /wp-login.php HTTP/1.1" 200 3502 "https://clinicadentalargarate.com/wp-login.php" "Mozilla/5.0 (X11; Ubuntu; Linux x86_64) AppleWebKit/537.36 (KHTML, like Gecko) Chrome/133.0.0.0 Safari/537.36"
87.98.225.137 - - [28/Jun/2026:03:48:58 +0200] "POST /wp-cron.php?doing_wp_cron=1782611338.9722659587860107421875 HTTP/1.1" 200 3658 "-" "WordPress/6.7.2; https://clinicadentalargarate.com"
198.244.226.7 - - [28/Jun/2026:03:48:58 +0200] "GET /?sitemap300.xml HTTP/1.1" 301 3660 "-" "Mozilla/5.0 (compatible; AhrefsBot/7.0; +http://ahrefs.com/robot/)"
87.98.225.137 - - [28/Jun/2026:03:48:59 +0200] "POST /wp-cron.php?doing_wp_cron=1782611339.3004610538482666015625 HTTP/1.1" 200 3658 "-" "WordPress/6.7.2; https://clinicadentalargarate.com"
198.244.226.7 - - [28/Jun/2026:03:48:59 +0200] "GET /?sitemap300_xml HTTP/1.1" 200 36361 "-" "Mozilla/5.0 (compatible; AhrefsBot/7.0; +http://ahrefs.com/robot/)"
87.98.225.137 - - [28/Jun/2026:03:49:06 +0200] "POST /wp-cron.php?doing_wp_cron=1782611346.5516049861907958984375 HTTP/1.1" 200 3658 "-" "WordPress/6.7.2; https://clinicadentalargarate.com"
213.180.203.160 - - [28/Jun/2026:03:49:06 +0200] "GET /blog/zo-veilig-is-n1-casino-een-diepgaande-beoordeling/ HTTP/1.1" 500 6601 "-" "Mozilla/5.0 (compatible; YandexBot/3.0; +http://yandex.com/bots)"
87.98.225.137 - - [28/Jun/2026:03:51:20 +0200] "POST /wp-cron.php?doing_wp_cron=1782611480.5058779716491699218750 HTTP/1.1" 200 3658 "-" "WordPress/6.7.2; https://clinicadentalargarate.com"
66.249.66.40 - - [28/Jun/2026:03:51:20 +0200] "GET /blog/opciones-sustituir-dos-mas-dientes-adyacentes/ HTTP/1.1" 500 6568 "-" "Mozilla/5.0 (Linux; Android 6.0.1; Nexus 5X Build/MMB29P) AppleWebKit/537.36 (KHTML, like Gecko) Chrome/148.0.7778.96 Mobile Safari/537.36 (compatible; Googlebot/2.1; +http://www.google.com/bot.html)"
87.98.225.137 - - [28/Jun/2026:03:52:03 +0200] "POST /wp-cron.php?doing_wp_cron=1782611523.3674991130828857421875 HTTP/1.1" 200 3658 "-" "WordPress/6.7.2; https://clinicadentalargarate.com"
178.216.249.206 - - [28/Jun/2026:03:52:03 +0200] "GET /wp-login.php HTTP/1.1" 200 6743 "-" "Mozilla/5.0 (X11; Ubuntu; Linux x86_64) AppleWebKit/537.36 (KHTML, like Gecko) Chrome/133.0.0.0 Safari/537.36"
87.98.225.137 - - [28/Jun/2026:03:52:03 +0200] "POST /wp-cron.php?doing_wp_cron=1782611523.6844739913940429687500 HTTP/1.1" 200 3658 "-" "WordPress/6.7.2; https://clinicadentalargarate.com"
178.216.249.206 - - [28/Jun/2026:03:52:03 +0200] "POST /wp-login.php HTTP/1.1" 200 3499 "https://clinicadentalargarate.com/wp-login.php" "Mozilla/5.0 (X11; Ubuntu; Linux x86_64) AppleWebKit/537.36 (KHTML, like Gecko) Chrome/133.0.0.0 Safari/537.36"
87.98.225.137 - - [28/Jun/2026:03:53:31 +0200] "POST /wp-cron.php?doing_wp_cron=1782611611.6812779903411865234375 HTTP/1.1" 200 3658 "-" "WordPress/6.7.2; https://clinicadentalargarate.com"
43.153.49.151 - - [28/Jun/2026:03:53:31 +0200] "GET /wp-json/wp/v2/pages/256 HTTP/1.1" 200 19524 "-" "Mozilla/5.0 (iPhone; CPU iPhone OS 13_2_3 like Mac OS X) AppleWebKit/605.1.15 (KHTML, like Gecko) Version/13.0.3 Mobile/15E148 Safari/604.1"
66.249.76.43 - - [28/Jun/2026:03:53:33 +0200] "GET /robots.txt HTTP/1.1" 200 501 "-" "Mozilla/5.0 (compatible; Googlebot/2.1; +http://www.google.com/bot.html)"
87.98.225.137 - - [28/Jun/2026:03:53:34 +0200] "POST /wp-cron.php?doing_wp_cron=1782611614.1126260757446289062500 HTTP/1.1" 200 281 "-" "WordPress/6.7.2; https://clinicadentalargarate.com"
66.249.66.163 - - [28/Jun/2026:03:53:34 +0200] "GET / HTTP/1.1" 301 312 "-" "Mozilla/5.0 (Linux; Android 6.0.1; Nexus 5X Build/MMB29P) AppleWebKit/537.36 (KHTML, like Gecko) Chrome/148.0.7778.96 Mobile Safari/537.36 (compatible; Googlebot/2.1; +http://www.google.com/bot.html)"
87.98.225.137 - - [28/Jun/2026:03:53:34 +0200] "POST /wp-cron.php?doing_wp_cron=1782611614.6956059932708740234375 HTTP/1.1" 200 3658 "-" "WordPress/6.7.2; https://clinicadentalargarate.com"
66.249.66.41 - - [28/Jun/2026:03:53:34 +0200] "GET / HTTP/1.1" 200 36378 "-" "Mozilla/5.0 (Linux; Android 6.0.1; Nexus 5X Build/MMB29P) AppleWebKit/537.36 (KHTML, like Gecko) Chrome/148.0.7778.96 Mobile Safari/537.36 (compatible; Googlebot/2.1; +http://www.google.com/bot.html)"
114.119.135.199 - - [28/Jun/2026:03:53:56 +0200] "GET /robots.txt HTTP/1.1" 200 464 "http://www.clinicadentalargarate.com/robots.txt" "Mozilla/5.0 (Windows NT 10.0; Win64; x64) AppleWebKit/537.36 (KHTML, like Gecko) Chrome/148.0.0.0 Safari/537.36"
87.98.225.137 - - [28/Jun/2026:03:54:49 +0200] "POST /wp-cron.php?doing_wp_cron=1782611689.5408918857574462890625 HTTP/1.1" 200 3658 "-" "WordPress/6.7.2; https://clinicadentalargarate.com"
198.46.83.219 - - [28/Jun/2026:03:54:49 +0200] "GET /wp-login.php HTTP/1.1" 200 6743 "-" "Mozilla/5.0 (X11; Linux x86_64) AppleWebKit/537.36 (KHTML, like Gecko) Chrome/133.0.0.0 Safari/537.36"
87.98.225.137 - - [28/Jun/2026:03:54:49 +0200] "POST /wp-cron.php?doing_wp_cron=1782611689.9087250232696533203125 HTTP/1.1" 200 3658 "-" "WordPress/6.7.2; https://clinicadentalargarate.com"
198.46.83.219 - - [28/Jun/2026:03:54:49 +0200] "POST /wp-login.php HTTP/1.1" 200 3500 "https://clinicadentalargarate.com/wp-login.php" "Mozilla/5.0 (X11; Linux x86_64) AppleWebKit/537.36 (KHTML, like Gecko) Chrome/133.0.0.0 Safari/537.36"
87.98.225.137 - - [28/Jun/2026:03:56:38 +0200] "POST /wp-cron.php?doing_wp_cron=1782611798.1976220607757568359375 HTTP/1.1" 200 3658 "-" "WordPress/6.7.2; https://clinicadentalargarate.com"
167.71.240.77 - - [28/Jun/2026:03:56:38 +0200] "GET /wp-login.php HTTP/1.1" 200 6743 "-" "Mozilla/5.0 (X11; Ubuntu; Linux x86_64; rv:133.0) Gecko/20100101 Firefox/133.0"
87.98.225.137 - - [28/Jun/2026:03:56:38 +0200] "POST /wp-cron.php?doing_wp_cron=1782611798.4930639266967773437500 HTTP/1.1" 200 3658 "-" "WordPress/6.7.2; https://clinicadentalargarate.com"
167.71.240.77 - - [28/Jun/2026:03:56:38 +0200] "POST /wp-login.php HTTP/1.1" 200 3527 "https://clinicadentalargarate.com/wp-login.php" "Mozilla/5.0 (X11; Ubuntu; Linux x86_64; rv:133.0) Gecko/20100101 Firefox/133.0"
87.98.225.137 - - [28/Jun/2026:03:59:06 +0200] "POST /wp-cron.php?doing_wp_cron=1782611946.3647530078887939453125 HTTP/1.1" 200 3658 "-" "WordPress/6.7.2; https://clinicadentalargarate.com"
78.142.18.172 - - [28/Jun/2026:03:59:06 +0200] "GET /wp-login.php HTTP/1.1" 200 6743 "-" "Mozilla/5.0 (Windows NT 10.0) AppleWebKit/537.36 (KHTML, like Gecko) Chrome/133.0.0.0 Safari/537.36"
87.98.225.137 - - [28/Jun/2026:03:59:06 +0200] "POST /wp-cron.php?doing_wp_cron=1782611946.8876039981842041015625 HTTP/1.1" 200 3658 "-" "WordPress/6.7.2; https://clinicadentalargarate.com"
