37.19.199.142 - - [29/Jun/2026:10:05:08 +0200] "GET / HTTP/1.1" 301 3674 "-" "Mozilla/5.0 (Macintosh; Intel Mac OS X 10_15_7) AppleWebKit/537.36 (KHTML, like Gecko) Chrome/124 Safari/537.36"
87.98.225.137 - - [29/Jun/2026:10:05:10 +0200] "POST /wp-cron.php?doing_wp_cron=1782720309.9905900955200195312500 HTTP/1.1" 200 3658 "-" "WordPress/6.7.2; https://clinicadentalargarate.com"
37.19.199.142 - - [29/Jun/2026:10:05:09 +0200] "GET / HTTP/1.1" 200 153396 "-" "Mozilla/5.0 (Macintosh; Intel Mac OS X 10_15_7) AppleWebKit/537.36 (KHTML, like Gecko) Chrome/124 Safari/537.36"
87.98.225.137 - - [29/Jun/2026:10:05:11 +0200] "POST /wp-cron.php?doing_wp_cron=1782720311.5626420974731445312500 HTTP/1.1" 200 3658 "-" "WordPress/6.7.2; https://clinicadentalargarate.com"
87.98.225.137 - - [29/Jun/2026:10:05:11 +0200] "POST /wp-cron.php?doing_wp_cron=1782720311.5626790523529052734375 HTTP/1.1" 200 3658 "-" "WordPress/6.7.2; https://clinicadentalargarate.com"
37.19.199.142 - - [29/Jun/2026:10:05:11 +0200] "GET /politica-de-privacidad HTTP/1.1" 301 773 "-" "Mozilla/5.0 (Macintosh; Intel Mac OS X 10_15_7) AppleWebKit/537.36 (KHTML, like Gecko) Chrome/124 Safari/537.36"
37.19.199.142 - - [29/Jun/2026:10:05:11 +0200] "GET /contacta HTTP/1.1" 301 759 "-" "Mozilla/5.0 (Macintosh; Intel Mac OS X 10_15_7) AppleWebKit/537.36 (KHTML, like Gecko) Chrome/124 Safari/537.36"
37.19.199.142 - - [29/Jun/2026:10:05:11 +0200] "GET /contacto HTTP/1.1" 301 667 "-" "Mozilla/5.0 (Macintosh; Intel Mac OS X 10_15_7) AppleWebKit/537.36 (KHTML, like Gecko) Chrome/124 Safari/537.36"
37.19.199.142 - - [29/Jun/2026:10:05:11 +0200] "GET /contact HTTP/1.1" 301 758 "-" "Mozilla/5.0 (Macintosh; Intel Mac OS X 10_15_7) AppleWebKit/537.36 (KHTML, like Gecko) Chrome/124 Safari/537.36"
37.19.199.142 - - [29/Jun/2026:10:05:11 +0200] "GET /aviso-legal HTTP/1.1" 301 670 "-" "Mozilla/5.0 (Macintosh; Intel Mac OS X 10_15_7) AppleWebKit/537.36 (KHTML, like Gecko) Chrome/124 Safari/537.36"
87.98.225.137 - - [29/Jun/2026:10:05:11 +0200] "POST /wp-cron.php?doing_wp_cron=1782720311.8720979690551757812500 HTTP/1.1" 200 3658 "-" "WordPress/6.7.2; https://clinicadentalargarate.com"
87.98.225.137 - - [29/Jun/2026:10:05:12 +0200] "POST /wp-cron.php?doing_wp_cron=1782720312.2628169059753417968750 HTTP/1.1" 200 3658 "-" "WordPress/6.7.2; https://clinicadentalargarate.com"
37.19.199.142 - - [29/Jun/2026:10:05:11 +0200] "GET /contacta HTTP/1.1" 404 102235 "-" "Mozilla/5.0 (Macintosh; Intel Mac OS X 10_15_7) AppleWebKit/537.36 (KHTML, like Gecko) Chrome/124 Safari/537.36"
37.19.199.142 - - [29/Jun/2026:10:05:12 +0200] "GET /quienes-somos HTTP/1.1" 301 764 "-" "Mozilla/5.0 (Macintosh; Intel Mac OS X 10_15_7) AppleWebKit/537.36 (KHTML, like Gecko) Chrome/124 Safari/537.36"
37.19.199.142 - - [29/Jun/2026:10:05:12 +0200] "GET /contacto/ HTTP/1.1" 200 112284 "-" "Mozilla/5.0 (Macintosh; Intel Mac OS X 10_15_7) AppleWebKit/537.36 (KHTML, like Gecko) Chrome/124 Safari/537.36"
37.19.199.142 - - [29/Jun/2026:10:05:12 +0200] "GET /politica-de-privacidad HTTP/1.1" 404 102582 "-" "Mozilla/5.0 (Macintosh; Intel Mac OS X 10_15_7) AppleWebKit/537.36 (KHTML, like Gecko) Chrome/124 Safari/537.36"
37.19.199.142 - - [29/Jun/2026:10:05:12 +0200] "GET /aviso-legal/ HTTP/1.1" 200 124038 "-" "Mozilla/5.0 (Macintosh; Intel Mac OS X 10_15_7) AppleWebKit/537.36 (KHTML, like Gecko) Chrome/124 Safari/537.36"
37.19.199.142 - - [29/Jun/2026:10:05:12 +0200] "GET /contato HTTP/1.1" 301 758 "-" "Mozilla/5.0 (Macintosh; Intel Mac OS X 10_15_7) AppleWebKit/537.36 (KHTML, like Gecko) Chrome/124 Safari/537.36"
37.19.199.142 - - [29/Jun/2026:10:05:12 +0200] "GET /legal HTTP/1.1" 301 756 "-" "Mozilla/5.0 (Macintosh; Intel Mac OS X 10_15_7) AppleWebKit/537.36 (KHTML, like Gecko) Chrome/124 Safari/537.36"
37.19.199.142 - - [29/Jun/2026:10:05:12 +0200] "GET /contactos HTTP/1.1" 301 760 "-" "Mozilla/5.0 (Macintosh; Intel Mac OS X 10_15_7) AppleWebKit/537.36 (KHTML, like Gecko) Chrome/124 Safari/537.36"
37.19.199.142 - - [29/Jun/2026:10:05:12 +0200] "GET /clinica HTTP/1.1" 301 758 "-" "Mozilla/5.0 (Macintosh; Intel Mac OS X 10_15_7) AppleWebKit/537.36 (KHTML, like Gecko) Chrome/124 Safari/537.36"
37.19.199.142 - - [29/Jun/2026:10:05:13 +0200] "GET /contato HTTP/1.1" 404 102235 "-" "Mozilla/5.0 (Macintosh; Intel Mac OS X 10_15_7) AppleWebKit/537.36 (KHTML, like Gecko) Chrome/124 Safari/537.36"
37.19.199.142 - - [29/Jun/2026:10:05:12 +0200] "GET /contact HTTP/1.1" 404 102582 "-" "Mozilla/5.0 (Macintosh; Intel Mac OS X 10_15_7) AppleWebKit/537.36 (KHTML, like Gecko) Chrome/124 Safari/537.36"
37.19.199.142 - - [29/Jun/2026:10:05:13 +0200] "GET /impressum HTTP/1.1" 301 760 "-" "Mozilla/5.0 (Macintosh; Intel Mac OS X 10_15_7) AppleWebKit/537.36 (KHTML, like Gecko) Chrome/124 Safari/537.36"
37.19.199.142 - - [29/Jun/2026:10:05:13 +0200] "GET /legal HTTP/1.1" 404 102582 "-" "Mozilla/5.0 (Macintosh; Intel Mac OS X 10_15_7) AppleWebKit/537.36 (KHTML, like Gecko) Chrome/124 Safari/537.36"
37.19.199.142 - - [29/Jun/2026:10:05:13 +0200] "GET /quienes-somos HTTP/1.1" 404 102582 "-" "Mozilla/5.0 (Macintosh; Intel Mac OS X 10_15_7) AppleWebKit/537.36 (KHTML, like Gecko) Chrome/124 Safari/537.36"
37.19.199.142 - - [29/Jun/2026:10:05:13 +0200] "GET /clinica HTTP/1.1" 404 102582 "-" "Mozilla/5.0 (Macintosh; Intel Mac OS X 10_15_7) AppleWebKit/537.36 (KHTML, like Gecko) Chrome/124 Safari/537.36"
37.19.199.142 - - [29/Jun/2026:10:05:13 +0200] "GET /contactos HTTP/1.1" 404 102582 "-" "Mozilla/5.0 (Macintosh; Intel Mac OS X 10_15_7) AppleWebKit/537.36 (KHTML, like Gecko) Chrome/124 Safari/537.36"
37.19.199.142 - - [29/Jun/2026:10:05:14 +0200] "GET /impressum HTTP/1.1" 404 102235 "-" "Mozilla/5.0 (Macintosh; Intel Mac OS X 10_15_7) AppleWebKit/537.36 (KHTML, like Gecko) Chrome/124 Safari/537.36"
87.98.225.137 - - [29/Jun/2026:10:09:03 +0200] "POST /wp-cron.php?doing_wp_cron=1782720543.1112968921661376953125 HTTP/1.1" 200 3658 "-" "WordPress/6.7.2; https://clinicadentalargarate.com"
198.54.119.106 - - [29/Jun/2026:10:09:03 +0200] "GET /lemon-casino-online-casino-recenzje/ HTTP/1.1" 404 105576 "-" "WordPress/6.9.4; https://initiavaksociety.ca"
87.98.225.137 - - [29/Jun/2026:10:15:39 +0200] "POST /wp-cron.php?doing_wp_cron=1782720939.4364650249481201171875 HTTP/1.1" 200 3658 "-" "WordPress/6.7.2; https://clinicadentalargarate.com"
52.167.144.216 - - [29/Jun/2026:10:15:39 +0200] "GET /blog/implantes-dentales-para-que-sirven/ HTTP/1.1" 500 6680 "-" "Mozilla/5.0 AppleWebKit/537.36 (KHTML, like Gecko; compatible; bingbot/2.0; +http://www.bing.com/bingbot.htm) Chrome/116.0.1938.76 Safari/537.36"
87.98.225.137 - - [29/Jun/2026:10:15:48 +0200] "POST /wp-cron.php?doing_wp_cron=1782720948.6093099117279052734375 HTTP/1.1" 200 3658 "-" "WordPress/6.7.2; https://clinicadentalargarate.com"
185.68.18.52 - - [29/Jun/2026:10:15:48 +0200] "GET /wp-login.php HTTP/1.1" 200 6743 "-" "Mozilla/5.0 (Windows NT 10.0; Win64; x64) AppleWebKit/537.36 (KHTML, like Gecko) Chrome/120.0.0.0 Safari/537.36"
87.98.225.137 - - [29/Jun/2026:10:15:51 +0200] "POST /wp-cron.php?doing_wp_cron=1782720951.6276140213012695312500 HTTP/1.1" 200 3658 "-" "WordPress/6.7.2; https://clinicadentalargarate.com"
185.68.18.52 - - [29/Jun/2026:10:15:51 +0200] "POST /wp-login.php HTTP/1.1" 200 3500 "https://clinicadentalargarate.com/wp-login.php" "Mozilla/5.0 (Windows NT 10.0; Win64; x64) AppleWebKit/537.36 (KHTML, like Gecko) Chrome/120.0.0.0 Safari/537.36"
87.98.225.137 - - [29/Jun/2026:10:22:01 +0200] "POST /wp-cron.php?doing_wp_cron=1782721321.6991178989410400390625 HTTP/1.1" 200 3658 "-" "WordPress/6.7.2; https://clinicadentalargarate.com"
54.38.147.182 - - [29/Jun/2026:10:22:01 +0200] "GET /?sitemap300.xml HTTP/1.1" 301 3660 "-" "Mozilla/5.0 (compatible; AhrefsBot/7.0; +http://ahrefs.com/robot/)"
87.98.225.137 - - [29/Jun/2026:10:22:02 +0200] "POST /wp-cron.php?doing_wp_cron=1782721322.5713260173797607421875 HTTP/1.1" 200 3658 "-" "WordPress/6.7.2; https://clinicadentalargarate.com"
54.38.147.182 - - [29/Jun/2026:10:22:02 +0200] "GET /?sitemap300_xml HTTP/1.1" 200 36363 "-" "Mozilla/5.0 (compatible; AhrefsBot/7.0; +http://ahrefs.com/robot/)"
87.98.225.137 - - [29/Jun/2026:10:22:58 +0200] "POST /wp-cron.php?doing_wp_cron=1782721378.6074450016021728515625 HTTP/1.1" 200 3658 "-" "WordPress/6.7.2; https://clinicadentalargarate.com"
4.194.22.129 - - [29/Jun/2026:10:22:58 +0200] "GET /inputs.php HTTP/1.1" 404 105666 "-" "Mozilla/5.0 (Windows NT 10.0; Win64; x64) AppleWebKit/537.36 (KHTML, like Gecko) Chrome/120.0.0.0 Safari/537.36"
87.98.225.137 - - [29/Jun/2026:10:22:59 +0200] "POST /wp-cron.php?doing_wp_cron=1782721379.6916429996490478515625 HTTP/1.1" 200 3658 "-" "WordPress/6.7.2; https://clinicadentalargarate.com"
4.194.22.129 - - [29/Jun/2026:10:22:59 +0200] "GET /ioxi-o.php HTTP/1.1" 404 102303 "-" "Mozilla/5.0 (Windows NT 10.0; Win64; x64) AppleWebKit/537.36 (KHTML, like Gecko) Chrome/120.0.0.0 Safari/537.36"
87.98.225.137 - - [29/Jun/2026:10:23:00 +0200] "POST /wp-cron.php?doing_wp_cron=1782721380.5712249279022216796875 HTTP/1.1" 200 3658 "-" "WordPress/6.7.2; https://clinicadentalargarate.com"
4.194.22.129 - - [29/Jun/2026:10:23:00 +0200] "GET /function/function.php HTTP/1.1" 404 102303 "-" "Mozilla/5.0 (Windows NT 10.0; Win64; x64) AppleWebKit/537.36 (KHTML, like Gecko) Chrome/120.0.0.0 Safari/537.36"
87.98.225.137 - - [29/Jun/2026:10:23:01 +0200] "POST /wp-cron.php?doing_wp_cron=1782721381.5244679450988769531250 HTTP/1.1" 200 3658 "-" "WordPress/6.7.2; https://clinicadentalargarate.com"
4.194.22.129 - - [29/Jun/2026:10:23:01 +0200] "GET /rip.php HTTP/1.1" 404 102303 "-" "Mozilla/5.0 (Windows NT 10.0; Win64; x64) AppleWebKit/537.36 (KHTML, like Gecko) Chrome/120.0.0.0 Safari/537.36"
87.98.225.137 - - [29/Jun/2026:10:23:02 +0200] "POST /wp-cron.php?doing_wp_cron=1782721382.3735580444335937500000 HTTP/1.1" 200 3658 "-" "WordPress/6.7.2; https://clinicadentalargarate.com"
4.194.22.129 - - [29/Jun/2026:10:23:02 +0200] "GET /admin.php HTTP/1.1" 404 102303 "-" "Mozilla/5.0 (Windows NT 10.0; Win64; x64) AppleWebKit/537.36 (KHTML, like Gecko) Chrome/120.0.0.0 Safari/537.36"
87.98.225.137 - - [29/Jun/2026:10:23:03 +0200] "POST /wp-cron.php?doing_wp_cron=1782721383.1651639938354492187500 HTTP/1.1" 200 3658 "-" "WordPress/6.7.2; https://clinicadentalargarate.com"
4.194.22.129 - - [29/Jun/2026:10:23:03 +0200] "GET /wp-content/uploads/index.php HTTP/1.1" 301 428 "-" "Mozilla/5.0 (Windows NT 10.0; Win64; x64) AppleWebKit/537.36 (KHTML, like Gecko) Chrome/120.0.0.0 Safari/537.36"
87.98.225.137 - - [29/Jun/2026:10:23:03 +0200] "POST /wp-cron.php?doing_wp_cron=1782721383.4326341152191162109375 HTTP/1.1" 200 3658 "-" "WordPress/6.7.2; https://clinicadentalargarate.com"
4.194.22.129 - - [29/Jun/2026:10:23:03 +0200] "GET /cache.php HTTP/1.1" 404 102303 "-" "Mozilla/5.0 (Windows NT 10.0; Win64; x64) AppleWebKit/537.36 (KHTML, like Gecko) Chrome/120.0.0.0 Safari/537.36"
87.98.225.137 - - [29/Jun/2026:10:23:04 +0200] "POST /wp-cron.php?doing_wp_cron=1782721384.3210411071777343750000 HTTP/1.1" 200 3658 "-" "WordPress/6.7.2; https://clinicadentalargarate.com"
4.194.22.129 - - [29/Jun/2026:10:23:04 +0200] "GET /themes.php HTTP/1.1" 404 102303 "-" "Mozilla/5.0 (Windows NT 10.0; Win64; x64) AppleWebKit/537.36 (KHTML, like Gecko) Chrome/120.0.0.0 Safari/537.36"
87.98.225.137 - - [29/Jun/2026:10:23:05 +0200] "POST /wp-cron.php?doing_wp_cron=1782721385.1836318969726562500000 HTTP/1.1" 200 3658 "-" "WordPress/6.7.2; https://clinicadentalargarate.com"
4.194.22.129 - - [29/Jun/2026:10:23:05 +0200] "GET /an.php HTTP/1.1" 404 102303 "-" "Mozilla/5.0 (Windows NT 10.0; Win64; x64) AppleWebKit/537.36 (KHTML, like Gecko) Chrome/120.0.0.0 Safari/537.36"
87.98.225.137 - - [29/Jun/2026:10:23:06 +0200] "POST /wp-cron.php?doing_wp_cron=1782721386.0060989856719970703125 HTTP/1.1" 200 3658 "-" "WordPress/6.7.2; https://clinicadentalargarate.com"
4.194.22.129 - - [29/Jun/2026:10:23:05 +0200] "GET /index/function.php HTTP/1.1" 404 102303 "-" "Mozilla/5.0 (Windows NT 10.0; Win64; x64) AppleWebKit/537.36 (KHTML, like Gecko) Chrome/120.0.0.0 Safari/537.36"
87.98.225.137 - - [29/Jun/2026:10:23:06 +0200] "POST /wp-cron.php?doing_wp_cron=1782721386.7390329837799072265625 HTTP/1.1" 200 3658 "-" "WordPress/6.7.2; https://clinicadentalargarate.com"
4.194.22.129 - - [29/Jun/2026:10:23:06 +0200] "GET /randkeyword.PhP7 HTTP/1.1" 404 102303 "-" "Mozilla/5.0 (Windows NT 10.0; Win64; x64) AppleWebKit/537.36 (KHTML, like Gecko) Chrome/120.0.0.0 Safari/537.36"
87.98.225.137 - - [29/Jun/2026:10:23:07 +0200] "POST /wp-cron.php?doing_wp_cron=1782721387.5101261138916015625000 HTTP/1.1" 200 3658 "-" "WordPress/6.7.2; https://clinicadentalargarate.com"
4.194.22.129 - - [29/Jun/2026:10:23:07 +0200] "GET /ws.php HTTP/1.1" 404 102303 "-" "Mozilla/5.0 (Windows NT 10.0; Win64; x64) AppleWebKit/537.36 (KHTML, like Gecko) Chrome/120.0.0.0 Safari/537.36"
87.98.225.137 - - [29/Jun/2026:10:23:08 +0200] "POST /wp-cron.php?doing_wp_cron=1782721388.2860689163208007812500 HTTP/1.1" 200 3658 "-" "WordPress/6.7.2; https://clinicadentalargarate.com"
4.194.22.129 - - [29/Jun/2026:10:23:08 +0200] "GET /404.php HTTP/1.1" 404 102303 "-" "Mozilla/5.0 (Windows NT 10.0; Win64; x64) AppleWebKit/537.36 (KHTML, like Gecko) Chrome/120.0.0.0 Safari/537.36"
87.98.225.137 - - [29/Jun/2026:10:23:09 +0200] "POST /wp-cron.php?doing_wp_cron=1782721389.0528450012207031250000 HTTP/1.1" 200 3658 "-" "WordPress/6.7.2; https://clinicadentalargarate.com"
4.194.22.129 - - [29/Jun/2026:10:23:08 +0200] "GET /wp-admin/user.php HTTP/1.1" 404 102303 "-" "Mozilla/5.0 (Windows NT 10.0; Win64; x64) AppleWebKit/537.36 (KHTML, like Gecko) Chrome/120.0.0.0 Safari/537.36"
87.98.225.137 - - [29/Jun/2026:10:23:09 +0200] "POST /wp-cron.php?doing_wp_cron=1782721389.8530619144439697265625 HTTP/1.1" 200 3658 "-" "WordPress/6.7.2; https://clinicadentalargarate.com"
4.194.22.129 - - [29/Jun/2026:10:23:09 +0200] "GET /wp-conf.php HTTP/1.1" 404 102303 "-" "Mozilla/5.0 (Windows NT 10.0; Win64; x64) AppleWebKit/537.36 (KHTML, like Gecko) Chrome/120.0.0.0 Safari/537.36"
87.98.225.137 - - [29/Jun/2026:10:23:10 +0200] "POST /wp-cron.php?doing_wp_cron=1782721390.6977679729461669921875 HTTP/1.1" 200 3658 "-" "WordPress/6.7.2; https://clinicadentalargarate.com"
4.194.22.129 - - [29/Jun/2026:10:23:10 +0200] "GET /wp-content/themes/hideo/network.php HTTP/1.1" 404 102303 "-" "Mozilla/5.0 (Windows NT 10.0; Win64; x64) AppleWebKit/537.36 (KHTML, like Gecko) Chrome/120.0.0.0 Safari/537.36"
87.98.225.137 - - [29/Jun/2026:10:23:11 +0200] "POST /wp-cron.php?doing_wp_cron=1782721391.4860649108886718750000 HTTP/1.1" 200 3658 "-" "WordPress/6.7.2; https://clinicadentalargarate.com"
4.194.22.129 - - [29/Jun/2026:10:23:11 +0200] "GET /wp-login.php HTTP/1.1" 200 3442 "-" "Mozilla/5.0 (Windows NT 10.0; Win64; x64) AppleWebKit/537.36 (KHTML, like Gecko) Chrome/120.0.0.0 Safari/537.36"
87.98.225.137 - - [29/Jun/2026:10:23:11 +0200] "POST /wp-cron.php?doing_wp_cron=1782721391.7723779678344726562500 HTTP/1.1" 200 3658 "-" "WordPress/6.7.2; https://clinicadentalargarate.com"
4.194.22.129 - - [29/Jun/2026:10:23:11 +0200] "GET /abc.php HTTP/1.1" 404 102303 "-" "Mozilla/5.0 (Windows NT 10.0; Win64; x64) AppleWebKit/537.36 (KHTML, like Gecko) Chrome/120.0.0.0 Safari/537.36"
87.98.225.137 - - [29/Jun/2026:10:23:12 +0200] "POST /wp-cron.php?doing_wp_cron=1782721392.5093541145324707031250 HTTP/1.1" 200 3658 "-" "WordPress/6.7.2; https://clinicadentalargarate.com"
4.194.22.129 - - [29/Jun/2026:10:23:12 +0200] "GET /abcd.php HTTP/1.1" 404 102303 "-" "Mozilla/5.0 (Windows NT 10.0; Win64; x64) AppleWebKit/537.36 (KHTML, like Gecko) Chrome/120.0.0.0 Safari/537.36"
87.98.225.137 - - [29/Jun/2026:10:23:13 +0200] "POST /wp-cron.php?doing_wp_cron=1782721393.2505829334259033203125 HTTP/1.1" 200 3658 "-" "WordPress/6.7.2; https://clinicadentalargarate.com"
4.194.22.129 - - [29/Jun/2026:10:23:13 +0200] "GET /as.php HTTP/1.1" 404 102303 "-" "Mozilla/5.0 (Windows NT 10.0; Win64; x64) AppleWebKit/537.36 (KHTML, like Gecko) Chrome/120.0.0.0 Safari/537.36"
87.98.225.137 - - [29/Jun/2026:10:23:14 +0200] "POST /wp-cron.php?doing_wp_cron=1782721394.0639278888702392578125 HTTP/1.1" 200 3658 "-" "WordPress/6.7.2; https://clinicadentalargarate.com"
4.194.22.129 - - [29/Jun/2026:10:23:13 +0200] "GET /wp-trackback.php HTTP/1.1" 200 403 "-" "Mozilla/5.0 (Windows NT 10.0; Win64; x64) AppleWebKit/537.36 (KHTML, like Gecko) Chrome/120.0.0.0 Safari/537.36"
87.98.225.137 - - [29/Jun/2026:10:23:14 +0200] "POST /wp-cron.php?doing_wp_cron=1782721394.3532888889312744140625 HTTP/1.1" 200 3658 "-" "WordPress/6.7.2; https://clinicadentalargarate.com"
4.194.22.129 - - [29/Jun/2026:10:23:14 +0200] "GET /about.php HTTP/1.1" 404 102303 "-" "Mozilla/5.0 (Windows NT 10.0; Win64; x64) AppleWebKit/537.36 (KHTML, like Gecko) Chrome/120.0.0.0 Safari/537.36"
87.98.225.137 - - [29/Jun/2026:10:23:15 +0200] "POST /wp-cron.php?doing_wp_cron=1782721395.2423799037933349609375 HTTP/1.1" 200 3658 "-" "WordPress/6.7.2; https://clinicadentalargarate.com"
4.194.22.129 - - [29/Jun/2026:10:23:15 +0200] "GET /file.php HTTP/1.1" 404 102303 "-" "Mozilla/5.0 (Windows NT 10.0; Win64; x64) AppleWebKit/537.36 (KHTML, like Gecko) Chrome/120.0.0.0 Safari/537.36"
87.98.225.137 - - [29/Jun/2026:10:23:15 +0200] "POST /wp-cron.php?doing_wp_cron=1782721395.9786291122436523437500 HTTP/1.1" 200 3658 "-" "WordPress/6.7.2; https://clinicadentalargarate.com"
4.194.22.129 - - [29/Jun/2026:10:23:15 +0200] "GET /adminfuns.php HTTP/1.1" 404 102303 "-" "Mozilla/5.0 (Windows NT 10.0; Win64; x64) AppleWebKit/537.36 (KHTML, like Gecko) Chrome/120.0.0.0 Safari/537.36"
87.98.225.137 - - [29/Jun/2026:10:23:16 +0200] "POST /wp-cron.php?doing_wp_cron=1782721396.7274289131164550781250 HTTP/1.1" 200 3658 "-" "WordPress/6.7.2; https://clinicadentalargarate.com"
4.194.22.129 - - [29/Jun/2026:10:23:16 +0200] "GET /wp-good.php HTTP/1.1" 404 102303 "-" "Mozilla/5.0 (Windows NT 10.0; Win64; x64) AppleWebKit/537.36 (KHTML, like Gecko) Chrome/120.0.0.0 Safari/537.36"
4.194.22.129 - - [29/Jun/2026:10:23:17 +0200] "GET /xmlrpc.php HTTP/1.1" 403 534 "-" "Mozilla/5.0 (Windows NT 10.0; Win64; x64) AppleWebKit/537.36 (KHTML, like Gecko) Chrome/120.0.0.0 Safari/537.36"
87.98.225.137 - - [29/Jun/2026:10:23:17 +0200] "POST /wp-cron.php?doing_wp_cron=1782721397.6594250202178955078125 HTTP/1.1" 200 3658 "-" "WordPress/6.7.2; https://clinicadentalargarate.com"
4.194.22.129 - - [29/Jun/2026:10:23:17 +0200] "GET /goods.php HTTP/1.1" 404 102303 "-" "Mozilla/5.0 (Windows NT 10.0; Win64; x64) AppleWebKit/537.36 (KHTML, like Gecko) Chrome/120.0.0.0 Safari/537.36"
87.98.225.137 - - [29/Jun/2026:10:23:18 +0200] "POST /wp-cron.php?doing_wp_cron=1782721398.4133970737457275390625 HTTP/1.1" 200 3658 "-" "WordPress/6.7.2; https://clinicadentalargarate.com"
4.194.22.129 - - [29/Jun/2026:10:23:18 +0200] "GET /class-t.api.php HTTP/1.1" 404 102303 "-" "Mozilla/5.0 (Windows NT 10.0; Win64; x64) AppleWebKit/537.36 (KHTML, like Gecko) Chrome/120.0.0.0 Safari/537.36"
87.98.225.137 - - [29/Jun/2026:10:23:19 +0200] "POST /wp-cron.php?doing_wp_cron=1782721399.1713109016418457031250 HTTP/1.1" 200 3658 "-" "WordPress/6.7.2; https://clinicadentalargarate.com"
4.194.22.129 - - [29/Jun/2026:10:23:19 +0200] "GET /sf.php HTTP/1.1" 404 102303 "-" "Mozilla/5.0 (Windows NT 10.0; Win64; x64) AppleWebKit/537.36 (KHTML, like Gecko) Chrome/120.0.0.0 Safari/537.36"
87.98.225.137 - - [29/Jun/2026:10:23:19 +0200] "POST /wp-cron.php?doing_wp_cron=1782721399.9233050346374511718750 HTTP/1.1" 200 3658 "-" "WordPress/6.7.2; https://clinicadentalargarate.com"
4.194.22.129 - - [29/Jun/2026:10:23:19 +0200] "GET /kbfr.php HTTP/1.1" 404 102303 "-" "Mozilla/5.0 (Windows NT 10.0; Win64; x64) AppleWebKit/537.36 (KHTML, like Gecko) Chrome/120.0.0.0 Safari/537.36"
87.98.225.137 - - [29/Jun/2026:10:23:20 +0200] "POST /wp-cron.php?doing_wp_cron=1782721400.6497089862823486328125 HTTP/1.1" 200 3658 "-" "WordPress/6.7.2; https://clinicadentalargarate.com"
4.194.22.129 - - [29/Jun/2026:10:23:20 +0200] "GET /autoload_classmap.php HTTP/1.1" 404 102303 "-" "Mozilla/5.0 (Windows NT 10.0; Win64; x64) AppleWebKit/537.36 (KHTML, like Gecko) Chrome/120.0.0.0 Safari/537.36"
87.98.225.137 - - [29/Jun/2026:10:23:21 +0200] "POST /wp-cron.php?doing_wp_cron=1782721401.3756070137023925781250 HTTP/1.1" 200 3658 "-" "WordPress/6.7.2; https://clinicadentalargarate.com"
4.194.22.129 - - [29/Jun/2026:10:23:21 +0200] "GET /chosen.php?p= HTTP/1.1" 301 419 "-" "Mozilla/5.0 (Windows NT 10.0; Win64; x64) AppleWebKit/537.36 (KHTML, like Gecko) Chrome/120.0.0.0 Safari/537.36"
87.98.225.137 - - [29/Jun/2026:10:23:21 +0200] "POST /wp-cron.php?doing_wp_cron=1782721401.7220270633697509765625 HTTP/1.1" 200 3658 "-" "WordPress/6.7.2; https://clinicadentalargarate.com"
4.194.22.129 - - [29/Jun/2026:10:23:21 +0200] "GET /classwithtostring.php HTTP/1.1" 404 102303 "-" "Mozilla/5.0 (Windows NT 10.0; Win64; x64) AppleWebKit/537.36 (KHTML, like Gecko) Chrome/120.0.0.0 Safari/537.36"
87.98.225.137 - - [29/Jun/2026:10:23:22 +0200] "POST /wp-cron.php?doing_wp_cron=1782721402.5538458824157714843750 HTTP/1.1" 200 3658 "-" "WordPress/6.7.2; https://clinicadentalargarate.com"
4.194.22.129 - - [29/Jun/2026:10:23:22 +0200] "GET /defaults.php HTTP/1.1" 404 102303 "-" "Mozilla/5.0 (Windows NT 10.0; Win64; x64) AppleWebKit/537.36 (KHTML, like Gecko) Chrome/120.0.0.0 Safari/537.36"
87.98.225.137 - - [29/Jun/2026:10:23:23 +0200] "POST /wp-cron.php?doing_wp_cron=1782721403.3776550292968750000000 HTTP/1.1" 200 3658 "-" "WordPress/6.7.2; https://clinicadentalargarate.com"
4.194.22.129 - - [29/Jun/2026:10:23:23 +0200] "GET /.well-known/ HTTP/1.1" 404 102303 "-" "Mozilla/5.0 (Windows NT 10.0; Win64; x64) AppleWebKit/537.36 (KHTML, like Gecko) Chrome/120.0.0.0 Safari/537.36"
87.98.225.137 - - [29/Jun/2026:10:23:24 +0200] "POST /wp-cron.php?doing_wp_cron=1782721404.1072809696197509765625 HTTP/1.1" 200 3658 "-" "WordPress/6.7.2; https://clinicadentalargarate.com"
4.194.22.129 - - [29/Jun/2026:10:23:24 +0200] "GET /info.php HTTP/1.1" 404 102303 "-" "Mozilla/5.0 (Windows NT 10.0; Win64; x64) AppleWebKit/537.36 (KHTML, like Gecko) Chrome/120.0.0.0 Safari/537.36"
4.194.22.129 - - [29/Jun/2026:10:23:24 +0200] "GET /cgi-bin/ HTTP/1.1" 403 534 "-" "Mozilla/5.0 (Windows NT 10.0; Win64; x64) AppleWebKit/537.36 (KHTML, like Gecko) Chrome/120.0.0.0 Safari/537.36"
4.194.22.129 - - [29/Jun/2026:10:23:24 +0200] "GET /wp-includes/Requests/src/Response/about.php HTTP/1.1" 403 534 "-" "Mozilla/5.0 (Windows NT 10.0; Win64; x64) AppleWebKit/537.36 (KHTML, like Gecko) Chrome/120.0.0.0 Safari/537.36"
4.194.22.129 - - [29/Jun/2026:10:23:25 +0200] "GET /wp-includes/html-api/ HTTP/1.1" 403 534 "-" "Mozilla/5.0 (Windows NT 10.0; Win64; x64) AppleWebKit/537.36 (KHTML, like Gecko) Chrome/120.0.0.0 Safari/537.36"
87.98.225.137 - - [29/Jun/2026:10:23:25 +0200] "POST /wp-cron.php?doing_wp_cron=1782721405.4016480445861816406250 HTTP/1.1" 200 3658 "-" "WordPress/6.7.2; https://clinicadentalargarate.com"
4.194.22.129 - - [29/Jun/2026:10:23:25 +0200] "GET /wp-content/admin.php HTTP/1.1" 404 102303 "-" "Mozilla/5.0 (Windows NT 10.0; Win64; x64) AppleWebKit/537.36 (KHTML, like Gecko) Chrome/120.0.0.0 Safari/537.36"
4.194.22.129 - - [29/Jun/2026:10:23:26 +0200] "GET /wp-admin/css/colors/ectoplasm/ HTTP/1.1" 403 534 "-" "Mozilla/5.0 (Windows NT 10.0; Win64; x64) AppleWebKit/537.36 (KHTML, like Gecko) Chrome/120.0.0.0 Safari/537.36"
4.194.22.129 - - [29/Jun/2026:10:23:26 +0200] "GET /wp-content/uploads/ HTTP/1.1" 403 534 "-" "Mozilla/5.0 (Windows NT 10.0; Win64; x64) AppleWebKit/537.36 (KHTML, like Gecko) Chrome/120.0.0.0 Safari/537.36"
87.98.225.137 - - [29/Jun/2026:10:23:26 +0200] "POST /wp-cron.php?doing_wp_cron=1782721406.4775519371032714843750 HTTP/1.1" 200 3658 "-" "WordPress/6.7.2; https://clinicadentalargarate.com"
4.194.22.129 - - [29/Jun/2026:10:23:26 +0200] "GET /wp-content/themes/admin.php HTTP/1.1" 404 102303 "-" "Mozilla/5.0 (Windows NT 10.0; Win64; x64) AppleWebKit/537.36 (KHTML, like Gecko) Chrome/120.0.0.0 Safari/537.36"
87.98.225.137 - - [29/Jun/2026:10:23:27 +0200] "POST /wp-cron.php?doing_wp_cron=1782721407.2009201049804687500000 HTTP/1.1" 200 3658 "-" "WordPress/6.7.2; https://clinicadentalargarate.com"
4.194.22.129 - - [29/Jun/2026:10:23:27 +0200] "GET /wp-content/themes/index.php HTTP/1.1" 301 427 "-" "Mozilla/5.0 (Windows NT 10.0; Win64; x64) AppleWebKit/537.36 (KHTML, like Gecko) Chrome/120.0.0.0 Safari/537.36"
4.194.22.129 - - [29/Jun/2026:10:23:27 +0200] "GET /wp-content/plugins/index.php HTTP/1.1" 200 224 "-" "Mozilla/5.0 (Windows NT 10.0; Win64; x64) AppleWebKit/537.36 (KHTML, like Gecko) Chrome/120.0.0.0 Safari/537.36"
4.194.22.129 - - [29/Jun/2026:10:23:27 +0200] "GET /wp-includes/PHPMailer/ HTTP/1.1" 403 534 "-" "Mozilla/5.0 (Windows NT 10.0; Win64; x64) AppleWebKit/537.36 (KHTML, like Gecko) Chrome/120.0.0.0 Safari/537.36"
4.194.22.129 - - [29/Jun/2026:10:23:27 +0200] "GET /wp-includes/images/ HTTP/1.1" 403 534 "-" "Mozilla/5.0 (Windows NT 10.0; Win64; x64) AppleWebKit/537.36 (KHTML, like Gecko) Chrome/120.0.0.0 Safari/537.36"
87.98.225.137 - - [29/Jun/2026:10:23:27 +0200] "POST /wp-cron.php?doing_wp_cron=1782721407.9531660079956054687500 HTTP/1.1" 200 3658 "-" "WordPress/6.7.2; https://clinicadentalargarate.com"
4.194.22.129 - - [29/Jun/2026:10:23:27 +0200] "GET /wp-content/plugins/WordPressCore/ HTTP/1.1" 404 102303 "-" "Mozilla/5.0 (Windows NT 10.0; Win64; x64) AppleWebKit/537.36 (KHTML, like Gecko) Chrome/120.0.0.0 Safari/537.36"
87.98.225.137 - - [29/Jun/2026:10:28:03 +0200] "POST /wp-cron.php?doing_wp_cron=1782721683.7248759269714355468750 HTTP/1.1" 200 3658 "-" "WordPress/6.7.2; https://clinicadentalargarate.com"
192.185.4.108 - - [29/Jun/2026:10:28:03 +0200] "GET /wp-login.php HTTP/1.1" 200 6743 "-" "Mozilla/5.0 (Windows NT 10.0; Win64; x64) AppleWebKit/537.36 (KHTML, like Gecko) Chrome/120.0.0.0 Safari/537.36"
87.98.225.137 - - [29/Jun/2026:10:28:04 +0200] "POST /wp-cron.php?doing_wp_cron=1782721684.7131609916687011718750 HTTP/1.1" 200 3658 "-" "WordPress/6.7.2; https://clinicadentalargarate.com"
192.185.4.108 - - [29/Jun/2026:10:28:04 +0200] "POST /wp-login.php HTTP/1.1" 200 3528 "https://clinicadentalargarate.com/wp-login.php" "Mozilla/5.0 (Windows NT 10.0; Win64; x64) AppleWebKit/537.36 (KHTML, like Gecko) Chrome/120.0.0.0 Safari/537.36"
87.98.225.137 - - [29/Jun/2026:10:30:09 +0200] "POST /wp-cron.php?doing_wp_cron=1782721809.7906720638275146484375 HTTP/1.1" 200 3658 "-" "WordPress/6.7.2; https://clinicadentalargarate.com"
94.23.87.180 - - [29/Jun/2026:10:30:09 +0200] "GET / HTTP/1.0" 200 112914 "-" "-"
40.77.167.47 - - [29/Jun/2026:10:38:18 +0200] "GET /wp-content/uploads/2019/12/tratamiento-ortodoncia-comodo.jpg HTTP/1.1" 200 28727 "-" "Mozilla/5.0 AppleWebKit/537.36 (KHTML, like Gecko; compatible; bingbot/2.0; +http://www.bing.com/bingbot.htm) Chrome/116.0.1938.76 Safari/537.36"
66.249.66.42 - - [29/Jun/2026:10:48:21 +0200] "GET /wp-content/plugins/contact-form-7/includes/js/scripts.js HTTP/1.1" 200 7706 "https://clinicadentalargarate.com/contacto/" "Mozilla/5.0 (Linux; Android 6.0.1; Nexus 5X Build/MMB29P) AppleWebKit/537.36 (KHTML, like Gecko) Chrome/148.0.7778.96 Mobile Safari/537.36 (compatible; Googlebot/2.1; +http://www.google.com/bot.html)"
87.98.225.137 - - [29/Jun/2026:10:50:50 +0200] "POST /wp-cron.php?doing_wp_cron=1782723050.0053811073303222656250 HTTP/1.1" 200 3658 "-" "WordPress/6.7.2; https://clinicadentalargarate.com"
115.78.9.138 - - [29/Jun/2026:10:50:49 +0200] "GET /wp-login.php HTTP/1.1" 200 6743 "-" "Mozilla/5.0 (Windows NT 10.0; Win64; x64) AppleWebKit/537.36 (KHTML, like Gecko) Chrome/120.0.0.0 Safari/537.36"
87.98.225.137 - - [29/Jun/2026:10:50:50 +0200] "POST /wp-cron.php?doing_wp_cron=1782723050.3200590610504150390625 HTTP/1.1" 200 3658 "-" "WordPress/6.7.2; https://clinicadentalargarate.com"
115.78.9.138 - - [29/Jun/2026:10:50:50 +0200] "POST /wp-login.php HTTP/1.1" 200 3501 "https://clinicadentalargarate.com/wp-login.php" "Mozilla/5.0 (Windows NT 10.0; Win64; x64) AppleWebKit/537.36 (KHTML, like Gecko) Chrome/120.0.0.0 Safari/537.36"
87.98.225.137 - - [29/Jun/2026:10:51:51 +0200] "POST /wp-cron.php?doing_wp_cron=1782723110.9912219047546386718750 HTTP/1.1" 200 3658 "-" "WordPress/6.7.2; https://clinicadentalargarate.com"
216.73.217.169 - - [29/Jun/2026:10:51:50 +0200] "GET /pages.php HTTP/1.1" 404 105569 "-" "Mozilla/5.0 AppleWebKit/537.36 (KHTML, like Gecko; compatible; ClaudeBot/1.0; +claudebot@anthropic.com)"
87.98.225.137 - - [29/Jun/2026:10:56:41 +0200] "POST /wp-cron.php?doing_wp_cron=1782723401.7235929965972900390625 HTTP/1.1" 200 3658 "-" "WordPress/6.7.2; https://clinicadentalargarate.com"
108.177.131.139 - - [29/Jun/2026:10:56:41 +0200] "GET / HTTP/1.1" 301 3629 "-" "Mozilla/5.0 (Windows NT 10.0; Win64; x64) AppleWebKit/537.36 (KHTML, like Gecko) Chrome/145.0.0.0 Safari/537.36"
87.98.225.137 - - [29/Jun/2026:10:57:24 +0200] "POST /wp-cron.php?doing_wp_cron=1782723444.2348930835723876953125 HTTP/1.1" 200 3658 "-" "WordPress/6.7.2; https://clinicadentalargarate.com"
216.73.217.169 - - [29/Jun/2026:10:57:24 +0200] "GET / HTTP/1.1" 200 36364 "-" "Mozilla/5.0 AppleWebKit/537.36 (KHTML, like Gecko; compatible; ClaudeBot/1.0; +claudebot@anthropic.com)"
87.98.225.137 - - [29/Jun/2026:11:02:00 +0200] "POST /wp-cron.php?doing_wp_cron=1782723720.3948819637298583984375 HTTP/1.1" 200 3658 "-" "WordPress/6.7.2; https://clinicadentalargarate.com"
87.98.225.137 - - [29/Jun/2026:11:02:00 +0200] "POST /wp-cron.php?doing_wp_cron=1782723720.6785891056060791015625 HTTP/1.1" 200 3658 "-" "WordPress/6.7.2; https://clinicadentalargarate.com"
66.249.93.7 - - [29/Jun/2026:11:02:00 +0200] "GET /.well-known/traffic-advice HTTP/1.1" 404 105582 "-" "Chrome Privacy Preserving Prefetch Proxy"
162.120.188.171 - - [29/Jun/2026:11:02:00 +0200] "GET / HTTP/1.1" 200 36388 "https://www.google.com/" "Mozilla/5.0 (Windows NT 10.0; Win64; x64) AppleWebKit/537.36 (KHTML, like Gecko) Chrome/149.0.0.0 Safari/537.36"
144.178.132.15 - - [29/Jun/2026:11:02:01 +0200] "GET /wp-content/plugins/contact-form-7/includes/css/styles.css HTTP/1.1" 200 4370 "https://clinicadentalargarate.com/" "Mozilla/5.0 (Windows NT 10.0; Win64; x64) AppleWebKit/537.36 (KHTML, like Gecko) Chrome/149.0.0.0 Safari/537.36"
144.178.132.15 - - [29/Jun/2026:11:02:01 +0200] "GET /wp-includes/css/dist/block-library/style.min.css HTTP/1.1" 200 18966 "https://clinicadentalargarate.com/" "Mozilla/5.0 (Windows NT 10.0; Win64; x64) AppleWebKit/537.36 (KHTML, like Gecko) Chrome/149.0.0.0 Safari/537.36"
144.178.132.15 - - [29/Jun/2026:11:02:01 +0200] "GET /wp-content/plugins/revslider/public/assets/css/settings.css HTTP/1.1" 200 9908 "https://clinicadentalargarate.com/" "Mozilla/5.0 (Windows NT 10.0; Win64; x64) AppleWebKit/537.36 (KHTML, like Gecko) Chrome/149.0.0.0 Safari/537.36"
144.178.132.15 - - [29/Jun/2026:11:02:01 +0200] "GET /wp-content/themes/thefox/style.css HTTP/1.1" 200 41934 "https://clinicadentalargarate.com/" "Mozilla/5.0 (Windows NT 10.0; Win64; x64) AppleWebKit/537.36 (KHTML, like Gecko) Chrome/149.0.0.0 Safari/537.36"
144.178.132.15 - - [29/Jun/2026:11:02:01 +0200] "GET /wp-content/themes/thefox/media-queries_wide.css HTTP/1.1" 200 12950 "https://clinicadentalargarate.com/" "Mozilla/5.0 (Windows NT 10.0; Win64; x64) AppleWebKit/537.36 (KHTML, like Gecko) Chrome/149.0.0.0 Safari/537.36"
144.178.132.15 - - [29/Jun/2026:11:02:01 +0200] "GET /wp-content/themes/thefox/style_end.css HTTP/1.1" 200 34915 "https://clinicadentalargarate.com/" "Mozilla/5.0 (Windows NT 10.0; Win64; x64) AppleWebKit/537.36 (KHTML, like Gecko) Chrome/149.0.0.0 Safari/537.36"
144.178.132.15 - - [29/Jun/2026:11:02:01 +0200] "GET /wp-content/themes/thefox_child_theme/style.css HTTP/1.1" 200 5974 "https://clinicadentalargarate.com/" "Mozilla/5.0 (Windows NT 10.0; Win64; x64) AppleWebKit/537.36 (KHTML, like Gecko) Chrome/149.0.0.0 Safari/537.36"
144.178.132.15 - - [29/Jun/2026:11:02:01 +0200] "GET /wp-content/themes/thefox/css/rgs.css HTTP/1.1" 200 4465 "https://clinicadentalargarate.com/" "Mozilla/5.0 (Windows NT 10.0; Win64; x64) AppleWebKit/537.36 (KHTML, like Gecko) Chrome/149.0.0.0 Safari/537.36"
144.178.132.15 - - [29/Jun/2026:11:02:01 +0200] "GET /wp-content/themes/thefox/css/animations.css HTTP/1.1" 200 5656 "https://clinicadentalargarate.com/" "Mozilla/5.0 (Windows NT 10.0; Win64; x64) AppleWebKit/537.36 (KHTML, like Gecko) Chrome/149.0.0.0 Safari/537.36"
144.178.132.15 - - [29/Jun/2026:11:02:01 +0200] "GET /wp-content/themes/thefox/includes/Flexslider/flexslider.css HTTP/1.1" 200 2048 "https://clinicadentalargarate.com/" "Mozilla/5.0 (Windows NT 10.0; Win64; x64) AppleWebKit/537.36 (KHTML, like Gecko) Chrome/149.0.0.0 Safari/537.36"
144.178.132.15 - - [29/Jun/2026:11:02:01 +0200] "GET /wp-content/themes/thefox/css/font-awesome.css HTTP/1.1" 200 5774 "https://clinicadentalargarate.com/" "Mozilla/5.0 (Windows NT 10.0; Win64; x64) AppleWebKit/537.36 (KHTML, like Gecko) Chrome/149.0.0.0 Safari/537.36"
144.178.132.15 - - [29/Jun/2026:11:02:01 +0200] "GET /wp-content/themes/thefox/css/moon.css HTTP/1.1" 200 13748 "https://clinicadentalargarate.com/" "Mozilla/5.0 (Windows NT 10.0; Win64; x64) AppleWebKit/537.36 (KHTML, like Gecko) Chrome/149.0.0.0 Safari/537.36"
144.178.132.15 - - [29/Jun/2026:11:02:01 +0200] "GET /wp-content/themes/thefox/css/elegant.css HTTP/1.1" 200 5038 "https://clinicadentalargarate.com/" "Mozilla/5.0 (Windows NT 10.0; Win64; x64) AppleWebKit/537.36 (KHTML, like Gecko) Chrome/149.0.0.0 Safari/537.36"
144.178.132.15 - - [29/Jun/2026:11:02:01 +0200] "GET /wp-content/themes/thefox/includes/prettyPhoto/css/prettyPhoto.css HTTP/1.1" 200 3778 "https://clinicadentalargarate.com/" "Mozilla/5.0 (Windows NT 10.0; Win64; x64) AppleWebKit/537.36 (KHTML, like Gecko) Chrome/149.0.0.0 Safari/537.36"
144.178.132.15 - - [29/Jun/2026:11:02:01 +0200] "GET /wp-content/themes/thefox/css/thefox_js_composer.css HTTP/1.1" 200 19521 "https://clinicadentalargarate.com/" "Mozilla/5.0 (Windows NT 10.0; Win64; x64) AppleWebKit/537.36 (KHTML, like Gecko) Chrome/149.0.0.0 Safari/537.36"
144.178.132.15 - - [29/Jun/2026:11:02:01 +0200] "GET /wp-content/themes/thefox/includes/zilla-likes/styles/zilla-likes.css HTTP/1.1" 200 526 "https://clinicadentalargarate.com/" "Mozilla/5.0 (Windows NT 10.0; Win64; x64) AppleWebKit/537.36 (KHTML, like Gecko) Chrome/149.0.0.0 Safari/537.36"
144.178.132.15 - - [29/Jun/2026:11:02:01 +0200] "GET /wp-includes/js/jquery/jquery-migrate.min.js HTTP/1.1" 200 5238 "https://clinicadentalargarate.com/" "Mozilla/5.0 (Windows NT 10.0; Win64; x64) AppleWebKit/537.36 (KHTML, like Gecko) Chrome/149.0.0.0 Safari/537.36"
144.178.132.15 - - [29/Jun/2026:11:02:01 +0200] "GET /wp-includes/js/jquery/jquery.min.js HTTP/1.1" 200 30846 "https://clinicadentalargarate.com/" "Mozilla/5.0 (Windows NT 10.0; Win64; x64) AppleWebKit/537.36 (KHTML, like Gecko) Chrome/149.0.0.0 Safari/537.36"
144.178.132.15 - - [29/Jun/2026:11:02:01 +0200] "GET /wp-content/plugins/revslider/public/assets/js/jquery.themepunch.tools.min.js HTTP/1.1" 200 38810 "https://clinicadentalargarate.com/" "Mozilla/5.0 (Windows NT 10.0; Win64; x64) AppleWebKit/537.36 (KHTML, like Gecko) Chrome/149.0.0.0 Safari/537.36"
144.178.132.15 - - [29/Jun/2026:11:02:01 +0200] "GET /wp-content/plugins/revslider/public/assets/js/jquery.themepunch.revolution.min.js HTTP/1.1" 200 18432 "https://clinicadentalargarate.com/" "Mozilla/5.0 (Windows NT 10.0; Win64; x64) AppleWebKit/537.36 (KHTML, like Gecko) Chrome/149.0.0.0 Safari/537.36"
144.178.132.15 - - [29/Jun/2026:11:02:01 +0200] "GET /wp-content/uploads/2017/12/logo-clinica-dental-argarate.jpg HTTP/1.1" 200 5887 "https://clinicadentalargarate.com/" "Mozilla/5.0 (Windows NT 10.0; Win64; x64) AppleWebKit/537.36 (KHTML, like Gecko) Chrome/149.0.0.0 Safari/537.36"
144.178.132.15 - - [29/Jun/2026:11:02:01 +0200] "GET /wp-content/uploads/telephone.svg HTTP/1.1" 200 1735 "https://clinicadentalargarate.com/" "Mozilla/5.0 (Windows NT 10.0; Win64; x64) AppleWebKit/537.36 (KHTML, like Gecko) Chrome/149.0.0.0 Safari/537.36"
144.178.132.15 - - [29/Jun/2026:11:02:01 +0200] "GET /wp-content/themes/thefox/js/scrollmagic.js HTTP/1.1" 200 46717 "https://clinicadentalargarate.com/" "Mozilla/5.0 (Windows NT 10.0; Win64; x64) AppleWebKit/537.36 (KHTML, like Gecko) Chrome/149.0.0.0 Safari/537.36"
144.178.132.15 - - [29/Jun/2026:11:02:01 +0200] "GET /wp-content/themes/thefox/js/customjs.js HTTP/1.1" 200 66171 "https://clinicadentalargarate.com/" "Mozilla/5.0 (Windows NT 10.0; Win64; x64) AppleWebKit/537.36 (KHTML, like Gecko) Chrome/149.0.0.0 Safari/537.36"
144.178.132.15 - - [29/Jun/2026:11:02:01 +0200] "GET /wp-content/themes/thefox/js/custom_woo_js.js HTTP/1.1" 200 1053 "https://clinicadentalargarate.com/" "Mozilla/5.0 (Windows NT 10.0; Win64; x64) AppleWebKit/537.36 (KHTML, like Gecko) Chrome/149.0.0.0 Safari/537.36"
144.178.132.15 - - [29/Jun/2026:11:02:01 +0200] "GET /wp-content/plugins/contact-form-7/includes/js/scripts.js HTTP/1.1" 200 4359 "https://clinicadentalargarate.com/" "Mozilla/5.0 (Windows NT 10.0; Win64; x64) AppleWebKit/537.36 (KHTML, like Gecko) Chrome/149.0.0.0 Safari/537.36"
144.178.132.15 - - [29/Jun/2026:11:02:01 +0200] "GET /wp-content/themes/thefox/js/jquery.isotope.min.js HTTP/1.1" 200 13325 "https://clinicadentalargarate.com/" "Mozilla/5.0 (Windows NT 10.0; Win64; x64) AppleWebKit/537.36 (KHTML, like Gecko) Chrome/149.0.0.0 Safari/537.36"
144.178.132.15 - - [29/Jun/2026:11:02:01 +0200] "GET /wp-content/plugins/js_composer/assets/js/dist/js_composer_front.min.js HTTP/1.1" 200 6078 "https://clinicadentalargarate.com/" "Mozilla/5.0 (Windows NT 10.0; Win64; x64) AppleWebKit/537.36 (KHTML, like Gecko) Chrome/149.0.0.0 Safari/537.36"
144.178.132.15 - - [29/Jun/2026:11:02:01 +0200] "GET /wp-content/themes/thefox/includes/font/fontawesome-webfont.woff?v=4.1.0 HTTP/1.1" 200 98598 "https://clinicadentalargarate.com/wp-content/themes/thefox/css/font-awesome.css" "Mozilla/5.0 (Windows NT 10.0; Win64; x64) AppleWebKit/537.36 (KHTML, like Gecko) Chrome/149.0.0.0 Safari/537.36"
144.178.132.15 - - [29/Jun/2026:11:02:01 +0200] "GET /wp-content/themes/thefox/js/refresh_bp.js HTTP/1.1" 200 569 "https://clinicadentalargarate.com/" "Mozilla/5.0 (Windows NT 10.0; Win64; x64) AppleWebKit/537.36 (KHTML, like Gecko) Chrome/149.0.0.0 Safari/537.36"
144.178.132.15 - - [29/Jun/2026:11:02:01 +0200] "GET /wp-content/themes/thefox/js/sorting_bp.js HTTP/1.1" 200 611 "https://clinicadentalargarate.com/" "Mozilla/5.0 (Windows NT 10.0; Win64; x64) AppleWebKit/537.36 (KHTML, like Gecko) Chrome/149.0.0.0 Safari/537.36"
144.178.132.15 - - [29/Jun/2026:11:02:01 +0200] "GET /wp-content/uploads/2017/12/argarate-logo-footer.png HTTP/1.1" 200 10182 "https://clinicadentalargarate.com/" "Mozilla/5.0 (Windows NT 10.0; Win64; x64) AppleWebKit/537.36 (KHTML, like Gecko) Chrome/149.0.0.0 Safari/537.36"
144.178.132.15 - - [29/Jun/2026:11:02:01 +0200] "GET /wp-content/uploads/2017/12/fondo-lineas.jpg?id=37 HTTP/1.1" 200 653 "https://clinicadentalargarate.com/" "Mozilla/5.0 (Windows NT 10.0; Win64; x64) AppleWebKit/537.36 (KHTML, like Gecko) Chrome/149.0.0.0 Safari/537.36"
144.178.132.15 - - [29/Jun/2026:11:02:01 +0200] "GET /wp-content/uploads/2017/12/jon-argarate.jpg HTTP/1.1" 200 12835 "https://clinicadentalargarate.com/" "Mozilla/5.0 (Windows NT 10.0; Win64; x64) AppleWebKit/537.36 (KHTML, like Gecko) Chrome/149.0.0.0 Safari/537.36"
144.178.132.15 - - [29/Jun/2026:11:02:01 +0200] "GET /wp-content/uploads/2017/12/ortodoncia.jpg HTTP/1.1" 200 7827 "https://clinicadentalargarate.com/" "Mozilla/5.0 (Windows NT 10.0; Win64; x64) AppleWebKit/537.36 (KHTML, like Gecko) Chrome/149.0.0.0 Safari/537.36"
144.178.132.15 - - [29/Jun/2026:11:02:01 +0200] "GET /wp-content/uploads/2017/12/implantes-dentales-img.jpg HTTP/1.1" 200 4962 "https://clinicadentalargarate.com/" "Mozilla/5.0 (Windows NT 10.0; Win64; x64) AppleWebKit/537.36 (KHTML, like Gecko) Chrome/149.0.0.0 Safari/537.36"
144.178.132.15 - - [29/Jun/2026:11:02:01 +0200] "GET /wp-content/uploads/2017/12/odontologia.jpg HTTP/1.1" 200 8322 "https://clinicadentalargarate.com/" "Mozilla/5.0 (Windows NT 10.0; Win64; x64) AppleWebKit/537.36 (KHTML, like Gecko) Chrome/149.0.0.0 Safari/537.36"
144.178.132.15 - - [29/Jun/2026:11:02:01 +0200] "GET /wp-includes/js/wp-emoji-release.min.js HTTP/1.1" 200 5428 "https://clinicadentalargarate.com/" "Mozilla/5.0 (Windows NT 10.0; Win64; x64) AppleWebKit/537.36 (KHTML, like Gecko) Chrome/149.0.0.0 Safari/537.36"
144.178.132.15 - - [29/Jun/2026:11:02:01 +0200] "GET /wp-content/plugins/revslider/public/assets/js/extensions/revolution.extension.actions.min.js?version=5.4.6.4 HTTP/1.1" 200 2933 "https://clinicadentalargarate.com/" "Mozilla/5.0 (Windows NT 10.0; Win64; x64) AppleWebKit/537.36 (KHTML, like Gecko) Chrome/149.0.0.0 Safari/537.36"
144.178.132.15 - - [29/Jun/2026:11:02:01 +0200] "GET /wp-content/plugins/revslider/public/assets/js/extensions/revolution.extension.layeranimation.min.js?version=5.4.6.4 HTTP/1.1" 200 14760 "https://clinicadentalargarate.com/" "Mozilla/5.0 (Windows NT 10.0; Win64; x64) AppleWebKit/537.36 (KHTML, like Gecko) Chrome/149.0.0.0 Safari/537.36"
144.178.132.15 - - [29/Jun/2026:11:02:01 +0200] "GET /wp-content/plugins/revslider/public/assets/js/extensions/revolution.extension.slideanims.min.js?version=5.4.6.4 HTTP/1.1" 200 7384 "https://clinicadentalargarate.com/" "Mozilla/5.0 (Windows NT 10.0; Win64; x64) AppleWebKit/537.36 (KHTML, like Gecko) Chrome/149.0.0.0 Safari/537.36"
144.178.132.15 - - [29/Jun/2026:11:02:01 +0200] "GET /wp-content/plugins/revslider/public/assets/js/extensions/revolution.extension.navigation.min.js?version=5.4.6.4 HTTP/1.1" 200 7403 "https://clinicadentalargarate.com/" "Mozilla/5.0 (Windows NT 10.0; Win64; x64) AppleWebKit/537.36 (KHTML, like Gecko) Chrome/149.0.0.0 Safari/537.36"
144.178.132.15 - - [29/Jun/2026:11:02:01 +0200] "GET /wp-content/uploads/2017/12/clinica-dental.jpg HTTP/1.1" 200 50467 "https://clinicadentalargarate.com/" "Mozilla/5.0 (Windows NT 10.0; Win64; x64) AppleWebKit/537.36 (KHTML, like Gecko) Chrome/149.0.0.0 Safari/537.36"
144.178.132.15 - - [29/Jun/2026:11:02:01 +0200] "GET /wp-content/uploads/2017/12/implantes.jpg HTTP/1.1" 200 51960 "https://clinicadentalargarate.com/" "Mozilla/5.0 (Windows NT 10.0; Win64; x64) AppleWebKit/537.36 (KHTML, like Gecko) Chrome/149.0.0.0 Safari/537.36"
144.178.132.15 - - [29/Jun/2026:11:02:01 +0200] "GET /wp-content/uploads/2017/12/ninos.jpg HTTP/1.1" 200 30601 "https://clinicadentalargarate.com/" "Mozilla/5.0 (Windows NT 10.0; Win64; x64) AppleWebKit/537.36 (KHTML, like Gecko) Chrome/149.0.0.0 Safari/537.36"
144.178.132.15 - - [29/Jun/2026:11:02:01 +0200] "GET /wp-content/uploads/2018/01/implantes-baratos-donostia.jpg HTTP/1.1" 200 60643 "https://clinicadentalargarate.com/" "Mozilla/5.0 (Windows NT 10.0; Win64; x64) AppleWebKit/537.36 (KHTML, like Gecko) Chrome/149.0.0.0 Safari/537.36"
144.178.132.15 - - [29/Jun/2026:11:02:01 +0200] "GET /wp-content/plugins/revslider/public/assets/assets/coloredbg.png HTTP/1.1" 200 489 "https://clinicadentalargarate.com/wp-content/plugins/revslider/public/assets/css/settings.css" "Mozilla/5.0 (Windows NT 10.0; Win64; x64) AppleWebKit/537.36 (KHTML, like Gecko) Chrome/149.0.0.0 Safari/537.36"
144.178.132.15 - - [29/Jun/2026:11:02:01 +0200] "GET /wp-content/uploads/2017/12/clinica-dental-100x50.jpg HTTP/1.1" 200 2084 "https://clinicadentalargarate.com/" "Mozilla/5.0 (Windows NT 10.0; Win64; x64) AppleWebKit/537.36 (KHTML, like Gecko) Chrome/149.0.0.0 Safari/537.36"
144.178.132.15 - - [29/Jun/2026:11:02:01 +0200] "GET /wp-content/uploads/2017/12/implantes-100x50.jpg HTTP/1.1" 200 2193 "https://clinicadentalargarate.com/" "Mozilla/5.0 (Windows NT 10.0; Win64; x64) AppleWebKit/537.36 (KHTML, like Gecko) Chrome/149.0.0.0 Safari/537.36"
144.178.132.15 - - [29/Jun/2026:11:02:01 +0200] "GET /wp-content/uploads/2017/12/ninos-100x50.jpg HTTP/1.1" 200 1839 "https://clinicadentalargarate.com/" "Mozilla/5.0 (Windows NT 10.0; Win64; x64) AppleWebKit/537.36 (KHTML, like Gecko) Chrome/149.0.0.0 Safari/537.36"
144.178.132.15 - - [29/Jun/2026:11:02:02 +0200] "GET /wp-content/uploads/2017/12/favicon.png HTTP/1.1" 200 3574 "https://clinicadentalargarate.com/" "Mozilla/5.0 (Windows NT 10.0; Win64; x64) AppleWebKit/537.36 (KHTML, like Gecko) Chrome/149.0.0.0 Safari/537.36"
87.98.225.137 - - [29/Jun/2026:11:09:09 +0200] "POST /wp-cron.php?doing_wp_cron=1782724149.4666230678558349609375 HTTP/1.1" 200 3658 "-" "WordPress/6.7.2; https://clinicadentalargarate.com"
198.244.168.94 - - [29/Jun/2026:11:09:09 +0200] "GET /?sitemap723.xml HTTP/1.1" 301 3660 "-" "Mozilla/5.0 (compatible; AhrefsBot/7.0; +http://ahrefs.com/robot/)"
198.244.168.94 - - [29/Jun/2026:11:09:09 +0200] "GET /?sitemap723_xml HTTP/1.1" 200 36367 "-" "Mozilla/5.0 (compatible; AhrefsBot/7.0; +http://ahrefs.com/robot/)"
87.98.225.137 - - [29/Jun/2026:11:12:45 +0200] "POST /wp-cron.php?doing_wp_cron=1782724365.8882319927215576171875 HTTP/1.1" 200 3658 "-" "WordPress/6.7.2; https://clinicadentalargarate.com"
45.132.227.85 - - [29/Jun/2026:11:12:45 +0200] "GET /wp-login.php HTTP/1.1" 200 6557 "-" "Mozilla/5.0 (Windows NT 10.0; Win64; rv:143.0) Gecko/20100101 Firefox/143.0"
87.98.225.137 - - [29/Jun/2026:11:12:46 +0200] "POST /wp-cron.php?doing_wp_cron=1782724366.3773570060729980468750 HTTP/1.1" 200 3658 "-" "WordPress/6.7.2; https://clinicadentalargarate.com"
45.132.227.85 - - [29/Jun/2026:11:12:46 +0200] "GET /?author=1 HTTP/1.1" 301 282 "-" "Mozilla/5.0 (Windows NT 10.0; Win64; rv:143.0) Gecko/20100101 Firefox/143.0"
87.98.225.137 - - [29/Jun/2026:11:12:46 +0200] "POST /wp-cron.php?doing_wp_cron=1782724366.7630090713500976562500 HTTP/1.1" 200 3658 "-" "WordPress/6.7.2; https://clinicadentalargarate.com"
45.132.227.85 - - [29/Jun/2026:11:12:46 +0200] "GET /?rest_route=/wp/v2/users HTTP/1.1" 200 2529 "-" "Mozilla/5.0 (Windows NT 10.0; Win64; rv:143.0) Gecko/20100101 Firefox/143.0"
87.98.225.137 - - [29/Jun/2026:11:12:47 +0200] "POST /wp-cron.php?doing_wp_cron=1782724367.2298140525817871093750 HTTP/1.1" 200 3658 "-" "WordPress/6.7.2; https://clinicadentalargarate.com"
45.132.227.85 - - [29/Jun/2026:11:12:47 +0200] "GET /?author=2 HTTP/1.1" 301 281 "-" "Mozilla/5.0 (Macintosh; Intel Mac OS X 10_15_7) AppleWebKit/605.1.15 Version/17.0 Safari/605.1.15"
87.98.225.137 - - [29/Jun/2026:11:12:47 +0200] "POST /wp-cron.php?doing_wp_cron=1782724367.6477169990539550781250 HTTP/1.1" 200 3658 "-" "WordPress/6.7.2; https://clinicadentalargarate.com"
45.132.227.85 - - [29/Jun/2026:11:12:47 +0200] "GET /?rest_route=/wp/v2/users HTTP/1.1" 200 2529 "-" "Mozilla/5.0 (Windows NT 10.0; Win64; rv:143.0) Gecko/20100101 Firefox/143.0"
87.98.225.137 - - [29/Jun/2026:11:12:48 +0200] "POST /wp-cron.php?doing_wp_cron=1782724368.0567688941955566406250 HTTP/1.1" 200 3658 "-" "WordPress/6.7.2; https://clinicadentalargarate.com"
45.132.227.85 - - [29/Jun/2026:11:12:47 +0200] "GET /?author=3 HTTP/1.1" 301 281 "-" "Mozilla/5.0 (Macintosh; Intel Mac OS X 10_15_7) AppleWebKit/605.1.15 Version/17.0 Safari/605.1.15"
87.98.225.137 - - [29/Jun/2026:11:12:48 +0200] "POST /wp-cron.php?doing_wp_cron=1782724368.5176920890808105468750 HTTP/1.1" 200 3658 "-" "WordPress/6.7.2; https://clinicadentalargarate.com"
45.132.227.85 - - [29/Jun/2026:11:12:48 +0200] "GET /?rest_route=/wp/v2/users HTTP/1.1" 200 2529 "-" "Mozilla/5.0 (Windows NT 10.0; Win64; rv:143.0) Gecko/20100101 Firefox/143.0"
87.98.225.137 - - [29/Jun/2026:11:12:48 +0200] "POST /wp-cron.php?doing_wp_cron=1782724368.9197978973388671875000 HTTP/1.1" 200 3658 "-" "WordPress/6.7.2; https://clinicadentalargarate.com"
45.132.227.85 - - [29/Jun/2026:11:12:48 +0200] "GET /?author=4 HTTP/1.1" 200 21152 "-" "Mozilla/5.0 (Macintosh; Intel Mac OS X 10_15_7) AppleWebKit/605.1.15 Version/17.0 Safari/605.1.15"
87.98.225.137 - - [29/Jun/2026:11:12:49 +0200] "POST /wp-cron.php?doing_wp_cron=1782724369.7438619136810302734375 HTTP/1.1" 200 3658 "-" "WordPress/6.7.2; https://clinicadentalargarate.com"
45.132.227.85 - - [29/Jun/2026:11:12:49 +0200] "GET /?rest_route=/wp/v2/users HTTP/1.1" 200 2529 "-" "Mozilla/5.0 (Macintosh; Intel Mac OS X 10_15_7) AppleWebKit/605.1.15 Version/17.0 Safari/605.1.15"
87.98.225.137 - - [29/Jun/2026:11:12:50 +0200] "POST /wp-cron.php?doing_wp_cron=1782724370.1495790481567382812500 HTTP/1.1" 200 3658 "-" "WordPress/6.7.2; https://clinicadentalargarate.com"
45.132.227.85 - - [29/Jun/2026:11:12:50 +0200] "GET /?author=5 HTTP/1.1" 200 21142 "-" "Mozilla/5.0 (Macintosh; Intel Mac OS X 10_15_7) AppleWebKit/605.1.15 Version/17.0 Safari/605.1.15"
87.98.225.137 - - [29/Jun/2026:11:12:50 +0200] "POST /wp-cron.php?doing_wp_cron=1782724370.8698649406433105468750 HTTP/1.1" 200 3658 "-" "WordPress/6.7.2; https://clinicadentalargarate.com"
45.132.227.85 - - [29/Jun/2026:11:12:50 +0200] "GET /?rest_route=/wp/v2/users HTTP/1.1" 200 2529 "-" "Mozilla/5.0 (Windows NT 10.0; Win64; rv:143.0) Gecko/20100101 Firefox/143.0"
87.98.225.137 - - [29/Jun/2026:11:12:51 +0200] "POST /wp-cron.php?doing_wp_cron=1782724371.2878520488739013671875 HTTP/1.1" 200 3658 "-" "WordPress/6.7.2; https://clinicadentalargarate.com"
45.132.227.85 - - [29/Jun/2026:11:12:51 +0200] "GET /?author=6 HTTP/1.1" 404 102425 "-" "Mozilla/5.0 (Windows NT 10.0; Win64; x64) AppleWebKit/537.36 Chrome/129.0.0.0 Safari/537.36"
87.98.225.137 - - [29/Jun/2026:11:12:52 +0200] "POST /wp-cron.php?doing_wp_cron=1782724372.9863579273223876953125 HTTP/1.1" 200 3658 "-" "WordPress/6.7.2; https://clinicadentalargarate.com"
136.144.42.93 - - [29/Jun/2026:11:12:52 +0200] "GET /?rest_route=/wp/v2/users HTTP/1.1" 200 2704 "-" "Mozilla/5.0 (Macintosh; Intel Mac OS X 10_15_7) AppleWebKit/605.1.15 Version/17.0 Safari/605.1.15"
87.98.225.137 - - [29/Jun/2026:11:16:35 +0200] "POST /wp-cron.php?doing_wp_cron=1782724595.6112909317016601562500 HTTP/1.1" 200 3658 "-" "WordPress/6.7.2; https://clinicadentalargarate.com"
185.139.40.253 - - [29/Jun/2026:11:16:35 +0200] "GET /wp-login.php HTTP/1.1" 200 6743 "-" "Mozilla/5.0 (Windows NT 10.0; Win64; x64) AppleWebKit/537.36 (KHTML, like Gecko) Chrome/120.0.0.0 Safari/537.36"
