HEX
Server: Apache/2.4.61 (Ubuntu)
System: Linux hosting106 7.0.12-1-pve #1 SMP PREEMPT_DYNAMIC PMX 7.0.12-1 (2026-06-09T21:07Z) x86_64
User: clinicadentalargarate.com (1193)
PHP: 7.4.33
Disabled: pcntl_alarm,pcntl_fork,pcntl_waitpid,pcntl_wait,pcntl_wifexited,pcntl_wifstopped,pcntl_wifsignaled,pcntl_wifcontinued,pcntl_wexitstatus,pcntl_wtermsig,pcntl_wstopsig,pcntl_signal,pcntl_signal_get_handler,pcntl_signal_dispatch,pcntl_get_last_error,pcntl_strerror,pcntl_sigprocmask,pcntl_sigwaitinfo,pcntl_sigtimedwait,pcntl_exec,pcntl_getpriority,pcntl_setpriority,pcntl_async_signals,pcntl_unshare,
Upload Files
File: //home/clinicadentalargarate.com/logs/access_log
87.98.225.137 - - [28/Jun/2026:00:00:53 +0200] "POST /wp-cron.php?doing_wp_cron=1782597653.7806930541992187500000 HTTP/1.1" 200 3658 "-" "WordPress/6.7.2; https://clinicadentalargarate.com"
188.68.47.21 - - [28/Jun/2026:00:00:53 +0200] "GET /wp-login.php HTTP/1.1" 200 6744 "-" "Mozilla/5.0 (Windows NT 10.0) AppleWebKit/537.36 (KHTML, like Gecko) Chrome/133.0.0.0 Safari/537.36"
188.68.47.21 - - [28/Jun/2026:00:00:53 +0200] "POST /wp-login.php HTTP/1.1" 200 3501 "https://clinicadentalargarate.com/wp-login.php" "Mozilla/5.0 (Windows NT 10.0) AppleWebKit/537.36 (KHTML, like Gecko) Chrome/133.0.0.0 Safari/537.36"
87.98.225.137 - - [28/Jun/2026:00:02:30 +0200] "POST /wp-cron.php?doing_wp_cron=1782597749.5192010402679443359375 HTTP/1.1" 200 3658 "-" "WordPress/6.7.2; https://clinicadentalargarate.com"
216.73.217.169 - - [28/Jun/2026:00:02:29 +0200] "GET /pages.php HTTP/1.1" 404 105569 "-" "Mozilla/5.0 AppleWebKit/537.36 (KHTML, like Gecko; compatible; ClaudeBot/1.0; +claudebot@anthropic.com)"
87.98.225.137 - - [28/Jun/2026:00:03:15 +0200] "POST /wp-cron.php?doing_wp_cron=1782597795.1656138896942138671875 HTTP/1.1" 200 3658 "-" "WordPress/6.7.2; https://clinicadentalargarate.com"
167.99.197.34 - - [28/Jun/2026:00:03:15 +0200] "GET /wp-login.php HTTP/1.1" 200 6744 "-" "Mozilla/5.0 (X11; Linux x86_64; rv:133.0) Gecko/20100101 Firefox/133.0"
167.99.197.34 - - [28/Jun/2026:00:03:15 +0200] "POST /wp-login.php HTTP/1.1" 200 3528 "https://clinicadentalargarate.com/wp-login.php" "Mozilla/5.0 (X11; Linux x86_64; rv:133.0) Gecko/20100101 Firefox/133.0"
87.98.225.137 - - [28/Jun/2026:00:03:44 +0200] "POST /wp-cron.php?doing_wp_cron=1782597824.6582090854644775390625 HTTP/1.1" 200 3658 "-" "WordPress/6.7.2; https://clinicadentalargarate.com"
138.199.231.100 - - [28/Jun/2026:00:03:44 +0200] "GET /wp-login.php HTTP/1.1" 200 6744 "-" "Mozilla/5.0 (Windows NT 10.0; Win64; x64) AppleWebKit/537.36 (KHTML, like Gecko) Chrome/133.0.0.0 Safari/537.36"
87.98.225.137 - - [28/Jun/2026:00:03:45 +0200] "POST /wp-cron.php?doing_wp_cron=1782597825.3069789409637451171875 HTTP/1.1" 200 3658 "-" "WordPress/6.7.2; https://clinicadentalargarate.com"
138.199.231.100 - - [28/Jun/2026:00:03:45 +0200] "POST /wp-login.php HTTP/1.1" 200 3503 "https://clinicadentalargarate.com/wp-login.php" "Mozilla/5.0 (Windows NT 10.0; Win64; x64) AppleWebKit/537.36 (KHTML, like Gecko) Chrome/133.0.0.0 Safari/537.36"
87.98.225.137 - - [28/Jun/2026:00:04:20 +0200] "POST /wp-cron.php?doing_wp_cron=1782597860.3296830654144287109375 HTTP/1.1" 200 3658 "-" "WordPress/6.7.2; https://clinicadentalargarate.com"
107.175.94.125 - - [28/Jun/2026:00:04:20 +0200] "GET /wp-login.php HTTP/1.1" 200 6744 "-" "Mozilla/5.0 (Windows NT 10.0; Win64; x64) AppleWebKit/537.36 (KHTML, like Gecko) Chrome/120.0.0.0 Safari/537.36"
87.98.225.137 - - [28/Jun/2026:00:04:20 +0200] "POST /wp-cron.php?doing_wp_cron=1782597860.9500529766082763671875 HTTP/1.1" 200 3658 "-" "WordPress/6.7.2; https://clinicadentalargarate.com"
107.175.94.125 - - [28/Jun/2026:00:04:20 +0200] "POST /wp-login.php HTTP/1.1" 200 3500 "https://clinicadentalargarate.com/wp-login.php" "Mozilla/5.0 (Windows NT 10.0; Win64; x64) AppleWebKit/537.36 (KHTML, like Gecko) Chrome/120.0.0.0 Safari/537.36"
87.98.225.137 - - [28/Jun/2026:00:04:25 +0200] "POST /wp-cron.php?doing_wp_cron=1782597865.6067159175872802734375 HTTP/1.1" 200 3658 "-" "WordPress/6.7.2; https://clinicadentalargarate.com"
66.249.66.42 - - [28/Jun/2026:00:04:25 +0200] "GET /?ref HTTP/1.1" 200 36375 "-" "Mozilla/5.0 (Linux; Android 6.0.1; Nexus 5X Build/MMB29P) AppleWebKit/537.36 (KHTML, like Gecko) Chrome/148.0.7778.96 Mobile Safari/537.36 (compatible; Googlebot/2.1; +http://www.google.com/bot.html)"
66.249.66.40 - - [28/Jun/2026:00:04:29 +0200] "GET /wp-content/themes/thefox/css/rgs.css HTTP/1.1" 200 4450 "https://clinicadentalargarate.com/?ref" "Mozilla/5.0 (Linux; Android 6.0.1; Nexus 5X Build/MMB29P) AppleWebKit/537.36 (KHTML, like Gecko) Chrome/148.0.7778.96 Mobile Safari/537.36 (compatible; Googlebot/2.1; +http://www.google.com/bot.html)"
66.249.76.41 - - [28/Jun/2026:00:04:30 +0200] "GET /wp-content/plugins/revslider/public/assets/js/extensions/revolution.extension.actions.min.js?version=5.4.6.4 HTTP/1.1" 200 6280 "https://clinicadentalargarate.com/?ref" "Mozilla/5.0 (Linux; Android 6.0.1; Nexus 5X Build/MMB29P) AppleWebKit/537.36 (KHTML, like Gecko) Chrome/148.0.7778.96 Mobile Safari/537.36 (compatible; Googlebot/2.1; +http://www.google.com/bot.html)"
87.98.225.137 - - [28/Jun/2026:00:05:02 +0200] "POST /wp-cron.php?doing_wp_cron=1782597902.3039090633392333984375 HTTP/1.1" 200 3658 "-" "WordPress/6.7.2; https://clinicadentalargarate.com"
43.132.214.228 - - [28/Jun/2026:00:05:02 +0200] "GET /wp-json/oembed/1.0/embed?url=https%3A%2F%2Fclinicadentalargarate.com%2F HTTP/1.1" 200 6122 "-" "Mozilla/5.0 (iPhone; CPU iPhone OS 13_2_3 like Mac OS X) AppleWebKit/605.1.15 (KHTML, like Gecko) Version/13.0.3 Mobile/15E148 Safari/604.1"
87.98.225.137 - - [28/Jun/2026:00:10:40 +0200] "POST /wp-cron.php?doing_wp_cron=1782598240.0884430408477783203125 HTTP/1.1" 200 3658 "-" "WordPress/6.7.2; https://clinicadentalargarate.com"
78.142.18.172 - - [28/Jun/2026:00:10:39 +0200] "GET /wp-login.php HTTP/1.1" 200 6744 "-" "Mozilla/5.0 (X11; Linux x86_64) AppleWebKit/537.36 (KHTML, like Gecko) Chrome/133.0.0.0 Safari/537.36 Edg/133.0.0.0"
78.142.18.172 - - [28/Jun/2026:00:10:40 +0200] "POST /wp-login.php HTTP/1.1" 200 3501 "https://clinicadentalargarate.com/wp-login.php" "Mozilla/5.0 (X11; Linux x86_64) AppleWebKit/537.36 (KHTML, like Gecko) Chrome/133.0.0.0 Safari/537.36 Edg/133.0.0.0"
87.98.225.137 - - [28/Jun/2026:00:11:28 +0200] "POST /wp-cron.php?doing_wp_cron=1782598288.0899739265441894531250 HTTP/1.1" 200 3658 "-" "WordPress/6.7.2; https://clinicadentalargarate.com"
185.176.8.77 - - [28/Jun/2026:00:11:27 +0200] "GET /wp-login.php HTTP/1.1" 200 6744 "-" "Mozilla/5.0 (X11; Linux i686) AppleWebKit/537.36 (KHTML, like Gecko) Chrome/133.0.0.0 Safari/537.36"
87.98.225.137 - - [28/Jun/2026:00:11:28 +0200] "POST /wp-cron.php?doing_wp_cron=1782598288.3357310295104980468750 HTTP/1.1" 200 3658 "-" "WordPress/6.7.2; https://clinicadentalargarate.com"
185.176.8.77 - - [28/Jun/2026:00:11:28 +0200] "POST /wp-login.php HTTP/1.1" 200 3502 "https://clinicadentalargarate.com/wp-login.php" "Mozilla/5.0 (X11; Linux i686) AppleWebKit/537.36 (KHTML, like Gecko) Chrome/133.0.0.0 Safari/537.36"
134.209.67.198 - - [28/Jun/2026:00:12:33 +0200] "GET /wp-content/uploads/2018/01/implantes-baratos-donostia.jpg HTTP/1.1" 200 63953 "https://clinicadentalargarate.com/" "Mozilla/5.0 (Windows NT 10.0; Win64; x64) AppleWebKit/537.36 (KHTML, like Gecko) Chrome/133.0.0.0 Safari/537.36"
87.98.225.137 - - [28/Jun/2026:00:13:46 +0200] "POST /wp-cron.php?doing_wp_cron=1782598426.5221729278564453125000 HTTP/1.1" 200 3658 "-" "WordPress/6.7.2; https://clinicadentalargarate.com"
212.227.154.251 - - [28/Jun/2026:00:13:46 +0200] "GET /wp-login.php HTTP/1.1" 200 6744 "-" "Mozilla/5.0 (Macintosh; Intel Mac OS X 11_7_10) AppleWebKit/537.36 (KHTML, like Gecko) Chrome/133.0.0.0 Safari/537.36"
87.98.225.137 - - [28/Jun/2026:00:13:46 +0200] "POST /wp-cron.php?doing_wp_cron=1782598426.7648410797119140625000 HTTP/1.1" 200 3658 "-" "WordPress/6.7.2; https://clinicadentalargarate.com"
212.227.154.251 - - [28/Jun/2026:00:13:46 +0200] "POST /wp-login.php HTTP/1.1" 200 3503 "https://clinicadentalargarate.com/wp-login.php" "Mozilla/5.0 (Macintosh; Intel Mac OS X 11_7_10) AppleWebKit/537.36 (KHTML, like Gecko) Chrome/133.0.0.0 Safari/537.36"
87.98.225.137 - - [28/Jun/2026:00:14:05 +0200] "POST /wp-cron.php?doing_wp_cron=1782598445.9774329662322998046875 HTTP/1.1" 200 3658 "-" "WordPress/6.7.2; https://clinicadentalargarate.com"
43.130.16.212 - - [28/Jun/2026:00:14:05 +0200] "GET /aviso-legal/ HTTP/1.1" 200 31470 "-" "Mozilla/5.0 (iPhone; CPU iPhone OS 13_2_3 like Mac OS X) AppleWebKit/605.1.15 (KHTML, like Gecko) Version/13.0.3 Mobile/15E148 Safari/604.1"
87.98.225.137 - - [28/Jun/2026:00:14:51 +0200] "POST /wp-cron.php?doing_wp_cron=1782598491.5379450321197509765625 HTTP/1.1" 200 3658 "-" "WordPress/6.7.2; https://clinicadentalargarate.com"
155.254.17.105 - - [28/Jun/2026:00:14:51 +0200] "GET /wp-login.php HTTP/1.1" 200 6744 "-" "Mozilla/5.0 (Macintosh; Intel Mac OS X 14_7_4) AppleWebKit/537.36 (KHTML, like Gecko) Chrome/133.0.0.0 Safari/537.36"
87.98.225.137 - - [28/Jun/2026:00:14:52 +0200] "POST /wp-cron.php?doing_wp_cron=1782598492.0538411140441894531250 HTTP/1.1" 200 3658 "-" "WordPress/6.7.2; https://clinicadentalargarate.com"
155.254.17.105 - - [28/Jun/2026:00:14:51 +0200] "POST /wp-login.php HTTP/1.1" 200 3528 "https://clinicadentalargarate.com/wp-login.php" "Mozilla/5.0 (Macintosh; Intel Mac OS X 14_7_4) AppleWebKit/537.36 (KHTML, like Gecko) Chrome/133.0.0.0 Safari/537.36"
87.98.225.137 - - [28/Jun/2026:00:15:27 +0200] "POST /wp-cron.php?doing_wp_cron=1782598527.3434720039367675781250 HTTP/1.1" 200 3658 "-" "WordPress/6.7.2; https://clinicadentalargarate.com"
40.77.167.57 - - [28/Jun/2026:00:15:27 +0200] "GET /ortodoncia/como-elegir-tu-tratamiento-de-ortodoncia/ HTTP/1.1" 200 28611 "-" "Mozilla/5.0 AppleWebKit/537.36 (KHTML, like Gecko; compatible; bingbot/2.0; +http://www.bing.com/bingbot.htm) Chrome/116.0.1938.76 Safari/537.36"
87.98.225.137 - - [28/Jun/2026:00:16:02 +0200] "POST /wp-cron.php?doing_wp_cron=1782598562.2904679775238037109375 HTTP/1.1" 200 3658 "-" "WordPress/6.7.2; https://clinicadentalargarate.com"
115.78.9.138 - - [28/Jun/2026:00:16:02 +0200] "GET /wp-login.php HTTP/1.1" 200 6744 "-" "Mozilla/5.0 (Windows NT 10.0; Win64; x64) AppleWebKit/537.36 (KHTML, like Gecko) Chrome/120.0.0.0 Safari/537.36"
87.98.225.137 - - [28/Jun/2026:00:16:02 +0200] "POST /wp-cron.php?doing_wp_cron=1782598562.5888810157775878906250 HTTP/1.1" 200 3658 "-" "WordPress/6.7.2; https://clinicadentalargarate.com"
115.78.9.138 - - [28/Jun/2026:00:16:02 +0200] "POST /wp-login.php HTTP/1.1" 200 3501 "https://clinicadentalargarate.com/wp-login.php" "Mozilla/5.0 (Windows NT 10.0; Win64; x64) AppleWebKit/537.36 (KHTML, like Gecko) Chrome/120.0.0.0 Safari/537.36"
87.98.225.137 - - [28/Jun/2026:00:17:31 +0200] "POST /wp-cron.php?doing_wp_cron=1782598651.1222798824310302734375 HTTP/1.1" 200 3658 "-" "WordPress/6.7.2; https://clinicadentalargarate.com"
97.74.88.143 - - [28/Jun/2026:00:17:31 +0200] "GET /wp-login.php HTTP/1.1" 200 6744 "-" "Mozilla/5.0 (Windows NT 10.0; Win64; x64; rv:133.0) Gecko/20100101 Firefox/133.0"
87.98.225.137 - - [28/Jun/2026:00:17:31 +0200] "POST /wp-cron.php?doing_wp_cron=1782598651.8962490558624267578125 HTTP/1.1" 200 3658 "-" "WordPress/6.7.2; https://clinicadentalargarate.com"
97.74.88.143 - - [28/Jun/2026:00:17:31 +0200] "POST /wp-login.php HTTP/1.1" 200 3526 "https://clinicadentalargarate.com/wp-login.php" "Mozilla/5.0 (Windows NT 10.0; Win64; x64; rv:133.0) Gecko/20100101 Firefox/133.0"
87.98.225.137 - - [28/Jun/2026:00:22:38 +0200] "POST /wp-cron.php?doing_wp_cron=1782598958.9451410770416259765625 HTTP/1.1" 200 3658 "-" "WordPress/6.7.2; https://clinicadentalargarate.com"
148.251.47.87 - - [28/Jun/2026:00:22:38 +0200] "GET /wp-login.php HTTP/1.1" 200 6744 "-" "Mozilla/5.0 (Windows NT 10.0; Win64; x64; rv:133.0) Gecko/20100101 Firefox/133.0"
87.98.225.137 - - [28/Jun/2026:00:22:39 +0200] "POST /wp-cron.php?doing_wp_cron=1782598959.3157958984375000000000 HTTP/1.1" 200 3658 "-" "WordPress/6.7.2; https://clinicadentalargarate.com"
148.251.47.87 - - [28/Jun/2026:00:22:39 +0200] "POST /wp-login.php HTTP/1.1" 200 3502 "https://clinicadentalargarate.com/wp-login.php" "Mozilla/5.0 (Windows NT 10.0; Win64; x64; rv:133.0) Gecko/20100101 Firefox/133.0"
87.98.225.137 - - [28/Jun/2026:00:22:54 +0200] "POST /wp-cron.php?doing_wp_cron=1782598974.9272611141204833984375 HTTP/1.1" 200 3658 "-" "WordPress/6.7.2; https://clinicadentalargarate.com"
209.42.21.221 - - [28/Jun/2026:00:22:54 +0200] "GET /wp-login.php HTTP/1.1" 200 6744 "-" "Mozilla/5.0 (Windows NT 10.0; Win64; x64) AppleWebKit/537.36 (KHTML, like Gecko) Chrome/120.0.0.0 Safari/537.36"
209.42.21.221 - - [28/Jun/2026:00:22:54 +0200] "POST /wp-login.php HTTP/1.1" 200 3528 "https://clinicadentalargarate.com/wp-login.php" "Mozilla/5.0 (Windows NT 10.0; Win64; x64) AppleWebKit/537.36 (KHTML, like Gecko) Chrome/120.0.0.0 Safari/537.36"
87.98.225.137 - - [28/Jun/2026:00:22:59 +0200] "POST /wp-cron.php?doing_wp_cron=1782598979.3413019180297851562500 HTTP/1.1" 200 3658 "-" "WordPress/6.7.2; https://clinicadentalargarate.com"
95.111.235.75 - - [28/Jun/2026:00:22:59 +0200] "GET /wp-login.php HTTP/1.1" 200 6744 "-" "Mozilla/5.0 (Windows NT 10.0; WOW64) AppleWebKit/537.36 (KHTML, like Gecko) Chrome/133.0.0.0 Safari/537.36"
95.111.235.75 - - [28/Jun/2026:00:22:59 +0200] "POST /wp-login.php HTTP/1.1" 200 3501 "https://clinicadentalargarate.com/wp-login.php" "Mozilla/5.0 (Windows NT 10.0; WOW64) AppleWebKit/537.36 (KHTML, like Gecko) Chrome/133.0.0.0 Safari/537.36"
87.98.225.137 - - [28/Jun/2026:00:23:45 +0200] "POST /wp-cron.php?doing_wp_cron=1782599025.1220850944519042968750 HTTP/1.1" 200 3658 "-" "WordPress/6.7.2; https://clinicadentalargarate.com"
43.157.67.70 - - [28/Jun/2026:00:23:44 +0200] "GET /aviso-legal/ HTTP/1.1" 200 31472 "-" "Mozilla/5.0 (iPhone; CPU iPhone OS 13_2_3 like Mac OS X) AppleWebKit/605.1.15 (KHTML, like Gecko) Version/13.0.3 Mobile/15E148 Safari/604.1"
87.98.225.137 - - [28/Jun/2026:00:29:26 +0200] "POST /wp-cron.php?doing_wp_cron=1782599366.7665989398956298828125 HTTP/1.1" 200 3658 "-" "WordPress/6.7.2; https://clinicadentalargarate.com"
51.222.116.95 - - [28/Jun/2026:00:29:26 +0200] "GET /wp-login.php HTTP/1.1" 200 6744 "-" "Mozilla/5.0 (X11; Linux x86_64; rv:133.0) Gecko/20100101 Firefox/133.0"
87.98.225.137 - - [28/Jun/2026:00:29:28 +0200] "POST /wp-cron.php?doing_wp_cron=1782599368.0381689071655273437500 HTTP/1.1" 200 3658 "-" "WordPress/6.7.2; https://clinicadentalargarate.com"
51.222.116.95 - - [28/Jun/2026:00:29:27 +0200] "POST /wp-login.php HTTP/1.1" 200 3500 "https://clinicadentalargarate.com/wp-login.php" "Mozilla/5.0 (X11; Linux x86_64; rv:133.0) Gecko/20100101 Firefox/133.0"
87.98.225.137 - - [28/Jun/2026:00:29:56 +0200] "POST /wp-cron.php?doing_wp_cron=1782599396.3423080444335937500000 HTTP/1.1" 200 3658 "-" "WordPress/6.7.2; https://clinicadentalargarate.com"
213.171.208.62 - - [28/Jun/2026:00:29:56 +0200] "GET /wp-login.php HTTP/1.1" 200 6744 "-" "Mozilla/5.0 (X11; Linux x86_64; rv:133.0) Gecko/20100101 Firefox/133.0"
87.98.225.137 - - [28/Jun/2026:00:29:56 +0200] "POST /wp-cron.php?doing_wp_cron=1782599396.5763659477233886718750 HTTP/1.1" 200 3658 "-" "WordPress/6.7.2; https://clinicadentalargarate.com"
213.171.208.62 - - [28/Jun/2026:00:29:56 +0200] "POST /wp-login.php HTTP/1.1" 200 3503 "https://clinicadentalargarate.com/wp-login.php" "Mozilla/5.0 (X11; Linux x86_64; rv:133.0) Gecko/20100101 Firefox/133.0"
87.98.225.137 - - [28/Jun/2026:00:30:08 +0200] "POST /wp-cron.php?doing_wp_cron=1782599408.5963580608367919921875 HTTP/1.1" 200 3658 "-" "WordPress/6.7.2; https://clinicadentalargarate.com"
94.23.87.180 - - [28/Jun/2026:00:30:08 +0200] "GET / HTTP/1.0" 200 130290 "-" "-"
87.98.225.137 - - [28/Jun/2026:00:30:48 +0200] "POST /wp-cron.php?doing_wp_cron=1782599448.4648048877716064453125 HTTP/1.1" 200 3658 "-" "WordPress/6.7.2; https://clinicadentalargarate.com"
40.77.167.76 - - [28/Jun/2026:00:30:48 +0200] "GET /blog/opciones-sustituir-dos-mas-dientes-adyacentes/ HTTP/1.1" 500 6680 "-" "Mozilla/5.0 AppleWebKit/537.36 (KHTML, like Gecko; compatible; bingbot/2.0; +http://www.bing.com/bingbot.htm) Chrome/116.0.1938.76 Safari/537.36"
87.98.225.137 - - [28/Jun/2026:00:35:09 +0200] "POST /wp-cron.php?doing_wp_cron=1782599709.1322679519653320312500 HTTP/1.1" 200 3658 "-" "WordPress/6.7.2; https://clinicadentalargarate.com"
43.163.206.70 - - [28/Jun/2026:00:35:09 +0200] "GET /wp-json/wp/v2/pages/11 HTTP/1.1" 200 27098 "-" "Mozilla/5.0 (iPhone; CPU iPhone OS 13_2_3 like Mac OS X) AppleWebKit/605.1.15 (KHTML, like Gecko) Version/13.0.3 Mobile/15E148 Safari/604.1"
87.98.225.137 - - [28/Jun/2026:00:36:25 +0200] "POST /wp-cron.php?doing_wp_cron=1782599785.0554149150848388671875 HTTP/1.1" 200 3658 "-" "WordPress/6.7.2; https://clinicadentalargarate.com"
103.90.234.13 - - [28/Jun/2026:00:36:24 +0200] "GET /wp-login.php HTTP/1.1" 200 6744 "-" "Mozilla/5.0 (X11; Linux x86_64) AppleWebKit/537.36 (KHTML, like Gecko) Chrome/133.0.0.0 Safari/537.36"
87.98.225.137 - - [28/Jun/2026:00:36:26 +0200] "POST /wp-cron.php?doing_wp_cron=1782599786.2127668857574462890625 HTTP/1.1" 200 3658 "-" "WordPress/6.7.2; https://clinicadentalargarate.com"
173.247.255.22 - - [28/Jun/2026:00:36:26 +0200] "GET /wp-login.php HTTP/1.1" 200 6744 "-" "Mozilla/5.0 (X11; Linux x86_64) AppleWebKit/537.36 (KHTML, like Gecko) Chrome/133.0.0.0 Safari/537.36"
87.98.225.137 - - [28/Jun/2026:00:36:26 +0200] "POST /wp-cron.php?doing_wp_cron=1782599786.6416199207305908203125 HTTP/1.1" 200 3658 "-" "WordPress/6.7.2; https://clinicadentalargarate.com"
173.247.255.22 - - [28/Jun/2026:00:36:26 +0200] "POST /wp-login.php HTTP/1.1" 200 3502 "https://clinicadentalargarate.com/wp-login.php" "Mozilla/5.0 (X11; Linux x86_64) AppleWebKit/537.36 (KHTML, like Gecko) Chrome/133.0.0.0 Safari/537.36"
87.98.225.137 - - [28/Jun/2026:00:36:28 +0200] "POST /wp-cron.php?doing_wp_cron=1782599788.4564781188964843750000 HTTP/1.1" 200 3658 "-" "WordPress/6.7.2; https://clinicadentalargarate.com"
103.90.234.13 - - [28/Jun/2026:00:36:28 +0200] "POST /wp-login.php HTTP/1.1" 200 3501 "https://clinicadentalargarate.com/wp-login.php" "Mozilla/5.0 (X11; Linux x86_64) AppleWebKit/537.36 (KHTML, like Gecko) Chrome/133.0.0.0 Safari/537.36"
87.98.225.137 - - [28/Jun/2026:00:37:08 +0200] "POST /wp-cron.php?doing_wp_cron=1782599828.6219279766082763671875 HTTP/1.1" 200 3658 "-" "WordPress/6.7.2; https://clinicadentalargarate.com"
159.203.57.110 - - [28/Jun/2026:00:37:08 +0200] "GET /wp-login.php HTTP/1.1" 200 6744 "-" "Mozilla/5.0 (Windows NT 10.0; Win64; x64) AppleWebKit/537.36 (KHTML, like Gecko) Chrome/120.0.0.0 Safari/537.36"
159.203.57.110 - - [28/Jun/2026:00:37:09 +0200] "POST /wp-login.php HTTP/1.1" 200 3526 "https://clinicadentalargarate.com/wp-login.php" "Mozilla/5.0 (Windows NT 10.0; Win64; x64) AppleWebKit/537.36 (KHTML, like Gecko) Chrome/120.0.0.0 Safari/537.36"
87.98.225.137 - - [28/Jun/2026:00:38:41 +0200] "POST /wp-cron.php?doing_wp_cron=1782599921.5513029098510742187500 HTTP/1.1" 200 3658 "-" "WordPress/6.7.2; https://clinicadentalargarate.com"
209.42.18.223 - - [28/Jun/2026:00:38:41 +0200] "GET /wp-login.php HTTP/1.1" 200 6744 "-" "Mozilla/5.0 (Windows NT 10.0; Win64; x64) AppleWebKit/537.36 (KHTML, like Gecko) Chrome/120.0.0.0 Safari/537.36"
209.42.18.223 - - [28/Jun/2026:00:38:41 +0200] "POST /wp-login.php HTTP/1.1" 200 3528 "https://clinicadentalargarate.com/wp-login.php" "Mozilla/5.0 (Windows NT 10.0; Win64; x64) AppleWebKit/537.36 (KHTML, like Gecko) Chrome/120.0.0.0 Safari/537.36"
87.98.225.137 - - [28/Jun/2026:00:41:30 +0200] "POST /wp-cron.php?doing_wp_cron=1782600090.7711119651794433593750 HTTP/1.1" 200 3658 "-" "WordPress/6.7.2; https://clinicadentalargarate.com"
85.215.252.72 - - [28/Jun/2026:00:41:30 +0200] "GET /wp-login.php HTTP/1.1" 200 6744 "-" "Mozilla/5.0 (Windows NT 10.0; Win64; x64) AppleWebKit/537.36 (KHTML, like Gecko) Chrome/133.0.0.0 Safari/537.36 Edg/133.0.0.0"
87.98.225.137 - - [28/Jun/2026:00:41:31 +0200] "POST /wp-cron.php?doing_wp_cron=1782600091.3089070320129394531250 HTTP/1.1" 200 3658 "-" "WordPress/6.7.2; https://clinicadentalargarate.com"
85.215.252.72 - - [28/Jun/2026:00:41:31 +0200] "POST /wp-login.php HTTP/1.1" 200 3500 "https://clinicadentalargarate.com/wp-login.php" "Mozilla/5.0 (Windows NT 10.0; Win64; x64) AppleWebKit/537.36 (KHTML, like Gecko) Chrome/133.0.0.0 Safari/537.36 Edg/133.0.0.0"
87.98.225.137 - - [28/Jun/2026:00:42:30 +0200] "POST /wp-cron.php?doing_wp_cron=1782600150.8067090511322021484375 HTTP/1.1" 200 3658 "-" "WordPress/6.7.2; https://clinicadentalargarate.com"
85.215.122.59 - - [28/Jun/2026:00:42:30 +0200] "GET /wp-login.php HTTP/1.1" 200 6744 "-" "Mozilla/5.0 (Windows NT 10.0; Win64; x64) AppleWebKit/537.36 (KHTML, like Gecko) Chrome/133.0.0.0 Safari/537.36"
87.98.225.137 - - [28/Jun/2026:00:42:32 +0200] "POST /wp-cron.php?doing_wp_cron=1782600152.8479530811309814453125 HTTP/1.1" 200 3658 "-" "WordPress/6.7.2; https://clinicadentalargarate.com"
85.215.122.59 - - [28/Jun/2026:00:42:32 +0200] "POST /wp-login.php HTTP/1.1" 200 3503 "https://clinicadentalargarate.com/wp-login.php" "Mozilla/5.0 (Windows NT 10.0; Win64; x64) AppleWebKit/537.36 (KHTML, like Gecko) Chrome/133.0.0.0 Safari/537.36"
87.98.225.137 - - [28/Jun/2026:00:44:06 +0200] "POST /wp-cron.php?doing_wp_cron=1782600246.6686949729919433593750 HTTP/1.1" 200 3658 "-" "WordPress/6.7.2; https://clinicadentalargarate.com"
212.227.154.251 - - [28/Jun/2026:00:44:06 +0200] "GET /wp-login.php HTTP/1.1" 200 6744 "-" "Mozilla/5.0 (Windows NT 10.0; Win64; x64) AppleWebKit/537.36 (KHTML, like Gecko) Chrome/133.0.0.0 Safari/537.36"
87.98.225.137 - - [28/Jun/2026:00:44:07 +0200] "POST /wp-cron.php?doing_wp_cron=1782600247.4692840576171875000000 HTTP/1.1" 200 3658 "-" "WordPress/6.7.2; https://clinicadentalargarate.com"
212.227.154.251 - - [28/Jun/2026:00:44:07 +0200] "POST /wp-login.php HTTP/1.1" 200 3526 "https://clinicadentalargarate.com/wp-login.php" "Mozilla/5.0 (Windows NT 10.0; Win64; x64) AppleWebKit/537.36 (KHTML, like Gecko) Chrome/133.0.0.0 Safari/537.36"
87.98.225.137 - - [28/Jun/2026:00:46:20 +0200] "POST /wp-cron.php?doing_wp_cron=1782600380.8556480407714843750000 HTTP/1.1" 200 3658 "-" "WordPress/6.7.2; https://clinicadentalargarate.com"
43.130.111.40 - - [28/Jun/2026:00:46:20 +0200] "GET /embed/ HTTP/1.1" 301 3621 "-" "Mozilla/5.0 (iPhone; CPU iPhone OS 13_2_3 like Mac OS X) AppleWebKit/605.1.15 (KHTML, like Gecko) Version/13.0.3 Mobile/15E148 Safari/604.1"
87.98.225.137 - - [28/Jun/2026:00:46:24 +0200] "POST /wp-cron.php?doing_wp_cron=1782600384.7548799514770507812500 HTTP/1.1" 200 3658 "-" "WordPress/6.7.2; https://clinicadentalargarate.com"
43.130.111.40 - - [28/Jun/2026:00:46:24 +0200] "GET / HTTP/1.1" 200 36366 "https://clinicadentalargarate.com/embed/" "Mozilla/5.0 (iPhone; CPU iPhone OS 13_2_3 like Mac OS X) AppleWebKit/605.1.15 (KHTML, like Gecko) Version/13.0.3 Mobile/15E148 Safari/604.1"
66.249.66.42 - - [28/Jun/2026:00:47:23 +0200] "GET /wp-content/uploads/2017/12/ortodoncia.jpg HTTP/1.1" 304 3618 "-" "Googlebot-Image/1.0"
87.98.225.137 - - [28/Jun/2026:00:47:52 +0200] "POST /wp-cron.php?doing_wp_cron=1782600472.7003109455108642578125 HTTP/1.1" 200 3658 "-" "WordPress/6.7.2; https://clinicadentalargarate.com"
164.138.220.142 - - [28/Jun/2026:00:47:52 +0200] "GET /wp-login.php HTTP/1.1" 200 6744 "-" "Mozilla/5.0 (Windows NT 10.0; WOW64) AppleWebKit/537.36 (KHTML, like Gecko) Chrome/133.0.0.0 Safari/537.36"
87.98.225.137 - - [28/Jun/2026:00:47:52 +0200] "POST /wp-cron.php?doing_wp_cron=1782600472.9481840133666992187500 HTTP/1.1" 200 3658 "-" "WordPress/6.7.2; https://clinicadentalargarate.com"
164.138.220.142 - - [28/Jun/2026:00:47:52 +0200] "POST /wp-login.php HTTP/1.1" 200 3502 "https://clinicadentalargarate.com/wp-login.php" "Mozilla/5.0 (Windows NT 10.0; WOW64) AppleWebKit/537.36 (KHTML, like Gecko) Chrome/133.0.0.0 Safari/537.36"
34.247.33.242 - - [28/Jun/2026:00:48:37 +0200] "GET /robots.txt HTTP/1.1" 200 501 "-" "Pandalytics/2.0 (https://domainsbot.com/pandalytics/)"
87.98.225.137 - - [28/Jun/2026:00:48:37 +0200] "POST /wp-cron.php?doing_wp_cron=1782600517.7119529247283935546875 HTTP/1.1" 200 281 "-" "WordPress/6.7.2; https://clinicadentalargarate.com"
34.247.33.242 - - [28/Jun/2026:00:48:37 +0200] "GET / HTTP/1.1" 301 312 "-" "Pandalytics/2.0 (https://domainsbot.com/pandalytics/)"
34.247.33.242 - - [28/Jun/2026:00:48:37 +0200] "GET / HTTP/1.1" 200 36405 "-" "Pandalytics/2.0 (https://domainsbot.com/pandalytics/)"
87.98.225.137 - - [28/Jun/2026:00:50:06 +0200] "POST /wp-cron.php?doing_wp_cron=1782600606.0608730316162109375000 HTTP/1.1" 200 3658 "-" "WordPress/6.7.2; https://clinicadentalargarate.com"
87.106.67.224 - - [28/Jun/2026:00:50:05 +0200] "GET /wp-login.php HTTP/1.1" 200 6744 "-" "Mozilla/5.0 (Windows NT 10.0; Win64; x64) AppleWebKit/537.36 (KHTML, like Gecko) Chrome/133.0.0.0 Safari/537.36"
87.98.225.137 - - [28/Jun/2026:00:50:06 +0200] "POST /wp-cron.php?doing_wp_cron=1782600606.9362568855285644531250 HTTP/1.1" 200 3658 "-" "WordPress/6.7.2; https://clinicadentalargarate.com"
87.106.67.224 - - [28/Jun/2026:00:50:06 +0200] "POST /wp-login.php HTTP/1.1" 200 3501 "https://clinicadentalargarate.com/wp-login.php" "Mozilla/5.0 (Windows NT 10.0; Win64; x64) AppleWebKit/537.36 (KHTML, like Gecko) Chrome/133.0.0.0 Safari/537.36"
87.98.225.137 - - [28/Jun/2026:00:50:40 +0200] "POST /wp-cron.php?doing_wp_cron=1782600640.7346370220184326171875 HTTP/1.1" 200 3658 "-" "WordPress/6.7.2; https://clinicadentalargarate.com"
185.176.8.77 - - [28/Jun/2026:00:50:40 +0200] "GET /wp-login.php HTTP/1.1" 200 6744 "-" "Mozilla/5.0 (Windows NT 10.0; Win64; x64) AppleWebKit/537.36 (KHTML, like Gecko) Chrome/120.0.0.0 Safari/537.36"
185.176.8.77 - - [28/Jun/2026:00:50:40 +0200] "POST /wp-login.php HTTP/1.1" 200 3501 "https://clinicadentalargarate.com/wp-login.php" "Mozilla/5.0 (Windows NT 10.0; Win64; x64) AppleWebKit/537.36 (KHTML, like Gecko) Chrome/120.0.0.0 Safari/537.36"
154.85.32.221 - - [28/Jun/2026:00:51:02 +0200] "GET /wp-content/uploads/2019/08/higiene-dental-blanqueamiento-1.jpg HTTP/1.1" 200 96066 "-" "Mozilla/5.0 (compatible; relaion5b-source/0.1)"
87.98.225.137 - - [28/Jun/2026:00:51:09 +0200] "POST /wp-cron.php?doing_wp_cron=1782600669.2578089237213134765625 HTTP/1.1" 200 3658 "-" "WordPress/6.7.2; https://clinicadentalargarate.com"
198.244.240.102 - - [28/Jun/2026:00:51:09 +0200] "GET /?sitemap300.xml HTTP/1.1" 301 3660 "-" "Mozilla/5.0 (compatible; AhrefsBot/7.0; +http://ahrefs.com/robot/)"
198.244.240.102 - - [28/Jun/2026:00:51:09 +0200] "GET /?sitemap300_xml HTTP/1.1" 200 36362 "-" "Mozilla/5.0 (compatible; AhrefsBot/7.0; +http://ahrefs.com/robot/)"
87.98.225.137 - - [28/Jun/2026:00:51:26 +0200] "POST /wp-cron.php?doing_wp_cron=1782600686.7956941127777099609375 HTTP/1.1" 200 281 "-" "WordPress/6.7.2; https://clinicadentalargarate.com"
89.163.146.197 - - [28/Jun/2026:00:51:26 +0200] "GET / HTTP/1.1" 301 312 "-" "Mozilla/5.0 (Windows NT 10.0; Win64; x64) AppleWebKit/537.36 (KHTML, like Gecko) Chrome/120.0.0.0 Safari/537.36"
87.98.225.137 - - [28/Jun/2026:00:51:27 +0200] "POST /wp-cron.php?doing_wp_cron=1782600687.0793080329895019531250 HTTP/1.1" 200 3658 "-" "WordPress/6.7.2; https://clinicadentalargarate.com"
89.163.146.197 - - [28/Jun/2026:00:51:26 +0200] "GET / HTTP/1.1" 200 36408 "-" "Mozilla/5.0 (Windows NT 10.0; Win64; x64) AppleWebKit/537.36 (KHTML, like Gecko) Chrome/120.0.0.0 Safari/537.36"
87.98.225.137 - - [28/Jun/2026:00:51:27 +0200] "POST /wp-cron.php?doing_wp_cron=1782600687.7240591049194335937500 HTTP/1.1" 200 281 "-" "WordPress/6.7.2; https://clinicadentalargarate.com"
89.163.146.197 - - [28/Jun/2026:00:51:27 +0200] "GET /wp-login.php HTTP/1.1" 302 312 "-" "Mozilla/5.0 (Windows NT 10.0; Win64; x64) AppleWebKit/537.36 (KHTML, like Gecko) Chrome/120.0.0.0 Safari/537.36"
89.163.146.197 - - [28/Jun/2026:00:51:27 +0200] "GET /wp-admin/ HTTP/1.1" 302 402 "-" "Mozilla/5.0 (Windows NT 10.0; Win64; x64) AppleWebKit/537.36 (KHTML, like Gecko) Chrome/120.0.0.0 Safari/537.36"
87.98.225.137 - - [28/Jun/2026:00:53:24 +0200] "POST /wp-cron.php?doing_wp_cron=1782600804.2868380546569824218750 HTTP/1.1" 200 3658 "-" "WordPress/6.7.2; https://clinicadentalargarate.com"
212.18.127.87 - - [28/Jun/2026:00:53:24 +0200] "HEAD /?add-carts-woocommerce-ajax=42052&_=1782600803130293000 HTTP/1.1" 200 3761 "-" "Mozilla/5.0 (Windows NT 10.0; Win64; x64) AppleWebKit/537.36 (KHTML, like Gecko) Chrome/120.0.0.0 Safari/537.36"
87.98.225.137 - - [28/Jun/2026:00:53:56 +0200] "POST /wp-cron.php?doing_wp_cron=1782600836.1933519840240478515625 HTTP/1.1" 200 3658 "-" "WordPress/6.7.2; https://clinicadentalargarate.com"
52.167.144.228 - - [28/Jun/2026:00:53:56 +0200] "GET /blog/enfermedades-de-las-encias-cuales-son-sus-sintomas-y-su-tratamiento/ HTTP/1.1" 500 6680 "-" "Mozilla/5.0 AppleWebKit/537.36 (KHTML, like Gecko; compatible; bingbot/2.0; +http://www.bing.com/bingbot.htm) Chrome/116.0.1938.76 Safari/537.36"
87.98.225.137 - - [28/Jun/2026:00:54:52 +0200] "POST /wp-cron.php?doing_wp_cron=1782600892.7144360542297363281250 HTTP/1.1" 200 3658 "-" "WordPress/6.7.2; https://clinicadentalargarate.com"
31.14.99.66 - - [28/Jun/2026:00:54:52 +0200] "GET /wp-login.php HTTP/1.1" 200 6744 "-" "Mozilla/5.0 (X11; Linux x86_64) AppleWebKit/537.36 (KHTML, like Gecko) Chrome/133.0.0.0 Safari/537.36 Edg/133.0.0.0"
87.98.225.137 - - [28/Jun/2026:00:54:56 +0200] "POST /wp-cron.php?doing_wp_cron=1782600896.8300929069519042968750 HTTP/1.1" 200 3658 "-" "WordPress/6.7.2; https://clinicadentalargarate.com"
31.14.99.66 - - [28/Jun/2026:00:54:56 +0200] "POST /wp-login.php HTTP/1.1" 200 3528 "https://clinicadentalargarate.com/wp-login.php" "Mozilla/5.0 (X11; Linux x86_64) AppleWebKit/537.36 (KHTML, like Gecko) Chrome/133.0.0.0 Safari/537.36 Edg/133.0.0.0"
87.98.225.137 - - [28/Jun/2026:00:55:58 +0200] "POST /wp-cron.php?doing_wp_cron=1782600958.4147000312805175781250 HTTP/1.1" 200 3658 "-" "WordPress/6.7.2; https://clinicadentalargarate.com"
43.130.67.6 - - [28/Jun/2026:00:55:58 +0200] "GET /wp-json/wp/v2/pages/17 HTTP/1.1" 200 14567 "-" "Mozilla/5.0 (iPhone; CPU iPhone OS 13_2_3 like Mac OS X) AppleWebKit/605.1.15 (KHTML, like Gecko) Version/13.0.3 Mobile/15E148 Safari/604.1"
87.98.225.137 - - [28/Jun/2026:00:59:50 +0200] "POST /wp-cron.php?doing_wp_cron=1782601190.2167479991912841796875 HTTP/1.1" 200 3658 "-" "WordPress/6.7.2; https://clinicadentalargarate.com"
40.77.167.40 - - [28/Jun/2026:00:59:50 +0200] "GET /?sitemap723.xml HTTP/1.1" 301 3741 "-" "Mozilla/5.0 AppleWebKit/537.36 (KHTML, like Gecko; compatible; bingbot/2.0; +http://www.bing.com/bingbot.htm) Chrome/116.0.1938.76 Safari/537.36"
87.98.225.137 - - [28/Jun/2026:00:59:51 +0200] "POST /wp-cron.php?doing_wp_cron=1782601191.0754599571228027343750 HTTP/1.1" 200 3658 "-" "WordPress/6.7.2; https://clinicadentalargarate.com"
40.77.167.40 - - [28/Jun/2026:00:59:50 +0200] "GET /?sitemap723_xml HTTP/1.1" 200 32975 "-" "Mozilla/5.0 AppleWebKit/537.36 (KHTML, like Gecko; compatible; bingbot/2.0; +http://www.bing.com/bingbot.htm) Chrome/116.0.1938.76 Safari/537.36"
87.98.225.137 - - [28/Jun/2026:01:00:07 +0200] "POST /wp-cron.php?doing_wp_cron=1782601207.8343338966369628906250 HTTP/1.1" 200 3658 "-" "WordPress/6.7.2; https://clinicadentalargarate.com"
66.249.66.41 - - [28/Jun/2026:01:00:07 +0200] "GET /q-~8XEFIfMOv79gFEmtiIZwuBUr5W60HdJ207/ HTTP/1.1" 404 105582 "-" "Mozilla/5.0 (Linux; Android 6.0.1; Nexus 5X Build/MMB29P) AppleWebKit/537.36 (KHTML, like Gecko) Chrome/148.0.7778.96 Mobile Safari/537.36 (compatible; GoogleOther)"
87.98.225.137 - - [28/Jun/2026:01:00:55 +0200] "POST /wp-cron.php?doing_wp_cron=1782601255.8769009113311767578125 HTTP/1.1" 200 3658 "-" "WordPress/6.7.2; https://clinicadentalargarate.com"
205.185.120.21 - - [28/Jun/2026:01:00:55 +0200] "GET /wp-login.php HTTP/1.1" 200 14604 "-" "Mozilla/5.0 (iPhone; CPU iPhone OS 7_1_2 like Mac OS X) AppleWebKit/537.51.1 (KHTML, like Gecko) GSA/4.1.0.31802 Mobile/11D257 Safari/9537.53"
87.98.225.137 - - [28/Jun/2026:01:01:06 +0200] "POST /wp-cron.php?doing_wp_cron=1782601266.6889400482177734375000 HTTP/1.1" 200 3658 "-" "WordPress/6.7.2; https://clinicadentalargarate.com"
205.185.120.21 - - [28/Jun/2026:01:01:06 +0200] "POST /wp-login.php HTTP/1.1" 200 15128 "-" "Mozilla/5.0 (iPhone; CPU iPhone OS 7_1_2 like Mac OS X) AppleWebKit/537.51.1 (KHTML, like Gecko) GSA/4.1.0.31802 Mobile/11D257 Safari/9537.53"
87.98.225.137 - - [28/Jun/2026:01:02:30 +0200] "POST /wp-cron.php?doing_wp_cron=1782601350.3959829807281494140625 HTTP/1.1" 200 281 "-" "WordPress/6.7.2; https://clinicadentalargarate.com"
31.171.130.96 - - [28/Jun/2026:01:02:30 +0200] "GET /wp-content/plugins/fix/up.php HTTP/1.1" 404 101456 "-" "Mozilla/5.0 (Linux; Android 7.0; SM-G892A Build/NRD90M; wv) AppleWebKit/537.36 (KHTML, like Gecko) Version/4.0 Chrome/60.0.3112.107 Mobile Safari/537.36"
87.98.225.137 - - [28/Jun/2026:01:03:05 +0200] "POST /wp-cron.php?doing_wp_cron=1782601385.9463489055633544921875 HTTP/1.1" 200 3658 "-" "WordPress/6.7.2; https://clinicadentalargarate.com"
31.14.99.66 - - [28/Jun/2026:01:03:05 +0200] "GET /wp-login.php HTTP/1.1" 200 6744 "-" "Mozilla/5.0 (Macintosh; Intel Mac OS X 11_7_10) AppleWebKit/537.36 (KHTML, like Gecko) Chrome/133.0.0.0 Safari/537.36"
31.14.99.66 - - [28/Jun/2026:01:03:06 +0200] "POST /wp-login.php HTTP/1.1" 200 3501 "https://clinicadentalargarate.com/wp-login.php" "Mozilla/5.0 (Macintosh; Intel Mac OS X 11_7_10) AppleWebKit/537.36 (KHTML, like Gecko) Chrome/133.0.0.0 Safari/537.36"
87.98.225.137 - - [28/Jun/2026:01:03:14 +0200] "POST /wp-cron.php?doing_wp_cron=1782601394.8391039371490478515625 HTTP/1.1" 200 3658 "-" "WordPress/6.7.2; https://clinicadentalargarate.com"
78.142.18.172 - - [28/Jun/2026:01:03:14 +0200] "GET /wp-login.php HTTP/1.1" 200 6744 "-" "Mozilla/5.0 (Windows NT 10.0; Win64; x64; rv:133.0) Gecko/20100101 Firefox/133.0"
78.142.18.172 - - [28/Jun/2026:01:03:14 +0200] "POST /wp-login.php HTTP/1.1" 200 3500 "https://clinicadentalargarate.com/wp-login.php" "Mozilla/5.0 (Windows NT 10.0; Win64; x64; rv:133.0) Gecko/20100101 Firefox/133.0"
87.98.225.137 - - [28/Jun/2026:01:05:53 +0200] "POST /wp-cron.php?doing_wp_cron=1782601553.4509229660034179687500 HTTP/1.1" 200 3658 "-" "WordPress/6.7.2; https://clinicadentalargarate.com"
170.106.84.136 - - [28/Jun/2026:01:05:53 +0200] "GET /?p=17 HTTP/1.1" 301 3723 "-" "Mozilla/5.0 (iPhone; CPU iPhone OS 13_2_3 like Mac OS X) AppleWebKit/605.1.15 (KHTML, like Gecko) Version/13.0.3 Mobile/15E148 Safari/604.1"
87.98.225.137 - - [28/Jun/2026:01:05:58 +0200] "POST /wp-cron.php?doing_wp_cron=1782601558.1441030502319335937500 HTTP/1.1" 200 3658 "-" "WordPress/6.7.2; https://clinicadentalargarate.com"
170.106.84.136 - - [28/Jun/2026:01:05:58 +0200] "GET /contacto/ HTTP/1.1" 200 26731 "https://clinicadentalargarate.com/?p=17" "Mozilla/5.0 (iPhone; CPU iPhone OS 13_2_3 like Mac OS X) AppleWebKit/605.1.15 (KHTML, like Gecko) Version/13.0.3 Mobile/15E148 Safari/604.1"
87.98.225.137 - - [28/Jun/2026:01:06:13 +0200] "POST /wp-cron.php?doing_wp_cron=1782601573.5455379486083984375000 HTTP/1.1" 200 3658 "-" "WordPress/6.7.2; https://clinicadentalargarate.com"
103.187.168.22 - - [28/Jun/2026:01:06:13 +0200] "GET /wp-login.php HTTP/1.1" 200 6744 "-" "Mozilla/5.0 (Macintosh; Intel Mac OS X 10_15_7) AppleWebKit/537.36 (KHTML, like Gecko) Chrome/133.0.0.0 Safari/537.36 Edg/133.0.0.0"
87.98.225.137 - - [28/Jun/2026:01:06:14 +0200] "POST /wp-cron.php?doing_wp_cron=1782601574.2301619052886962890625 HTTP/1.1" 200 3658 "-" "WordPress/6.7.2; https://clinicadentalargarate.com"
103.187.168.22 - - [28/Jun/2026:01:06:14 +0200] "POST /wp-login.php HTTP/1.1" 200 3528 "https://clinicadentalargarate.com/wp-login.php" "Mozilla/5.0 (Macintosh; Intel Mac OS X 10_15_7) AppleWebKit/537.36 (KHTML, like Gecko) Chrome/133.0.0.0 Safari/537.36 Edg/133.0.0.0"
66.249.66.41 - - [28/Jun/2026:01:06:39 +0200] "GET /wp-content/uploads/2018/07/partes-imlante-dental-640x400.jpg HTTP/1.1" 200 28419 "-" "Googlebot-Image/1.0"
87.98.225.137 - - [28/Jun/2026:01:08:43 +0200] "POST /wp-cron.php?doing_wp_cron=1782601723.2106170654296875000000 HTTP/1.1" 200 3658 "-" "WordPress/6.7.2; https://clinicadentalargarate.com"
207.7.91.167 - - [28/Jun/2026:01:08:43 +0200] "GET /wp-login.php HTTP/1.1" 200 6744 "-" "Mozilla/5.0 (Windows NT 10.0; Win64; x64) AppleWebKit/537.36 (KHTML, like Gecko) Chrome/133.0.0.0 Safari/537.36"
87.98.225.137 - - [28/Jun/2026:01:08:43 +0200] "POST /wp-cron.php?doing_wp_cron=1782601723.5417120456695556640625 HTTP/1.1" 200 3658 "-" "WordPress/6.7.2; https://clinicadentalargarate.com"
207.7.91.167 - - [28/Jun/2026:01:08:43 +0200] "POST /wp-login.php HTTP/1.1" 200 3503 "https://clinicadentalargarate.com/wp-login.php" "Mozilla/5.0 (Windows NT 10.0; Win64; x64) AppleWebKit/537.36 (KHTML, like Gecko) Chrome/133.0.0.0 Safari/537.36"
87.98.225.137 - - [28/Jun/2026:01:10:18 +0200] "POST /wp-cron.php?doing_wp_cron=1782601818.2368071079254150390625 HTTP/1.1" 200 3658 "-" "WordPress/6.7.2; https://clinicadentalargarate.com"
148.251.47.87 - - [28/Jun/2026:01:10:18 +0200] "GET /wp-login.php HTTP/1.1" 200 6744 "-" "Mozilla/5.0 (X11; Linux x86_64) AppleWebKit/537.36 (KHTML, like Gecko) Chrome/133.0.0.0 Safari/537.36"
148.251.47.87 - - [28/Jun/2026:01:10:18 +0200] "POST /wp-login.php HTTP/1.1" 200 3526 "https://clinicadentalargarate.com/wp-login.php" "Mozilla/5.0 (X11; Linux x86_64) AppleWebKit/537.36 (KHTML, like Gecko) Chrome/133.0.0.0 Safari/537.36"
87.98.225.137 - - [28/Jun/2026:01:12:59 +0200] "POST /wp-cron.php?doing_wp_cron=1782601979.3601460456848144531250 HTTP/1.1" 200 3658 "-" "WordPress/6.7.2; https://clinicadentalargarate.com"
212.227.154.251 - - [28/Jun/2026:01:12:59 +0200] "GET /wp-login.php HTTP/1.1" 200 6744 "-" "Mozilla/5.0 (Macintosh; Intel Mac OS X 11_7_10) AppleWebKit/537.36 (KHTML, like Gecko) Chrome/133.0.0.0 Safari/537.36"
87.98.225.137 - - [28/Jun/2026:01:13:00 +0200] "POST /wp-cron.php?doing_wp_cron=1782601980.4296119213104248046875 HTTP/1.1" 200 3658 "-" "WordPress/6.7.2; https://clinicadentalargarate.com"
212.227.154.251 - - [28/Jun/2026:01:13:00 +0200] "POST /wp-login.php HTTP/1.1" 200 3502 "https://clinicadentalargarate.com/wp-login.php" "Mozilla/5.0 (Macintosh; Intel Mac OS X 11_7_10) AppleWebKit/537.36 (KHTML, like Gecko) Chrome/133.0.0.0 Safari/537.36"
87.98.225.137 - - [28/Jun/2026:01:13:59 +0200] "POST /wp-cron.php?doing_wp_cron=1782602039.6342129707336425781250 HTTP/1.1" 200 3658 "-" "WordPress/6.7.2; https://clinicadentalargarate.com"
155.254.17.105 - - [28/Jun/2026:01:13:59 +0200] "GET /wp-login.php HTTP/1.1" 200 6744 "-" "Mozilla/5.0 (Macintosh; Intel Mac OS X 11_7_10) AppleWebKit/537.36 (KHTML, like Gecko) Chrome/133.0.0.0 Safari/537.36"
87.98.225.137 - - [28/Jun/2026:01:14:00 +0200] "POST /wp-cron.php?doing_wp_cron=1782602040.5621030330657958984375 HTTP/1.1" 200 3658 "-" "WordPress/6.7.2; https://clinicadentalargarate.com"
155.254.17.105 - - [28/Jun/2026:01:14:00 +0200] "POST /wp-login.php HTTP/1.1" 200 3501 "https://clinicadentalargarate.com/wp-login.php" "Mozilla/5.0 (Macintosh; Intel Mac OS X 11_7_10) AppleWebKit/537.36 (KHTML, like Gecko) Chrome/133.0.0.0 Safari/537.36"
87.98.225.137 - - [28/Jun/2026:01:14:15 +0200] "POST /wp-cron.php?doing_wp_cron=1782602055.3302550315856933593750 HTTP/1.1" 200 3658 "-" "WordPress/6.7.2; https://clinicadentalargarate.com"
43.130.40.120 - - [28/Jun/2026:01:14:15 +0200] "GET /wp-json/oembed/1.0/embed?url=https%3A%2F%2Fclinicadentalargarate.com%2Fcontacto%2F&format=xml HTTP/1.1" 200 5025 "-" "Mozilla/5.0 (iPhone; CPU iPhone OS 13_2_3 like Mac OS X) AppleWebKit/605.1.15 (KHTML, like Gecko) Version/13.0.3 Mobile/15E148 Safari/604.1"
87.98.225.137 - - [28/Jun/2026:01:17:13 +0200] "POST /wp-cron.php?doing_wp_cron=1782602233.4381549358367919921875 HTTP/1.1" 200 3658 "-" "WordPress/6.7.2; https://clinicadentalargarate.com"
199.193.138.200 - - [28/Jun/2026:01:17:13 +0200] "GET /wp-login.php HTTP/1.1" 200 6744 "-" "Mozilla/5.0 (Windows NT 10.0; Win64; x64) AppleWebKit/537.36 (KHTML, like Gecko) Chrome/133.0.0.0 Safari/537.36 Edg/133.0.0.0"
87.98.225.137 - - [28/Jun/2026:01:17:13 +0200] "POST /wp-cron.php?doing_wp_cron=1782602233.8022649288177490234375 HTTP/1.1" 200 3658 "-" "WordPress/6.7.2; https://clinicadentalargarate.com"
199.193.138.200 - - [28/Jun/2026:01:17:13 +0200] "POST /wp-login.php HTTP/1.1" 200 3528 "https://clinicadentalargarate.com/wp-login.php" "Mozilla/5.0 (Windows NT 10.0; Win64; x64) AppleWebKit/537.36 (KHTML, like Gecko) Chrome/133.0.0.0 Safari/537.36 Edg/133.0.0.0"
87.98.225.137 - - [28/Jun/2026:01:19:14 +0200] "POST /wp-cron.php?doing_wp_cron=1782602354.3657240867614746093750 HTTP/1.1" 200 281 "-" "WordPress/6.7.2; https://clinicadentalargarate.com"
45.154.98.112 - - [28/Jun/2026:01:19:14 +0200] "GET / HTTP/1.1" 301 312 "-" "Mozilla/5.0 (Windows NT 10.0; Win64; x64) AppleWebKit/537.36 (KHTML, like Gecko) Chrome/78.0.3904.108 Safari/537.36"
45.154.98.112 - - [28/Jun/2026:01:19:14 +0200] "GET / HTTP/1.1" 200 153544 "-" "Mozilla/5.0 (Windows NT 10.0; Win64; x64) AppleWebKit/537.36 (KHTML, like Gecko) Chrome/78.0.3904.108 Safari/537.36"
87.98.225.137 - - [28/Jun/2026:01:19:14 +0200] "POST /wp-cron.php?doing_wp_cron=1782602354.9681630134582519531250 HTTP/1.1" 200 3658 "-" "WordPress/6.7.2; https://clinicadentalargarate.com"
45.154.98.112 - - [28/Jun/2026:01:19:14 +0200] "GET //wp-includes/wlwmanifest.xml HTTP/1.1" 301 438 "-" "Mozilla/5.0 (Windows NT 10.0; Win64; x64) AppleWebKit/537.36 (KHTML, like Gecko) Chrome/78.0.3904.108 Safari/537.36"
45.154.98.112 - - [28/Jun/2026:01:19:15 +0200] "GET //xmlrpc.php?rsd HTTP/1.1" 403 536 "-" "Mozilla/5.0 (Windows NT 10.0; Win64; x64) AppleWebKit/537.36 (KHTML, like Gecko) Chrome/78.0.3904.108 Safari/537.36"
45.154.98.112 - - [28/Jun/2026:01:19:15 +0200] "GET / HTTP/1.1" 200 150390 "-" "Mozilla/5.0 (Windows NT 10.0; Win64; x64) AppleWebKit/537.36 (KHTML, like Gecko) Chrome/78.0.3904.108 Safari/537.36"
87.98.225.137 - - [28/Jun/2026:01:19:15 +0200] "POST /wp-cron.php?doing_wp_cron=1782602355.6189920902252197265625 HTTP/1.1" 200 3658 "-" "WordPress/6.7.2; https://clinicadentalargarate.com"
45.154.98.112 - - [28/Jun/2026:01:19:15 +0200] "GET //?author=1 HTTP/1.1" 301 337 "-" "Mozilla/5.0 (Windows NT 10.0; Win64; x64) AppleWebKit/537.36 (KHTML, like Gecko) Chrome/78.0.3904.108 Safari/537.36"
45.154.98.112 - - [28/Jun/2026:01:19:15 +0200] "GET //?author=2 HTTP/1.1" 301 336 "-" "Mozilla/5.0 (Windows NT 10.0; Win64; x64) AppleWebKit/537.36 (KHTML, like Gecko) Chrome/78.0.3904.108 Safari/537.36"
87.98.225.137 - - [28/Jun/2026:01:19:15 +0200] "POST /wp-cron.php?doing_wp_cron=1782602355.8441600799560546875000 HTTP/1.1" 200 3658 "-" "WordPress/6.7.2; https://clinicadentalargarate.com"
45.154.98.112 - - [28/Jun/2026:01:19:15 +0200] "GET //wp-json/wp/v2/users/ HTTP/1.1" 200 2584 "-" "Mozilla/5.0 (Windows NT 10.0; Win64; x64) AppleWebKit/537.36 (KHTML, like Gecko) Chrome/78.0.3904.108 Safari/537.36"
45.154.98.112 - - [28/Jun/2026:01:19:15 +0200] "POST //xmlrpc.php HTTP/1.1" 403 536 "-" "Mozilla/5.0 (Windows NT 10.0; Win64; x64) AppleWebKit/537.36 (KHTML, like Gecko) Chrome/78.0.3904.108 Safari/537.36"
45.154.98.112 - - [28/Jun/2026:01:19:15 +0200] "POST //xmlrpc.php HTTP/1.1" 403 536 "-" "Mozilla/5.0 (Windows NT 10.0; Win64; x64) AppleWebKit/537.36 (KHTML, like Gecko) Chrome/78.0.3904.108 Safari/537.36"
45.154.98.112 - - [28/Jun/2026:01:19:15 +0200] "POST //xmlrpc.php HTTP/1.1" 403 536 "-" "Mozilla/5.0 (Windows NT 10.0; Win64; x64) AppleWebKit/537.36 (KHTML, like Gecko) Chrome/78.0.3904.108 Safari/537.36"
87.98.225.137 - - [28/Jun/2026:01:19:27 +0200] "POST /wp-cron.php?doing_wp_cron=1782602367.1177189350128173828125 HTTP/1.1" 200 3658 "-" "WordPress/6.7.2; https://clinicadentalargarate.com"
198.46.83.219 - - [28/Jun/2026:01:19:27 +0200] "GET /wp-login.php HTTP/1.1" 200 6744 "-" "Mozilla/5.0 (Macintosh; Intel Mac OS X 11_7_10) AppleWebKit/537.36 (KHTML, like Gecko) Chrome/133.0.0.0 Safari/537.36"
87.98.225.137 - - [28/Jun/2026:01:19:27 +0200] "POST /wp-cron.php?doing_wp_cron=1782602367.6250219345092773437500 HTTP/1.1" 200 3658 "-" "WordPress/6.7.2; https://clinicadentalargarate.com"
198.46.83.219 - - [28/Jun/2026:01:19:27 +0200] "POST /wp-login.php HTTP/1.1" 200 3503 "https://clinicadentalargarate.com/wp-login.php" "Mozilla/5.0 (Macintosh; Intel Mac OS X 11_7_10) AppleWebKit/537.36 (KHTML, like Gecko) Chrome/133.0.0.0 Safari/537.36"
87.98.225.137 - - [28/Jun/2026:01:21:56 +0200] "POST /wp-cron.php?doing_wp_cron=1782602516.7162449359893798828125 HTTP/1.1" 200 281 "-" "WordPress/6.7.2; https://clinicadentalargarate.com"
209.33.160.241 - - [28/Jun/2026:01:21:56 +0200] "GET /wp-json/wp/v2/posts HTTP/1.1" 200 148242 "-" "Mozilla/5.0 (Windows NT 10.0; Win64; x64) AppleWebKit/537.36 (KHTML, like Gecko) Chrome/120.0.0.0 Safari/537.36"
87.98.225.137 - - [28/Jun/2026:01:23:41 +0200] "POST /wp-cron.php?doing_wp_cron=1782602620.9974989891052246093750 HTTP/1.1" 200 3658 "-" "WordPress/6.7.2; https://clinicadentalargarate.com"
190.92.174.184 - - [28/Jun/2026:01:23:40 +0200] "GET /wp-login.php HTTP/1.1" 200 6744 "-" "Mozilla/5.0 (Macintosh; Intel Mac OS X 10_15_7) AppleWebKit/537.36 (KHTML, like Gecko) Chrome/133.0.0.0 Safari/537.36"
87.98.225.137 - - [28/Jun/2026:01:23:41 +0200] "POST /wp-cron.php?doing_wp_cron=1782602621.3887569904327392578125 HTTP/1.1" 200 3658 "-" "WordPress/6.7.2; https://clinicadentalargarate.com"
190.92.174.184 - - [28/Jun/2026:01:23:41 +0200] "POST /wp-login.php HTTP/1.1" 200 3501 "https://clinicadentalargarate.com/wp-login.php" "Mozilla/5.0 (Macintosh; Intel Mac OS X 10_15_7) AppleWebKit/537.36 (KHTML, like Gecko) Chrome/133.0.0.0 Safari/537.36"
87.98.225.137 - - [28/Jun/2026:01:23:48 +0200] "POST /wp-cron.php?doing_wp_cron=1782602628.0807790756225585937500 HTTP/1.1" 200 3658 "-" "WordPress/6.7.2; https://clinicadentalargarate.com"
85.215.252.72 - - [28/Jun/2026:01:23:47 +0200] "GET /wp-login.php HTTP/1.1" 200 6744 "-" "Mozilla/5.0 (Windows NT 10.0; Win64; x64) AppleWebKit/537.36 (KHTML, like Gecko) Chrome/133.0.0.0 Safari/537.36"
85.215.252.72 - - [28/Jun/2026:01:23:48 +0200] "POST /wp-login.php HTTP/1.1" 200 3502 "https://clinicadentalargarate.com/wp-login.php" "Mozilla/5.0 (Windows NT 10.0; Win64; x64) AppleWebKit/537.36 (KHTML, like Gecko) Chrome/133.0.0.0 Safari/537.36"
87.98.225.137 - - [28/Jun/2026:01:26:58 +0200] "POST /wp-cron.php?doing_wp_cron=1782602818.0172789096832275390625 HTTP/1.1" 200 3658 "-" "WordPress/6.7.2; https://clinicadentalargarate.com"
150.109.10.41 - - [28/Jun/2026:01:26:57 +0200] "GET /wp-json/oembed/1.0/embed?url=https%3A%2F%2Fclinicadentalargarate.com%2Fcontacto%2F HTTP/1.1" 200 6073 "-" "Mozilla/5.0 (iPhone; CPU iPhone OS 13_2_3 like Mac OS X) AppleWebKit/605.1.15 (KHTML, like Gecko) Version/13.0.3 Mobile/15E148 Safari/604.1"
87.98.225.137 - - [28/Jun/2026:01:27:24 +0200] "POST /wp-cron.php?doing_wp_cron=1782602844.6526150703430175781250 HTTP/1.1" 200 281 "-" "WordPress/6.7.2; https://clinicadentalargarate.com"
51.158.144.117 - - [28/Jun/2026:01:27:24 +0200] "GET /wp-login.php HTTP/1.1" 302 275 "-" "Mozilla/5.0 (Windows NT 10.0; Win64; x64) AppleWebKit/537.36 (KHTML, like Gecko) Chrome/115.0.0.0 Safari/537.36 Edg/115.0.1901.203"
51.158.144.117 - - [28/Jun/2026:01:27:24 +0200] "GET /wp-login.php HTTP/1.1" 200 6736 "-" "Mozilla/5.0 (Windows NT 10.0; Win64; x64) AppleWebKit/537.36 (KHTML, like Gecko) Chrome/115.0.0.0 Safari/537.36 Edg/115.0.1901.203"
87.98.225.137 - - [28/Jun/2026:01:27:24 +0200] "POST /wp-cron.php?doing_wp_cron=1782602844.9285819530487060546875 HTTP/1.1" 200 3658 "-" "WordPress/6.7.2; https://clinicadentalargarate.com"
51.158.144.117 - - [28/Jun/2026:01:27:24 +0200] "POST /wp-login.php HTTP/1.1" 200 3860 "https://clinicadentalargarate.com/wp-login.php" "Mozilla/5.0 (Windows NT 10.0; Win64; x64) AppleWebKit/537.36 (KHTML, like Gecko) Chrome/115.0.0.0 Safari/537.36 Edg/115.0.1901.203"
87.98.225.137 - - [28/Jun/2026:01:27:36 +0200] "POST /wp-cron.php?doing_wp_cron=1782602856.3677260875701904296875 HTTP/1.1" 200 3658 "-" "WordPress/6.7.2; https://clinicadentalargarate.com"
115.78.9.138 - - [28/Jun/2026:01:27:36 +0200] "GET /wp-login.php HTTP/1.1" 200 6744 "-" "Mozilla/5.0 (Windows NT 10.0; Win64; x64) AppleWebKit/537.36 (KHTML, like Gecko) Chrome/120.0.0.0 Safari/537.36"
87.98.225.137 - - [28/Jun/2026:01:27:36 +0200] "POST /wp-cron.php?doing_wp_cron=1782602856.8322579860687255859375 HTTP/1.1" 200 3658 "-" "WordPress/6.7.2; https://clinicadentalargarate.com"
115.78.9.138 - - [28/Jun/2026:01:27:36 +0200] "POST /wp-login.php HTTP/1.1" 200 3501 "https://clinicadentalargarate.com/wp-login.php" "Mozilla/5.0 (Windows NT 10.0; Win64; x64) AppleWebKit/537.36 (KHTML, like Gecko) Chrome/120.0.0.0 Safari/537.36"
87.98.225.137 - - [28/Jun/2026:01:27:51 +0200] "POST /wp-cron.php?doing_wp_cron=1782602871.3877620697021484375000 HTTP/1.1" 200 3658 "-" "WordPress/6.7.2; https://clinicadentalargarate.com"
135.148.171.117 - - [28/Jun/2026:01:27:51 +0200] "GET /wp-login.php HTTP/1.1" 200 6744 "-" "Mozilla/5.0 (X11; Fedora; Linux x86_64) AppleWebKit/537.36 (KHTML, like Gecko) Chrome/133.0.0.0 Safari/537.36"
87.98.225.137 - - [28/Jun/2026:01:27:52 +0200] "POST /wp-cron.php?doing_wp_cron=1782602872.0082941055297851562500 HTTP/1.1" 200 3658 "-" "WordPress/6.7.2; https://clinicadentalargarate.com"
135.148.171.117 - - [28/Jun/2026:01:27:51 +0200] "POST /wp-login.php HTTP/1.1" 200 3528 "https://clinicadentalargarate.com/wp-login.php" "Mozilla/5.0 (X11; Fedora; Linux x86_64) AppleWebKit/537.36 (KHTML, like Gecko) Chrome/133.0.0.0 Safari/537.36"
87.98.225.137 - - [28/Jun/2026:01:30:09 +0200] "POST /wp-cron.php?doing_wp_cron=1782603009.3676519393920898437500 HTTP/1.1" 200 3658 "-" "WordPress/6.7.2; https://clinicadentalargarate.com"
94.23.87.180 - - [28/Jun/2026:01:30:09 +0200] "GET / HTTP/1.0" 200 112914 "-" "-"
