17.246.23.147 - - [29/Jun/2026:16:08:04 +0200] "GET /wp-content/themes/thefox/css/thefox_js_composer.css HTTP/1.1" 200 19521 "https://clinicadentalargarate.com/" "Mozilla/5.0 (Macintosh; Intel Mac OS X 10_15_7) AppleWebKit/605.1.15 (KHTML, like Gecko) Version/17.4 Safari/605.1.15 (Applebot/0.1; +http://www.apple.com/go/applebot)"
17.246.23.147 - - [29/Jun/2026:16:08:05 +0200] "GET /wp-content/themes/thefox/includes/zilla-likes/styles/zilla-likes.css HTTP/1.1" 200 526 "https://clinicadentalargarate.com/" "Mozilla/5.0 (Macintosh; Intel Mac OS X 10_15_7) AppleWebKit/605.1.15 (KHTML, like Gecko) Version/17.4 Safari/605.1.15 (Applebot/0.1; +http://www.apple.com/go/applebot)"
17.246.23.147 - - [29/Jun/2026:16:08:06 +0200] "GET /wp-includes/js/jquery/jquery.min.js HTTP/1.1" 200 30846 "https://clinicadentalargarate.com/" "Mozilla/5.0 (Macintosh; Intel Mac OS X 10_15_7) AppleWebKit/605.1.15 (KHTML, like Gecko) Version/17.4 Safari/605.1.15 (Applebot/0.1; +http://www.apple.com/go/applebot)"
17.246.23.147 - - [29/Jun/2026:16:08:07 +0200] "GET /wp-includes/js/jquery/jquery-migrate.min.js HTTP/1.1" 200 5238 "https://clinicadentalargarate.com/" "Mozilla/5.0 (Macintosh; Intel Mac OS X 10_15_7) AppleWebKit/605.1.15 (KHTML, like Gecko) Version/17.4 Safari/605.1.15 (Applebot/0.1; +http://www.apple.com/go/applebot)"
17.246.23.147 - - [29/Jun/2026:16:08:08 +0200] "GET /wp-content/plugins/revslider/public/assets/js/jquery.themepunch.tools.min.js HTTP/1.1" 200 38810 "https://clinicadentalargarate.com/" "Mozilla/5.0 (Macintosh; Intel Mac OS X 10_15_7) AppleWebKit/605.1.15 (KHTML, like Gecko) Version/17.4 Safari/605.1.15 (Applebot/0.1; +http://www.apple.com/go/applebot)"
17.246.23.147 - - [29/Jun/2026:16:08:09 +0200] "GET /wp-content/plugins/revslider/public/assets/js/jquery.themepunch.revolution.min.js HTTP/1.1" 200 18432 "https://clinicadentalargarate.com/" "Mozilla/5.0 (Macintosh; Intel Mac OS X 10_15_7) AppleWebKit/605.1.15 (KHTML, like Gecko) Version/17.4 Safari/605.1.15 (Applebot/0.1; +http://www.apple.com/go/applebot)"
17.246.23.147 - - [29/Jun/2026:16:08:10 +0200] "GET /wp-content/themes/thefox/js/scrollmagic.js HTTP/1.1" 200 46717 "https://clinicadentalargarate.com/" "Mozilla/5.0 (Macintosh; Intel Mac OS X 10_15_7) AppleWebKit/605.1.15 (KHTML, like Gecko) Version/17.4 Safari/605.1.15 (Applebot/0.1; +http://www.apple.com/go/applebot)"
17.246.23.147 - - [29/Jun/2026:16:08:11 +0200] "GET /wp-content/themes/thefox/js/customjs.js HTTP/1.1" 200 66171 "https://clinicadentalargarate.com/" "Mozilla/5.0 (Macintosh; Intel Mac OS X 10_15_7) AppleWebKit/605.1.15 (KHTML, like Gecko) Version/17.4 Safari/605.1.15 (Applebot/0.1; +http://www.apple.com/go/applebot)"
17.246.23.147 - - [29/Jun/2026:16:08:13 +0200] "GET /wp-content/themes/thefox/js/custom_woo_js.js HTTP/1.1" 200 1053 "https://clinicadentalargarate.com/" "Mozilla/5.0 (Macintosh; Intel Mac OS X 10_15_7) AppleWebKit/605.1.15 (KHTML, like Gecko) Version/17.4 Safari/605.1.15 (Applebot/0.1; +http://www.apple.com/go/applebot)"
17.246.23.147 - - [29/Jun/2026:16:08:14 +0200] "GET /wp-content/plugins/contact-form-7/includes/js/scripts.js HTTP/1.1" 200 4359 "https://clinicadentalargarate.com/" "Mozilla/5.0 (Macintosh; Intel Mac OS X 10_15_7) AppleWebKit/605.1.15 (KHTML, like Gecko) Version/17.4 Safari/605.1.15 (Applebot/0.1; +http://www.apple.com/go/applebot)"
17.246.23.147 - - [29/Jun/2026:16:08:15 +0200] "GET /wp-content/plugins/js_composer/assets/js/dist/js_composer_front.min.js HTTP/1.1" 200 6078 "https://clinicadentalargarate.com/" "Mozilla/5.0 (Macintosh; Intel Mac OS X 10_15_7) AppleWebKit/605.1.15 (KHTML, like Gecko) Version/17.4 Safari/605.1.15 (Applebot/0.1; +http://www.apple.com/go/applebot)"
17.246.23.147 - - [29/Jun/2026:16:08:16 +0200] "GET /wp-content/themes/thefox/js/jquery.isotope.min.js HTTP/1.1" 200 13325 "https://clinicadentalargarate.com/" "Mozilla/5.0 (Macintosh; Intel Mac OS X 10_15_7) AppleWebKit/605.1.15 (KHTML, like Gecko) Version/17.4 Safari/605.1.15 (Applebot/0.1; +http://www.apple.com/go/applebot)"
17.246.23.147 - - [29/Jun/2026:16:08:17 +0200] "GET /wp-content/themes/thefox/js/sorting_bp.js HTTP/1.1" 200 611 "https://clinicadentalargarate.com/" "Mozilla/5.0 (Macintosh; Intel Mac OS X 10_15_7) AppleWebKit/605.1.15 (KHTML, like Gecko) Version/17.4 Safari/605.1.15 (Applebot/0.1; +http://www.apple.com/go/applebot)"
17.246.23.147 - - [29/Jun/2026:16:08:18 +0200] "GET /wp-content/themes/thefox/js/refresh_bp.js HTTP/1.1" 200 569 "https://clinicadentalargarate.com/" "Mozilla/5.0 (Macintosh; Intel Mac OS X 10_15_7) AppleWebKit/605.1.15 (KHTML, like Gecko) Version/17.4 Safari/605.1.15 (Applebot/0.1; +http://www.apple.com/go/applebot)"
17.246.23.147 - - [29/Jun/2026:16:08:19 +0200] "GET /wp-content/plugins/revslider/public/assets/js/extensions/revolution.extension.actions.min.js?version=5.4.6.4 HTTP/1.1" 200 2933 "https://clinicadentalargarate.com/" "Mozilla/5.0 (Macintosh; Intel Mac OS X 10_15_7) AppleWebKit/605.1.15 (KHTML, like Gecko) Version/17.4 Safari/605.1.15 (Applebot/0.1; +http://www.apple.com/go/applebot)"
17.246.23.147 - - [29/Jun/2026:16:08:20 +0200] "GET /wp-content/plugins/revslider/public/assets/js/extensions/revolution.extension.layeranimation.min.js?version=5.4.6.4 HTTP/1.1" 200 14760 "https://clinicadentalargarate.com/" "Mozilla/5.0 (Macintosh; Intel Mac OS X 10_15_7) AppleWebKit/605.1.15 (KHTML, like Gecko) Version/17.4 Safari/605.1.15 (Applebot/0.1; +http://www.apple.com/go/applebot)"
17.246.23.147 - - [29/Jun/2026:16:08:21 +0200] "GET /wp-content/plugins/revslider/public/assets/js/extensions/revolution.extension.slideanims.min.js?version=5.4.6.4 HTTP/1.1" 200 7384 "https://clinicadentalargarate.com/" "Mozilla/5.0 (Macintosh; Intel Mac OS X 10_15_7) AppleWebKit/605.1.15 (KHTML, like Gecko) Version/17.4 Safari/605.1.15 (Applebot/0.1; +http://www.apple.com/go/applebot)"
17.246.23.147 - - [29/Jun/2026:16:08:22 +0200] "GET /wp-content/plugins/revslider/public/assets/js/extensions/revolution.extension.navigation.min.js?version=5.4.6.4 HTTP/1.1" 200 7403 "https://clinicadentalargarate.com/" "Mozilla/5.0 (Macintosh; Intel Mac OS X 10_15_7) AppleWebKit/605.1.15 (KHTML, like Gecko) Version/17.4 Safari/605.1.15 (Applebot/0.1; +http://www.apple.com/go/applebot)"
87.98.225.137 - - [29/Jun/2026:16:10:03 +0200] "POST /wp-cron.php?doing_wp_cron=1782742203.2021729946136474609375 HTTP/1.1" 200 3658 "-" "WordPress/6.7.2; https://clinicadentalargarate.com"
54.36.142.130 - - [29/Jun/2026:16:10:03 +0200] "GET /wp-login.php HTTP/1.1" 200 6744 "-" "Mozilla/5.0 (Windows NT 10.0; Win64; x64) AppleWebKit/537.36 (KHTML, like Gecko) Chrome/133.0.0.0 Safari/537.36 Edg/133.0.0.0"
54.36.142.130 - - [29/Jun/2026:16:10:03 +0200] "POST /wp-login.php HTTP/1.1" 200 3526 "https://clinicadentalargarate.com/wp-login.php" "Mozilla/5.0 (Windows NT 10.0; Win64; x64) AppleWebKit/537.36 (KHTML, like Gecko) Chrome/133.0.0.0 Safari/537.36 Edg/133.0.0.0"
172.98.32.209 - - [29/Jun/2026:16:10:27 +0200] "POST /wp-login.php HTTP/1.1" 200 6707 "-" "Mozilla/5.0 (Windows NT 10.0; Win64; x64) AppleWebKit/537.36 Chrome/129.0.0.0 Safari/537.36"
87.98.225.137 - - [29/Jun/2026:16:10:27 +0200] "POST /wp-cron.php?doing_wp_cron=1782742227.1923310756683349609375 HTTP/1.1" 200 3658 "-" "WordPress/6.7.2; https://clinicadentalargarate.com"
45.132.227.80 - - [29/Jun/2026:16:10:27 +0200] "POST /wp-login.php HTTP/1.1" 200 6709 "-" "Mozilla/5.0 (Macintosh; Intel Mac OS X 10_15_7) AppleWebKit/605.1.15 Version/17.0 Safari/605.1.15"
87.98.225.137 - - [29/Jun/2026:16:10:27 +0200] "POST /wp-cron.php?doing_wp_cron=1782742227.1923310756683349609375 HTTP/1.1" 200 3658 "-" "WordPress/6.7.2; https://clinicadentalargarate.com"
172.98.32.119 - - [29/Jun/2026:16:10:27 +0200] "POST /wp-login.php HTTP/1.1" 200 6681 "-" "Mozilla/5.0 (Windows NT 10.0; Win64; x64) AppleWebKit/537.36 Chrome/129.0.0.0 Safari/537.36"
172.98.32.208 - - [29/Jun/2026:16:10:27 +0200] "POST /wp-login.php HTTP/1.1" 200 6682 "-" "Mozilla/5.0 (Windows NT 10.0; Win64; rv:143.0) Gecko/20100101 Firefox/143.0"
45.132.227.84 - - [29/Jun/2026:16:10:27 +0200] "POST /wp-login.php HTTP/1.1" 200 6680 "-" "Mozilla/5.0 (Windows NT 10.0; Win64; x64) AppleWebKit/537.36 Chrome/129.0.0.0 Safari/537.36"
172.98.32.123 - - [29/Jun/2026:16:10:27 +0200] "POST /wp-login.php HTTP/1.1" 200 6683 "-" "Mozilla/5.0 (Windows NT 10.0; Win64; rv:143.0) Gecko/20100101 Firefox/143.0"
172.98.32.117 - - [29/Jun/2026:16:10:27 +0200] "POST /wp-login.php HTTP/1.1" 200 6680 "-" "Mozilla/5.0 (Windows NT 10.0; Win64; x64) AppleWebKit/537.36 Chrome/129.0.0.0 Safari/537.36"
87.98.225.137 - - [29/Jun/2026:16:10:58 +0200] "POST /wp-cron.php?doing_wp_cron=1782742258.1557009220123291015625 HTTP/1.1" 200 3658 "-" "WordPress/6.7.2; https://clinicadentalargarate.com"
185.242.177.19 - - [29/Jun/2026:16:10:58 +0200] "GET / HTTP/1.1" 200 36395 "-" "axios/1.7.2"
74.7.229.115 - - [29/Jun/2026:16:12:43 +0200] "GET /wp-content/themes/thefox/includes/4k-icons/css/icon-styles.css HTTP/1.1" 200 4649 "https://clinicadentalargarate.com/tratamientos/estetica-dental/carillas-dentales/" "Mozilla/5.0 (Macintosh; Intel Mac OS X 10_15_7) AppleWebKit/537.36 (KHTML, like Gecko) Chrome/131.0.0.0 Safari/537.36; compatible; OAI-SearchBot/1.4; +https://openai.com/searchbot"
87.98.225.137 - - [29/Jun/2026:16:12:45 +0200] "POST /wp-cron.php?doing_wp_cron=1782742365.6915071010589599609375 HTTP/1.1" 200 3658 "-" "WordPress/6.7.2; https://clinicadentalargarate.com"
78.142.18.172 - - [29/Jun/2026:16:12:45 +0200] "GET /wp-login.php HTTP/1.1" 200 6744 "-" "Mozilla/5.0 (Macintosh; Intel Mac OS X 14_7_4) AppleWebKit/537.36 (KHTML, like Gecko) Chrome/133.0.0.0 Safari/537.36"
78.142.18.172 - - [29/Jun/2026:16:12:45 +0200] "POST /wp-login.php HTTP/1.1" 200 3502 "https://clinicadentalargarate.com/wp-login.php" "Mozilla/5.0 (Macintosh; Intel Mac OS X 14_7_4) AppleWebKit/537.36 (KHTML, like Gecko) Chrome/133.0.0.0 Safari/537.36"
87.98.225.137 - - [29/Jun/2026:16:12:46 +0200] "POST /wp-cron.php?doing_wp_cron=1782742366.4335949420928955078125 HTTP/1.1" 200 3658 "-" "WordPress/6.7.2; https://clinicadentalargarate.com"
74.7.242.156 - - [29/Jun/2026:16:12:46 +0200] "GET /wp-json/oembed/1.0/embed?url=https%3A%2F%2Fclinicadentalargarate.com%2Ftratamientos%2Festetica-dental%2Fcarillas-dentales%2F HTTP/1.1" 200 6204 "https://clinicadentalargarate.com/tratamientos/estetica-dental/carillas-dentales/" "Mozilla/5.0 (Macintosh; Intel Mac OS X 10_15_7) AppleWebKit/537.36 (KHTML, like Gecko) Chrome/131.0.0.0 Safari/537.36; compatible; OAI-SearchBot/1.4; +https://openai.com/searchbot"
87.98.225.137 - - [29/Jun/2026:16:12:48 +0200] "POST /wp-cron.php?doing_wp_cron=1782742368.8637850284576416015625 HTTP/1.1" 200 3658 "-" "WordPress/6.7.2; https://clinicadentalargarate.com"
74.7.242.141 - - [29/Jun/2026:16:12:48 +0200] "GET /wp-json/oembed/1.0/embed?format=xml&url=https%3A%2F%2Fclinicadentalargarate.com%2Ftratamientos%2Festetica-dental%2Fcarillas-dentales%2F HTTP/1.1" 200 5076 "https://clinicadentalargarate.com/tratamientos/estetica-dental/carillas-dentales/" "Mozilla/5.0 (Macintosh; Intel Mac OS X 10_15_7) AppleWebKit/537.36 (KHTML, like Gecko) Chrome/131.0.0.0 Safari/537.36; compatible; OAI-SearchBot/1.4; +https://openai.com/searchbot"
74.7.243.57 - - [29/Jun/2026:16:12:51 +0200] "GET /wp-content/themes/thefox/includes/4k-icons/js/script-ck.js HTTP/1.1" 200 3996 "https://clinicadentalargarate.com/tratamientos/estetica-dental/carillas-dentales/" "Mozilla/5.0 (Macintosh; Intel Mac OS X 10_15_7) AppleWebKit/537.36 (KHTML, like Gecko) Chrome/131.0.0.0 Safari/537.36; compatible; OAI-SearchBot/1.4; +https://openai.com/searchbot"
87.98.225.137 - - [29/Jun/2026:16:12:53 +0200] "POST /wp-cron.php?doing_wp_cron=1782742373.3584470748901367187500 HTTP/1.1" 200 3658 "-" "WordPress/6.7.2; https://clinicadentalargarate.com"
74.7.242.178 - - [29/Jun/2026:16:12:53 +0200] "GET /wp-json/wp/v2/pages/1128 HTTP/1.1" 200 26802 "https://clinicadentalargarate.com/tratamientos/estetica-dental/carillas-dentales/" "Mozilla/5.0 (Macintosh; Intel Mac OS X 10_15_7) AppleWebKit/537.36 (KHTML, like Gecko) Chrome/131.0.0.0 Safari/537.36; compatible; OAI-SearchBot/1.4; +https://openai.com/searchbot"
87.98.225.137 - - [29/Jun/2026:16:14:14 +0200] "POST /wp-cron.php?doing_wp_cron=1782742454.7978720664978027343750 HTTP/1.1" 200 3658 "-" "WordPress/6.7.2; https://clinicadentalargarate.com"
52.167.144.195 - - [29/Jun/2026:16:14:14 +0200] "GET /?sitemapindex.xml HTTP/1.1" 301 3743 "-" "Mozilla/5.0 AppleWebKit/537.36 (KHTML, like Gecko; compatible; bingbot/2.0; +http://www.bing.com/bingbot.htm) Chrome/116.0.1938.76 Safari/537.36"
87.98.225.137 - - [29/Jun/2026:16:14:15 +0200] "POST /wp-cron.php?doing_wp_cron=1782742455.5642709732055664062500 HTTP/1.1" 200 3658 "-" "WordPress/6.7.2; https://clinicadentalargarate.com"
52.167.144.195 - - [29/Jun/2026:16:14:15 +0200] "GET /?sitemapindex_xml HTTP/1.1" 200 32976 "-" "Mozilla/5.0 AppleWebKit/537.36 (KHTML, like Gecko; compatible; bingbot/2.0; +http://www.bing.com/bingbot.htm) Chrome/116.0.1938.76 Safari/537.36"
87.98.225.137 - - [29/Jun/2026:16:17:03 +0200] "POST /wp-cron.php?doing_wp_cron=1782742623.1397809982299804687500 HTTP/1.1" 200 3658 "-" "WordPress/6.7.2; https://clinicadentalargarate.com"
185.223.152.82 - - [29/Jun/2026:16:17:03 +0200] "POST /wp-login.php HTTP/1.1" 200 6956 "https://clinicadentalargarate.com/wp-admin/" "Mozilla/5.0 (X11; Linux x86_64) AppleWebKit/537.36 (KHTML, like Gecko) Chrome/92.0.4515.107 Safari/537.36"
87.98.225.137 - - [29/Jun/2026:16:17:28 +0200] "POST /wp-cron.php?doing_wp_cron=1782742648.3232369422912597656250 HTTP/1.1" 200 3658 "-" "WordPress/6.7.2; https://clinicadentalargarate.com"
185.223.152.69 - - [29/Jun/2026:16:17:28 +0200] "POST /wp-login.php HTTP/1.1" 200 6955 "https://clinicadentalargarate.com/wp-admin/" "Mozilla/5.0 (Windows NT 10.0; Win64; x64; rv:89.0) Gecko/20100101 Firefox/89.0"
87.98.225.137 - - [29/Jun/2026:16:17:32 +0200] "POST /wp-cron.php?doing_wp_cron=1782742652.0561931133270263671875 HTTP/1.1" 200 3658 "-" "WordPress/6.7.2; https://clinicadentalargarate.com"
185.223.152.66 - - [29/Jun/2026:16:17:31 +0200] "POST /wp-login.php HTTP/1.1" 200 6909 "https://clinicadentalargarate.com/wp-admin/" "Mozilla/5.0 (Windows NT 10.0; Win64; x64) AppleWebKit/537.36 (KHTML, like Gecko) Chrome/95.0.4638.54 Safari/537.36"
87.98.225.137 - - [29/Jun/2026:16:17:44 +0200] "POST /wp-cron.php?doing_wp_cron=1782742664.5459699630737304687500 HTTP/1.1" 200 3658 "-" "WordPress/6.7.2; https://clinicadentalargarate.com"
185.223.152.78 - - [29/Jun/2026:16:17:44 +0200] "POST /wp-login.php HTTP/1.1" 200 6959 "https://clinicadentalargarate.com/wp-admin/" "Mozilla/5.0 (iPhone; CPU iPhone OS 14_6 like Mac OS X) AppleWebKit/605.1.15 (KHTML, like Gecko) Version/14.0 Mobile/15E148 Safari/604.1"
87.98.225.137 - - [29/Jun/2026:16:17:55 +0200] "POST /wp-cron.php?doing_wp_cron=1782742675.2323811054229736328125 HTTP/1.1" 200 3658 "-" "WordPress/6.7.2; https://clinicadentalargarate.com"
185.223.152.91 - - [29/Jun/2026:16:17:55 +0200] "POST /wp-login.php HTTP/1.1" 200 6960 "https://clinicadentalargarate.com/wp-admin/" "Mozilla/5.0 (Windows NT 10.0; Win64; x64) AppleWebKit/537.36 (KHTML, like Gecko) Chrome/90.0.4430.85 Safari/537.36"
87.98.225.137 - - [29/Jun/2026:16:18:00 +0200] "POST /wp-cron.php?doing_wp_cron=1782742680.6522300243377685546875 HTTP/1.1" 200 3658 "-" "WordPress/6.7.2; https://clinicadentalargarate.com"
185.223.152.83 - - [29/Jun/2026:16:18:00 +0200] "POST /wp-login.php HTTP/1.1" 200 6958 "https://clinicadentalargarate.com/wp-admin/" "Mozilla/5.0 (X11; Linux x86_64) AppleWebKit/537.36 (KHTML, like Gecko) Chrome/92.0.4515.107 Safari/537.36"
87.98.225.137 - - [29/Jun/2026:16:18:06 +0200] "POST /wp-cron.php?doing_wp_cron=1782742686.0627279281616210937500 HTTP/1.1" 200 3658 "-" "WordPress/6.7.2; https://clinicadentalargarate.com"
185.223.152.67 - - [29/Jun/2026:16:18:05 +0200] "POST /wp-login.php HTTP/1.1" 200 6955 "https://clinicadentalargarate.com/wp-admin/" "Mozilla/5.0 (X11; Linux x86_64) AppleWebKit/537.36 (KHTML, like Gecko) Chrome/92.0.4515.107 Safari/537.36"
87.98.225.137 - - [29/Jun/2026:16:18:08 +0200] "POST /wp-cron.php?doing_wp_cron=1782742688.3791990280151367187500 HTTP/1.1" 200 3658 "-" "WordPress/6.7.2; https://clinicadentalargarate.com"
185.223.152.79 - - [29/Jun/2026:16:18:08 +0200] "POST /wp-login.php HTTP/1.1" 200 6955 "https://clinicadentalargarate.com/wp-admin/" "Mozilla/5.0 (Windows NT 10.0; Win64; x64) AppleWebKit/537.36 (KHTML, like Gecko) Chrome/94.0.4606.71 Safari/537.36"
66.249.66.44 - - [29/Jun/2026:16:18:16 +0200] "GET /robots.txt HTTP/1.1" 200 501 "-" "Mozilla/5.0 (compatible; Googlebot/2.1; +http://www.google.com/bot.html)"
87.98.225.137 - - [29/Jun/2026:16:18:16 +0200] "POST /wp-cron.php?doing_wp_cron=1782742696.4565839767456054687500 HTTP/1.1" 200 281 "-" "WordPress/6.7.2; https://clinicadentalargarate.com"
66.249.66.44 - - [29/Jun/2026:16:18:16 +0200] "GET / HTTP/1.1" 301 289 "-" "Mozilla/5.0 (Linux; Android 6.0.1; Nexus 5X Build/MMB29P) AppleWebKit/537.36 (KHTML, like Gecko) Chrome/148.0.7778.96 Mobile Safari/537.36 (compatible; Googlebot/2.1; +http://www.google.com/bot.html)"
87.98.225.137 - - [29/Jun/2026:16:18:17 +0200] "POST /wp-cron.php?doing_wp_cron=1782742697.0404551029205322265625 HTTP/1.1" 200 3658 "-" "WordPress/6.7.2; https://clinicadentalargarate.com"
66.249.66.41 - - [29/Jun/2026:16:18:16 +0200] "GET / HTTP/1.1" 200 36379 "-" "Mozilla/5.0 (Linux; Android 6.0.1; Nexus 5X Build/MMB29P) AppleWebKit/537.36 (KHTML, like Gecko) Chrome/148.0.7778.96 Mobile Safari/537.36 (compatible; Googlebot/2.1; +http://www.google.com/bot.html)"
87.98.225.137 - - [29/Jun/2026:16:18:18 +0200] "POST /wp-cron.php?doing_wp_cron=1782742698.2847158908843994140625 HTTP/1.1" 200 3658 "-" "WordPress/6.7.2; https://clinicadentalargarate.com"
185.223.152.88 - - [29/Jun/2026:16:18:18 +0200] "POST /wp-login.php HTTP/1.1" 200 6953 "https://clinicadentalargarate.com/wp-admin/" "Mozilla/5.0 (Windows NT 10.0; Win64; x64) AppleWebKit/537.36 (KHTML, like Gecko) Chrome/91.0.4472.124 Safari/537.36"
185.223.152.86 - - [29/Jun/2026:16:18:26 +0200] "POST /wp-login.php HTTP/1.1" 200 6954 "https://clinicadentalargarate.com/wp-admin/" "Mozilla/5.0 (Windows NT 10.0; Win64; x64; rv:89.0) Gecko/20100101 Firefox/89.0"
185.223.152.88 - - [29/Jun/2026:16:18:29 +0200] "POST /wp-login.php HTTP/1.1" 200 6955 "https://clinicadentalargarate.com/wp-admin/" "Mozilla/5.0 (Windows NT 10.0; Win64; x64) AppleWebKit/537.36 (KHTML, like Gecko) Edge/91.0.864.59"
185.223.152.68 - - [29/Jun/2026:16:18:33 +0200] "POST /wp-login.php HTTP/1.1" 200 6956 "https://clinicadentalargarate.com/wp-admin/" "Mozilla/5.0 (X11; Linux x86_64) AppleWebKit/537.36 (KHTML, like Gecko) Chrome/92.0.4515.107 Safari/537.36"
185.223.152.4 - - [29/Jun/2026:16:18:39 +0200] "POST /wp-login.php HTTP/1.1" 200 6955 "https://clinicadentalargarate.com/wp-admin/" "Mozilla/5.0 (Windows NT 10.0; Win64; x64) AppleWebKit/537.36 (KHTML, like Gecko) Edge/91.0.864.59"
66.249.66.205 - - [29/Jun/2026:16:18:41 +0200] "GET /wp-content/plugins/revslider/public/assets/js/extensions/revolution.extension.actions.min.js?version=5.4.6.4 HTTP/1.1" 200 6280 "https://clinicadentalargarate.com/" "Mozilla/5.0 (Linux; Android 6.0.1; Nexus 5X Build/MMB29P) AppleWebKit/537.36 (KHTML, like Gecko) Chrome/148.0.7778.96 Mobile Safari/537.36 (compatible; Googlebot/2.1; +http://www.google.com/bot.html)"
66.249.66.206 - - [29/Jun/2026:16:18:41 +0200] "GET /wp-content/plugins/revslider/public/assets/js/extensions/revolution.extension.layeranimation.min.js?version=5.4.6.4 HTTP/1.1" 200 18107 "https://clinicadentalargarate.com/" "Mozilla/5.0 (Linux; Android 6.0.1; Nexus 5X Build/MMB29P) AppleWebKit/537.36 (KHTML, like Gecko) Chrome/148.0.7778.96 Mobile Safari/537.36 (compatible; Googlebot/2.1; +http://www.google.com/bot.html)"
185.223.152.79 - - [29/Jun/2026:16:18:43 +0200] "POST /wp-login.php HTTP/1.1" 200 6955 "https://clinicadentalargarate.com/wp-admin/" "Mozilla/5.0 (Windows NT 10.0; Win64; x64) AppleWebKit/537.36 (KHTML, like Gecko) Chrome/91.0.4472.124 Safari/537.36"
185.223.152.90 - - [29/Jun/2026:16:18:48 +0200] "POST /wp-login.php HTTP/1.1" 200 6956 "https://clinicadentalargarate.com/wp-admin/" "Mozilla/5.0 (Windows NT 10.0; Win64; x64) AppleWebKit/537.36 (KHTML, like Gecko) Chrome/91.0.4472.124 Safari/537.36"
185.223.152.79 - - [29/Jun/2026:16:18:59 +0200] "POST /wp-login.php HTTP/1.1" 200 6959 "https://clinicadentalargarate.com/wp-admin/" "Mozilla/5.0 (Windows NT 10.0; Win64; x64) AppleWebKit/537.36 (KHTML, like Gecko) Chrome/94.0.4606.71 Safari/537.36"
185.223.152.4 - - [29/Jun/2026:16:19:09 +0200] "POST /wp-login.php HTTP/1.1" 200 6961 "https://clinicadentalargarate.com/wp-admin/" "Mozilla/5.0 (X11; Linux x86_64) AppleWebKit/537.36 (KHTML, like Gecko) Chrome/92.0.4515.107 Safari/537.36"
185.223.152.84 - - [29/Jun/2026:16:19:16 +0200] "POST /wp-login.php HTTP/1.1" 200 6953 "https://clinicadentalargarate.com/wp-admin/" "Mozilla/5.0 (X11; Linux x86_64) AppleWebKit/537.36 (KHTML, like Gecko) Chrome/92.0.4515.107 Safari/537.36"
87.98.225.137 - - [29/Jun/2026:16:19:27 +0200] "POST /wp-cron.php?doing_wp_cron=1782742767.8033959865570068359375 HTTP/1.1" 200 3658 "-" "WordPress/6.7.2; https://clinicadentalargarate.com"
185.223.152.73 - - [29/Jun/2026:16:19:27 +0200] "POST /wp-login.php HTTP/1.1" 200 6957 "https://clinicadentalargarate.com/wp-admin/" "Mozilla/5.0 (Windows NT 10.0; Win64; x64) AppleWebKit/537.36 (KHTML, like Gecko) Chrome/91.0.4472.124 Safari/537.36"
87.98.225.137 - - [29/Jun/2026:16:19:36 +0200] "POST /wp-cron.php?doing_wp_cron=1782742776.6966059207916259765625 HTTP/1.1" 200 3658 "-" "WordPress/6.7.2; https://clinicadentalargarate.com"
185.223.152.66 - - [29/Jun/2026:16:19:36 +0200] "POST /wp-login.php HTTP/1.1" 200 6959 "https://clinicadentalargarate.com/wp-admin/" "Mozilla/5.0 (Windows NT 10.0; Win64; x64) AppleWebKit/537.36 (KHTML, like Gecko) Chrome/90.0.4430.85 Safari/537.36"
87.98.225.137 - - [29/Jun/2026:16:19:40 +0200] "POST /wp-cron.php?doing_wp_cron=1782742780.8176109790802001953125 HTTP/1.1" 200 3658 "-" "WordPress/6.7.2; https://clinicadentalargarate.com"
185.223.152.81 - - [29/Jun/2026:16:19:40 +0200] "POST /wp-login.php HTTP/1.1" 200 6962 "https://clinicadentalargarate.com/wp-admin/" "Mozilla/5.0 (Windows NT 10.0; Win64; x64) AppleWebKit/537.36 (KHTML, like Gecko) Chrome/93.0.4577.63 Safari/537.36"
87.98.225.137 - - [29/Jun/2026:16:19:44 +0200] "POST /wp-cron.php?doing_wp_cron=1782742784.6213970184326171875000 HTTP/1.1" 200 3658 "-" "WordPress/6.7.2; https://clinicadentalargarate.com"
185.223.152.81 - - [29/Jun/2026:16:19:44 +0200] "POST /wp-login.php HTTP/1.1" 200 6959 "https://clinicadentalargarate.com/wp-admin/" "Mozilla/5.0 (Windows NT 10.0; Win64; x64) AppleWebKit/537.36 (KHTML, like Gecko) Chrome/95.0.4638.54 Safari/537.36"
87.98.225.137 - - [29/Jun/2026:16:19:50 +0200] "POST /wp-cron.php?doing_wp_cron=1782742790.0912270545959472656250 HTTP/1.1" 200 3658 "-" "WordPress/6.7.2; https://clinicadentalargarate.com"
185.223.152.70 - - [29/Jun/2026:16:19:49 +0200] "POST /wp-login.php HTTP/1.1" 200 6956 "https://clinicadentalargarate.com/wp-admin/" "Mozilla/5.0 (Windows NT 10.0; Win64; x64) AppleWebKit/537.36 (KHTML, like Gecko) Chrome/90.0.4430.85 Safari/537.36"
87.98.225.137 - - [29/Jun/2026:16:19:55 +0200] "POST /wp-cron.php?doing_wp_cron=1782742795.0564949512481689453125 HTTP/1.1" 200 3658 "-" "WordPress/6.7.2; https://clinicadentalargarate.com"
185.223.152.83 - - [29/Jun/2026:16:19:54 +0200] "POST /wp-login.php HTTP/1.1" 200 6954 "https://clinicadentalargarate.com/wp-admin/" "Mozilla/5.0 (Windows NT 10.0; Win64; x64; rv:89.0) Gecko/20100101 Firefox/89.0"
87.98.225.137 - - [29/Jun/2026:16:20:00 +0200] "POST /wp-cron.php?doing_wp_cron=1782742800.1680629253387451171875 HTTP/1.1" 200 3658 "-" "WordPress/6.7.2; https://clinicadentalargarate.com"
185.223.152.68 - - [29/Jun/2026:16:20:00 +0200] "POST /wp-login.php HTTP/1.1" 200 6964 "https://clinicadentalargarate.com/wp-admin/" "Mozilla/5.0 (Windows NT 10.0; Win64; x64) AppleWebKit/537.36 (KHTML, like Gecko) Chrome/95.0.4638.54 Safari/537.36"
87.98.225.137 - - [29/Jun/2026:16:20:04 +0200] "POST /wp-cron.php?doing_wp_cron=1782742804.3256130218505859375000 HTTP/1.1" 200 3658 "-" "WordPress/6.7.2; https://clinicadentalargarate.com"
185.223.152.80 - - [29/Jun/2026:16:20:04 +0200] "POST /wp-login.php HTTP/1.1" 200 6960 "https://clinicadentalargarate.com/wp-admin/" "Mozilla/5.0 (Macintosh; Intel Mac OS X 10_15_7) AppleWebKit/605.1.15 (KHTML, like Gecko) Version/14.1.1 Safari/605.1.15"
87.98.225.137 - - [29/Jun/2026:16:20:12 +0200] "POST /wp-cron.php?doing_wp_cron=1782742812.3626770973205566406250 HTTP/1.1" 200 3658 "-" "WordPress/6.7.2; https://clinicadentalargarate.com"
185.223.152.85 - - [29/Jun/2026:16:20:12 +0200] "POST /wp-login.php HTTP/1.1" 200 6956 "https://clinicadentalargarate.com/wp-admin/" "Mozilla/5.0 (iPhone; CPU iPhone OS 14_6 like Mac OS X) AppleWebKit/605.1.15 (KHTML, like Gecko) Version/14.0 Mobile/15E148 Safari/604.1"
87.98.225.137 - - [29/Jun/2026:16:20:14 +0200] "POST /wp-cron.php?doing_wp_cron=1782742814.8929440975189208984375 HTTP/1.1" 200 3658 "-" "WordPress/6.7.2; https://clinicadentalargarate.com"
185.223.152.69 - - [29/Jun/2026:16:20:14 +0200] "POST /wp-login.php HTTP/1.1" 200 6952 "https://clinicadentalargarate.com/wp-admin/" "Mozilla/5.0 (Windows NT 10.0; Win64; x64) AppleWebKit/537.36 (KHTML, like Gecko) Edge/91.0.864.59"
172.98.32.108 - - [29/Jun/2026:16:20:18 +0200] "POST /wp-login.php HTTP/1.1" 200 6709 "-" "Mozilla/5.0 (Windows NT 10.0; Win64; rv:143.0) Gecko/20100101 Firefox/143.0"
136.144.42.88 - - [29/Jun/2026:16:20:18 +0200] "POST /wp-login.php HTTP/1.1" 200 6683 "-" "Mozilla/5.0 (Windows NT 10.0; Win64; x64) AppleWebKit/537.36 Chrome/129.0.0.0 Safari/537.36"
87.98.225.137 - - [29/Jun/2026:16:20:18 +0200] "POST /wp-cron.php?doing_wp_cron=1782742818.8577609062194824218750 HTTP/1.1" 200 3658 "-" "WordPress/6.7.2; https://clinicadentalargarate.com"
45.132.227.85 - - [29/Jun/2026:16:20:18 +0200] "POST /wp-login.php HTTP/1.1" 200 6682 "-" "Mozilla/5.0 (Windows NT 10.0; Win64; rv:143.0) Gecko/20100101 Firefox/143.0"
87.98.225.137 - - [29/Jun/2026:16:20:18 +0200] "POST /wp-cron.php?doing_wp_cron=1782742818.8574829101562500000000 HTTP/1.1" 200 3658 "-" "WordPress/6.7.2; https://clinicadentalargarate.com"
45.132.227.69 - - [29/Jun/2026:16:20:18 +0200] "POST /wp-login.php HTTP/1.1" 200 6681 "-" "Mozilla/5.0 (Windows NT 10.0; Win64; x64) AppleWebKit/537.36 Chrome/129.0.0.0 Safari/537.36"
172.98.32.113 - - [29/Jun/2026:16:20:18 +0200] "POST /wp-login.php HTTP/1.1" 200 6680 "-" "Mozilla/5.0 (Macintosh; Intel Mac OS X 10_15_7) AppleWebKit/605.1.15 Version/17.0 Safari/605.1.15"
136.144.42.88 - - [29/Jun/2026:16:20:18 +0200] "POST /wp-login.php HTTP/1.1" 200 6707 "-" "Mozilla/5.0 (Windows NT 10.0; Win64; x64) AppleWebKit/537.36 Chrome/129.0.0.0 Safari/537.36"
172.98.32.122 - - [29/Jun/2026:16:20:18 +0200] "POST /wp-login.php HTTP/1.1" 200 6680 "-" "Mozilla/5.0 (Macintosh; Intel Mac OS X 10_15_7) AppleWebKit/605.1.15 Version/17.0 Safari/605.1.15"
87.98.225.137 - - [29/Jun/2026:16:20:23 +0200] "POST /wp-cron.php?doing_wp_cron=1782742823.7059710025787353515625 HTTP/1.1" 200 3658 "-" "WordPress/6.7.2; https://clinicadentalargarate.com"
185.223.152.88 - - [29/Jun/2026:16:20:23 +0200] "POST /wp-login.php HTTP/1.1" 200 6962 "https://clinicadentalargarate.com/wp-admin/" "Mozilla/5.0 (X11; Linux x86_64) AppleWebKit/537.36 (KHTML, like Gecko) Chrome/92.0.4515.107 Safari/537.36"
87.98.225.137 - - [29/Jun/2026:16:20:30 +0200] "POST /wp-cron.php?doing_wp_cron=1782742830.5840239524841308593750 HTTP/1.1" 200 3658 "-" "WordPress/6.7.2; https://clinicadentalargarate.com"
185.223.152.71 - - [29/Jun/2026:16:20:30 +0200] "POST /wp-login.php HTTP/1.1" 200 6953 "https://clinicadentalargarate.com/wp-admin/" "Mozilla/5.0 (Macintosh; Intel Mac OS X 10_15_7) AppleWebKit/605.1.15 (KHTML, like Gecko) Version/14.1.1 Safari/605.1.15"
87.98.225.137 - - [29/Jun/2026:16:20:33 +0200] "POST /wp-cron.php?doing_wp_cron=1782742833.5422608852386474609375 HTTP/1.1" 200 3658 "-" "WordPress/6.7.2; https://clinicadentalargarate.com"
137.59.109.132 - - [29/Jun/2026:16:20:33 +0200] "GET /wp-login.php HTTP/1.1" 200 6744 "-" "Mozilla/5.0 (X11; Linux x86_64) AppleWebKit/537.36 (KHTML, like Gecko) Chrome/133.0.0.0 Safari/537.36 Edg/133.0.0.0"
87.98.225.137 - - [29/Jun/2026:16:20:34 +0200] "POST /wp-cron.php?doing_wp_cron=1782742834.7294859886169433593750 HTTP/1.1" 200 3658 "-" "WordPress/6.7.2; https://clinicadentalargarate.com"
137.59.109.132 - - [29/Jun/2026:16:20:34 +0200] "POST /wp-login.php HTTP/1.1" 200 3503 "https://clinicadentalargarate.com/wp-login.php" "Mozilla/5.0 (X11; Linux x86_64) AppleWebKit/537.36 (KHTML, like Gecko) Chrome/133.0.0.0 Safari/537.36 Edg/133.0.0.0"
78.142.18.172 - - [29/Jun/2026:16:20:34 +0200] "GET /wp-login.php HTTP/1.1" 200 6744 "-" "Mozilla/5.0 (Macintosh; Intel Mac OS X 14_7_4) AppleWebKit/537.36 (KHTML, like Gecko) Chrome/133.0.0.0 Safari/537.36"
87.98.225.137 - - [29/Jun/2026:16:20:35 +0200] "POST /wp-cron.php?doing_wp_cron=1782742835.0380690097808837890625 HTTP/1.1" 200 3658 "-" "WordPress/6.7.2; https://clinicadentalargarate.com"
78.142.18.172 - - [29/Jun/2026:16:20:34 +0200] "POST /wp-login.php HTTP/1.1" 200 3500 "https://clinicadentalargarate.com/wp-login.php" "Mozilla/5.0 (Macintosh; Intel Mac OS X 14_7_4) AppleWebKit/537.36 (KHTML, like Gecko) Chrome/133.0.0.0 Safari/537.36"
87.98.225.137 - - [29/Jun/2026:16:20:37 +0200] "POST /wp-cron.php?doing_wp_cron=1782742837.1520431041717529296875 HTTP/1.1" 200 3658 "-" "WordPress/6.7.2; https://clinicadentalargarate.com"
185.223.152.69 - - [29/Jun/2026:16:20:37 +0200] "POST /wp-login.php HTTP/1.1" 200 6957 "https://clinicadentalargarate.com/wp-admin/" "Mozilla/5.0 (Windows NT 10.0; Win64; x64) AppleWebKit/537.36 (KHTML, like Gecko) Chrome/91.0.4472.124 Safari/537.36"
87.98.225.137 - - [29/Jun/2026:16:20:44 +0200] "POST /wp-cron.php?doing_wp_cron=1782742844.7863268852233886718750 HTTP/1.1" 200 3658 "-" "WordPress/6.7.2; https://clinicadentalargarate.com"
185.223.152.82 - - [29/Jun/2026:16:20:44 +0200] "POST /wp-login.php HTTP/1.1" 200 6954 "https://clinicadentalargarate.com/wp-admin/" "Mozilla/5.0 (Windows NT 10.0; Win64; x64) AppleWebKit/537.36 (KHTML, like Gecko) Edge/91.0.864.59"
87.98.225.137 - - [29/Jun/2026:16:20:57 +0200] "POST /wp-cron.php?doing_wp_cron=1782742857.2866189479827880859375 HTTP/1.1" 200 3658 "-" "WordPress/6.7.2; https://clinicadentalargarate.com"
185.223.152.88 - - [29/Jun/2026:16:20:57 +0200] "POST /wp-login.php HTTP/1.1" 200 6961 "https://clinicadentalargarate.com/wp-admin/" "Mozilla/5.0 (Windows NT 10.0; Win64; x64) AppleWebKit/537.36 (KHTML, like Gecko) Chrome/90.0.4430.85 Safari/537.36"
87.98.225.137 - - [29/Jun/2026:16:21:02 +0200] "POST /wp-cron.php?doing_wp_cron=1782742862.8108639717102050781250 HTTP/1.1" 200 3658 "-" "WordPress/6.7.2; https://clinicadentalargarate.com"
185.223.152.83 - - [29/Jun/2026:16:21:02 +0200] "POST /wp-login.php HTTP/1.1" 200 6965 "https://clinicadentalargarate.com/wp-admin/" "Mozilla/5.0 (Windows NT 10.0; Win64; x64; rv:89.0) Gecko/20100101 Firefox/89.0"
87.98.225.137 - - [29/Jun/2026:16:21:12 +0200] "POST /wp-cron.php?doing_wp_cron=1782742872.3552830219268798828125 HTTP/1.1" 200 3658 "-" "WordPress/6.7.2; https://clinicadentalargarate.com"
185.223.152.78 - - [29/Jun/2026:16:21:12 +0200] "POST /wp-login.php HTTP/1.1" 200 6954 "https://clinicadentalargarate.com/wp-admin/" "Mozilla/5.0 (iPhone; CPU iPhone OS 14_6 like Mac OS X) AppleWebKit/605.1.15 (KHTML, like Gecko) Version/14.0 Mobile/15E148 Safari/604.1"
87.98.225.137 - - [29/Jun/2026:16:21:23 +0200] "POST /wp-cron.php?doing_wp_cron=1782742883.6162080764770507812500 HTTP/1.1" 200 3658 "-" "WordPress/6.7.2; https://clinicadentalargarate.com"
185.223.152.67 - - [29/Jun/2026:16:21:23 +0200] "POST /wp-login.php HTTP/1.1" 200 6956 "https://clinicadentalargarate.com/wp-admin/" "Mozilla/5.0 (X11; Linux x86_64) AppleWebKit/537.36 (KHTML, like Gecko) Chrome/92.0.4515.107 Safari/537.36"
87.98.225.137 - - [29/Jun/2026:16:21:40 +0200] "POST /wp-cron.php?doing_wp_cron=1782742900.3981540203094482421875 HTTP/1.1" 200 3658 "-" "WordPress/6.7.2; https://clinicadentalargarate.com"
185.223.152.249 - - [29/Jun/2026:16:21:40 +0200] "POST /wp-login.php HTTP/1.1" 200 6956 "https://clinicadentalargarate.com/wp-admin/" "Mozilla/5.0 (Windows NT 10.0; Win64; x64) AppleWebKit/537.36 (KHTML, like Gecko) Chrome/93.0.4577.63 Safari/537.36"
87.98.225.137 - - [29/Jun/2026:16:21:55 +0200] "POST /wp-cron.php?doing_wp_cron=1782742915.8449010848999023437500 HTTP/1.1" 200 3658 "-" "WordPress/6.7.2; https://clinicadentalargarate.com"
185.223.152.74 - - [29/Jun/2026:16:21:55 +0200] "POST /wp-login.php HTTP/1.1" 200 6958 "https://clinicadentalargarate.com/wp-admin/" "Mozilla/5.0 (Windows NT 10.0; Win64; x64) AppleWebKit/537.36 (KHTML, like Gecko) Chrome/94.0.4606.71 Safari/537.36"
87.98.225.137 - - [29/Jun/2026:16:22:00 +0200] "POST /wp-cron.php?doing_wp_cron=1782742920.2173039913177490234375 HTTP/1.1" 200 3658 "-" "WordPress/6.7.2; https://clinicadentalargarate.com"
185.223.152.77 - - [29/Jun/2026:16:22:00 +0200] "POST /wp-login.php HTTP/1.1" 200 6955 "https://clinicadentalargarate.com/wp-admin/" "Mozilla/5.0 (Windows NT 10.0; Win64; x64) AppleWebKit/537.36 (KHTML, like Gecko) Edge/91.0.864.59"
87.98.225.137 - - [29/Jun/2026:16:22:09 +0200] "POST /wp-cron.php?doing_wp_cron=1782742929.6569778919219970703125 HTTP/1.1" 200 3658 "-" "WordPress/6.7.2; https://clinicadentalargarate.com"
185.223.152.70 - - [29/Jun/2026:16:22:09 +0200] "POST /wp-login.php HTTP/1.1" 200 6958 "https://clinicadentalargarate.com/wp-admin/" "Mozilla/5.0 (X11; Linux x86_64) AppleWebKit/537.36 (KHTML, like Gecko) Chrome/92.0.4515.107 Safari/537.36"
87.98.225.137 - - [29/Jun/2026:16:22:27 +0200] "POST /wp-cron.php?doing_wp_cron=1782742947.7493209838867187500000 HTTP/1.1" 200 3658 "-" "WordPress/6.7.2; https://clinicadentalargarate.com"
185.223.152.83 - - [29/Jun/2026:16:22:27 +0200] "POST /wp-login.php HTTP/1.1" 200 6957 "https://clinicadentalargarate.com/wp-admin/" "Mozilla/5.0 (Macintosh; Intel Mac OS X 10_15_7) AppleWebKit/605.1.15 (KHTML, like Gecko) Version/14.1.1 Safari/605.1.15"
87.98.225.137 - - [29/Jun/2026:16:22:31 +0200] "POST /wp-cron.php?doing_wp_cron=1782742951.5379970073699951171875 HTTP/1.1" 200 3658 "-" "WordPress/6.7.2; https://clinicadentalargarate.com"
185.223.152.81 - - [29/Jun/2026:16:22:31 +0200] "POST /wp-login.php HTTP/1.1" 200 6961 "https://clinicadentalargarate.com/wp-admin/" "Mozilla/5.0 (Windows NT 10.0; Win64; x64) AppleWebKit/537.36 (KHTML, like Gecko) Chrome/94.0.4606.71 Safari/537.36"
87.98.225.137 - - [29/Jun/2026:16:22:38 +0200] "POST /wp-cron.php?doing_wp_cron=1782742958.1616520881652832031250 HTTP/1.1" 200 3658 "-" "WordPress/6.7.2; https://clinicadentalargarate.com"
185.223.152.86 - - [29/Jun/2026:16:22:38 +0200] "POST /wp-login.php HTTP/1.1" 200 6955 "https://clinicadentalargarate.com/wp-admin/" "Mozilla/5.0 (Windows NT 10.0; Win64; x64) AppleWebKit/537.36 (KHTML, like Gecko) Chrome/91.0.4472.124 Safari/537.36"
87.98.225.137 - - [29/Jun/2026:16:22:45 +0200] "POST /wp-cron.php?doing_wp_cron=1782742965.5244109630584716796875 HTTP/1.1" 200 3658 "-" "WordPress/6.7.2; https://clinicadentalargarate.com"
104.244.124.135 - - [29/Jun/2026:16:22:45 +0200] "GET /wp-login.php HTTP/1.1" 200 6744 "-" "Mozilla/5.0 (X11; Fedora; Linux x86_64) AppleWebKit/537.36 (KHTML, like Gecko) Chrome/133.0.0.0 Safari/537.36"
87.98.225.137 - - [29/Jun/2026:16:22:45 +0200] "POST /wp-cron.php?doing_wp_cron=1782742965.9788639545440673828125 HTTP/1.1" 200 3658 "-" "WordPress/6.7.2; https://clinicadentalargarate.com"
104.244.124.135 - - [29/Jun/2026:16:22:45 +0200] "POST /wp-login.php HTTP/1.1" 200 3529 "https://clinicadentalargarate.com/wp-login.php" "Mozilla/5.0 (X11; Fedora; Linux x86_64) AppleWebKit/537.36 (KHTML, like Gecko) Chrome/133.0.0.0 Safari/537.36"
87.98.225.137 - - [29/Jun/2026:16:22:48 +0200] "POST /wp-cron.php?doing_wp_cron=1782742968.0894589424133300781250 HTTP/1.1" 200 3658 "-" "WordPress/6.7.2; https://clinicadentalargarate.com"
185.223.152.68 - - [29/Jun/2026:16:22:47 +0200] "POST /wp-login.php HTTP/1.1" 200 6957 "https://clinicadentalargarate.com/wp-admin/" "Mozilla/5.0 (Windows NT 10.0; Win64; x64) AppleWebKit/537.36 (KHTML, like Gecko) Chrome/90.0.4430.85 Safari/537.36"
87.98.225.137 - - [29/Jun/2026:16:22:49 +0200] "POST /wp-cron.php?doing_wp_cron=1782742969.1168420314788818359375 HTTP/1.1" 200 3658 "-" "WordPress/6.7.2; https://clinicadentalargarate.com"
103.82.22.235 - - [29/Jun/2026:16:22:49 +0200] "GET /wp-login.php HTTP/1.1" 200 6744 "-" "Mozilla/5.0 (Windows NT 10.0; Win64; x64) AppleWebKit/537.36 (KHTML, like Gecko) Chrome/120.0.0.0 Safari/537.36"
87.98.225.137 - - [29/Jun/2026:16:22:49 +0200] "POST /wp-cron.php?doing_wp_cron=1782742969.4989941120147705078125 HTTP/1.1" 200 3658 "-" "WordPress/6.7.2; https://clinicadentalargarate.com"
103.82.22.235 - - [29/Jun/2026:16:22:49 +0200] "POST /wp-login.php HTTP/1.1" 200 3500 "https://clinicadentalargarate.com/wp-login.php" "Mozilla/5.0 (Windows NT 10.0; Win64; x64) AppleWebKit/537.36 (KHTML, like Gecko) Chrome/120.0.0.0 Safari/537.36"
87.98.225.137 - - [29/Jun/2026:16:22:55 +0200] "POST /wp-cron.php?doing_wp_cron=1782742975.9680969715118408203125 HTTP/1.1" 200 3658 "-" "WordPress/6.7.2; https://clinicadentalargarate.com"
185.223.152.90 - - [29/Jun/2026:16:22:55 +0200] "POST /wp-login.php HTTP/1.1" 200 6958 "https://clinicadentalargarate.com/wp-admin/" "Mozilla/5.0 (iPhone; CPU iPhone OS 14_6 like Mac OS X) AppleWebKit/605.1.15 (KHTML, like Gecko) Version/14.0 Mobile/15E148 Safari/604.1"
87.98.225.137 - - [29/Jun/2026:16:22:59 +0200] "POST /wp-cron.php?doing_wp_cron=1782742979.1918210983276367187500 HTTP/1.1" 200 3658 "-" "WordPress/6.7.2; https://clinicadentalargarate.com"
185.223.152.249 - - [29/Jun/2026:16:22:59 +0200] "POST /wp-login.php HTTP/1.1" 200 6953 "https://clinicadentalargarate.com/wp-admin/" "Mozilla/5.0 (Macintosh; Intel Mac OS X 10_15_7) AppleWebKit/605.1.15 (KHTML, like Gecko) Version/14.1.1 Safari/605.1.15"
87.98.225.137 - - [29/Jun/2026:16:23:10 +0200] "POST /wp-cron.php?doing_wp_cron=1782742990.0059530735015869140625 HTTP/1.1" 200 3658 "-" "WordPress/6.7.2; https://clinicadentalargarate.com"
185.223.152.73 - - [29/Jun/2026:16:23:09 +0200] "POST /wp-login.php HTTP/1.1" 200 6955 "https://clinicadentalargarate.com/wp-admin/" "Mozilla/5.0 (iPhone; CPU iPhone OS 14_6 like Mac OS X) AppleWebKit/605.1.15 (KHTML, like Gecko) Version/14.0 Mobile/15E148 Safari/604.1"
87.98.225.137 - - [29/Jun/2026:16:23:18 +0200] "POST /wp-cron.php?doing_wp_cron=1782742998.0800039768218994140625 HTTP/1.1" 200 3658 "-" "WordPress/6.7.2; https://clinicadentalargarate.com"
185.223.152.67 - - [29/Jun/2026:16:23:17 +0200] "POST /wp-login.php HTTP/1.1" 200 6955 "https://clinicadentalargarate.com/wp-admin/" "Mozilla/5.0 (iPhone; CPU iPhone OS 14_6 like Mac OS X) AppleWebKit/605.1.15 (KHTML, like Gecko) Version/14.0 Mobile/15E148 Safari/604.1"
87.98.225.137 - - [29/Jun/2026:16:23:29 +0200] "POST /wp-cron.php?doing_wp_cron=1782743009.1684470176696777343750 HTTP/1.1" 200 3658 "-" "WordPress/6.7.2; https://clinicadentalargarate.com"
185.223.152.72 - - [29/Jun/2026:16:23:29 +0200] "POST /wp-login.php HTTP/1.1" 200 6957 "https://clinicadentalargarate.com/wp-admin/" "Mozilla/5.0 (iPhone; CPU iPhone OS 14_6 like Mac OS X) AppleWebKit/605.1.15 (KHTML, like Gecko) Version/14.0 Mobile/15E148 Safari/604.1"
87.98.225.137 - - [29/Jun/2026:16:23:33 +0200] "POST /wp-cron.php?doing_wp_cron=1782743013.8383030891418457031250 HTTP/1.1" 200 3658 "-" "WordPress/6.7.2; https://clinicadentalargarate.com"
185.223.152.88 - - [29/Jun/2026:16:23:33 +0200] "POST /wp-login.php HTTP/1.1" 200 6958 "https://clinicadentalargarate.com/wp-admin/" "Mozilla/5.0 (Windows NT 10.0; Win64; x64) AppleWebKit/537.36 (KHTML, like Gecko) Chrome/90.0.4430.85 Safari/537.36"
87.98.225.137 - - [29/Jun/2026:16:23:53 +0200] "POST /wp-cron.php?doing_wp_cron=1782743033.6016879081726074218750 HTTP/1.1" 200 3658 "-" "WordPress/6.7.2; https://clinicadentalargarate.com"
185.223.152.65 - - [29/Jun/2026:16:23:53 +0200] "POST /wp-login.php HTTP/1.1" 200 6956 "https://clinicadentalargarate.com/wp-admin/" "Mozilla/5.0 (Windows NT 10.0; Win64; x64) AppleWebKit/537.36 (KHTML, like Gecko) Chrome/95.0.4638.54 Safari/537.36"
87.98.225.137 - - [29/Jun/2026:16:23:59 +0200] "POST /wp-cron.php?doing_wp_cron=1782743039.5524899959564208984375 HTTP/1.1" 200 3658 "-" "WordPress/6.7.2; https://clinicadentalargarate.com"
185.223.152.73 - - [29/Jun/2026:16:23:59 +0200] "POST /wp-login.php HTTP/1.1" 200 6956 "https://clinicadentalargarate.com/wp-admin/" "Mozilla/5.0 (Windows NT 10.0; Win64; x64) AppleWebKit/537.36 (KHTML, like Gecko) Chrome/90.0.4430.85 Safari/537.36"
87.98.225.137 - - [29/Jun/2026:16:24:21 +0200] "POST /wp-cron.php?doing_wp_cron=1782743061.3066608905792236328125 HTTP/1.1" 200 3658 "-" "WordPress/6.7.2; https://clinicadentalargarate.com"
152.42.137.70 - - [29/Jun/2026:16:24:21 +0200] "GET /wp-login.php HTTP/1.1" 200 6744 "-" "Mozilla/5.0 (X11; Fedora; Linux x86_64) AppleWebKit/537.36 (KHTML, like Gecko) Chrome/133.0.0.0 Safari/537.36"
87.98.225.137 - - [29/Jun/2026:16:24:22 +0200] "POST /wp-cron.php?doing_wp_cron=1782743062.1030690670013427734375 HTTP/1.1" 200 3658 "-" "WordPress/6.7.2; https://clinicadentalargarate.com"
152.42.137.70 - - [29/Jun/2026:16:24:22 +0200] "POST /wp-login.php HTTP/1.1" 200 3526 "https://clinicadentalargarate.com/wp-login.php" "Mozilla/5.0 (X11; Fedora; Linux x86_64) AppleWebKit/537.36 (KHTML, like Gecko) Chrome/133.0.0.0 Safari/537.36"
87.98.225.137 - - [29/Jun/2026:16:24:32 +0200] "POST /wp-cron.php?doing_wp_cron=1782743072.6500680446624755859375 HTTP/1.1" 200 3658 "-" "WordPress/6.7.2; https://clinicadentalargarate.com"
3.217.128.115 - - [29/Jun/2026:16:24:32 +0200] "GET / HTTP/1.1" 301 3645 "-" "Mozilla/4.0 (compatible; MSIE 7.0; Windows NT 5.1; .NET CLR 1.1.4322; .NET CLR 2.0.50727)"
87.98.225.137 - - [29/Jun/2026:16:24:33 +0200] "POST /wp-cron.php?doing_wp_cron=1782743073.1235051155090332031250 HTTP/1.1" 200 3658 "-" "WordPress/6.7.2; https://clinicadentalargarate.com"
3.217.128.115 - - [29/Jun/2026:16:24:33 +0200] "GET / HTTP/1.1" 200 36367 "-" "Mozilla/4.0 (compatible; MSIE 7.0; Windows NT 5.1; .NET CLR 1.1.4322; .NET CLR 2.0.50727)"
87.98.225.137 - - [29/Jun/2026:16:25:23 +0200] "POST /wp-cron.php?doing_wp_cron=1782743123.7760651111602783203125 HTTP/1.1" 200 281 "-" "WordPress/6.7.2; https://clinicadentalargarate.com"
68.221.70.80 - - [29/Jun/2026:16:25:23 +0200] "GET /wp-content/plugins/hellopress/wp_filemanager.php HTTP/1.1" 404 101412 "-" "-"
87.98.225.137 - - [29/Jun/2026:16:25:24 +0200] "POST /wp-cron.php?doing_wp_cron=1782743124.4365439414978027343750 HTTP/1.1" 200 281 "-" "WordPress/6.7.2; https://clinicadentalargarate.com"
68.221.70.80 - - [29/Jun/2026:16:25:24 +0200] "GET /this_is_a_new_hello_world.php HTTP/1.1" 404 101378 "-" "-"
87.98.225.137 - - [29/Jun/2026:16:25:25 +0200] "POST /wp-cron.php?doing_wp_cron=1782743125.2042350769042968750000 HTTP/1.1" 200 281 "-" "WordPress/6.7.2; https://clinicadentalargarate.com"
68.221.70.80 - - [29/Jun/2026:16:25:25 +0200] "GET /x.php HTTP/1.1" 404 101378 "-" "-"
87.98.225.137 - - [29/Jun/2026:16:25:26 +0200] "POST /wp-cron.php?doing_wp_cron=1782743126.3443799018859863281250 HTTP/1.1" 200 281 "-" "WordPress/6.7.2; https://clinicadentalargarate.com"
68.221.70.80 - - [29/Jun/2026:16:25:26 +0200] "GET /nari.php HTTP/1.1" 404 101378 "-" "-"
87.98.225.137 - - [29/Jun/2026:16:25:27 +0200] "POST /wp-cron.php?doing_wp_cron=1782743127.3887689113616943359375 HTTP/1.1" 200 281 "-" "WordPress/6.7.2; https://clinicadentalargarate.com"
68.221.70.80 - - [29/Jun/2026:16:25:27 +0200] "GET /colay.php HTTP/1.1" 404 101378 "-" "-"
87.98.225.137 - - [29/Jun/2026:16:25:28 +0200] "POST /wp-cron.php?doing_wp_cron=1782743127.9948461055755615234375 HTTP/1.1" 200 281 "-" "WordPress/6.7.2; https://clinicadentalargarate.com"
68.221.70.80 - - [29/Jun/2026:16:25:27 +0200] "GET /u30.php HTTP/1.1" 404 101378 "-" "-"
87.98.225.137 - - [29/Jun/2026:16:25:28 +0200] "POST /wp-cron.php?doing_wp_cron=1782743128.5491468906402587890625 HTTP/1.1" 200 281 "-" "WordPress/6.7.2; https://clinicadentalargarate.com"
68.221.70.80 - - [29/Jun/2026:16:25:28 +0200] "GET /hp.php HTTP/1.1" 404 101378 "-" "-"
87.98.225.137 - - [29/Jun/2026:16:25:29 +0200] "POST /wp-cron.php?doing_wp_cron=1782743129.0431249141693115234375 HTTP/1.1" 200 281 "-" "WordPress/6.7.2; https://clinicadentalargarate.com"
68.221.70.80 - - [29/Jun/2026:16:25:28 +0200] "GET /fpwch.php HTTP/1.1" 404 101378 "-" "-"
87.98.225.137 - - [29/Jun/2026:16:25:29 +0200] "POST /wp-cron.php?doing_wp_cron=1782743129.7026350498199462890625 HTTP/1.1" 200 281 "-" "WordPress/6.7.2; https://clinicadentalargarate.com"
68.221.70.80 - - [29/Jun/2026:16:25:29 +0200] "GET /jsstrings.php HTTP/1.1" 404 101378 "-" "-"
87.98.225.137 - - [29/Jun/2026:16:25:30 +0200] "POST /wp-cron.php?doing_wp_cron=1782743130.5396239757537841796875 HTTP/1.1" 200 281 "-" "WordPress/6.7.2; https://clinicadentalargarate.com"
68.221.70.80 - - [29/Jun/2026:16:25:30 +0200] "GET /scxy.php HTTP/1.1" 404 101378 "-" "-"
87.98.225.137 - - [29/Jun/2026:16:25:31 +0200] "POST /wp-cron.php?doing_wp_cron=1782743131.0598039627075195312500 HTTP/1.1" 200 281 "-" "WordPress/6.7.2; https://clinicadentalargarate.com"
68.221.70.80 - - [29/Jun/2026:16:25:30 +0200] "GET /FWAZ.php HTTP/1.1" 404 101378 "-" "-"
87.98.225.137 - - [29/Jun/2026:16:25:31 +0200] "POST /wp-cron.php?doing_wp_cron=1782743131.5821590423583984375000 HTTP/1.1" 200 281 "-" "WordPress/6.7.2; https://clinicadentalargarate.com"
68.221.70.80 - - [29/Jun/2026:16:25:31 +0200] "GET /qterm.php?p= HTTP/1.1" 301 335 "-" "-"
87.98.225.137 - - [29/Jun/2026:16:25:31 +0200] "POST /wp-cron.php?doing_wp_cron=1782743131.8022201061248779296875 HTTP/1.1" 200 281 "-" "WordPress/6.7.2; https://clinicadentalargarate.com"
68.221.70.80 - - [29/Jun/2026:16:25:31 +0200] "GET /qterm.php HTTP/1.1" 404 101378 "-" "-"
87.98.225.137 - - [29/Jun/2026:16:25:32 +0200] "POST /wp-cron.php?doing_wp_cron=1782743132.4417610168457031250000 HTTP/1.1" 200 281 "-" "WordPress/6.7.2; https://clinicadentalargarate.com"
68.221.70.80 - - [29/Jun/2026:16:25:32 +0200] "GET /blurbs.php HTTP/1.1" 404 101378 "-" "-"
87.98.225.137 - - [29/Jun/2026:16:25:32 +0200] "POST /wp-cron.php?doing_wp_cron=1782743132.9631590843200683593750 HTTP/1.1" 200 281 "-" "WordPress/6.7.2; https://clinicadentalargarate.com"
68.221.70.80 - - [29/Jun/2026:16:25:32 +0200] "GET /v543.php HTTP/1.1" 404 101378 "-" "-"
87.98.225.137 - - [29/Jun/2026:16:25:33 +0200] "POST /wp-cron.php?doing_wp_cron=1782743133.5298941135406494140625 HTTP/1.1" 200 281 "-" "WordPress/6.7.2; https://clinicadentalargarate.com"
68.221.70.80 - - [29/Jun/2026:16:25:33 +0200] "GET /w3lls.php HTTP/1.1" 404 101378 "-" "-"
87.98.225.137 - - [29/Jun/2026:16:25:34 +0200] "POST /wp-cron.php?doing_wp_cron=1782743134.1062579154968261718750 HTTP/1.1" 200 281 "-" "WordPress/6.7.2; https://clinicadentalargarate.com"
68.221.70.80 - - [29/Jun/2026:16:25:34 +0200] "GET /wp-ws68.php?p= HTTP/1.1" 301 337 "-" "-"
87.98.225.137 - - [29/Jun/2026:16:25:34 +0200] "POST /wp-cron.php?doing_wp_cron=1782743134.4096820354461669921875 HTTP/1.1" 200 281 "-" "WordPress/6.7.2; https://clinicadentalargarate.com"
68.221.70.80 - - [29/Jun/2026:16:25:34 +0200] "GET /wp-ws68.php HTTP/1.1" 404 101378 "-" "-"
87.98.225.137 - - [29/Jun/2026:16:25:34 +0200] "POST /wp-cron.php?doing_wp_cron=1782743134.9724929332733154296875 HTTP/1.1" 200 281 "-" "WordPress/6.7.2; https://clinicadentalargarate.com"
68.221.70.80 - - [29/Jun/2026:16:25:34 +0200] "GET /xyn.php HTTP/1.1" 404 101378 "-" "-"
87.98.225.137 - - [29/Jun/2026:16:25:35 +0200] "POST /wp-cron.php?doing_wp_cron=1782743135.6785678863525390625000 HTTP/1.1" 200 281 "-" "WordPress/6.7.2; https://clinicadentalargarate.com"
68.221.70.80 - - [29/Jun/2026:16:25:35 +0200] "GET /green3.php?p= HTTP/1.1" 301 336 "-" "-"
68.221.70.80 - - [29/Jun/2026:16:25:35 +0200] "GET /green3.php HTTP/1.1" 404 101378 "-" "-"
87.98.225.137 - - [29/Jun/2026:16:25:36 +0200] "POST /wp-cron.php?doing_wp_cron=1782743136.3385460376739501953125 HTTP/1.1" 200 281 "-" "WordPress/6.7.2; https://clinicadentalargarate.com"
68.221.70.80 - - [29/Jun/2026:16:25:36 +0200] "GET /bks12.php HTTP/1.1" 404 101378 "-" "-"
87.98.225.137 - - [29/Jun/2026:16:25:36 +0200] "POST /wp-cron.php?doing_wp_cron=1782743136.9373569488525390625000 HTTP/1.1" 200 281 "-" "WordPress/6.7.2; https://clinicadentalargarate.com"
68.221.70.80 - - [29/Jun/2026:16:25:36 +0200] "GET /ccs.php?p= HTTP/1.1" 301 333 "-" "-"
68.221.70.80 - - [29/Jun/2026:16:25:36 +0200] "GET /ccs.php HTTP/1.1" 404 101378 "-" "-"
87.98.225.137 - - [29/Jun/2026:16:25:37 +0200] "POST /wp-cron.php?doing_wp_cron=1782743137.6798150539398193359375 HTTP/1.1" 200 281 "-" "WordPress/6.7.2; https://clinicadentalargarate.com"
68.221.70.80 - - [29/Jun/2026:16:25:37 +0200] "GET /ccc.php?p= HTTP/1.1" 301 333 "-" "-"
68.221.70.80 - - [29/Jun/2026:16:25:37 +0200] "GET /ccc.php HTTP/1.1" 404 101378 "-" "-"
87.98.225.137 - - [29/Jun/2026:16:25:38 +0200] "POST /wp-cron.php?doing_wp_cron=1782743138.3516619205474853515625 HTTP/1.1" 200 281 "-" "WordPress/6.7.2; https://clinicadentalargarate.com"
68.221.70.80 - - [29/Jun/2026:16:25:38 +0200] "GET /cc3.php HTTP/1.1" 404 101378 "-" "-"
87.98.225.137 - - [29/Jun/2026:16:25:39 +0200] "POST /wp-cron.php?doing_wp_cron=1782743139.1711490154266357421875 HTTP/1.1" 200 281 "-" "WordPress/6.7.2; https://clinicadentalargarate.com"
68.221.70.80 - - [29/Jun/2026:16:25:39 +0200] "GET /get.php HTTP/1.1" 404 101378 "-" "-"
87.98.225.137 - - [29/Jun/2026:16:25:39 +0200] "POST /wp-cron.php?doing_wp_cron=1782743139.6663739681243896484375 HTTP/1.1" 200 281 "-" "WordPress/6.7.2; https://clinicadentalargarate.com"
68.221.70.80 - - [29/Jun/2026:16:25:39 +0200] "GET /images.php HTTP/1.1" 404 101378 "-" "-"
