52.138.3.29 - - [28/Jun/2026:19:09:18 +0200] "GET /wen.php HTTP/1.1" 404 101446 "-" "-"
87.98.225.137 - - [28/Jun/2026:19:09:19 +0200] "POST /wp-cron.php?doing_wp_cron=1782666559.4374990463256835937500 HTTP/1.1" 200 281 "-" "WordPress/6.7.2; https://clinicadentalargarate.com"
52.138.3.29 - - [28/Jun/2026:19:09:19 +0200] "GET /dx.php HTTP/1.1" 404 101446 "-" "-"
87.98.225.137 - - [28/Jun/2026:19:09:19 +0200] "POST /wp-cron.php?doing_wp_cron=1782666559.9537200927734375000000 HTTP/1.1" 200 281 "-" "WordPress/6.7.2; https://clinicadentalargarate.com"
52.138.3.29 - - [28/Jun/2026:19:09:19 +0200] "GET /u.php HTTP/1.1" 404 101446 "-" "-"
87.98.225.137 - - [28/Jun/2026:19:09:20 +0200] "POST /wp-cron.php?doing_wp_cron=1782666560.4772000312805175781250 HTTP/1.1" 200 281 "-" "WordPress/6.7.2; https://clinicadentalargarate.com"
52.138.3.29 - - [28/Jun/2026:19:09:20 +0200] "GET /thoms.php HTTP/1.1" 404 101446 "-" "-"
87.98.225.137 - - [28/Jun/2026:19:09:20 +0200] "POST /wp-cron.php?doing_wp_cron=1782666560.9825639724731445312500 HTTP/1.1" 200 281 "-" "WordPress/6.7.2; https://clinicadentalargarate.com"
52.138.3.29 - - [28/Jun/2026:19:09:20 +0200] "GET /co.php HTTP/1.1" 404 101446 "-" "-"
52.138.3.29 - - [28/Jun/2026:19:09:21 +0200] "GET /cgi-bin/index.php HTTP/1.1" 404 190 "-" "-"
87.98.225.137 - - [28/Jun/2026:19:09:21 +0200] "POST /wp-cron.php?doing_wp_cron=1782666561.5929689407348632812500 HTTP/1.1" 200 281 "-" "WordPress/6.7.2; https://clinicadentalargarate.com"
52.138.3.29 - - [28/Jun/2026:19:09:21 +0200] "GET /php8.php HTTP/1.1" 404 101446 "-" "-"
87.98.225.137 - - [28/Jun/2026:19:09:22 +0200] "POST /wp-cron.php?doing_wp_cron=1782666562.2122819423675537109375 HTTP/1.1" 200 281 "-" "WordPress/6.7.2; https://clinicadentalargarate.com"
52.138.3.29 - - [28/Jun/2026:19:09:22 +0200] "GET /wordpress/wp-admin/maint/ HTTP/1.1" 404 101446 "-" "-"
52.138.3.29 - - [28/Jun/2026:19:09:23 +0200] "GET /wp-includes/js/jquery/ HTTP/1.1" 403 456 "-" "-"
87.98.225.137 - - [28/Jun/2026:19:09:23 +0200] "POST /wp-cron.php?doing_wp_cron=1782666563.3520319461822509765625 HTTP/1.1" 200 281 "-" "WordPress/6.7.2; https://clinicadentalargarate.com"
52.138.3.29 - - [28/Jun/2026:19:09:23 +0200] "GET /solo1.php HTTP/1.1" 404 101446 "-" "-"
87.98.225.137 - - [28/Jun/2026:19:09:24 +0200] "POST /wp-cron.php?doing_wp_cron=1782666564.5002539157867431640625 HTTP/1.1" 200 281 "-" "WordPress/6.7.2; https://clinicadentalargarate.com"
52.138.3.29 - - [28/Jun/2026:19:09:24 +0200] "GET /0.php HTTP/1.1" 404 101446 "-" "-"
87.98.225.137 - - [28/Jun/2026:19:09:25 +0200] "POST /wp-cron.php?doing_wp_cron=1782666565.2310519218444824218750 HTTP/1.1" 200 281 "-" "WordPress/6.7.2; https://clinicadentalargarate.com"
52.138.3.29 - - [28/Jun/2026:19:09:25 +0200] "GET /ms-edit.php HTTP/1.1" 404 101446 "-" "-"
87.98.225.137 - - [28/Jun/2026:19:09:25 +0200] "POST /wp-cron.php?doing_wp_cron=1782666565.8709959983825683593750 HTTP/1.1" 200 281 "-" "WordPress/6.7.2; https://clinicadentalargarate.com"
52.138.3.29 - - [28/Jun/2026:19:09:25 +0200] "GET /sss.php HTTP/1.1" 404 101446 "-" "-"
87.98.225.137 - - [28/Jun/2026:19:09:26 +0200] "POST /wp-cron.php?doing_wp_cron=1782666566.3908240795135498046875 HTTP/1.1" 200 281 "-" "WordPress/6.7.2; https://clinicadentalargarate.com"
52.138.3.29 - - [28/Jun/2026:19:09:26 +0200] "GET /k.php HTTP/1.1" 404 101446 "-" "-"
52.138.3.29 - - [28/Jun/2026:19:09:26 +0200] "GET /wp-includes/blocks/post-comments-form/ HTTP/1.1" 403 456 "-" "-"
87.98.225.137 - - [28/Jun/2026:19:09:27 +0200] "POST /wp-cron.php?doing_wp_cron=1782666567.1828041076660156250000 HTTP/1.1" 200 281 "-" "WordPress/6.7.2; https://clinicadentalargarate.com"
52.138.3.29 - - [28/Jun/2026:19:09:27 +0200] "GET /file.php HTTP/1.1" 404 101446 "-" "-"
87.98.225.137 - - [28/Jun/2026:19:09:27 +0200] "POST /wp-cron.php?doing_wp_cron=1782666567.7180690765380859375000 HTTP/1.1" 200 281 "-" "WordPress/6.7.2; https://clinicadentalargarate.com"
52.138.3.29 - - [28/Jun/2026:19:09:27 +0200] "GET /wp.php HTTP/1.1" 404 101446 "-" "-"
87.98.225.137 - - [28/Jun/2026:19:09:28 +0200] "POST /wp-cron.php?doing_wp_cron=1782666568.2332170009613037109375 HTTP/1.1" 200 281 "-" "WordPress/6.7.2; https://clinicadentalargarate.com"
52.138.3.29 - - [28/Jun/2026:19:09:28 +0200] "GET /wp-blog-header.php HTTP/1.1" 200 147 "-" "-"
52.138.3.29 - - [28/Jun/2026:19:09:28 +0200] "GET /mini.php HTTP/1.1" 404 101446 "-" "-"
87.98.225.137 - - [28/Jun/2026:19:09:29 +0200] "POST /wp-cron.php?doing_wp_cron=1782666569.0596349239349365234375 HTTP/1.1" 200 281 "-" "WordPress/6.7.2; https://clinicadentalargarate.com"
52.138.3.29 - - [28/Jun/2026:19:09:28 +0200] "GET /wefile.php HTTP/1.1" 404 101446 "-" "-"
87.98.225.137 - - [28/Jun/2026:19:09:29 +0200] "POST /wp-cron.php?doing_wp_cron=1782666569.7749300003051757812500 HTTP/1.1" 200 281 "-" "WordPress/6.7.2; https://clinicadentalargarate.com"
52.138.3.29 - - [28/Jun/2026:19:09:29 +0200] "GET /doc.php HTTP/1.1" 404 101465 "-" "-"
87.98.225.137 - - [28/Jun/2026:19:09:30 +0200] "POST /wp-cron.php?doing_wp_cron=1782666570.9101009368896484375000 HTTP/1.1" 200 281 "-" "WordPress/6.7.2; https://clinicadentalargarate.com"
52.138.3.29 - - [28/Jun/2026:19:09:30 +0200] "GET /pp.php HTTP/1.1" 404 101480 "-" "-"
87.98.225.137 - - [28/Jun/2026:19:09:32 +0200] "POST /wp-cron.php?doing_wp_cron=1782666572.0364310741424560546875 HTTP/1.1" 200 281 "-" "WordPress/6.7.2; https://clinicadentalargarate.com"
52.138.3.29 - - [28/Jun/2026:19:09:31 +0200] "GET /11.php HTTP/1.1" 404 101446 "-" "-"
87.98.225.137 - - [28/Jun/2026:19:09:32 +0200] "POST /wp-cron.php?doing_wp_cron=1782666572.6643669605255126953125 HTTP/1.1" 200 281 "-" "WordPress/6.7.2; https://clinicadentalargarate.com"
52.138.3.29 - - [28/Jun/2026:19:09:32 +0200] "GET /bolt.php HTTP/1.1" 404 101446 "-" "-"
87.98.225.137 - - [28/Jun/2026:19:09:33 +0200] "POST /wp-cron.php?doing_wp_cron=1782666573.1865839958190917968750 HTTP/1.1" 200 281 "-" "WordPress/6.7.2; https://clinicadentalargarate.com"
52.138.3.29 - - [28/Jun/2026:19:09:33 +0200] "GET /cron.php HTTP/1.1" 404 101446 "-" "-"
87.98.225.137 - - [28/Jun/2026:19:09:33 +0200] "POST /wp-cron.php?doing_wp_cron=1782666573.7047889232635498046875 HTTP/1.1" 200 281 "-" "WordPress/6.7.2; https://clinicadentalargarate.com"
52.138.3.29 - - [28/Jun/2026:19:09:33 +0200] "GET /wp-wp.php HTTP/1.1" 404 101446 "-" "-"
87.98.225.137 - - [28/Jun/2026:19:09:34 +0200] "POST /wp-cron.php?doing_wp_cron=1782666574.2343730926513671875000 HTTP/1.1" 200 281 "-" "WordPress/6.7.2; https://clinicadentalargarate.com"
52.138.3.29 - - [28/Jun/2026:19:09:34 +0200] "GET /8.php HTTP/1.1" 404 101446 "-" "-"
87.98.225.137 - - [28/Jun/2026:19:09:34 +0200] "POST /wp-cron.php?doing_wp_cron=1782666574.7457640171051025390625 HTTP/1.1" 200 281 "-" "WordPress/6.7.2; https://clinicadentalargarate.com"
52.138.3.29 - - [28/Jun/2026:19:09:34 +0200] "GET /wp-the.php HTTP/1.1" 404 101446 "-" "-"
87.98.225.137 - - [28/Jun/2026:19:09:35 +0200] "POST /wp-cron.php?doing_wp_cron=1782666575.2975718975067138671875 HTTP/1.1" 200 281 "-" "WordPress/6.7.2; https://clinicadentalargarate.com"
52.138.3.29 - - [28/Jun/2026:19:09:35 +0200] "GET /e.php HTTP/1.1" 404 101446 "-" "-"
87.98.225.137 - - [28/Jun/2026:19:09:35 +0200] "POST /wp-cron.php?doing_wp_cron=1782666575.8106870651245117187500 HTTP/1.1" 200 281 "-" "WordPress/6.7.2; https://clinicadentalargarate.com"
52.138.3.29 - - [28/Jun/2026:19:09:35 +0200] "GET /mjq.php HTTP/1.1" 404 101446 "-" "-"
87.98.225.137 - - [28/Jun/2026:19:09:36 +0200] "POST /wp-cron.php?doing_wp_cron=1782666576.3327629566192626953125 HTTP/1.1" 200 281 "-" "WordPress/6.7.2; https://clinicadentalargarate.com"
52.138.3.29 - - [28/Jun/2026:19:09:36 +0200] "GET /lala.php HTTP/1.1" 404 101446 "-" "-"
87.98.225.137 - - [28/Jun/2026:19:09:36 +0200] "POST /wp-cron.php?doing_wp_cron=1782666576.8452980518341064453125 HTTP/1.1" 200 281 "-" "WordPress/6.7.2; https://clinicadentalargarate.com"
52.138.3.29 - - [28/Jun/2026:19:09:36 +0200] "GET /SrHD3odefault.php HTTP/1.1" 404 101446 "-" "-"
87.98.225.137 - - [28/Jun/2026:19:09:37 +0200] "POST /wp-cron.php?doing_wp_cron=1782666577.3635859489440917968750 HTTP/1.1" 200 281 "-" "WordPress/6.7.2; https://clinicadentalargarate.com"
52.138.3.29 - - [28/Jun/2026:19:09:37 +0200] "GET /dao.php HTTP/1.1" 404 101446 "-" "-"
87.98.225.137 - - [28/Jun/2026:19:09:37 +0200] "POST /wp-cron.php?doing_wp_cron=1782666577.8797440528869628906250 HTTP/1.1" 200 281 "-" "WordPress/6.7.2; https://clinicadentalargarate.com"
52.138.3.29 - - [28/Jun/2026:19:09:37 +0200] "GET /abc.php HTTP/1.1" 404 101446 "-" "-"
87.98.225.137 - - [28/Jun/2026:19:09:38 +0200] "POST /wp-cron.php?doing_wp_cron=1782666578.5141499042510986328125 HTTP/1.1" 200 281 "-" "WordPress/6.7.2; https://clinicadentalargarate.com"
52.138.3.29 - - [28/Jun/2026:19:09:38 +0200] "GET /crgio.php HTTP/1.1" 404 101446 "-" "-"
87.98.225.137 - - [28/Jun/2026:19:09:39 +0200] "POST /wp-cron.php?doing_wp_cron=1782666579.1994810104370117187500 HTTP/1.1" 200 281 "-" "WordPress/6.7.2; https://clinicadentalargarate.com"
52.138.3.29 - - [28/Jun/2026:19:09:39 +0200] "GET /xa.php HTTP/1.1" 404 101446 "-" "-"
87.98.225.137 - - [28/Jun/2026:19:09:39 +0200] "POST /wp-cron.php?doing_wp_cron=1782666579.7123739719390869140625 HTTP/1.1" 200 281 "-" "WordPress/6.7.2; https://clinicadentalargarate.com"
52.138.3.29 - - [28/Jun/2026:19:09:39 +0200] "GET /mh.php HTTP/1.1" 404 101446 "-" "-"
87.98.225.137 - - [28/Jun/2026:19:09:40 +0200] "POST /wp-cron.php?doing_wp_cron=1782666580.2924480438232421875000 HTTP/1.1" 200 281 "-" "WordPress/6.7.2; https://clinicadentalargarate.com"
52.138.3.29 - - [28/Jun/2026:19:09:40 +0200] "GET /pn.php HTTP/1.1" 404 101446 "-" "-"
87.98.225.137 - - [28/Jun/2026:19:09:40 +0200] "POST /wp-cron.php?doing_wp_cron=1782666580.8086209297180175781250 HTTP/1.1" 200 281 "-" "WordPress/6.7.2; https://clinicadentalargarate.com"
52.138.3.29 - - [28/Jun/2026:19:09:40 +0200] "GET /wp-content/themes/index.php HTTP/1.1" 301 349 "-" "-"
52.138.3.29 - - [28/Jun/2026:19:09:40 +0200] "GET /wp-content/themes/ HTTP/1.1" 403 456 "-" "-"
52.138.3.29 - - [28/Jun/2026:19:09:41 +0200] "GET /wp-includes/js/jquery/ HTTP/1.1" 403 456 "-" "-"
87.98.225.137 - - [28/Jun/2026:19:09:41 +0200] "POST /wp-cron.php?doing_wp_cron=1782666581.1921360492706298828125 HTTP/1.1" 200 281 "-" "WordPress/6.7.2; https://clinicadentalargarate.com"
52.138.3.29 - - [28/Jun/2026:19:09:41 +0200] "GET /nwflm.php HTTP/1.1" 404 101446 "-" "-"
87.98.225.137 - - [28/Jun/2026:19:09:42 +0200] "POST /wp-cron.php?doing_wp_cron=1782666582.5212230682373046875000 HTTP/1.1" 200 281 "-" "WordPress/6.7.2; https://clinicadentalargarate.com"
52.138.3.29 - - [28/Jun/2026:19:09:42 +0200] "GET /tiny.php HTTP/1.1" 404 101446 "-" "-"
87.98.225.137 - - [28/Jun/2026:19:09:43 +0200] "POST /wp-cron.php?doing_wp_cron=1782666583.3318459987640380859375 HTTP/1.1" 200 281 "-" "WordPress/6.7.2; https://clinicadentalargarate.com"
52.138.3.29 - - [28/Jun/2026:19:09:43 +0200] "GET /wp-content/plugins/hellopress/wp_filemanager.php HTTP/1.1" 404 101446 "-" "-"
87.98.225.137 - - [28/Jun/2026:19:09:43 +0200] "POST /wp-cron.php?doing_wp_cron=1782666583.8670859336853027343750 HTTP/1.1" 200 281 "-" "WordPress/6.7.2; https://clinicadentalargarate.com"
52.138.3.29 - - [28/Jun/2026:19:09:43 +0200] "GET /gg.php HTTP/1.1" 404 101446 "-" "-"
87.98.225.137 - - [28/Jun/2026:19:09:44 +0200] "POST /wp-cron.php?doing_wp_cron=1782666584.3855888843536376953125 HTTP/1.1" 200 281 "-" "WordPress/6.7.2; https://clinicadentalargarate.com"
52.138.3.29 - - [28/Jun/2026:19:09:44 +0200] "GET /dd.php HTTP/1.1" 404 101446 "-" "-"
87.98.225.137 - - [28/Jun/2026:19:09:44 +0200] "POST /wp-cron.php?doing_wp_cron=1782666584.9284350872039794921875 HTTP/1.1" 200 281 "-" "WordPress/6.7.2; https://clinicadentalargarate.com"
52.138.3.29 - - [28/Jun/2026:19:09:44 +0200] "GET /xml.php HTTP/1.1" 404 101446 "-" "-"
87.98.225.137 - - [28/Jun/2026:19:09:46 +0200] "POST /wp-cron.php?doing_wp_cron=1782666586.0310859680175781250000 HTTP/1.1" 200 281 "-" "WordPress/6.7.2; https://clinicadentalargarate.com"
52.138.3.29 - - [28/Jun/2026:19:09:45 +0200] "GET /buds1.php HTTP/1.1" 404 101446 "-" "-"
87.98.225.137 - - [28/Jun/2026:19:09:47 +0200] "POST /wp-cron.php?doing_wp_cron=1782666587.4390590190887451171875 HTTP/1.1" 200 281 "-" "WordPress/6.7.2; https://clinicadentalargarate.com"
52.138.3.29 - - [28/Jun/2026:19:09:47 +0200] "GET /aa.php HTTP/1.1" 404 101446 "-" "-"
87.98.225.137 - - [28/Jun/2026:19:09:48 +0200] "POST /wp-cron.php?doing_wp_cron=1782666588.0345630645751953125000 HTTP/1.1" 200 281 "-" "WordPress/6.7.2; https://clinicadentalargarate.com"
52.138.3.29 - - [28/Jun/2026:19:09:47 +0200] "GET /v2.php HTTP/1.1" 404 101446 "-" "-"
87.98.225.137 - - [28/Jun/2026:19:09:48 +0200] "POST /wp-cron.php?doing_wp_cron=1782666588.5489280223846435546875 HTTP/1.1" 200 281 "-" "WordPress/6.7.2; https://clinicadentalargarate.com"
52.138.3.29 - - [28/Jun/2026:19:09:48 +0200] "GET /a.php HTTP/1.1" 404 101446 "-" "-"
87.98.225.137 - - [28/Jun/2026:19:09:49 +0200] "POST /wp-cron.php?doing_wp_cron=1782666589.0721619129180908203125 HTTP/1.1" 200 281 "-" "WordPress/6.7.2; https://clinicadentalargarate.com"
52.138.3.29 - - [28/Jun/2026:19:09:48 +0200] "GET /1.php HTTP/1.1" 404 101446 "-" "-"
87.98.225.137 - - [28/Jun/2026:19:09:49 +0200] "POST /wp-cron.php?doing_wp_cron=1782666589.6818521022796630859375 HTTP/1.1" 200 281 "-" "WordPress/6.7.2; https://clinicadentalargarate.com"
52.138.3.29 - - [28/Jun/2026:19:09:49 +0200] "GET /themes.php HTTP/1.1" 404 101446 "-" "-"
87.98.225.137 - - [28/Jun/2026:19:09:50 +0200] "POST /wp-cron.php?doing_wp_cron=1782666590.2443690299987792968750 HTTP/1.1" 200 281 "-" "WordPress/6.7.2; https://clinicadentalargarate.com"
52.138.3.29 - - [28/Jun/2026:19:09:50 +0200] "GET /tfm.php HTTP/1.1" 404 101446 "-" "-"
87.98.225.137 - - [28/Jun/2026:19:09:50 +0200] "POST /wp-cron.php?doing_wp_cron=1782666590.8397939205169677734375 HTTP/1.1" 200 281 "-" "WordPress/6.7.2; https://clinicadentalargarate.com"
52.138.3.29 - - [28/Jun/2026:19:09:50 +0200] "GET /fs.php HTTP/1.1" 404 101446 "-" "-"
87.98.225.137 - - [28/Jun/2026:19:09:51 +0200] "POST /wp-cron.php?doing_wp_cron=1782666591.3687379360198974609375 HTTP/1.1" 200 281 "-" "WordPress/6.7.2; https://clinicadentalargarate.com"
52.138.3.29 - - [28/Jun/2026:19:09:51 +0200] "GET /a4.php HTTP/1.1" 404 101446 "-" "-"
87.98.225.137 - - [28/Jun/2026:19:09:52 +0200] "POST /wp-cron.php?doing_wp_cron=1782666592.0429899692535400390625 HTTP/1.1" 200 281 "-" "WordPress/6.7.2; https://clinicadentalargarate.com"
52.138.3.29 - - [28/Jun/2026:19:09:51 +0200] "GET /2026w.php HTTP/1.1" 404 101446 "-" "-"
87.98.225.137 - - [28/Jun/2026:19:09:52 +0200] "POST /wp-cron.php?doing_wp_cron=1782666592.5515549182891845703125 HTTP/1.1" 200 281 "-" "WordPress/6.7.2; https://clinicadentalargarate.com"
52.138.3.29 - - [28/Jun/2026:19:09:52 +0200] "GET /s.php HTTP/1.1" 404 101446 "-" "-"
87.98.225.137 - - [28/Jun/2026:19:09:53 +0200] "POST /wp-cron.php?doing_wp_cron=1782666593.0580070018768310546875 HTTP/1.1" 200 281 "-" "WordPress/6.7.2; https://clinicadentalargarate.com"
52.138.3.29 - - [28/Jun/2026:19:09:52 +0200] "GET /3.php HTTP/1.1" 404 101446 "-" "-"
87.98.225.137 - - [28/Jun/2026:19:09:53 +0200] "POST /wp-cron.php?doing_wp_cron=1782666593.5757479667663574218750 HTTP/1.1" 200 281 "-" "WordPress/6.7.2; https://clinicadentalargarate.com"
52.138.3.29 - - [28/Jun/2026:19:09:53 +0200] "GET /ot.php HTTP/1.1" 404 101446 "-" "-"
87.98.225.137 - - [28/Jun/2026:19:09:54 +0200] "POST /wp-cron.php?doing_wp_cron=1782666594.0990509986877441406250 HTTP/1.1" 200 281 "-" "WordPress/6.7.2; https://clinicadentalargarate.com"
52.138.3.29 - - [28/Jun/2026:19:09:54 +0200] "GET /petx.php HTTP/1.1" 404 101446 "-" "-"
87.98.225.137 - - [28/Jun/2026:19:09:54 +0200] "POST /wp-cron.php?doing_wp_cron=1782666594.7568991184234619140625 HTTP/1.1" 200 281 "-" "WordPress/6.7.2; https://clinicadentalargarate.com"
52.138.3.29 - - [28/Jun/2026:19:09:54 +0200] "GET /heat3.php HTTP/1.1" 404 101446 "-" "-"
87.98.225.137 - - [28/Jun/2026:19:09:55 +0200] "POST /wp-cron.php?doing_wp_cron=1782666595.4898068904876708984375 HTTP/1.1" 200 281 "-" "WordPress/6.7.2; https://clinicadentalargarate.com"
52.138.3.29 - - [28/Jun/2026:19:09:55 +0200] "GET /cream3.php HTTP/1.1" 404 101446 "-" "-"
87.98.225.137 - - [28/Jun/2026:19:09:56 +0200] "POST /wp-cron.php?doing_wp_cron=1782666596.0272700786590576171875 HTTP/1.1" 200 281 "-" "WordPress/6.7.2; https://clinicadentalargarate.com"
52.138.3.29 - - [28/Jun/2026:19:09:55 +0200] "GET /daerl1.php HTTP/1.1" 404 101446 "-" "-"
87.98.225.137 - - [28/Jun/2026:19:09:56 +0200] "POST /wp-cron.php?doing_wp_cron=1782666596.6428411006927490234375 HTTP/1.1" 200 281 "-" "WordPress/6.7.2; https://clinicadentalargarate.com"
52.138.3.29 - - [28/Jun/2026:19:09:56 +0200] "GET /buds1.php HTTP/1.1" 404 101446 "-" "-"
87.98.225.137 - - [28/Jun/2026:19:09:57 +0200] "POST /wp-cron.php?doing_wp_cron=1782666597.1877119541168212890625 HTTP/1.1" 200 281 "-" "WordPress/6.7.2; https://clinicadentalargarate.com"
52.138.3.29 - - [28/Jun/2026:19:09:57 +0200] "GET /heat1.php HTTP/1.1" 404 101446 "-" "-"
87.98.225.137 - - [28/Jun/2026:19:09:57 +0200] "POST /wp-cron.php?doing_wp_cron=1782666597.8839800357818603515625 HTTP/1.1" 200 281 "-" "WordPress/6.7.2; https://clinicadentalargarate.com"
52.138.3.29 - - [28/Jun/2026:19:09:57 +0200] "GET /taff.php HTTP/1.1" 404 101446 "-" "-"
87.98.225.137 - - [28/Jun/2026:19:09:58 +0200] "POST /wp-cron.php?doing_wp_cron=1782666598.5373349189758300781250 HTTP/1.1" 200 281 "-" "WordPress/6.7.2; https://clinicadentalargarate.com"
52.138.3.29 - - [28/Jun/2026:19:09:58 +0200] "GET /xnxx.php HTTP/1.1" 404 101446 "-" "-"
87.98.225.137 - - [28/Jun/2026:19:09:59 +0200] "POST /wp-cron.php?doing_wp_cron=1782666599.0686459541320800781250 HTTP/1.1" 200 281 "-" "WordPress/6.7.2; https://clinicadentalargarate.com"
52.138.3.29 - - [28/Jun/2026:19:09:58 +0200] "GET /file18.php HTTP/1.1" 404 101446 "-" "-"
87.98.225.137 - - [28/Jun/2026:19:09:59 +0200] "POST /wp-cron.php?doing_wp_cron=1782666599.5898649692535400390625 HTTP/1.1" 200 281 "-" "WordPress/6.7.2; https://clinicadentalargarate.com"
52.138.3.29 - - [28/Jun/2026:19:09:59 +0200] "GET /wp-blink.php HTTP/1.1" 404 101446 "-" "-"
87.98.225.137 - - [28/Jun/2026:19:10:00 +0200] "POST /wp-cron.php?doing_wp_cron=1782666600.1058189868927001953125 HTTP/1.1" 200 281 "-" "WordPress/6.7.2; https://clinicadentalargarate.com"
52.138.3.29 - - [28/Jun/2026:19:10:00 +0200] "GET /miru.php HTTP/1.1" 404 101446 "-" "-"
87.98.225.137 - - [28/Jun/2026:19:10:00 +0200] "POST /wp-cron.php?doing_wp_cron=1782666600.6282351016998291015625 HTTP/1.1" 200 281 "-" "WordPress/6.7.2; https://clinicadentalargarate.com"
43.157.243.191 - - [28/Jun/2026:19:10:00 +0200] "GET /wp-login.php HTTP/1.1" 200 6743 "-" "Mozilla/5.0 (Windows NT 10.0; Win64; x64) AppleWebKit/537.36 (KHTML, like Gecko) Chrome/120.0.0.0 Safari/537.36"
52.138.3.29 - - [28/Jun/2026:19:10:00 +0200] "GET /ccc.php HTTP/1.1" 404 101446 "-" "-"
87.98.225.137 - - [28/Jun/2026:19:10:00 +0200] "POST /wp-cron.php?doing_wp_cron=1782666600.9585690498352050781250 HTTP/1.1" 200 3658 "-" "WordPress/6.7.2; https://clinicadentalargarate.com"
43.157.243.191 - - [28/Jun/2026:19:10:00 +0200] "POST /wp-login.php HTTP/1.1" 200 3499 "https://clinicadentalargarate.com/wp-login.php" "Mozilla/5.0 (Windows NT 10.0; Win64; x64) AppleWebKit/537.36 (KHTML, like Gecko) Chrome/120.0.0.0 Safari/537.36"
87.98.225.137 - - [28/Jun/2026:19:10:57 +0200] "POST /wp-cron.php?doing_wp_cron=1782666657.3389379978179931640625 HTTP/1.1" 200 3658 "-" "WordPress/6.7.2; https://clinicadentalargarate.com"
185.191.171.17 - - [28/Jun/2026:19:10:57 +0200] "GET /blog/quels-sont-les-avantages-dutiliser-buran-casino-sur-smartphone/ HTTP/1.1" 500 4369 "-" "Mozilla/5.0 (compatible; SemrushBot/7~bl; +http://www.semrush.com/bot.html)"
87.98.225.137 - - [28/Jun/2026:19:11:05 +0200] "POST /wp-cron.php?doing_wp_cron=1782666665.6430358886718750000000 HTTP/1.1" 200 281 "-" "WordPress/6.7.2; https://clinicadentalargarate.com"
51.158.144.117 - - [28/Jun/2026:19:11:05 +0200] "GET /wp-login.php HTTP/1.1" 302 275 "-" "Mozilla/5.0 (Windows NT 10.0; Win64; x64) AppleWebKit/537.36 (KHTML, like Gecko) Chrome/115.0.0.0 Safari/537.36 Edg/115.0.1901.203"
51.158.144.117 - - [28/Jun/2026:19:11:05 +0200] "GET /wp-login.php HTTP/1.1" 200 6735 "-" "Mozilla/5.0 (Windows NT 10.0; Win64; x64) AppleWebKit/537.36 (KHTML, like Gecko) Chrome/115.0.0.0 Safari/537.36 Edg/115.0.1901.203"
87.98.225.137 - - [28/Jun/2026:19:11:05 +0200] "POST /wp-cron.php?doing_wp_cron=1782666665.9388990402221679687500 HTTP/1.1" 200 3658 "-" "WordPress/6.7.2; https://clinicadentalargarate.com"
51.158.144.117 - - [28/Jun/2026:19:11:05 +0200] "POST /wp-login.php HTTP/1.1" 200 3858 "https://clinicadentalargarate.com/wp-login.php" "Mozilla/5.0 (Windows NT 10.0; Win64; x64) AppleWebKit/537.36 (KHTML, like Gecko) Chrome/115.0.0.0 Safari/537.36 Edg/115.0.1901.203"
87.98.225.137 - - [28/Jun/2026:19:17:56 +0200] "POST /wp-cron.php?doing_wp_cron=1782667076.7571969032287597656250 HTTP/1.1" 200 3658 "-" "WordPress/6.7.2; https://clinicadentalargarate.com"
209.42.21.221 - - [28/Jun/2026:19:17:56 +0200] "GET /wp-login.php HTTP/1.1" 200 6743 "-" "Mozilla/5.0 (Windows NT 10.0; Win64; x64) AppleWebKit/537.36 (KHTML, like Gecko) Chrome/120.0.0.0 Safari/537.36"
209.42.21.221 - - [28/Jun/2026:19:17:56 +0200] "POST /wp-login.php HTTP/1.1" 200 3500 "https://clinicadentalargarate.com/wp-login.php" "Mozilla/5.0 (Windows NT 10.0; Win64; x64) AppleWebKit/537.36 (KHTML, like Gecko) Chrome/120.0.0.0 Safari/537.36"
87.98.225.137 - - [28/Jun/2026:19:19:21 +0200] "POST /wp-cron.php?doing_wp_cron=1782667161.1559150218963623046875 HTTP/1.1" 200 281 "-" "WordPress/6.7.2; https://clinicadentalargarate.com"
94.156.180.137 - - [28/Jun/2026:19:19:21 +0200] "GET /wp-json/wp/v2/posts HTTP/1.1" 200 148279 "-" "Mozilla/5.0 (Windows NT 10.0; Win64; x64) AppleWebKit/537.36 (KHTML, like Gecko) Chrome/120.0.0.0 Safari/537.36"
87.98.225.137 - - [28/Jun/2026:19:19:34 +0200] "POST /wp-cron.php?doing_wp_cron=1782667174.1317460536956787109375 HTTP/1.1" 200 3658 "-" "WordPress/6.7.2; https://clinicadentalargarate.com"
216.73.217.169 - - [28/Jun/2026:19:19:34 +0200] "GET / HTTP/1.1" 200 36362 "-" "Mozilla/5.0 AppleWebKit/537.36 (KHTML, like Gecko; compatible; ClaudeBot/1.0; +claudebot@anthropic.com)"
87.98.225.137 - - [28/Jun/2026:19:30:09 +0200] "POST /wp-cron.php?doing_wp_cron=1782667809.2690689563751220703125 HTTP/1.1" 200 3658 "-" "WordPress/6.7.2; https://clinicadentalargarate.com"
94.23.87.180 - - [28/Jun/2026:19:30:09 +0200] "GET / HTTP/1.0" 200 89746 "-" "-"
87.98.225.137 - - [28/Jun/2026:19:30:17 +0200] "POST /wp-cron.php?doing_wp_cron=1782667817.1483891010284423828125 HTTP/1.1" 200 3658 "-" "WordPress/6.7.2; https://clinicadentalargarate.com"
45.61.185.32 - - [28/Jun/2026:19:30:17 +0200] "GET /wp-login.php HTTP/1.1" 200 14541 "-" "Mozilla/5.0 (iPad; CPU OS 7_1_1 like Mac OS X) AppleWebKit/537.51.2 (KHTML, like Gecko) Version/7.0 Mobile/11D201 Safari/9537.53"
87.98.225.137 - - [28/Jun/2026:19:31:00 +0200] "POST /wp-cron.php?doing_wp_cron=1782667860.3414769172668457031250 HTTP/1.1" 200 3658 "-" "WordPress/6.7.2; https://clinicadentalargarate.com"
45.61.185.32 - - [28/Jun/2026:19:31:00 +0200] "POST /wp-login.php HTTP/1.1" 200 15060 "-" "Mozilla/5.0 (iPad; CPU OS 7_1_1 like Mac OS X) AppleWebKit/537.51.2 (KHTML, like Gecko) Version/7.0 Mobile/11D201 Safari/9537.53"
87.98.225.137 - - [28/Jun/2026:19:31:35 +0200] "POST /wp-cron.php?doing_wp_cron=1782667895.8803730010986328125000 HTTP/1.1" 200 3658 "-" "WordPress/6.7.2; https://clinicadentalargarate.com"
200.7.9.1 - - [28/Jun/2026:19:31:35 +0200] "GET /blog/implantes-dentales-duraderos/ HTTP/1.1" 500 6599 "-" "Mozilla/5.0 (Macintosh; Intel Mac OS X 10_15_7) AppleWebKit/537.36 (KHTML, like Gecko) Chrome/100.0.4896.147 Safari/537.36"
87.98.225.137 - - [28/Jun/2026:19:32:04 +0200] "POST /wp-cron.php?doing_wp_cron=1782667924.3022079467773437500000 HTTP/1.1" 200 3658 "-" "WordPress/6.7.2; https://clinicadentalargarate.com"
167.99.5.1 - - [28/Jun/2026:19:32:03 +0200] "GET /wp-login.php HTTP/1.1" 200 6743 "-" "Mozilla/5.0 (Windows NT 10.0; Win64; x64) AppleWebKit/537.36 (KHTML, like Gecko) Chrome/120.0.0.0 Safari/537.36"
167.99.5.1 - - [28/Jun/2026:19:32:04 +0200] "POST /wp-login.php HTTP/1.1" 200 3527 "https://clinicadentalargarate.com/wp-login.php" "Mozilla/5.0 (Windows NT 10.0; Win64; x64) AppleWebKit/537.36 (KHTML, like Gecko) Chrome/120.0.0.0 Safari/537.36"
185.191.171.10 - - [28/Jun/2026:19:32:58 +0200] "GET /robots.txt HTTP/1.1" 200 3826 "-" "Mozilla/5.0 (compatible; SemrushBot/7~bl; +http://www.semrush.com/bot.html)"
87.98.225.137 - - [28/Jun/2026:19:32:59 +0200] "POST /wp-cron.php?doing_wp_cron=1782667979.7039790153503417968750 HTTP/1.1" 200 3658 "-" "WordPress/6.7.2; https://clinicadentalargarate.com"
85.208.96.207 - - [28/Jun/2026:19:32:59 +0200] "GET /blog/een-blik-op-de-klantenservice-van-casino-peaches/ HTTP/1.1" 500 4369 "-" "Mozilla/5.0 (compatible; SemrushBot/7~bl; +http://www.semrush.com/bot.html)"
87.98.225.137 - - [28/Jun/2026:19:37:20 +0200] "POST /wp-cron.php?doing_wp_cron=1782668240.9168019294738769531250 HTTP/1.1" 200 3658 "-" "WordPress/6.7.2; https://clinicadentalargarate.com"
198.46.211.159 - - [28/Jun/2026:19:37:20 +0200] "GET /wp-login.php HTTP/1.1" 200 6743 "-" "Mozilla/5.0 (Windows NT 10.0; Win64; x64) AppleWebKit/537.36 (KHTML, like Gecko) Chrome/120.0.0.0 Safari/537.36"
87.98.225.137 - - [28/Jun/2026:19:37:21 +0200] "POST /wp-cron.php?doing_wp_cron=1782668241.1628410816192626953125 HTTP/1.1" 200 3658 "-" "WordPress/6.7.2; https://clinicadentalargarate.com"
198.46.211.159 - - [28/Jun/2026:19:37:21 +0200] "POST /wp-login.php HTTP/1.1" 200 3500 "https://clinicadentalargarate.com/wp-login.php" "Mozilla/5.0 (Windows NT 10.0; Win64; x64) AppleWebKit/537.36 (KHTML, like Gecko) Chrome/120.0.0.0 Safari/537.36"
74.7.242.178 - - [28/Jun/2026:19:37:21 +0200] "GET /wp-content/uploads/2019/08/iconos-blanqueamiento.jpg HTTP/1.1" 200 74489 "https://clinicadentalargarate.com/tratamientos/estetica-dental/blanqueamiento-dental/" "Mozilla/5.0 (Macintosh; Intel Mac OS X 10_15_7) AppleWebKit/537.36 (KHTML, like Gecko) Chrome/131.0.0.0 Safari/537.36; compatible; OAI-SearchBot/1.4; +https://openai.com/searchbot"
87.98.225.137 - - [28/Jun/2026:19:42:01 +0200] "POST /wp-cron.php?doing_wp_cron=1782668521.1688570976257324218750 HTTP/1.1" 200 3658 "-" "WordPress/6.7.2; https://clinicadentalargarate.com"
185.191.171.12 - - [28/Jun/2026:19:42:01 +0200] "GET /blog/de-beste-slots-bij-vulkan-vegas-casino-onder-de-aandacht/ HTTP/1.1" 500 4369 "-" "Mozilla/5.0 (compatible; SemrushBot/7~bl; +http://www.semrush.com/bot.html)"
87.98.225.137 - - [28/Jun/2026:19:48:20 +0200] "POST /wp-cron.php?doing_wp_cron=1782668900.3163480758666992187500 HTTP/1.1" 200 3658 "-" "WordPress/6.7.2; https://clinicadentalargarate.com"
51.195.244.249 - - [28/Jun/2026:19:48:20 +0200] "GET /?sitemap300.xml HTTP/1.1" 301 3660 "-" "Mozilla/5.0 (compatible; AhrefsBot/7.0; +http://ahrefs.com/robot/)"
87.98.225.137 - - [28/Jun/2026:19:48:20 +0200] "POST /wp-cron.php?doing_wp_cron=1782668900.9428389072418212890625 HTTP/1.1" 200 3658 "-" "WordPress/6.7.2; https://clinicadentalargarate.com"
51.195.244.249 - - [28/Jun/2026:19:48:20 +0200] "GET /?sitemap300_xml HTTP/1.1" 200 36366 "-" "Mozilla/5.0 (compatible; AhrefsBot/7.0; +http://ahrefs.com/robot/)"
87.98.225.137 - - [28/Jun/2026:19:51:27 +0200] "POST /wp-cron.php?doing_wp_cron=1782669087.3787450790405273437500 HTTP/1.1" 200 3658 "-" "WordPress/6.7.2; https://clinicadentalargarate.com"
85.208.96.210 - - [28/Jun/2026:19:51:27 +0200] "GET /blog/blazing-wildz-casino-en-de-opkomende-goktrends/ HTTP/1.1" 500 4369 "-" "Mozilla/5.0 (compatible; SemrushBot/7~bl; +http://www.semrush.com/bot.html)"
87.98.225.137 - - [28/Jun/2026:19:51:37 +0200] "POST /wp-cron.php?doing_wp_cron=1782669097.4900519847869873046875 HTTP/1.1" 200 3658 "-" "WordPress/6.7.2; https://clinicadentalargarate.com"
87.106.197.138 - - [28/Jun/2026:19:51:37 +0200] "GET /plugins/editors/jce/jce.xml HTTP/1.1" 404 105576 "-" "SecurityAudit/1.0"
87.98.225.137 - - [28/Jun/2026:19:51:43 +0200] "POST /wp-cron.php?doing_wp_cron=1782669103.3599259853363037109375 HTTP/1.1" 200 3658 "-" "WordPress/6.7.2; https://clinicadentalargarate.com"
87.106.197.138 - - [28/Jun/2026:19:51:43 +0200] "GET /administrator/components/com_jce/jce.xml HTTP/1.1" 404 105576 "-" "SecurityAudit/1.0"
87.98.225.137 - - [28/Jun/2026:19:56:13 +0200] "POST /wp-cron.php?doing_wp_cron=1782669373.3336460590362548828125 HTTP/1.1" 200 3658 "-" "WordPress/6.7.2; https://clinicadentalargarate.com"
85.208.96.205 - - [28/Jun/2026:19:56:13 +0200] "GET /blog/comment-utiliser-efficacement-les-free-spins-offerts-par-cazeus-casino/ HTTP/1.1" 500 4369 "-" "Mozilla/5.0 (compatible; SemrushBot/7~bl; +http://www.semrush.com/bot.html)"
87.98.225.137 - - [28/Jun/2026:19:56:20 +0200] "POST /wp-cron.php?doing_wp_cron=1782669380.2924990653991699218750 HTTP/1.1" 200 281 "-" "WordPress/6.7.2; https://clinicadentalargarate.com"
130.254.112.55 - - [28/Jun/2026:19:56:20 +0200] "GET /contacto/ HTTP/1.1" 200 23349 "-" "Mozilla/5.0 (Macintosh; Intel Mac OS X 12_5) AppleWebKit/605.1.15 (KHTML, like Gecko) Version/15.4 Safari/605.1.15"
87.98.225.137 - - [28/Jun/2026:19:58:00 +0200] "POST /wp-cron.php?doing_wp_cron=1782669480.0636739730834960937500 HTTP/1.1" 200 3658 "-" "WordPress/6.7.2; https://clinicadentalargarate.com"
151.246.1.47 - - [28/Jun/2026:19:57:59 +0200] "GET /wp-login.php HTTP/1.1" 200 6743 "-" "Mozilla/5.0 (Windows NT 10.0; Win64; x64) AppleWebKit/537.36 (KHTML, like Gecko) Chrome/120.0.0.0 Safari/537.36"
87.98.225.137 - - [28/Jun/2026:19:58:00 +0200] "POST /wp-cron.php?doing_wp_cron=1782669480.3660209178924560546875 HTTP/1.1" 200 3658 "-" "WordPress/6.7.2; https://clinicadentalargarate.com"
151.246.1.47 - - [28/Jun/2026:19:58:00 +0200] "POST /wp-login.php HTTP/1.1" 200 3524 "https://clinicadentalargarate.com/wp-login.php" "Mozilla/5.0 (Windows NT 10.0; Win64; x64) AppleWebKit/537.36 (KHTML, like Gecko) Chrome/120.0.0.0 Safari/537.36"
87.98.225.137 - - [28/Jun/2026:19:58:49 +0200] "POST /wp-cron.php?doing_wp_cron=1782669529.3142759799957275390625 HTTP/1.1" 200 3658 "-" "WordPress/6.7.2; https://clinicadentalargarate.com"
34.196.237.236 - - [28/Jun/2026:19:58:49 +0200] "GET /blog/de-meest-opvallende-kenmerken-van-froggybet-casino/ HTTP/1.1" 500 6635 "-" "Mozilla/5.0 AppleWebKit/537.36 (KHTML, like Gecko; compatible; Amazonbot/0.1; +https://developer.amazon.com/support/amazonbot) Chrome/119.0.6045.214 Safari/537.36"
87.98.225.137 - - [28/Jun/2026:20:02:47 +0200] "POST /wp-cron.php?doing_wp_cron=1782669767.2689869403839111328125 HTTP/1.1" 200 281 "-" "WordPress/6.7.2; https://clinicadentalargarate.com"
45.154.98.112 - - [28/Jun/2026:20:02:47 +0200] "GET / HTTP/1.1" 301 312 "-" "Mozilla/5.0 (Windows NT 10.0; Win64; x64) AppleWebKit/537.36 (KHTML, like Gecko) Chrome/78.0.3904.108 Safari/537.36"
45.154.98.112 - - [28/Jun/2026:20:02:47 +0200] "GET / HTTP/1.1" 200 153544 "-" "Mozilla/5.0 (Windows NT 10.0; Win64; x64) AppleWebKit/537.36 (KHTML, like Gecko) Chrome/78.0.3904.108 Safari/537.36"
87.98.225.137 - - [28/Jun/2026:20:02:48 +0200] "POST /wp-cron.php?doing_wp_cron=1782669768.1073999404907226562500 HTTP/1.1" 200 3658 "-" "WordPress/6.7.2; https://clinicadentalargarate.com"
45.154.98.112 - - [28/Jun/2026:20:02:47 +0200] "GET //wp-includes/wlwmanifest.xml HTTP/1.1" 301 438 "-" "Mozilla/5.0 (Windows NT 10.0; Win64; x64) AppleWebKit/537.36 (KHTML, like Gecko) Chrome/78.0.3904.108 Safari/537.36"
45.154.98.112 - - [28/Jun/2026:20:02:48 +0200] "GET //xmlrpc.php?rsd HTTP/1.1" 403 536 "-" "Mozilla/5.0 (Windows NT 10.0; Win64; x64) AppleWebKit/537.36 (KHTML, like Gecko) Chrome/78.0.3904.108 Safari/537.36"
45.154.98.112 - - [28/Jun/2026:20:02:48 +0200] "GET / HTTP/1.1" 200 150390 "-" "Mozilla/5.0 (Windows NT 10.0; Win64; x64) AppleWebKit/537.36 (KHTML, like Gecko) Chrome/78.0.3904.108 Safari/537.36"
87.98.225.137 - - [28/Jun/2026:20:02:49 +0200] "POST /wp-cron.php?doing_wp_cron=1782669769.3389871120452880859375 HTTP/1.1" 200 3658 "-" "WordPress/6.7.2; https://clinicadentalargarate.com"
45.154.98.112 - - [28/Jun/2026:20:02:49 +0200] "GET //?author=1 HTTP/1.1" 301 337 "-" "Mozilla/5.0 (Windows NT 10.0; Win64; x64) AppleWebKit/537.36 (KHTML, like Gecko) Chrome/78.0.3904.108 Safari/537.36"
45.154.98.112 - - [28/Jun/2026:20:02:49 +0200] "GET //?author=2 HTTP/1.1" 301 336 "-" "Mozilla/5.0 (Windows NT 10.0; Win64; x64) AppleWebKit/537.36 (KHTML, like Gecko) Chrome/78.0.3904.108 Safari/537.36"
87.98.225.137 - - [28/Jun/2026:20:02:49 +0200] "POST /wp-cron.php?doing_wp_cron=1782669769.8332369327545166015625 HTTP/1.1" 200 3658 "-" "WordPress/6.7.2; https://clinicadentalargarate.com"
45.154.98.112 - - [28/Jun/2026:20:02:49 +0200] "GET //wp-json/wp/v2/users/ HTTP/1.1" 200 2584 "-" "Mozilla/5.0 (Windows NT 10.0; Win64; x64) AppleWebKit/537.36 (KHTML, like Gecko) Chrome/78.0.3904.108 Safari/537.36"
45.154.98.112 - - [28/Jun/2026:20:02:49 +0200] "POST //xmlrpc.php HTTP/1.1" 403 536 "-" "Mozilla/5.0 (Windows NT 10.0; Win64; x64) AppleWebKit/537.36 (KHTML, like Gecko) Chrome/78.0.3904.108 Safari/537.36"
45.154.98.112 - - [28/Jun/2026:20:02:49 +0200] "POST //xmlrpc.php HTTP/1.1" 403 536 "-" "Mozilla/5.0 (Windows NT 10.0; Win64; x64) AppleWebKit/537.36 (KHTML, like Gecko) Chrome/78.0.3904.108 Safari/537.36"
45.154.98.112 - - [28/Jun/2026:20:02:50 +0200] "POST //xmlrpc.php HTTP/1.1" 403 536 "-" "Mozilla/5.0 (Windows NT 10.0; Win64; x64) AppleWebKit/537.36 (KHTML, like Gecko) Chrome/78.0.3904.108 Safari/537.36"
87.98.225.137 - - [28/Jun/2026:20:06:23 +0200] "POST /wp-cron.php?doing_wp_cron=1782669983.3717129230499267578125 HTTP/1.1" 200 3658 "-" "WordPress/6.7.2; https://clinicadentalargarate.com"
40.77.167.41 - - [28/Jun/2026:20:06:23 +0200] "GET /blog/pistolo-casinos-uitstekende-klantenservice-en-support HTTP/1.1" 301 3785 "-" "Mozilla/5.0 AppleWebKit/537.36 (KHTML, like Gecko; compatible; bingbot/2.0; +http://www.bing.com/bingbot.htm) Chrome/116.0.1938.76 Safari/537.36"
87.98.225.137 - - [28/Jun/2026:20:06:24 +0200] "POST /wp-cron.php?doing_wp_cron=1782669984.1447370052337646484375 HTTP/1.1" 200 3658 "-" "WordPress/6.7.2; https://clinicadentalargarate.com"
40.77.167.41 - - [28/Jun/2026:20:06:24 +0200] "GET /blog/pistolo-casinos-uitstekende-klantenservice-en-support/ HTTP/1.1" 500 3224 "-" "Mozilla/5.0 AppleWebKit/537.36 (KHTML, like Gecko; compatible; bingbot/2.0; +http://www.bing.com/bingbot.htm) Chrome/116.0.1938.76 Safari/537.36"
74.7.229.115 - - [28/Jun/2026:20:06:27 +0200] "GET /wp-content/uploads/2019/08/higiene-dental-blanqueamiento-1-570x570.jpg HTTP/1.1" 200 32768 "https://clinicadentalargarate.com/tratamientos/estetica-dental/blanqueamiento-dental/" "Mozilla/5.0 (Macintosh; Intel Mac OS X 10_15_7) AppleWebKit/537.36 (KHTML, like Gecko) Chrome/131.0.0.0 Safari/537.36; compatible; OAI-SearchBot/1.4; +https://openai.com/searchbot"
87.98.225.137 - - [28/Jun/2026:20:07:12 +0200] "POST /wp-cron.php?doing_wp_cron=1782670032.8366870880126953125000 HTTP/1.1" 200 3658 "-" "WordPress/6.7.2; https://clinicadentalargarate.com"
100.51.194.111 - - [28/Jun/2026:20:07:12 +0200] "GET / HTTP/1.1" 200 36366 "-" "Mozilla/5.0 (Windows NT 10.0; Win64; x64) AppleWebKit/537.36 (KHTML, like Gecko) Chrome/127.0.0.0 Safari/537.36 Edg/127.0.0.0"
87.98.225.137 - - [28/Jun/2026:20:07:52 +0200] "POST /wp-cron.php?doing_wp_cron=1782670072.7521479129791259765625 HTTP/1.1" 200 3658 "-" "WordPress/6.7.2; https://clinicadentalargarate.com"
52.167.144.183 - - [28/Jun/2026:20:07:52 +0200] "GET /sitemap.xml HTTP/1.1" 301 3740 "-" "Mozilla/5.0 AppleWebKit/537.36 (KHTML, like Gecko; compatible; bingbot/2.0; +http://www.bing.com/bingbot.htm) Chrome/116.0.1938.76 Safari/537.36"
87.98.225.137 - - [28/Jun/2026:20:08:02 +0200] "POST /wp-cron.php?doing_wp_cron=1782670082.9024729728698730468750 HTTP/1.1" 200 3658 "-" "WordPress/6.7.2; https://clinicadentalargarate.com"
40.77.167.136 - - [28/Jun/2026:20:08:02 +0200] "GET /wp-sitemap.xml HTTP/1.1" 200 3927 "-" "Mozilla/5.0 AppleWebKit/537.36 (KHTML, like Gecko; compatible; bingbot/2.0; +http://www.bing.com/bingbot.htm) Chrome/116.0.1938.76 Safari/537.36"
87.98.225.137 - - [28/Jun/2026:20:08:03 +0200] "POST /wp-cron.php?doing_wp_cron=1782670083.1430718898773193359375 HTTP/1.1" 200 3658 "-" "WordPress/6.7.2; https://clinicadentalargarate.com"
40.77.167.136 - - [28/Jun/2026:20:08:03 +0200] "GET /pages.php?sitemap568.xml HTTP/1.1" 404 102180 "-" "Mozilla/5.0 AppleWebKit/537.36 (KHTML, like Gecko; compatible; bingbot/2.0; +http://www.bing.com/bingbot.htm) Chrome/116.0.1938.76 Safari/537.36"
87.98.225.137 - - [28/Jun/2026:20:15:59 +0200] "POST /wp-cron.php?doing_wp_cron=1782670559.5576190948486328125000 HTTP/1.1" 200 3658 "-" "WordPress/6.7.2; https://clinicadentalargarate.com"
185.191.171.11 - - [28/Jun/2026:20:15:59 +0200] "GET /blog/casino-winner-hoe-vertrouwen-en-veiligheid-worden-gewaarborgd/ HTTP/1.1" 500 4369 "-" "Mozilla/5.0 (compatible; SemrushBot/7~bl; +http://www.semrush.com/bot.html)"
87.98.225.137 - - [28/Jun/2026:20:20:07 +0200] "POST /wp-cron.php?doing_wp_cron=1782670807.7710568904876708984375 HTTP/1.1" 200 3658 "-" "WordPress/6.7.2; https://clinicadentalargarate.com"
192.185.4.108 - - [28/Jun/2026:20:20:07 +0200] "GET /wp-login.php HTTP/1.1" 200 6743 "-" "Mozilla/5.0 (Windows NT 10.0; Win64; x64) AppleWebKit/537.36 (KHTML, like Gecko) Chrome/120.0.0.0 Safari/537.36"
87.98.225.137 - - [28/Jun/2026:20:20:08 +0200] "POST /wp-cron.php?doing_wp_cron=1782670808.7550621032714843750000 HTTP/1.1" 200 3658 "-" "WordPress/6.7.2; https://clinicadentalargarate.com"
192.185.4.108 - - [28/Jun/2026:20:20:08 +0200] "POST /wp-login.php HTTP/1.1" 200 3499 "https://clinicadentalargarate.com/wp-login.php" "Mozilla/5.0 (Windows NT 10.0; Win64; x64) AppleWebKit/537.36 (KHTML, like Gecko) Chrome/120.0.0.0 Safari/537.36"
87.98.225.137 - - [28/Jun/2026:20:24:02 +0200] "POST /wp-cron.php?doing_wp_cron=1782671042.2746100425720214843750 HTTP/1.1" 200 3658 "-" "WordPress/6.7.2; https://clinicadentalargarate.com"
52.71.203.206 - - [28/Jun/2026:20:24:02 +0200] "GET /blog/waarom-kan-lucky-gem-casino-jouw-favoriete-site-worden/ HTTP/1.1" 500 6635 "-" "Mozilla/5.0 AppleWebKit/537.36 (KHTML, like Gecko; compatible; Amazonbot/0.1; +https://developer.amazon.com/support/amazonbot) Chrome/119.0.6045.214 Safari/537.36"
87.98.225.137 - - [28/Jun/2026:20:24:04 +0200] "POST /wp-cron.php?doing_wp_cron=1782671044.7510769367218017578125 HTTP/1.1" 200 3658 "-" "WordPress/6.7.2; https://clinicadentalargarate.com"
40.77.167.22 - - [28/Jun/2026:20:24:04 +0200] "GET /sitemap.xml HTTP/1.1" 301 3740 "-" "Mozilla/5.0 AppleWebKit/537.36 (KHTML, like Gecko; compatible; bingbot/2.0; +http://www.bing.com/bingbot.htm) Chrome/116.0.1938.76 Safari/537.36"
87.98.225.137 - - [28/Jun/2026:20:24:13 +0200] "POST /wp-cron.php?doing_wp_cron=1782671053.9054069519042968750000 HTTP/1.1" 200 3658 "-" "WordPress/6.7.2; https://clinicadentalargarate.com"
40.77.167.136 - - [28/Jun/2026:20:24:13 +0200] "GET /wp-sitemap.xml HTTP/1.1" 200 3927 "-" "Mozilla/5.0 AppleWebKit/537.36 (KHTML, like Gecko; compatible; bingbot/2.0; +http://www.bing.com/bingbot.htm) Chrome/116.0.1938.76 Safari/537.36"
87.98.225.137 - - [28/Jun/2026:20:30:10 +0200] "POST /wp-cron.php?doing_wp_cron=1782671410.0823740959167480468750 HTTP/1.1" 200 3658 "-" "WordPress/6.7.2; https://clinicadentalargarate.com"
94.23.87.180 - - [28/Jun/2026:20:30:09 +0200] "GET / HTTP/1.0" 200 112914 "-" "-"
87.98.225.137 - - [28/Jun/2026:20:32:17 +0200] "POST /wp-cron.php?doing_wp_cron=1782671537.6835350990295410156250 HTTP/1.1" 200 3658 "-" "WordPress/6.7.2; https://clinicadentalargarate.com"
100.28.44.58 - - [28/Jun/2026:20:32:17 +0200] "GET /blog/guia-de-slots-en-kudos-casino-volatilidad-rtp-y-mas/ HTTP/1.1" 500 6635 "-" "Mozilla/5.0 AppleWebKit/537.36 (KHTML, like Gecko; compatible; Amazonbot/0.1; +https://developer.amazon.com/support/amazonbot) Chrome/119.0.6045.214 Safari/537.36"
185.191.171.6 - - [28/Jun/2026:20:33:44 +0200] "GET /robots.txt HTTP/1.1" 200 3826 "-" "Mozilla/5.0 (compatible; SemrushBot/7~bl; +http://www.semrush.com/bot.html)"
87.98.225.137 - - [28/Jun/2026:20:33:44 +0200] "POST /wp-cron.php?doing_wp_cron=1782671624.6106300354003906250000 HTTP/1.1" 200 3658 "-" "WordPress/6.7.2; https://clinicadentalargarate.com"
185.191.171.16 - - [28/Jun/2026:20:33:44 +0200] "GET /blog/peut-on-faire-confiance-aux-avis-joueurs-sur-winbet-casino/ HTTP/1.1" 500 4369 "-" "Mozilla/5.0 (compatible; SemrushBot/7~bl; +http://www.semrush.com/bot.html)"
87.98.225.137 - - [28/Jun/2026:20:36:06 +0200] "POST /wp-cron.php?doing_wp_cron=1782671766.8888111114501953125000 HTTP/1.1" 200 3658 "-" "WordPress/6.7.2; https://clinicadentalargarate.com"
52.167.144.24 - - [28/Jun/2026:20:36:06 +0200] "GET /blog/invisalign-donostia/ HTTP/1.1" 404 105650 "-" "Mozilla/5.0 AppleWebKit/537.36 (KHTML, like Gecko; compatible; bingbot/2.0; +http://www.bing.com/bingbot.htm) Chrome/116.0.1938.76 Safari/537.36"
87.98.225.137 - - [28/Jun/2026:20:42:19 +0200] "POST /wp-cron.php?doing_wp_cron=1782672139.6530001163482666015625 HTTP/1.1" 200 3658 "-" "WordPress/6.7.2; https://clinicadentalargarate.com"
51.195.215.87 - - [28/Jun/2026:20:42:19 +0200] "GET /?sitemap723.xml HTTP/1.1" 301 3660 "-" "Mozilla/5.0 (compatible; AhrefsBot/7.0; +http://ahrefs.com/robot/)"
51.195.215.87 - - [28/Jun/2026:20:42:19 +0200] "GET /?sitemap723_xml HTTP/1.1" 200 36364 "-" "Mozilla/5.0 (compatible; AhrefsBot/7.0; +http://ahrefs.com/robot/)"
87.98.225.137 - - [28/Jun/2026:20:43:06 +0200] "POST /wp-cron.php?doing_wp_cron=1782672186.7874300479888916015625 HTTP/1.1" 200 3658 "-" "WordPress/6.7.2; https://clinicadentalargarate.com"
115.78.9.138 - - [28/Jun/2026:20:43:06 +0200] "GET /wp-login.php HTTP/1.1" 200 6743 "-" "Mozilla/5.0 (Windows NT 10.0; Win64; x64) AppleWebKit/537.36 (KHTML, like Gecko) Chrome/120.0.0.0 Safari/537.36"
87.98.225.137 - - [28/Jun/2026:20:43:07 +0200] "POST /wp-cron.php?doing_wp_cron=1782672187.0971610546112060546875 HTTP/1.1" 200 3658 "-" "WordPress/6.7.2; https://clinicadentalargarate.com"
115.78.9.138 - - [28/Jun/2026:20:43:07 +0200] "POST /wp-login.php HTTP/1.1" 200 3527 "https://clinicadentalargarate.com/wp-login.php" "Mozilla/5.0 (Windows NT 10.0; Win64; x64) AppleWebKit/537.36 (KHTML, like Gecko) Chrome/120.0.0.0 Safari/537.36"
87.98.225.137 - - [28/Jun/2026:20:45:35 +0200] "POST /wp-cron.php?doing_wp_cron=1782672335.3369629383087158203125 HTTP/1.1" 200 3658 "-" "WordPress/6.7.2; https://clinicadentalargarate.com"
185.191.171.9 - - [28/Jun/2026:20:45:35 +0200] "GET /blog/que-hacer-si-caries-duele/ HTTP/1.1" 500 4367 "-" "Mozilla/5.0 (compatible; SemrushBot/7~bl; +http://www.semrush.com/bot.html)"
87.98.225.137 - - [28/Jun/2026:20:55:20 +0200] "POST /wp-cron.php?doing_wp_cron=1782672920.2784459590911865234375 HTTP/1.1" 200 3658 "-" "WordPress/6.7.2; https://clinicadentalargarate.com"
185.191.171.2 - - [28/Jun/2026:20:55:20 +0200] "GET /blog/verken-de-mobiele-versie-van-simple-casino/ HTTP/1.1" 500 4369 "-" "Mozilla/5.0 (compatible; SemrushBot/7~bl; +http://www.semrush.com/bot.html)"
87.98.225.137 - - [28/Jun/2026:20:57:42 +0200] "POST /wp-cron.php?doing_wp_cron=1782673062.7194619178771972656250 HTTP/1.1" 200 3658 "-" "WordPress/6.7.2; https://clinicadentalargarate.com"
209.141.50.202 - - [28/Jun/2026:20:57:42 +0200] "GET /wp-login.php HTTP/1.1" 200 14604 "-" "Mozilla/5.0 (Windows NT 10.0; Win64; x64) AppleWebKit/537.36 (KHTML, like Gecko) Chrome/122.0.0.0 Safari/537.36"
5.255.231.38 - - [28/Jun/2026:21:00:21 +0200] "GET /robots.txt HTTP/1.1" 200 4154 "-" "Mozilla/5.0 (compatible; YandexBot/3.0; +http://yandex.com/bots)"
213.180.203.16 - - [28/Jun/2026:21:00:22 +0200] "GET /wp-content/uploads/2018/10/implantes-dentales-duraderos-donostia-1200x565.jpg HTTP/1.1" 200 71842 "-" "Mozilla/5.0 (compatible; YandexImages/3.0; +http://yandex.com/bots)"
87.98.225.137 - - [28/Jun/2026:21:01:40 +0200] "POST /wp-cron.php?doing_wp_cron=1782673300.5170099735260009765625 HTTP/1.1" 200 3658 "-" "WordPress/6.7.2; https://clinicadentalargarate.com"
209.141.50.202 - - [28/Jun/2026:21:01:40 +0200] "POST /wp-login.php HTTP/1.1" 200 15128 "-" "Mozilla/5.0 (Windows NT 10.0; Win64; x64) AppleWebKit/537.36 (KHTML, like Gecko) Chrome/122.0.0.0 Safari/537.36"
87.98.225.137 - - [28/Jun/2026:21:01:54 +0200] "POST /wp-cron.php?doing_wp_cron=1782673314.0533940792083740234375 HTTP/1.1" 200 3658 "-" "WordPress/6.7.2; https://clinicadentalargarate.com"
85.208.96.202 - - [28/Jun/2026:21:01:53 +0200] "GET /blog/quels-sont-les-avantages-directs-a-sinscrire-sur-haz-casino-des-maintenant/ HTTP/1.1" 500 4369 "-" "Mozilla/5.0 (compatible; SemrushBot/7~bl; +http://www.semrush.com/bot.html)"
87.98.225.137 - - [28/Jun/2026:21:03:56 +0200] "POST /wp-cron.php?doing_wp_cron=1782673436.0089290142059326171875 HTTP/1.1" 200 3658 "-" "WordPress/6.7.2; https://clinicadentalargarate.com"
66.249.66.41 - - [28/Jun/2026:21:03:55 +0200] "GET /wp-sitemap-users-1.xml HTTP/1.1" 200 3842 "-" "Mozilla/5.0 (compatible; Googlebot/2.1; +http://www.google.com/bot.html)"
87.98.225.137 - - [28/Jun/2026:21:09:59 +0200] "POST /wp-cron.php?doing_wp_cron=1782673799.5064420700073242187500 HTTP/1.1" 200 3658 "-" "WordPress/6.7.2; https://clinicadentalargarate.com"
85.208.96.201 - - [28/Jun/2026:21:09:59 +0200] "GET /blog/le-top-des-machines-a-sous-a-essayer-absolument-sur-horus-casino/ HTTP/1.1" 500 4369 "-" "Mozilla/5.0 (compatible; SemrushBot/7~bl; +http://www.semrush.com/bot.html)"
87.98.225.137 - - [28/Jun/2026:21:16:45 +0200] "POST /wp-cron.php?doing_wp_cron=1782674205.0209178924560546875000 HTTP/1.1" 200 3658 "-" "WordPress/6.7.2; https://clinicadentalargarate.com"
85.208.96.207 - - [28/Jun/2026:21:16:44 +0200] "GET /blog/quels-sont-les-criteres-pour-evaluer-la-fiabilite-de-bruno-casino/ HTTP/1.1" 500 4369 "-" "Mozilla/5.0 (compatible; SemrushBot/7~bl; +http://www.semrush.com/bot.html)"
87.98.225.137 - - [28/Jun/2026:21:19:22 +0200] "POST /wp-cron.php?doing_wp_cron=1782674362.4169530868530273437500 HTTP/1.1" 200 3658 "-" "WordPress/6.7.2; https://clinicadentalargarate.com"
102.204.197.120 - - [28/Jun/2026:21:19:22 +0200] "GET /blog/cuidar-implante-dental/ HTTP/1.1" 500 6599 "-" "Mozilla/5.0 (Macintosh; Intel Mac OS X 10_15_7) AppleWebKit/537.36 (KHTML, like Gecko) Brave Chrome/87.0.4280.60 Safari/537.36"
87.98.225.137 - - [28/Jun/2026:21:19:24 +0200] "POST /wp-cron.php?doing_wp_cron=1782674364.4700450897216796875000 HTTP/1.1" 200 3658 "-" "WordPress/6.7.2; https://clinicadentalargarate.com"
212.18.113.107 - - [28/Jun/2026:21:19:24 +0200] "HEAD /?add-to-cart-ajax-woo=69016&_=1782674363298304800 HTTP/1.1" 200 3761 "-" "Mozilla/5.0 (Windows NT 10.0; Win64; x64) AppleWebKit/537.36 (KHTML, like Gecko) Chrome/120.0.0.0 Safari/537.36"
87.98.225.137 - - [28/Jun/2026:21:20:35 +0200] "POST /wp-cron.php?doing_wp_cron=1782674434.9942519664764404296875 HTTP/1.1" 200 3658 "-" "WordPress/6.7.2; https://clinicadentalargarate.com"
85.208.96.193 - - [28/Jun/2026:21:20:34 +0200] "GET /blog/zo-veilig-is-n1-casino-een-diepgaande-beoordeling/ HTTP/1.1" 500 4369 "-" "Mozilla/5.0 (compatible; SemrushBot/7~bl; +http://www.semrush.com/bot.html)"
87.98.225.137 - - [28/Jun/2026:21:27:48 +0200] "POST /wp-cron.php?doing_wp_cron=1782674868.5042920112609863281250 HTTP/1.1" 200 3658 "-" "WordPress/6.7.2; https://clinicadentalargarate.com"
20.206.91.91 - - [28/Jun/2026:21:27:48 +0200] "GET /inputs.php HTTP/1.1" 301 3777 "-" "Mozilla/5.0 (Windows NT 10.0; Win64; x64) AppleWebKit/537.36 (KHTML, like Gecko) Chrome/120.0.0.0 Safari/537.36"
87.98.225.137 - - [28/Jun/2026:21:27:48 +0200] "POST /wp-cron.php?doing_wp_cron=1782674868.8690481185913085937500 HTTP/1.1" 200 3658 "-" "WordPress/6.7.2; https://clinicadentalargarate.com"
20.206.91.91 - - [28/Jun/2026:21:27:48 +0200] "GET /ioxi-o.php HTTP/1.1" 301 414 "-" "Mozilla/5.0 (Windows NT 10.0; Win64; x64) AppleWebKit/537.36 (KHTML, like Gecko) Chrome/120.0.0.0 Safari/537.36"
87.98.225.137 - - [28/Jun/2026:21:27:49 +0200] "POST /wp-cron.php?doing_wp_cron=1782674869.2549610137939453125000 HTTP/1.1" 200 3658 "-" "WordPress/6.7.2; https://clinicadentalargarate.com"
20.206.91.91 - - [28/Jun/2026:21:27:49 +0200] "GET /function/function.php HTTP/1.1" 301 425 "-" "Mozilla/5.0 (Windows NT 10.0; Win64; x64) AppleWebKit/537.36 (KHTML, like Gecko) Chrome/120.0.0.0 Safari/537.36"
87.98.225.137 - - [28/Jun/2026:21:27:49 +0200] "POST /wp-cron.php?doing_wp_cron=1782674869.5872139930725097656250 HTTP/1.1" 200 3658 "-" "WordPress/6.7.2; https://clinicadentalargarate.com"
20.206.91.91 - - [28/Jun/2026:21:27:49 +0200] "GET /rip.php HTTP/1.1" 301 411 "-" "Mozilla/5.0 (Windows NT 10.0; Win64; x64) AppleWebKit/537.36 (KHTML, like Gecko) Chrome/120.0.0.0 Safari/537.36"
87.98.225.137 - - [28/Jun/2026:21:27:49 +0200] "POST /wp-cron.php?doing_wp_cron=1782674869.9061069488525390625000 HTTP/1.1" 200 3658 "-" "WordPress/6.7.2; https://clinicadentalargarate.com"
20.206.91.91 - - [28/Jun/2026:21:27:49 +0200] "GET /admin.php HTTP/1.1" 301 413 "-" "Mozilla/5.0 (Windows NT 10.0; Win64; x64) AppleWebKit/537.36 (KHTML, like Gecko) Chrome/120.0.0.0 Safari/537.36"
87.98.225.137 - - [28/Jun/2026:21:27:50 +0200] "POST /wp-cron.php?doing_wp_cron=1782674870.2341079711914062500000 HTTP/1.1" 200 3658 "-" "WordPress/6.7.2; https://clinicadentalargarate.com"
20.206.91.91 - - [28/Jun/2026:21:27:50 +0200] "GET /wp-content/uploads/index.php HTTP/1.1" 301 423 "-" "Mozilla/5.0 (Windows NT 10.0; Win64; x64) AppleWebKit/537.36 (KHTML, like Gecko) Chrome/120.0.0.0 Safari/537.36"
87.98.225.137 - - [28/Jun/2026:21:27:50 +0200] "POST /wp-cron.php?doing_wp_cron=1782674870.5799529552459716796875 HTTP/1.1" 200 3658 "-" "WordPress/6.7.2; https://clinicadentalargarate.com"
20.206.91.91 - - [28/Jun/2026:21:27:50 +0200] "GET /cache.php HTTP/1.1" 301 413 "-" "Mozilla/5.0 (Windows NT 10.0; Win64; x64) AppleWebKit/537.36 (KHTML, like Gecko) Chrome/120.0.0.0 Safari/537.36"
