20.240.51.74 - - [29/Jun/2026:05:44:34 +0200] "GET /file5.php HTTP/1.1" 404 101378 "-" "-"
87.98.225.137 - - [29/Jun/2026:05:44:34 +0200] "POST /wp-cron.php?doing_wp_cron=1782704674.7314369678497314453125 HTTP/1.1" 200 281 "-" "WordPress/6.7.2; https://clinicadentalargarate.com"
20.240.51.74 - - [29/Jun/2026:05:44:34 +0200] "GET /222.php HTTP/1.1" 404 101378 "-" "-"
87.98.225.137 - - [29/Jun/2026:05:44:35 +0200] "POST /wp-cron.php?doing_wp_cron=1782704675.1995670795440673828125 HTTP/1.1" 200 281 "-" "WordPress/6.7.2; https://clinicadentalargarate.com"
20.240.51.74 - - [29/Jun/2026:05:44:35 +0200] "GET /test.php HTTP/1.1" 404 101378 "-" "-"
87.98.225.137 - - [29/Jun/2026:05:44:35 +0200] "POST /wp-cron.php?doing_wp_cron=1782704675.7121739387512207031250 HTTP/1.1" 200 281 "-" "WordPress/6.7.2; https://clinicadentalargarate.com"
20.240.51.74 - - [29/Jun/2026:05:44:35 +0200] "GET /aaa.php?p= HTTP/1.1" 301 333 "-" "-"
20.240.51.74 - - [29/Jun/2026:05:44:35 +0200] "GET /aaa.php HTTP/1.1" 404 101378 "-" "-"
87.98.225.137 - - [29/Jun/2026:05:44:36 +0200] "POST /wp-cron.php?doing_wp_cron=1782704676.3184208869934082031250 HTTP/1.1" 200 281 "-" "WordPress/6.7.2; https://clinicadentalargarate.com"
20.240.51.74 - - [29/Jun/2026:05:44:36 +0200] "GET /11.php HTTP/1.1" 404 101378 "-" "-"
87.98.225.137 - - [29/Jun/2026:05:44:36 +0200] "POST /wp-cron.php?doing_wp_cron=1782704676.8568000793457031250000 HTTP/1.1" 200 281 "-" "WordPress/6.7.2; https://clinicadentalargarate.com"
20.240.51.74 - - [29/Jun/2026:05:44:36 +0200] "GET /mac.php HTTP/1.1" 404 101378 "-" "-"
87.98.225.137 - - [29/Jun/2026:05:44:37 +0200] "POST /wp-cron.php?doing_wp_cron=1782704677.4039978981018066406250 HTTP/1.1" 200 281 "-" "WordPress/6.7.2; https://clinicadentalargarate.com"
20.240.51.74 - - [29/Jun/2026:05:44:37 +0200] "GET //aa.php HTTP/1.1" 301 332 "-" "-"
20.240.51.74 - - [29/Jun/2026:05:44:37 +0200] "GET /aa.php HTTP/1.1" 404 101378 "-" "-"
87.98.225.137 - - [29/Jun/2026:05:44:38 +0200] "POST /wp-cron.php?doing_wp_cron=1782704678.0225811004638671875000 HTTP/1.1" 200 281 "-" "WordPress/6.7.2; https://clinicadentalargarate.com"
20.240.51.74 - - [29/Jun/2026:05:44:37 +0200] "GET /chosen.php? HTTP/1.1" 404 101378 "-" "-"
87.98.225.137 - - [29/Jun/2026:05:44:38 +0200] "POST /wp-cron.php?doing_wp_cron=1782704678.5267291069030761718750 HTTP/1.1" 200 281 "-" "WordPress/6.7.2; https://clinicadentalargarate.com"
20.240.51.74 - - [29/Jun/2026:05:44:38 +0200] "GET /bthil.php HTTP/1.1" 404 101378 "-" "-"
87.98.225.137 - - [29/Jun/2026:05:44:39 +0200] "POST /wp-cron.php?doing_wp_cron=1782704679.0395479202270507812500 HTTP/1.1" 200 281 "-" "WordPress/6.7.2; https://clinicadentalargarate.com"
20.240.51.74 - - [29/Jun/2026:05:44:38 +0200] "GET /cream1.php HTTP/1.1" 404 101378 "-" "-"
87.98.225.137 - - [29/Jun/2026:05:44:39 +0200] "POST /wp-cron.php?doing_wp_cron=1782704679.5560569763183593750000 HTTP/1.1" 200 281 "-" "WordPress/6.7.2; https://clinicadentalargarate.com"
20.240.51.74 - - [29/Jun/2026:05:44:39 +0200] "GET /wefile.php HTTP/1.1" 404 101378 "-" "-"
20.240.51.74 - - [29/Jun/2026:05:44:39 +0200] "GET /wp-includes/sodium_compat/ HTTP/1.1" 403 451 "-" "-"
20.240.51.74 - - [29/Jun/2026:05:44:39 +0200] "GET /wp-content/uploads/ HTTP/1.1" 403 451 "-" "-"
20.240.51.74 - - [29/Jun/2026:05:44:40 +0200] "GET /wp-includes/Text/ HTTP/1.1" 403 451 "-" "-"
87.98.225.137 - - [29/Jun/2026:05:44:40 +0200] "POST /wp-cron.php?doing_wp_cron=1782704680.2982580661773681640625 HTTP/1.1" 200 281 "-" "WordPress/6.7.2; https://clinicadentalargarate.com"
20.240.51.74 - - [29/Jun/2026:05:44:40 +0200] "GET /x.php HTTP/1.1" 404 101378 "-" "-"
87.98.225.137 - - [29/Jun/2026:05:44:40 +0200] "POST /wp-cron.php?doing_wp_cron=1782704680.7747259140014648437500 HTTP/1.1" 200 281 "-" "WordPress/6.7.2; https://clinicadentalargarate.com"
20.240.51.74 - - [29/Jun/2026:05:44:40 +0200] "GET /155.php HTTP/1.1" 404 101378 "-" "-"
87.98.225.137 - - [29/Jun/2026:05:44:41 +0200] "POST /wp-cron.php?doing_wp_cron=1782704681.6087610721588134765625 HTTP/1.1" 200 281 "-" "WordPress/6.7.2; https://clinicadentalargarate.com"
20.240.51.74 - - [29/Jun/2026:05:44:41 +0200] "GET /ops.php HTTP/1.1" 404 101378 "-" "-"
87.98.225.137 - - [29/Jun/2026:05:44:42 +0200] "POST /wp-cron.php?doing_wp_cron=1782704682.2024989128112792968750 HTTP/1.1" 200 281 "-" "WordPress/6.7.2; https://clinicadentalargarate.com"
20.240.51.74 - - [29/Jun/2026:05:44:42 +0200] "GET /wefile.php HTTP/1.1" 404 101378 "-" "-"
87.98.225.137 - - [29/Jun/2026:05:44:42 +0200] "POST /wp-cron.php?doing_wp_cron=1782704682.7865099906921386718750 HTTP/1.1" 200 281 "-" "WordPress/6.7.2; https://clinicadentalargarate.com"
20.240.51.74 - - [29/Jun/2026:05:44:42 +0200] "GET /file31.php HTTP/1.1" 404 101378 "-" "-"
87.98.225.137 - - [29/Jun/2026:05:44:43 +0200] "POST /wp-cron.php?doing_wp_cron=1782704683.3527719974517822265625 HTTP/1.1" 200 281 "-" "WordPress/6.7.2; https://clinicadentalargarate.com"
20.240.51.74 - - [29/Jun/2026:05:44:43 +0200] "GET /file6.php HTTP/1.1" 404 101378 "-" "-"
20.240.51.74 - - [29/Jun/2026:05:44:43 +0200] "GET //wp-includes/assets/ HTTP/1.1" 403 451 "-" "-"
87.98.225.137 - - [29/Jun/2026:05:44:43 +0200] "POST /wp-cron.php?doing_wp_cron=1782704683.9342141151428222656250 HTTP/1.1" 200 281 "-" "WordPress/6.7.2; https://clinicadentalargarate.com"
20.240.51.74 - - [29/Jun/2026:05:44:43 +0200] "GET //adminfuns.php HTTP/1.1" 301 339 "-" "-"
20.240.51.74 - - [29/Jun/2026:05:44:43 +0200] "GET /adminfuns.php HTTP/1.1" 404 101378 "-" "-"
87.98.225.137 - - [29/Jun/2026:05:44:44 +0200] "POST /wp-cron.php?doing_wp_cron=1782704684.7463669776916503906250 HTTP/1.1" 200 281 "-" "WordPress/6.7.2; https://clinicadentalargarate.com"
20.240.51.74 - - [29/Jun/2026:05:44:44 +0200] "GET /goods.php HTTP/1.1" 404 101378 "-" "-"
87.98.225.137 - - [29/Jun/2026:05:44:45 +0200] "POST /wp-cron.php?doing_wp_cron=1782704685.3388659954071044921875 HTTP/1.1" 200 281 "-" "WordPress/6.7.2; https://clinicadentalargarate.com"
20.240.51.74 - - [29/Jun/2026:05:44:45 +0200] "GET /100.php HTTP/1.1" 404 101378 "-" "-"
87.98.225.137 - - [29/Jun/2026:05:44:45 +0200] "POST /wp-cron.php?doing_wp_cron=1782704685.9806768894195556640625 HTTP/1.1" 200 281 "-" "WordPress/6.7.2; https://clinicadentalargarate.com"
20.240.51.74 - - [29/Jun/2026:05:44:45 +0200] "GET /about.php? HTTP/1.1" 404 101378 "-" "-"
87.98.225.137 - - [29/Jun/2026:05:44:46 +0200] "POST /wp-cron.php?doing_wp_cron=1782704686.5890789031982421875000 HTTP/1.1" 200 281 "-" "WordPress/6.7.2; https://clinicadentalargarate.com"
20.240.51.74 - - [29/Jun/2026:05:44:46 +0200] "GET /about.php HTTP/1.1" 404 101378 "-" "-"
87.98.225.137 - - [29/Jun/2026:05:44:47 +0200] "POST /wp-cron.php?doing_wp_cron=1782704687.1379680633544921875000 HTTP/1.1" 200 281 "-" "WordPress/6.7.2; https://clinicadentalargarate.com"
20.240.51.74 - - [29/Jun/2026:05:44:47 +0200] "GET /admin.php HTTP/1.1" 404 101378 "-" "-"
87.98.225.137 - - [29/Jun/2026:05:44:47 +0200] "POST /wp-cron.php?doing_wp_cron=1782704687.6695070266723632812500 HTTP/1.1" 200 281 "-" "WordPress/6.7.2; https://clinicadentalargarate.com"
20.240.51.74 - - [29/Jun/2026:05:44:47 +0200] "GET //admin.php? HTTP/1.1" 301 335 "-" "-"
20.240.51.74 - - [29/Jun/2026:05:44:47 +0200] "GET /admin.php HTTP/1.1" 404 101378 "-" "-"
87.98.225.137 - - [29/Jun/2026:05:44:48 +0200] "POST /wp-cron.php?doing_wp_cron=1782704688.3712699413299560546875 HTTP/1.1" 200 281 "-" "WordPress/6.7.2; https://clinicadentalargarate.com"
20.240.51.74 - - [29/Jun/2026:05:44:48 +0200] "GET /puc.php HTTP/1.1" 404 101378 "-" "-"
87.98.225.137 - - [29/Jun/2026:05:44:48 +0200] "POST /wp-cron.php?doing_wp_cron=1782704688.8902969360351562500000 HTTP/1.1" 200 281 "-" "WordPress/6.7.2; https://clinicadentalargarate.com"
20.240.51.74 - - [29/Jun/2026:05:44:48 +0200] "GET //themes.php HTTP/1.1" 301 336 "-" "-"
20.240.51.74 - - [29/Jun/2026:05:44:48 +0200] "GET /themes.php HTTP/1.1" 404 101378 "-" "-"
87.98.225.137 - - [29/Jun/2026:05:44:49 +0200] "POST /wp-cron.php?doing_wp_cron=1782704689.5358939170837402343750 HTTP/1.1" 200 281 "-" "WordPress/6.7.2; https://clinicadentalargarate.com"
20.240.51.74 - - [29/Jun/2026:05:44:49 +0200] "GET /dx.php HTTP/1.1" 404 101378 "-" "-"
87.98.225.137 - - [29/Jun/2026:05:44:50 +0200] "POST /wp-cron.php?doing_wp_cron=1782704690.0556130409240722656250 HTTP/1.1" 200 281 "-" "WordPress/6.7.2; https://clinicadentalargarate.com"
20.240.51.74 - - [29/Jun/2026:05:44:49 +0200] "GET /crgio.php HTTP/1.1" 404 101378 "-" "-"
87.98.225.137 - - [29/Jun/2026:05:44:50 +0200] "POST /wp-cron.php?doing_wp_cron=1782704690.5773489475250244140625 HTTP/1.1" 200 281 "-" "WordPress/6.7.2; https://clinicadentalargarate.com"
20.240.51.74 - - [29/Jun/2026:05:44:50 +0200] "GET /pucci.php HTTP/1.1" 404 101378 "-" "-"
20.240.51.74 - - [29/Jun/2026:05:44:51 +0200] "GET /wp-includes/blocks/details/ HTTP/1.1" 403 451 "-" "-"
20.240.51.74 - - [29/Jun/2026:05:44:51 +0200] "GET /wp-includes/blocks/audio/ HTTP/1.1" 403 451 "-" "-"
87.98.225.137 - - [29/Jun/2026:05:44:51 +0200] "POST /wp-cron.php?doing_wp_cron=1782704691.2668440341949462890625 HTTP/1.1" 200 281 "-" "WordPress/6.7.2; https://clinicadentalargarate.com"
20.240.51.74 - - [29/Jun/2026:05:44:51 +0200] "GET /wordpress/wp-admin/maint/ HTTP/1.1" 404 101378 "-" "-"
87.98.225.137 - - [29/Jun/2026:05:44:51 +0200] "POST /wp-cron.php?doing_wp_cron=1782704691.7786560058593750000000 HTTP/1.1" 200 281 "-" "WordPress/6.7.2; https://clinicadentalargarate.com"
20.240.51.74 - - [29/Jun/2026:05:44:51 +0200] "GET /.well-known/about.php HTTP/1.1" 404 101378 "-" "-"
20.240.51.74 - - [29/Jun/2026:05:44:52 +0200] "GET /wp-includes/ID3/about.php HTTP/1.1" 403 451 "-" "-"
87.98.225.137 - - [29/Jun/2026:05:44:52 +0200] "POST /wp-cron.php?doing_wp_cron=1782704692.3730719089508056640625 HTTP/1.1" 200 281 "-" "WordPress/6.7.2; https://clinicadentalargarate.com"
20.240.51.74 - - [29/Jun/2026:05:44:52 +0200] "GET /25d653587fdfd1.php HTTP/1.1" 404 101378 "-" "-"
87.98.225.137 - - [29/Jun/2026:05:44:52 +0200] "POST /wp-cron.php?doing_wp_cron=1782704692.8968760967254638671875 HTTP/1.1" 200 281 "-" "WordPress/6.7.2; https://clinicadentalargarate.com"
20.240.51.74 - - [29/Jun/2026:05:44:52 +0200] "GET /wefile.php HTTP/1.1" 404 101378 "-" "-"
87.98.225.137 - - [29/Jun/2026:05:44:53 +0200] "POST /wp-cron.php?doing_wp_cron=1782704693.4329760074615478515625 HTTP/1.1" 200 281 "-" "WordPress/6.7.2; https://clinicadentalargarate.com"
20.240.51.74 - - [29/Jun/2026:05:44:53 +0200] "GET /modules/mod_simplefileuploadv1.3/elements/filemanager.php?p= HTTP/1.1" 301 383 "-" "-"
20.240.51.74 - - [29/Jun/2026:05:44:53 +0200] "GET /modules/mod_simplefileuploadv1.3/elements/filemanager.php HTTP/1.1" 404 101378 "-" "-"
20.240.51.74 - - [29/Jun/2026:05:44:53 +0200] "GET /wp-includes/blocks/post-comments-form/ HTTP/1.1" 403 451 "-" "-"
20.240.51.74 - - [29/Jun/2026:05:44:54 +0200] "GET /wp-admin/js/ HTTP/1.1" 403 451 "-" "-"
87.98.225.137 - - [29/Jun/2026:05:44:54 +0200] "POST /wp-cron.php?doing_wp_cron=1782704694.1512839794158935546875 HTTP/1.1" 200 281 "-" "WordPress/6.7.2; https://clinicadentalargarate.com"
20.240.51.74 - - [29/Jun/2026:05:44:54 +0200] "GET /wp-admin/css/colour.php HTTP/1.1" 404 101378 "-" "-"
87.98.225.137 - - [29/Jun/2026:05:44:54 +0200] "POST /wp-cron.php?doing_wp_cron=1782704694.7366230487823486328125 HTTP/1.1" 200 281 "-" "WordPress/6.7.2; https://clinicadentalargarate.com"
20.240.51.74 - - [29/Jun/2026:05:44:54 +0200] "GET /8.php HTTP/1.1" 404 101378 "-" "-"
87.98.225.137 - - [29/Jun/2026:05:44:55 +0200] "POST /wp-cron.php?doing_wp_cron=1782704695.2872390747070312500000 HTTP/1.1" 200 281 "-" "WordPress/6.7.2; https://clinicadentalargarate.com"
20.240.51.74 - - [29/Jun/2026:05:44:55 +0200] "GET /wp-content/admin.php HTTP/1.1" 404 101378 "-" "-"
87.98.225.137 - - [29/Jun/2026:05:44:55 +0200] "POST /wp-cron.php?doing_wp_cron=1782704695.7840800285339355468750 HTTP/1.1" 200 281 "-" "WordPress/6.7.2; https://clinicadentalargarate.com"
20.240.51.74 - - [29/Jun/2026:05:44:55 +0200] "GET //f6.php HTTP/1.1" 301 332 "-" "-"
20.240.51.74 - - [29/Jun/2026:05:44:55 +0200] "GET /f6.php HTTP/1.1" 404 101378 "-" "-"
87.98.225.137 - - [29/Jun/2026:05:44:56 +0200] "POST /wp-cron.php?doing_wp_cron=1782704696.4108519554138183593750 HTTP/1.1" 200 281 "-" "WordPress/6.7.2; https://clinicadentalargarate.com"
20.240.51.74 - - [29/Jun/2026:05:44:56 +0200] "GET /inputs.php? HTTP/1.1" 404 101378 "-" "-"
87.98.225.137 - - [29/Jun/2026:05:44:57 +0200] "POST /wp-cron.php?doing_wp_cron=1782704696.9966220855712890625000 HTTP/1.1" 200 281 "-" "WordPress/6.7.2; https://clinicadentalargarate.com"
20.240.51.74 - - [29/Jun/2026:05:44:56 +0200] "GET /inputs.php HTTP/1.1" 404 101378 "-" "-"
87.98.225.137 - - [29/Jun/2026:05:44:57 +0200] "POST /wp-cron.php?doing_wp_cron=1782704697.5416378974914550781250 HTTP/1.1" 200 281 "-" "WordPress/6.7.2; https://clinicadentalargarate.com"
20.240.51.74 - - [29/Jun/2026:05:44:57 +0200] "GET //av.php HTTP/1.1" 301 332 "-" "-"
87.98.225.137 - - [29/Jun/2026:05:44:57 +0200] "POST /wp-cron.php?doing_wp_cron=1782704697.7659640312194824218750 HTTP/1.1" 200 281 "-" "WordPress/6.7.2; https://clinicadentalargarate.com"
20.240.51.74 - - [29/Jun/2026:05:44:57 +0200] "GET /av.php HTTP/1.1" 404 101378 "-" "-"
87.98.225.137 - - [29/Jun/2026:05:44:58 +0200] "POST /wp-cron.php?doing_wp_cron=1782704698.2714788913726806640625 HTTP/1.1" 200 281 "-" "WordPress/6.7.2; https://clinicadentalargarate.com"
20.240.51.74 - - [29/Jun/2026:05:44:58 +0200] "GET /classwithtostring.php?p= HTTP/1.1" 301 347 "-" "-"
20.240.51.74 - - [29/Jun/2026:05:44:58 +0200] "GET /classwithtostring.php HTTP/1.1" 404 101378 "-" "-"
87.98.225.137 - - [29/Jun/2026:05:44:58 +0200] "POST /wp-cron.php?doing_wp_cron=1782704698.9416270256042480468750 HTTP/1.1" 200 281 "-" "WordPress/6.7.2; https://clinicadentalargarate.com"
20.240.51.74 - - [29/Jun/2026:05:44:58 +0200] "GET /wp-content/themes/index.php HTTP/1.1" 301 344 "-" "-"
20.240.51.74 - - [29/Jun/2026:05:44:59 +0200] "GET /wp-content/themes/ HTTP/1.1" 403 451 "-" "-"
87.98.225.137 - - [29/Jun/2026:05:44:59 +0200] "POST /wp-cron.php?doing_wp_cron=1782704699.2145190238952636718750 HTTP/1.1" 200 281 "-" "WordPress/6.7.2; https://clinicadentalargarate.com"
20.240.51.74 - - [29/Jun/2026:05:44:59 +0200] "GET /wp-blog.php HTTP/1.1" 404 101378 "-" "-"
20.240.51.74 - - [29/Jun/2026:05:44:59 +0200] "GET //wp-includes/js/jquery/ HTTP/1.1" 403 451 "-" "-"
87.98.225.137 - - [29/Jun/2026:05:44:59 +0200] "POST /wp-cron.php?doing_wp_cron=1782704699.8522229194641113281250 HTTP/1.1" 200 281 "-" "WordPress/6.7.2; https://clinicadentalargarate.com"
20.240.51.74 - - [29/Jun/2026:05:44:59 +0200] "GET //wp-content/admin.php HTTP/1.1" 301 346 "-" "-"
20.240.51.74 - - [29/Jun/2026:05:44:59 +0200] "GET /wp-content/admin.php HTTP/1.1" 404 101378 "-" "-"
87.98.225.137 - - [29/Jun/2026:05:45:00 +0200] "POST /wp-cron.php?doing_wp_cron=1782704700.5103070735931396484375 HTTP/1.1" 200 281 "-" "WordPress/6.7.2; https://clinicadentalargarate.com"
20.240.51.74 - - [29/Jun/2026:05:45:00 +0200] "GET //adminfuns.php HTTP/1.1" 301 339 "-" "-"
20.240.51.74 - - [29/Jun/2026:05:45:00 +0200] "GET /adminfuns.php HTTP/1.1" 404 101378 "-" "-"
87.98.225.137 - - [29/Jun/2026:05:45:01 +0200] "POST /wp-cron.php?doing_wp_cron=1782704701.1588160991668701171875 HTTP/1.1" 200 281 "-" "WordPress/6.7.2; https://clinicadentalargarate.com"
20.240.51.74 - - [29/Jun/2026:05:45:01 +0200] "GET /goods.php HTTP/1.1" 404 101378 "-" "-"
87.98.225.137 - - [29/Jun/2026:05:45:01 +0200] "POST /wp-cron.php?doing_wp_cron=1782704701.6972188949584960937500 HTTP/1.1" 200 281 "-" "WordPress/6.7.2; https://clinicadentalargarate.com"
20.240.51.74 - - [29/Jun/2026:05:45:01 +0200] "GET /ms-edit.php HTTP/1.1" 404 101378 "-" "-"
87.98.225.137 - - [29/Jun/2026:05:45:02 +0200] "POST /wp-cron.php?doing_wp_cron=1782704702.7173860073089599609375 HTTP/1.1" 200 281 "-" "WordPress/6.7.2; https://clinicadentalargarate.com"
20.240.51.74 - - [29/Jun/2026:05:45:02 +0200] "GET /222.php HTTP/1.1" 404 101378 "-" "-"
20.240.51.74 - - [29/Jun/2026:05:45:03 +0200] "GET //cgi-bin/index.php HTTP/1.1" 404 190 "-" "-"
20.240.51.74 - - [29/Jun/2026:05:45:03 +0200] "GET //wp-includes/css/dist/ HTTP/1.1" 403 451 "-" "-"
87.98.225.137 - - [29/Jun/2026:05:45:03 +0200] "POST /wp-cron.php?doing_wp_cron=1782704703.4687509536743164062500 HTTP/1.1" 200 281 "-" "WordPress/6.7.2; https://clinicadentalargarate.com"
20.240.51.74 - - [29/Jun/2026:05:45:03 +0200] "GET /BDKR28WP.php HTTP/1.1" 404 101378 "-" "-"
20.240.51.74 - - [29/Jun/2026:05:45:03 +0200] "GET //wp-includes/l10n/ HTTP/1.1" 403 451 "-" "-"
20.240.51.74 - - [29/Jun/2026:05:45:03 +0200] "GET /wp-content/uploads/ HTTP/1.1" 403 451 "-" "-"
87.98.225.137 - - [29/Jun/2026:05:45:04 +0200] "POST /wp-cron.php?doing_wp_cron=1782704704.0622210502624511718750 HTTP/1.1" 200 281 "-" "WordPress/6.7.2; https://clinicadentalargarate.com"
20.240.51.74 - - [29/Jun/2026:05:45:03 +0200] "GET /wp.php HTTP/1.1" 404 101378 "-" "-"
87.98.225.137 - - [29/Jun/2026:05:45:04 +0200] "POST /wp-cron.php?doing_wp_cron=1782704704.6889739036560058593750 HTTP/1.1" 200 281 "-" "WordPress/6.7.2; https://clinicadentalargarate.com"
20.240.51.74 - - [29/Jun/2026:05:45:04 +0200] "GET //abcd.php HTTP/1.1" 301 334 "-" "-"
20.240.51.74 - - [29/Jun/2026:05:45:04 +0200] "GET /abcd.php HTTP/1.1" 404 101378 "-" "-"
87.98.225.137 - - [29/Jun/2026:05:45:05 +0200] "POST /wp-cron.php?doing_wp_cron=1782704705.5589570999145507812500 HTTP/1.1" 200 281 "-" "WordPress/6.7.2; https://clinicadentalargarate.com"
20.240.51.74 - - [29/Jun/2026:05:45:05 +0200] "GET /file15.php HTTP/1.1" 404 101378 "-" "-"
87.98.225.137 - - [29/Jun/2026:05:45:06 +0200] "POST /wp-cron.php?doing_wp_cron=1782704706.5461719036102294921875 HTTP/1.1" 200 281 "-" "WordPress/6.7.2; https://clinicadentalargarate.com"
20.240.51.74 - - [29/Jun/2026:05:45:06 +0200] "GET /jp.php HTTP/1.1" 404 101378 "-" "-"
87.98.225.137 - - [29/Jun/2026:05:45:07 +0200] "POST /wp-cron.php?doing_wp_cron=1782704707.1670019626617431640625 HTTP/1.1" 200 281 "-" "WordPress/6.7.2; https://clinicadentalargarate.com"
20.240.51.74 - - [29/Jun/2026:05:45:07 +0200] "GET /f35.php HTTP/1.1" 404 101378 "-" "-"
87.98.225.137 - - [29/Jun/2026:05:45:07 +0200] "POST /wp-cron.php?doing_wp_cron=1782704707.7562310695648193359375 HTTP/1.1" 200 281 "-" "WordPress/6.7.2; https://clinicadentalargarate.com"
20.240.51.74 - - [29/Jun/2026:05:45:07 +0200] "GET /xa.php HTTP/1.1" 404 101378 "-" "-"
87.98.225.137 - - [29/Jun/2026:05:45:08 +0200] "POST /wp-cron.php?doing_wp_cron=1782704708.5564370155334472656250 HTTP/1.1" 200 281 "-" "WordPress/6.7.2; https://clinicadentalargarate.com"
20.240.51.74 - - [29/Jun/2026:05:45:08 +0200] "GET /wp-load.php HTTP/1.1" 200 147 "-" "-"
20.240.51.74 - - [29/Jun/2026:05:45:08 +0200] "GET /a5.php HTTP/1.1" 404 101378 "-" "-"
20.240.51.74 - - [29/Jun/2026:05:45:09 +0200] "GET //wp-includes/assets/ HTTP/1.1" 403 470 "-" "-"
20.240.51.74 - - [29/Jun/2026:05:45:09 +0200] "GET /wp-admin/css/colors/sunrise/ HTTP/1.1" 403 451 "-" "-"
87.98.225.137 - - [29/Jun/2026:05:45:09 +0200] "POST /wp-cron.php?doing_wp_cron=1782704709.6379818916320800781250 HTTP/1.1" 200 281 "-" "WordPress/6.7.2; https://clinicadentalargarate.com"
20.240.51.74 - - [29/Jun/2026:05:45:09 +0200] "GET /simple.php HTTP/1.1" 404 101378 "-" "-"
87.98.225.137 - - [29/Jun/2026:05:45:10 +0200] "POST /wp-cron.php?doing_wp_cron=1782704710.3055639266967773437500 HTTP/1.1" 200 281 "-" "WordPress/6.7.2; https://clinicadentalargarate.com"
20.240.51.74 - - [29/Jun/2026:05:45:10 +0200] "GET /w.php HTTP/1.1" 404 101378 "-" "-"
87.98.225.137 - - [29/Jun/2026:05:45:10 +0200] "POST /wp-cron.php?doing_wp_cron=1782704710.8889749050140380859375 HTTP/1.1" 200 281 "-" "WordPress/6.7.2; https://clinicadentalargarate.com"
20.240.51.74 - - [29/Jun/2026:05:45:10 +0200] "GET /dd.php HTTP/1.1" 404 101378 "-" "-"
87.98.225.137 - - [29/Jun/2026:05:45:11 +0200] "POST /wp-cron.php?doing_wp_cron=1782704711.3771090507507324218750 HTTP/1.1" 200 281 "-" "WordPress/6.7.2; https://clinicadentalargarate.com"
20.240.51.74 - - [29/Jun/2026:05:45:11 +0200] "GET /4PJcpMFsD8B.php HTTP/1.1" 404 101378 "-" "-"
87.98.225.137 - - [29/Jun/2026:05:45:11 +0200] "POST /wp-cron.php?doing_wp_cron=1782704711.8633110523223876953125 HTTP/1.1" 200 281 "-" "WordPress/6.7.2; https://clinicadentalargarate.com"
20.240.51.74 - - [29/Jun/2026:05:45:11 +0200] "GET /set.php HTTP/1.1" 404 101378 "-" "-"
87.98.225.137 - - [29/Jun/2026:05:45:12 +0200] "POST /wp-cron.php?doing_wp_cron=1782704712.3979868888854980468750 HTTP/1.1" 200 281 "-" "WordPress/6.7.2; https://clinicadentalargarate.com"
20.240.51.74 - - [29/Jun/2026:05:45:12 +0200] "GET /u.php?p= HTTP/1.1" 301 331 "-" "-"
87.98.225.137 - - [29/Jun/2026:05:45:12 +0200] "POST /wp-cron.php?doing_wp_cron=1782704712.6219859123229980468750 HTTP/1.1" 200 281 "-" "WordPress/6.7.2; https://clinicadentalargarate.com"
20.240.51.74 - - [29/Jun/2026:05:45:12 +0200] "GET /u.php HTTP/1.1" 404 101378 "-" "-"
87.98.225.137 - - [29/Jun/2026:05:45:13 +0200] "POST /wp-cron.php?doing_wp_cron=1782704713.0899930000305175781250 HTTP/1.1" 200 281 "-" "WordPress/6.7.2; https://clinicadentalargarate.com"
20.240.51.74 - - [29/Jun/2026:05:45:13 +0200] "GET /sss.php HTTP/1.1" 404 101378 "-" "-"
87.98.225.137 - - [29/Jun/2026:05:45:13 +0200] "POST /wp-cron.php?doing_wp_cron=1782704713.6117188930511474609375 HTTP/1.1" 200 281 "-" "WordPress/6.7.2; https://clinicadentalargarate.com"
20.240.51.74 - - [29/Jun/2026:05:45:13 +0200] "GET /sss.php?p= HTTP/1.1" 301 333 "-" "-"
20.240.51.74 - - [29/Jun/2026:05:45:13 +0200] "GET /sss.php HTTP/1.1" 404 101378 "-" "-"
87.98.225.137 - - [29/Jun/2026:05:45:14 +0200] "POST /wp-cron.php?doing_wp_cron=1782704714.2303390502929687500000 HTTP/1.1" 200 281 "-" "WordPress/6.7.2; https://clinicadentalargarate.com"
20.240.51.74 - - [29/Jun/2026:05:45:14 +0200] "GET /e.php HTTP/1.1" 404 101378 "-" "-"
87.98.225.137 - - [29/Jun/2026:05:45:14 +0200] "POST /wp-cron.php?doing_wp_cron=1782704714.7370789051055908203125 HTTP/1.1" 200 281 "-" "WordPress/6.7.2; https://clinicadentalargarate.com"
20.240.51.74 - - [29/Jun/2026:05:45:14 +0200] "GET /t.php HTTP/1.1" 404 101378 "-" "-"
87.98.225.137 - - [29/Jun/2026:05:45:15 +0200] "POST /wp-cron.php?doing_wp_cron=1782704715.2950429916381835937500 HTTP/1.1" 200 281 "-" "WordPress/6.7.2; https://clinicadentalargarate.com"
20.240.51.74 - - [29/Jun/2026:05:45:15 +0200] "GET /s.php HTTP/1.1" 404 101378 "-" "-"
87.98.225.137 - - [29/Jun/2026:05:45:15 +0200] "POST /wp-cron.php?doing_wp_cron=1782704715.7774848937988281250000 HTTP/1.1" 200 281 "-" "WordPress/6.7.2; https://clinicadentalargarate.com"
20.240.51.74 - - [29/Jun/2026:05:45:15 +0200] "GET /miru1.php HTTP/1.1" 404 101378 "-" "-"
87.98.225.137 - - [29/Jun/2026:05:45:16 +0200] "POST /wp-cron.php?doing_wp_cron=1782704716.2729671001434326171875 HTTP/1.1" 200 281 "-" "WordPress/6.7.2; https://clinicadentalargarate.com"
20.240.51.74 - - [29/Jun/2026:05:45:16 +0200] "GET //aa.php HTTP/1.1" 301 332 "-" "-"
20.240.51.74 - - [29/Jun/2026:05:45:16 +0200] "GET /aa.php HTTP/1.1" 404 101378 "-" "-"
87.98.225.137 - - [29/Jun/2026:05:45:16 +0200] "POST /wp-cron.php?doing_wp_cron=1782704716.9029960632324218750000 HTTP/1.1" 200 281 "-" "WordPress/6.7.2; https://clinicadentalargarate.com"
20.240.51.74 - - [29/Jun/2026:05:45:16 +0200] "GET /6.php HTTP/1.1" 404 101378 "-" "-"
87.98.225.137 - - [29/Jun/2026:05:45:17 +0200] "POST /wp-cron.php?doing_wp_cron=1782704717.3809669017791748046875 HTTP/1.1" 200 281 "-" "WordPress/6.7.2; https://clinicadentalargarate.com"
20.240.51.74 - - [29/Jun/2026:05:45:17 +0200] "GET /122.php HTTP/1.1" 404 101378 "-" "-"
87.98.225.137 - - [29/Jun/2026:05:45:17 +0200] "POST /wp-cron.php?doing_wp_cron=1782704717.8530540466308593750000 HTTP/1.1" 200 281 "-" "WordPress/6.7.2; https://clinicadentalargarate.com"
20.240.51.74 - - [29/Jun/2026:05:45:17 +0200] "GET /aaa.php?p= HTTP/1.1" 301 333 "-" "-"
20.240.51.74 - - [29/Jun/2026:05:45:17 +0200] "GET /aaa.php HTTP/1.1" 404 101378 "-" "-"
87.98.225.137 - - [29/Jun/2026:05:45:18 +0200] "POST /wp-cron.php?doing_wp_cron=1782704718.4659540653228759765625 HTTP/1.1" 200 281 "-" "WordPress/6.7.2; https://clinicadentalargarate.com"
20.240.51.74 - - [29/Jun/2026:05:45:18 +0200] "GET /get.php HTTP/1.1" 404 101378 "-" "-"
87.98.225.137 - - [29/Jun/2026:05:45:19 +0200] "POST /wp-cron.php?doing_wp_cron=1782704719.0158300399780273437500 HTTP/1.1" 200 281 "-" "WordPress/6.7.2; https://clinicadentalargarate.com"
20.240.51.74 - - [29/Jun/2026:05:45:18 +0200] "GET /aaa.php HTTP/1.1" 404 101378 "-" "-"
87.98.225.137 - - [29/Jun/2026:05:45:19 +0200] "POST /wp-cron.php?doing_wp_cron=1782704719.5975880622863769531250 HTTP/1.1" 200 281 "-" "WordPress/6.7.2; https://clinicadentalargarate.com"
20.240.51.74 - - [29/Jun/2026:05:45:19 +0200] "GET /as.php HTTP/1.1" 404 101378 "-" "-"
87.98.225.137 - - [29/Jun/2026:05:45:20 +0200] "POST /wp-cron.php?doing_wp_cron=1782704720.2313199043273925781250 HTTP/1.1" 200 281 "-" "WordPress/6.7.2; https://clinicadentalargarate.com"
20.240.51.74 - - [29/Jun/2026:05:45:20 +0200] "GET /rate1.php HTTP/1.1" 404 101378 "-" "-"
87.98.225.137 - - [29/Jun/2026:05:45:20 +0200] "POST /wp-cron.php?doing_wp_cron=1782704720.9297919273376464843750 HTTP/1.1" 200 281 "-" "WordPress/6.7.2; https://clinicadentalargarate.com"
20.240.51.74 - - [29/Jun/2026:05:45:20 +0200] "GET /ccou.php HTTP/1.1" 404 101378 "-" "-"
87.98.225.137 - - [29/Jun/2026:05:45:21 +0200] "POST /wp-cron.php?doing_wp_cron=1782704721.4693410396575927734375 HTTP/1.1" 200 281 "-" "WordPress/6.7.2; https://clinicadentalargarate.com"
20.240.51.74 - - [29/Jun/2026:05:45:21 +0200] "GET /must.php HTTP/1.1" 404 101378 "-" "-"
87.98.225.137 - - [29/Jun/2026:05:45:22 +0200] "POST /wp-cron.php?doing_wp_cron=1782704722.1326670646667480468750 HTTP/1.1" 200 281 "-" "WordPress/6.7.2; https://clinicadentalargarate.com"
20.240.51.74 - - [29/Jun/2026:05:45:22 +0200] "GET /w3lls.php HTTP/1.1" 404 101378 "-" "-"
87.98.225.137 - - [29/Jun/2026:05:45:22 +0200] "POST /wp-cron.php?doing_wp_cron=1782704722.6343560218811035156250 HTTP/1.1" 200 281 "-" "WordPress/6.7.2; https://clinicadentalargarate.com"
20.240.51.74 - - [29/Jun/2026:05:45:22 +0200] "GET /test1.php HTTP/1.1" 404 101378 "-" "-"
87.98.225.137 - - [29/Jun/2026:05:45:23 +0200] "POST /wp-cron.php?doing_wp_cron=1782704723.1449410915374755859375 HTTP/1.1" 200 281 "-" "WordPress/6.7.2; https://clinicadentalargarate.com"
20.240.51.74 - - [29/Jun/2026:05:45:23 +0200] "GET /database.php HTTP/1.1" 404 101378 "-" "-"
87.98.225.137 - - [29/Jun/2026:05:45:23 +0200] "POST /wp-cron.php?doing_wp_cron=1782704723.6218450069427490234375 HTTP/1.1" 200 281 "-" "WordPress/6.7.2; https://clinicadentalargarate.com"
20.240.51.74 - - [29/Jun/2026:05:45:23 +0200] "GET /file.php? HTTP/1.1" 404 101378 "-" "-"
87.98.225.137 - - [29/Jun/2026:05:45:24 +0200] "POST /wp-cron.php?doing_wp_cron=1782704724.1072490215301513671875 HTTP/1.1" 200 281 "-" "WordPress/6.7.2; https://clinicadentalargarate.com"
20.240.51.74 - - [29/Jun/2026:05:45:24 +0200] "GET /file.php HTTP/1.1" 404 101378 "-" "-"
87.98.225.137 - - [29/Jun/2026:05:45:24 +0200] "POST /wp-cron.php?doing_wp_cron=1782704724.6096940040588378906250 HTTP/1.1" 200 281 "-" "WordPress/6.7.2; https://clinicadentalargarate.com"
20.240.51.74 - - [29/Jun/2026:05:45:24 +0200] "GET /777.php HTTP/1.1" 404 101378 "-" "-"
87.98.225.137 - - [29/Jun/2026:05:45:25 +0200] "POST /wp-cron.php?doing_wp_cron=1782704725.1055150032043457031250 HTTP/1.1" 200 281 "-" "WordPress/6.7.2; https://clinicadentalargarate.com"
20.240.51.74 - - [29/Jun/2026:05:45:25 +0200] "GET /joomla.php HTTP/1.1" 404 101378 "-" "-"
87.98.225.137 - - [29/Jun/2026:05:45:25 +0200] "POST /wp-cron.php?doing_wp_cron=1782704725.5756020545959472656250 HTTP/1.1" 200 281 "-" "WordPress/6.7.2; https://clinicadentalargarate.com"
20.240.51.74 - - [29/Jun/2026:05:45:25 +0200] "GET /ssixta.php HTTP/1.1" 404 101378 "-" "-"
87.98.225.137 - - [29/Jun/2026:05:45:26 +0200] "POST /wp-cron.php?doing_wp_cron=1782704726.0600368976593017578125 HTTP/1.1" 200 281 "-" "WordPress/6.7.2; https://clinicadentalargarate.com"
20.240.51.74 - - [29/Jun/2026:05:45:25 +0200] "GET /ssjhvsav.php HTTP/1.1" 404 101378 "-" "-"
87.98.225.137 - - [29/Jun/2026:05:45:26 +0200] "POST /wp-cron.php?doing_wp_cron=1782704726.5366930961608886718750 HTTP/1.1" 200 281 "-" "WordPress/6.7.2; https://clinicadentalargarate.com"
20.240.51.74 - - [29/Jun/2026:05:45:26 +0200] "GET /ib8nm.php HTTP/1.1" 404 101378 "-" "-"
87.98.225.137 - - [29/Jun/2026:05:45:27 +0200] "POST /wp-cron.php?doing_wp_cron=1782704727.0151751041412353515625 HTTP/1.1" 200 281 "-" "WordPress/6.7.2; https://clinicadentalargarate.com"
20.240.51.74 - - [29/Jun/2026:05:45:26 +0200] "GET /rate.php HTTP/1.1" 404 101378 "-" "-"
87.98.225.137 - - [29/Jun/2026:05:45:27 +0200] "POST /wp-cron.php?doing_wp_cron=1782704727.4204580783843994140625 HTTP/1.1" 200 281 "-" "WordPress/6.7.2; https://clinicadentalargarate.com"
20.240.51.74 - - [29/Jun/2026:05:45:27 +0200] "GET /1c.php HTTP/1.1" 404 101378 "-" "-"
87.98.225.137 - - [29/Jun/2026:05:45:27 +0200] "POST /wp-cron.php?doing_wp_cron=1782704727.8361670970916748046875 HTTP/1.1" 200 281 "-" "WordPress/6.7.2; https://clinicadentalargarate.com"
20.240.51.74 - - [29/Jun/2026:05:45:27 +0200] "GET /yytahmjj.php HTTP/1.1" 404 101378 "-" "-"
87.98.225.137 - - [29/Jun/2026:05:45:28 +0200] "POST /wp-cron.php?doing_wp_cron=1782704728.3182189464569091796875 HTTP/1.1" 200 281 "-" "WordPress/6.7.2; https://clinicadentalargarate.com"
20.240.51.74 - - [29/Jun/2026:05:45:28 +0200] "GET /qc0tfrqg.php HTTP/1.1" 404 101378 "-" "-"
87.98.225.137 - - [29/Jun/2026:05:45:28 +0200] "POST /wp-cron.php?doing_wp_cron=1782704728.7321929931640625000000 HTTP/1.1" 200 281 "-" "WordPress/6.7.2; https://clinicadentalargarate.com"
20.240.51.74 - - [29/Jun/2026:05:45:28 +0200] "GET /l4nj78im.php HTTP/1.1" 404 101378 "-" "-"
87.98.225.137 - - [29/Jun/2026:05:45:29 +0200] "POST /wp-cron.php?doing_wp_cron=1782704729.1399340629577636718750 HTTP/1.1" 200 281 "-" "WordPress/6.7.2; https://clinicadentalargarate.com"
20.240.51.74 - - [29/Jun/2026:05:45:29 +0200] "GET /i7jxlwce.php HTTP/1.1" 404 101378 "-" "-"
87.98.225.137 - - [29/Jun/2026:05:45:29 +0200] "POST /wp-cron.php?doing_wp_cron=1782704729.5999240875244140625000 HTTP/1.1" 200 281 "-" "WordPress/6.7.2; https://clinicadentalargarate.com"
20.240.51.74 - - [29/Jun/2026:05:45:29 +0200] "GET /8jwcuapc.php HTTP/1.1" 404 101378 "-" "-"
87.98.225.137 - - [29/Jun/2026:05:45:30 +0200] "POST /wp-cron.php?doing_wp_cron=1782704730.0242478847503662109375 HTTP/1.1" 200 281 "-" "WordPress/6.7.2; https://clinicadentalargarate.com"
20.240.51.74 - - [29/Jun/2026:05:45:29 +0200] "GET /7c36szig.php HTTP/1.1" 404 101378 "-" "-"
87.98.225.137 - - [29/Jun/2026:05:45:30 +0200] "POST /wp-cron.php?doing_wp_cron=1782704730.4864981174468994140625 HTTP/1.1" 200 281 "-" "WordPress/6.7.2; https://clinicadentalargarate.com"
20.240.51.74 - - [29/Jun/2026:05:45:30 +0200] "GET /0kk850af.php HTTP/1.1" 404 101378 "-" "-"
87.98.225.137 - - [29/Jun/2026:05:45:30 +0200] "POST /wp-cron.php?doing_wp_cron=1782704730.8995668888092041015625 HTTP/1.1" 200 281 "-" "WordPress/6.7.2; https://clinicadentalargarate.com"
20.240.51.74 - - [29/Jun/2026:05:45:30 +0200] "GET /ewdzmqmg.php HTTP/1.1" 404 101378 "-" "-"
87.98.225.137 - - [29/Jun/2026:05:45:31 +0200] "POST /wp-cron.php?doing_wp_cron=1782704731.3031558990478515625000 HTTP/1.1" 200 281 "-" "WordPress/6.7.2; https://clinicadentalargarate.com"
20.240.51.74 - - [29/Jun/2026:05:45:31 +0200] "GET /test2.php HTTP/1.1" 404 101378 "-" "-"
87.98.225.137 - - [29/Jun/2026:05:45:31 +0200] "POST /wp-cron.php?doing_wp_cron=1782704731.7084751129150390625000 HTTP/1.1" 200 281 "-" "WordPress/6.7.2; https://clinicadentalargarate.com"
20.240.51.74 - - [29/Jun/2026:05:45:31 +0200] "GET /tech5pr.php HTTP/1.1" 404 101378 "-" "-"
87.98.225.137 - - [29/Jun/2026:05:45:32 +0200] "POST /wp-cron.php?doing_wp_cron=1782704732.1153230667114257812500 HTTP/1.1" 200 281 "-" "WordPress/6.7.2; https://clinicadentalargarate.com"
20.240.51.74 - - [29/Jun/2026:05:45:32 +0200] "GET /buy.php HTTP/1.1" 404 101378 "-" "-"
87.98.225.137 - - [29/Jun/2026:05:45:32 +0200] "POST /wp-cron.php?doing_wp_cron=1782704732.5379788875579833984375 HTTP/1.1" 200 281 "-" "WordPress/6.7.2; https://clinicadentalargarate.com"
20.240.51.74 - - [29/Jun/2026:05:45:32 +0200] "GET /ssend.php HTTP/1.1" 404 101378 "-" "-"
87.98.225.137 - - [29/Jun/2026:05:45:32 +0200] "POST /wp-cron.php?doing_wp_cron=1782704732.9430050849914550781250 HTTP/1.1" 200 281 "-" "WordPress/6.7.2; https://clinicadentalargarate.com"
20.240.51.74 - - [29/Jun/2026:05:45:32 +0200] "GET /wo.php HTTP/1.1" 404 101378 "-" "-"
87.98.225.137 - - [29/Jun/2026:05:45:33 +0200] "POST /wp-cron.php?doing_wp_cron=1782704733.4167940616607666015625 HTTP/1.1" 200 281 "-" "WordPress/6.7.2; https://clinicadentalargarate.com"
20.240.51.74 - - [29/Jun/2026:05:45:33 +0200] "GET /item.php HTTP/1.1" 404 101378 "-" "-"
87.98.225.137 - - [29/Jun/2026:05:45:33 +0200] "POST /wp-cron.php?doing_wp_cron=1782704733.8501019477844238281250 HTTP/1.1" 200 281 "-" "WordPress/6.7.2; https://clinicadentalargarate.com"
20.240.51.74 - - [29/Jun/2026:05:45:33 +0200] "GET /ss.php HTTP/1.1" 404 101378 "-" "-"
87.98.225.137 - - [29/Jun/2026:05:45:34 +0200] "POST /wp-cron.php?doing_wp_cron=1782704734.2671179771423339843750 HTTP/1.1" 200 281 "-" "WordPress/6.7.2; https://clinicadentalargarate.com"
20.240.51.74 - - [29/Jun/2026:05:45:34 +0200] "GET /hypo.php HTTP/1.1" 404 101378 "-" "-"
87.98.225.137 - - [29/Jun/2026:05:48:31 +0200] "POST /wp-cron.php?doing_wp_cron=1782704911.1496961116790771484375 HTTP/1.1" 200 3658 "-" "WordPress/6.7.2; https://clinicadentalargarate.com"
185.68.18.52 - - [29/Jun/2026:05:48:31 +0200] "GET /wp-login.php HTTP/1.1" 200 6743 "-" "Mozilla/5.0 (Windows NT 10.0; Win64; x64) AppleWebKit/537.36 (KHTML, like Gecko) Chrome/120.0.0.0 Safari/537.36"
87.98.225.137 - - [29/Jun/2026:05:48:31 +0200] "POST /wp-cron.php?doing_wp_cron=1782704911.4266529083251953125000 HTTP/1.1" 200 3658 "-" "WordPress/6.7.2; https://clinicadentalargarate.com"
185.68.18.52 - - [29/Jun/2026:05:48:31 +0200] "POST /wp-login.php HTTP/1.1" 200 3500 "https://clinicadentalargarate.com/wp-login.php" "Mozilla/5.0 (Windows NT 10.0; Win64; x64) AppleWebKit/537.36 (KHTML, like Gecko) Chrome/120.0.0.0 Safari/537.36"
87.98.225.137 - - [29/Jun/2026:05:52:10 +0200] "POST /wp-cron.php?doing_wp_cron=1782705130.5440230369567871093750 HTTP/1.1" 200 3658 "-" "WordPress/6.7.2; https://clinicadentalargarate.com"
85.208.96.200 - - [29/Jun/2026:05:52:10 +0200] "GET /blog/hoe-betrouwbaar-is-slotwolf-casino-in-het-aanbieden-van-spellen/ HTTP/1.1" 500 4369 "-" "Mozilla/5.0 (compatible; SemrushBot/7~bl; +http://www.semrush.com/bot.html)"
87.98.225.137 - - [29/Jun/2026:05:52:58 +0200] "POST /wp-cron.php?doing_wp_cron=1782705178.0231599807739257812500 HTTP/1.1" 200 3658 "-" "WordPress/6.7.2; https://clinicadentalargarate.com"
66.249.66.41 - - [29/Jun/2026:05:52:57 +0200] "GET /contacto/ HTTP/1.1" 200 26767 "-" "Mozilla/5.0 (Linux; Android 6.0.1; Nexus 5X Build/MMB29P) AppleWebKit/537.36 (KHTML, like Gecko) Chrome/148.0.7778.96 Mobile Safari/537.36 (compatible; Googlebot/2.1; +http://www.google.com/bot.html)"
66.249.66.42 - - [29/Jun/2026:05:57:02 +0200] "GET /wp-content/themes/thefox/css/thefox_js_composer.css HTTP/1.1" 200 22868 "https://clinicadentalargarate.com/contacto/" "Mozilla/5.0 (Linux; Android 6.0.1; Nexus 5X Build/MMB29P) AppleWebKit/537.36 (KHTML, like Gecko) Chrome/148.0.7778.96 Mobile Safari/537.36 (compatible; Googlebot/2.1; +http://www.google.com/bot.html)"
87.98.225.137 - - [29/Jun/2026:05:58:14 +0200] "POST /wp-cron.php?doing_wp_cron=1782705494.8425209522247314453125 HTTP/1.1" 200 3658 "-" "WordPress/6.7.2; https://clinicadentalargarate.com"
190.143.29.76 - - [29/Jun/2026:05:58:14 +0200] "GET /blog/edad-colocarse-la-ortodoncia/ HTTP/1.1" 500 6599 "-" "Mozilla/5.0 (Windows NT 10.0; Win64; x64) AppleWebKit/537.36 (KHTML, like Gecko) Chrome/101.0.4591.54 Safari/537.36"
87.98.225.137 - - [29/Jun/2026:06:00:02 +0200] "POST /wp-cron.php?doing_wp_cron=1782705602.3113629817962646484375 HTTP/1.1" 200 3658 "-" "WordPress/6.7.2; https://clinicadentalargarate.com"
119.195.102.159 - - [29/Jun/2026:06:00:01 +0200] "GET /wp-login.php HTTP/1.1" 200 6743 "-" "Mozilla/5.0 (Windows NT 10.0; Win64; x64) AppleWebKit/537.36 (KHTML, like Gecko) Chrome/120.0.0.0 Safari/537.36"
87.98.225.137 - - [29/Jun/2026:06:00:02 +0200] "POST /wp-cron.php?doing_wp_cron=1782705602.9053339958190917968750 HTTP/1.1" 200 3658 "-" "WordPress/6.7.2; https://clinicadentalargarate.com"
119.195.102.159 - - [29/Jun/2026:06:00:02 +0200] "POST /wp-login.php HTTP/1.1" 200 3528 "https://clinicadentalargarate.com/wp-login.php" "Mozilla/5.0 (Windows NT 10.0; Win64; x64) AppleWebKit/537.36 (KHTML, like Gecko) Chrome/120.0.0.0 Safari/537.36"
216.73.217.169 - - [29/Jun/2026:06:01:56 +0200] "GET /robots.txt HTTP/1.1" 200 3834 "-" "Mozilla/5.0 AppleWebKit/537.36 (KHTML, like Gecko; compatible; ClaudeBot/1.0; +claudebot@anthropic.com)"
87.98.225.137 - - [29/Jun/2026:06:01:56 +0200] "POST /wp-cron.php?doing_wp_cron=1782705716.4385199546813964843750 HTTP/1.1" 200 3658 "-" "WordPress/6.7.2; https://clinicadentalargarate.com"
216.73.217.169 - - [29/Jun/2026:06:01:56 +0200] "GET / HTTP/1.1" 200 33001 "-" "Mozilla/5.0 AppleWebKit/537.36 (KHTML, like Gecko; compatible; ClaudeBot/1.0; +claudebot@anthropic.com)"
87.98.225.137 - - [29/Jun/2026:06:03:52 +0200] "POST /wp-cron.php?doing_wp_cron=1782705832.0438270568847656250000 HTTP/1.1" 200 3658 "-" "WordPress/6.7.2; https://clinicadentalargarate.com"
107.175.94.125 - - [29/Jun/2026:06:03:51 +0200] "GET /wp-login.php HTTP/1.1" 200 6743 "-" "Mozilla/5.0 (Windows NT 10.0; Win64; x64) AppleWebKit/537.36 (KHTML, like Gecko) Chrome/120.0.0.0 Safari/537.36"
87.98.225.137 - - [29/Jun/2026:06:03:52 +0200] "POST /wp-cron.php?doing_wp_cron=1782705832.2801380157470703125000 HTTP/1.1" 200 3658 "-" "WordPress/6.7.2; https://clinicadentalargarate.com"
107.175.94.125 - - [29/Jun/2026:06:03:52 +0200] "POST /wp-login.php HTTP/1.1" 200 3503 "https://clinicadentalargarate.com/wp-login.php" "Mozilla/5.0 (Windows NT 10.0; Win64; x64) AppleWebKit/537.36 (KHTML, like Gecko) Chrome/120.0.0.0 Safari/537.36"
87.98.225.137 - - [29/Jun/2026:06:04:22 +0200] "POST /wp-cron.php?doing_wp_cron=1782705862.5511329174041748046875 HTTP/1.1" 200 3658 "-" "WordPress/6.7.2; https://clinicadentalargarate.com"
51.195.215.211 - - [29/Jun/2026:06:04:22 +0200] "GET /?sitemap723.xml HTTP/1.1" 301 3660 "-" "Mozilla/5.0 (compatible; AhrefsBot/7.0; +http://ahrefs.com/robot/)"
87.98.225.137 - - [29/Jun/2026:06:04:24 +0200] "POST /wp-cron.php?doing_wp_cron=1782705864.4980359077453613281250 HTTP/1.1" 200 3658 "-" "WordPress/6.7.2; https://clinicadentalargarate.com"
51.195.215.211 - - [29/Jun/2026:06:04:24 +0200] "GET /?sitemap723_xml HTTP/1.1" 200 36364 "-" "Mozilla/5.0 (compatible; AhrefsBot/7.0; +http://ahrefs.com/robot/)"
87.98.225.137 - - [29/Jun/2026:06:05:08 +0200] "POST /wp-cron.php?doing_wp_cron=1782705908.8697750568389892578125 HTTP/1.1" 200 3658 "-" "WordPress/6.7.2; https://clinicadentalargarate.com"
186.121.161.68 - - [29/Jun/2026:06:05:08 +0200] "GET /blog/winhero-casino-wat-maakt-het-een-ideaal-platform/ HTTP/1.1" 500 6601 "-" "Mozilla/5.0 (Macintosh; Intel Mac OS X 10_13_6) AppleWebKit/537.36 (KHTML, like Gecko) Chrome/73.0.3683.103 Safari/537.36"
87.98.225.137 - - [29/Jun/2026:06:05:27 +0200] "POST /wp-cron.php?doing_wp_cron=1782705927.6312129497528076171875 HTTP/1.1" 200 3658 "-" "WordPress/6.7.2; https://clinicadentalargarate.com"
216.73.217.169 - - [29/Jun/2026:06:05:27 +0200] "GET /pages.php HTTP/1.1" 404 105569 "-" "Mozilla/5.0 AppleWebKit/537.36 (KHTML, like Gecko; compatible; ClaudeBot/1.0; +claudebot@anthropic.com)"
85.208.96.202 - - [29/Jun/2026:06:06:08 +0200] "GET /robots.txt HTTP/1.1" 200 3826 "-" "Mozilla/5.0 (compatible; SemrushBot/7~bl; +http://www.semrush.com/bot.html)"
87.98.225.137 - - [29/Jun/2026:06:06:11 +0200] "POST /wp-cron.php?doing_wp_cron=1782705971.5923330783843994140625 HTTP/1.1" 200 3658 "-" "WordPress/6.7.2; https://clinicadentalargarate.com"
185.191.171.9 - - [29/Jun/2026:06:06:11 +0200] "GET /blog/b7-casinos-maak-een-impact-in-de-online-gaming-markt/ HTTP/1.1" 500 4369 "-" "Mozilla/5.0 (compatible; SemrushBot/7~bl; +http://www.semrush.com/bot.html)"
114.119.135.199 - - [29/Jun/2026:06:07:59 +0200] "GET /robots.txt HTTP/1.1" 200 464 "http://www.clinicadentalargarate.com/robots.txt" "Mozilla/5.0 (Windows NT 10.0; Win64; x64) AppleWebKit/537.36 (KHTML, like Gecko) Chrome/148.0.0.0 Safari/537.36"
87.98.225.137 - - [29/Jun/2026:06:09:21 +0200] "POST /wp-cron.php?doing_wp_cron=1782706161.3447210788726806640625 HTTP/1.1" 200 3658 "-" "WordPress/6.7.2; https://clinicadentalargarate.com"
85.208.96.204 - - [29/Jun/2026:06:09:21 +0200] "GET /blog/is-kaasino-casino-geschikt-voor-high-rollers/ HTTP/1.1" 500 4369 "-" "Mozilla/5.0 (compatible; SemrushBot/7~bl; +http://www.semrush.com/bot.html)"
87.98.225.137 - - [29/Jun/2026:06:09:28 +0200] "POST /wp-cron.php?doing_wp_cron=1782706168.0516760349273681640625 HTTP/1.1" 200 3658 "-" "WordPress/6.7.2; https://clinicadentalargarate.com"
85.208.96.210 - - [29/Jun/2026:06:09:27 +0200] "GET /blog/wat-zijn-de-spannendste-toernooien-bij-unique-casino/ HTTP/1.1" 500 4369 "-" "Mozilla/5.0 (compatible; SemrushBot/7~bl; +http://www.semrush.com/bot.html)"
87.98.225.137 - - [29/Jun/2026:06:10:04 +0200] "POST /wp-cron.php?doing_wp_cron=1782706204.8061630725860595703125 HTTP/1.1" 200 3658 "-" "WordPress/6.7.2; https://clinicadentalargarate.com"
198.46.211.159 - - [29/Jun/2026:06:10:04 +0200] "GET /wp-login.php HTTP/1.1" 200 6743 "-" "Mozilla/5.0 (Windows NT 10.0; Win64; x64) AppleWebKit/537.36 (KHTML, like Gecko) Chrome/120.0.0.0 Safari/537.36"
87.98.225.137 - - [29/Jun/2026:06:10:05 +0200] "POST /wp-cron.php?doing_wp_cron=1782706205.0648589134216308593750 HTTP/1.1" 200 3658 "-" "WordPress/6.7.2; https://clinicadentalargarate.com"
198.46.211.159 - - [29/Jun/2026:06:10:04 +0200] "POST /wp-login.php HTTP/1.1" 200 3526 "https://clinicadentalargarate.com/wp-login.php" "Mozilla/5.0 (Windows NT 10.0; Win64; x64) AppleWebKit/537.36 (KHTML, like Gecko) Chrome/120.0.0.0 Safari/537.36"
87.98.225.137 - - [29/Jun/2026:06:13:44 +0200] "POST /wp-cron.php?doing_wp_cron=1782706424.4472088813781738281250 HTTP/1.1" 200 3658 "-" "WordPress/6.7.2; https://clinicadentalargarate.com"
216.73.217.169 - - [29/Jun/2026:06:13:44 +0200] "GET / HTTP/1.1" 200 36360 "-" "Mozilla/5.0 AppleWebKit/537.36 (KHTML, like Gecko; compatible; ClaudeBot/1.0; +claudebot@anthropic.com)"
47.128.45.43 - - [29/Jun/2026:06:20:42 +0200] "GET /robots.txt HTTP/1.1" 200 3692 "-" "Mozilla/5.0 (Linux; Android 5.0) AppleWebKit/537.36 (KHTML, like Gecko) Mobile Safari/537.36 (compatible; Bytespider; spider-feedback@bytedance.com)"
87.98.225.137 - - [29/Jun/2026:06:24:18 +0200] "POST /wp-cron.php?doing_wp_cron=1782707058.8523230552673339843750 HTTP/1.1" 200 3658 "-" "WordPress/6.7.2; https://clinicadentalargarate.com"
45.61.185.32 - - [29/Jun/2026:06:24:18 +0200] "GET /wp-login.php HTTP/1.1" 200 14541 "-" "Mozilla/5.0 (Macintosh; Intel Mac OS X 10.8; rv:30.0) Gecko/20100101 Firefox/30.0"
186.77.138.193 - - [29/Jun/2026:06:24:24 +0200] "GET /wp-content/uploads/2020/04/carillas-dentales.jpg HTTP/1.1" 200 39664 "https://www.google.com/" "Mozilla/5.0 (Linux; Android 14; SM-A042F Build/UP1A.231005.007; wv) AppleWebKit/537.36 (KHTML, like Gecko) Version/4.0 Chrome/149.0.7827.159 Mobile Safari/537.36 GoogleApp/17.31.21.ve.arm64"
87.98.225.137 - - [29/Jun/2026:06:26:14 +0200] "POST /wp-cron.php?doing_wp_cron=1782707174.1116681098937988281250 HTTP/1.1" 200 3658 "-" "WordPress/6.7.2; https://clinicadentalargarate.com"
45.61.185.32 - - [29/Jun/2026:06:26:14 +0200] "POST /wp-login.php HTTP/1.1" 200 15060 "-" "Mozilla/5.0 (Macintosh; Intel Mac OS X 10.8; rv:30.0) Gecko/20100101 Firefox/30.0"
87.98.225.137 - - [29/Jun/2026:06:27:30 +0200] "POST /wp-cron.php?doing_wp_cron=1782707250.3926630020141601562500 HTTP/1.1" 200 3658 "-" "WordPress/6.7.2; https://clinicadentalargarate.com"
185.191.171.3 - - [29/Jun/2026:06:27:30 +0200] "GET /blog/tenbet-casino-een-complete-gids-voor-nieuwe-spelers/ HTTP/1.1" 500 4369 "-" "Mozilla/5.0 (compatible; SemrushBot/7~bl; +http://www.semrush.com/bot.html)"
87.98.225.137 - - [29/Jun/2026:06:28:20 +0200] "POST /wp-cron.php?doing_wp_cron=1782707300.9258189201354980468750 HTTP/1.1" 200 3658 "-" "WordPress/6.7.2; https://clinicadentalargarate.com"
160.176.194.139 - - [29/Jun/2026:06:28:20 +0200] "POST /wp-login.php HTTP/1.1" 200 6952 "https://clinicadentalargarate.com/wp-admin/" "Mozilla/5.0 (Windows NT 10.0; Win64; x64) AppleWebKit/537.36 (KHTML, like Gecko) Chrome/90.0.4430.85 Safari/537.36"
87.98.225.137 - - [29/Jun/2026:06:28:21 +0200] "POST /wp-cron.php?doing_wp_cron=1782707301.2123959064483642578125 HTTP/1.1" 200 3658 "-" "WordPress/6.7.2; https://clinicadentalargarate.com"
160.176.194.139 - - [29/Jun/2026:06:28:21 +0200] "GET /wp-admin/ HTTP/1.1" 302 479 "www.google.com" "Mozilla/5.0 (Windows NT 10.0; Win64; x64) AppleWebKit/537.36 (KHTML, like Gecko) Chrome/90.0.4430.85 Safari/537.36"
160.176.194.139 - - [29/Jun/2026:06:28:21 +0200] "GET /wp-login.php?redirect_to=https%3A%2F%2Fclinicadentalargarate.com%2Fwp-admin%2F&reauth=1 HTTP/1.1" 200 5489 "www.google.com" "Mozilla/5.0 (Windows NT 10.0; Win64; x64) AppleWebKit/537.36 (KHTML, like Gecko) Chrome/90.0.4430.85 Safari/537.36"
87.98.225.137 - - [29/Jun/2026:06:29:48 +0200] "POST /wp-cron.php?doing_wp_cron=1782707388.9545168876647949218750 HTTP/1.1" 200 3658 "-" "WordPress/6.7.2; https://clinicadentalargarate.com"
20.16.180.61 - - [29/Jun/2026:06:29:48 +0200] "GET /wp-login.php HTTP/1.1" 200 6743 "-" "Mozilla/5.0 (Windows NT 10.0; Win64; x64) AppleWebKit/537.36 (KHTML, like Gecko) Chrome/120.0.0.0 Safari/537.36"
20.16.180.61 - - [29/Jun/2026:06:29:49 +0200] "POST /wp-login.php HTTP/1.1" 200 3500 "https://clinicadentalargarate.com/wp-login.php" "Mozilla/5.0 (Windows NT 10.0; Win64; x64) AppleWebKit/537.36 (KHTML, like Gecko) Chrome/120.0.0.0 Safari/537.36"
87.98.225.137 - - [29/Jun/2026:06:30:09 +0200] "POST /wp-cron.php?doing_wp_cron=1782707409.8113598823547363281250 HTTP/1.1" 200 3658 "-" "WordPress/6.7.2; https://clinicadentalargarate.com"
94.23.87.180 - - [29/Jun/2026:06:30:09 +0200] "GET / HTTP/1.0" 200 112914 "-" "-"
87.98.225.137 - - [29/Jun/2026:06:37:25 +0200] "POST /wp-cron.php?doing_wp_cron=1782707845.5005710124969482421875 HTTP/1.1" 200 3658 "-" "WordPress/6.7.2; https://clinicadentalargarate.com"
185.191.171.10 - - [29/Jun/2026:06:37:25 +0200] "GET /blog/betsixty-casino-betaalmethoden-wat-je-moet-weten/ HTTP/1.1" 500 4369 "-" "Mozilla/5.0 (compatible; SemrushBot/7~bl; +http://www.semrush.com/bot.html)"
87.98.225.137 - - [29/Jun/2026:06:41:19 +0200] "POST /wp-cron.php?doing_wp_cron=1782708079.8756940364837646484375 HTTP/1.1" 200 3658 "-" "WordPress/6.7.2; https://clinicadentalargarate.com"
185.191.171.14 - - [29/Jun/2026:06:41:19 +0200] "GET /blog/de-meest-opvallende-kenmerken-van-froggybet-casino/ HTTP/1.1" 500 4369 "-" "Mozilla/5.0 (compatible; SemrushBot/7~bl; +http://www.semrush.com/bot.html)"
87.98.225.137 - - [29/Jun/2026:06:48:19 +0200] "POST /wp-cron.php?doing_wp_cron=1782708499.3611450195312500000000 HTTP/1.1" 200 3658 "-" "WordPress/6.7.2; https://clinicadentalargarate.com"
20.196.195.239 - - [29/Jun/2026:06:48:19 +0200] "GET /inputs.php HTTP/1.1" 301 3777 "-" "Mozilla/5.0 (Windows NT 10.0; Win64; x64) AppleWebKit/537.36 (KHTML, like Gecko) Chrome/120.0.0.0 Safari/537.36"
87.98.225.137 - - [29/Jun/2026:06:48:19 +0200] "POST /wp-cron.php?doing_wp_cron=1782708499.7896730899810791015625 HTTP/1.1" 200 3658 "-" "WordPress/6.7.2; https://clinicadentalargarate.com"
20.196.195.239 - - [29/Jun/2026:06:48:19 +0200] "GET /ioxi-o.php HTTP/1.1" 301 414 "-" "Mozilla/5.0 (Windows NT 10.0; Win64; x64) AppleWebKit/537.36 (KHTML, like Gecko) Chrome/120.0.0.0 Safari/537.36"
87.98.225.137 - - [29/Jun/2026:06:48:20 +0200] "POST /wp-cron.php?doing_wp_cron=1782708500.1403241157531738281250 HTTP/1.1" 200 3658 "-" "WordPress/6.7.2; https://clinicadentalargarate.com"
20.196.195.239 - - [29/Jun/2026:06:48:20 +0200] "GET /function/function.php HTTP/1.1" 301 425 "-" "Mozilla/5.0 (Windows NT 10.0; Win64; x64) AppleWebKit/537.36 (KHTML, like Gecko) Chrome/120.0.0.0 Safari/537.36"
87.98.225.137 - - [29/Jun/2026:06:48:20 +0200] "POST /wp-cron.php?doing_wp_cron=1782708500.4981899261474609375000 HTTP/1.1" 200 3658 "-" "WordPress/6.7.2; https://clinicadentalargarate.com"
20.196.195.239 - - [29/Jun/2026:06:48:20 +0200] "GET /rip.php HTTP/1.1" 301 411 "-" "Mozilla/5.0 (Windows NT 10.0; Win64; x64) AppleWebKit/537.36 (KHTML, like Gecko) Chrome/120.0.0.0 Safari/537.36"
87.98.225.137 - - [29/Jun/2026:06:48:20 +0200] "POST /wp-cron.php?doing_wp_cron=1782708500.8602509498596191406250 HTTP/1.1" 200 3658 "-" "WordPress/6.7.2; https://clinicadentalargarate.com"
20.196.195.239 - - [29/Jun/2026:06:48:20 +0200] "GET /admin.php HTTP/1.1" 301 413 "-" "Mozilla/5.0 (Windows NT 10.0; Win64; x64) AppleWebKit/537.36 (KHTML, like Gecko) Chrome/120.0.0.0 Safari/537.36"
87.98.225.137 - - [29/Jun/2026:06:48:21 +0200] "POST /wp-cron.php?doing_wp_cron=1782708501.2209379673004150390625 HTTP/1.1" 200 3658 "-" "WordPress/6.7.2; https://clinicadentalargarate.com"
20.196.195.239 - - [29/Jun/2026:06:48:21 +0200] "GET /wp-content/uploads/index.php HTTP/1.1" 301 423 "-" "Mozilla/5.0 (Windows NT 10.0; Win64; x64) AppleWebKit/537.36 (KHTML, like Gecko) Chrome/120.0.0.0 Safari/537.36"
87.98.225.137 - - [29/Jun/2026:06:48:21 +0200] "POST /wp-cron.php?doing_wp_cron=1782708501.5866980552673339843750 HTTP/1.1" 200 3658 "-" "WordPress/6.7.2; https://clinicadentalargarate.com"
20.196.195.239 - - [29/Jun/2026:06:48:21 +0200] "GET /cache.php HTTP/1.1" 301 413 "-" "Mozilla/5.0 (Windows NT 10.0; Win64; x64) AppleWebKit/537.36 (KHTML, like Gecko) Chrome/120.0.0.0 Safari/537.36"
