66.249.66.42 - - [28/Jun/2026:10:19:12 +0200] "GET /wp-content/uploads/telephone.svg HTTP/1.1" 200 5082 "https://clinicadentalargarate.com/?l=1553872875200&channel=8d3ea8&from=shared.php%3Fid%3D728752-9792%26name%3D%E3%80%90%E6%9C%AA%E4%BD%BF%E7%94%A8%E3%80%91%E3%83%88%E3%83%9D%E3%83%AD%E3%82%B8%E3%83%BC%20Bottle%20Sacoche%20%E7%99%BB%E3%82%8C%E3%82%8B%20%E3%83%9C%E3%83%88%E3%83%AB%E3%82%B5%E3%82%B3%E3%83%83%E3%82%B7%E3%83%A5" "Mozilla/5.0 (Linux; Android 6.0.1; Nexus 5X Build/MMB29P) AppleWebKit/537.36 (KHTML, like Gecko) Chrome/148.0.7778.96 Mobile Safari/537.36 (compatible; Googlebot/2.1; +http://www.google.com/bot.html)"
66.249.66.41 - - [28/Jun/2026:10:19:13 +0200] "GET /wp-content/themes/thefox/css/rgs.css HTTP/1.1" 200 4450 "https://clinicadentalargarate.com/?l=1553872875200&channel=8d3ea8&from=shared.php%3Fid%3D728752-9792%26name%3D%E3%80%90%E6%9C%AA%E4%BD%BF%E7%94%A8%E3%80%91%E3%83%88%E3%83%9D%E3%83%AD%E3%82%B8%E3%83%BC%20Bottle%20Sacoche%20%E7%99%BB%E3%82%8C%E3%82%8B%20%E3%83%9C%E3%83%88%E3%83%AB%E3%82%B5%E3%82%B3%E3%83%83%E3%82%B7%E3%83%A5" "Mozilla/5.0 (Linux; Android 6.0.1; Nexus 5X Build/MMB29P) AppleWebKit/537.36 (KHTML, like Gecko) Chrome/148.0.7778.96 Mobile Safari/537.36 (compatible; Googlebot/2.1; +http://www.google.com/bot.html)"
66.249.66.42 - - [28/Jun/2026:10:19:14 +0200] "GET /wp-content/plugins/revslider/public/assets/js/extensions/revolution.extension.slideanims.min.js?version=5.4.6.4 HTTP/1.1" 200 7384 "https://clinicadentalargarate.com/?l=1553872875200&channel=8d3ea8&from=shared.php%3Fid%3D728752-9792%26name%3D%E3%80%90%E6%9C%AA%E4%BD%BF%E7%94%A8%E3%80%91%E3%83%88%E3%83%9D%E3%83%AD%E3%82%B8%E3%83%BC%20Bottle%20Sacoche%20%E7%99%BB%E3%82%8C%E3%82%8B%20%E3%83%9C%E3%83%88%E3%83%AB%E3%82%B5%E3%82%B3%E3%83%83%E3%82%B7%E3%83%A5" "Mozilla/5.0 (Linux; Android 6.0.1; Nexus 5X Build/MMB29P) AppleWebKit/537.36 (KHTML, like Gecko) Chrome/148.0.7778.96 Mobile Safari/537.36 (compatible; Googlebot/2.1; +http://www.google.com/bot.html)"
87.98.225.137 - - [28/Jun/2026:10:20:59 +0200] "POST /wp-cron.php?doing_wp_cron=1782634859.3283019065856933593750 HTTP/1.1" 200 3658 "-" "WordPress/6.7.2; https://clinicadentalargarate.com"
31.14.99.66 - - [28/Jun/2026:10:20:59 +0200] "GET /wp-login.php HTTP/1.1" 200 6743 "-" "Mozilla/5.0 (X11; CrOS x86_64 14541.0.0) AppleWebKit/537.36 (KHTML, like Gecko) Chrome/133.0.0.0 Safari/537.36"
31.14.99.66 - - [28/Jun/2026:10:20:59 +0200] "POST /wp-login.php HTTP/1.1" 200 3500 "https://clinicadentalargarate.com/wp-login.php" "Mozilla/5.0 (X11; CrOS x86_64 14541.0.0) AppleWebKit/537.36 (KHTML, like Gecko) Chrome/133.0.0.0 Safari/537.36"
87.98.225.137 - - [28/Jun/2026:10:21:39 +0200] "POST /wp-cron.php?doing_wp_cron=1782634899.9429190158843994140625 HTTP/1.1" 200 3658 "-" "WordPress/6.7.2; https://clinicadentalargarate.com"
177.128.122.54 - - [28/Jun/2026:10:21:39 +0200] "GET /blog/consiste-blanqueamiento-dental/ HTTP/1.1" 500 6599 "-" "Mozilla/5.0 (Windows NT 6.3; Win64; x64) AppleWebKit/537.36 (KHTML, like Gecko) Chrome/37.0.2049.0 Safari/537.36"
87.98.225.137 - - [28/Jun/2026:10:25:26 +0200] "POST /wp-cron.php?doing_wp_cron=1782635126.6354579925537109375000 HTTP/1.1" 200 3658 "-" "WordPress/6.7.2; https://clinicadentalargarate.com"
78.142.18.172 - - [28/Jun/2026:10:25:26 +0200] "GET /wp-login.php HTTP/1.1" 200 6743 "-" "Mozilla/5.0 (X11; Fedora; Linux x86_64) AppleWebKit/537.36 (KHTML, like Gecko) Chrome/133.0.0.0 Safari/537.36"
87.98.225.137 - - [28/Jun/2026:10:25:27 +0200] "POST /wp-cron.php?doing_wp_cron=1782635127.1490759849548339843750 HTTP/1.1" 200 3658 "-" "WordPress/6.7.2; https://clinicadentalargarate.com"
78.142.18.172 - - [28/Jun/2026:10:25:27 +0200] "POST /wp-login.php HTTP/1.1" 200 3500 "https://clinicadentalargarate.com/wp-login.php" "Mozilla/5.0 (X11; Fedora; Linux x86_64) AppleWebKit/537.36 (KHTML, like Gecko) Chrome/133.0.0.0 Safari/537.36"
87.98.225.137 - - [28/Jun/2026:10:25:57 +0200] "POST /wp-cron.php?doing_wp_cron=1782635157.9539020061492919921875 HTTP/1.1" 200 3658 "-" "WordPress/6.7.2; https://clinicadentalargarate.com"
135.148.171.117 - - [28/Jun/2026:10:25:57 +0200] "GET /wp-login.php HTTP/1.1" 200 6743 "-" "Mozilla/5.0 (Macintosh; Intel Mac OS X 10_15_7) AppleWebKit/605.1.15 (KHTML, like Gecko) Version/18.3 Safari/605.1.15"
87.98.225.137 - - [28/Jun/2026:10:25:58 +0200] "POST /wp-cron.php?doing_wp_cron=1782635158.3100519180297851562500 HTTP/1.1" 200 3658 "-" "WordPress/6.7.2; https://clinicadentalargarate.com"
135.148.171.117 - - [28/Jun/2026:10:25:58 +0200] "POST /wp-login.php HTTP/1.1" 200 3527 "https://clinicadentalargarate.com/wp-login.php" "Mozilla/5.0 (Macintosh; Intel Mac OS X 10_15_7) AppleWebKit/605.1.15 (KHTML, like Gecko) Version/18.3 Safari/605.1.15"
87.98.225.137 - - [28/Jun/2026:10:29:46 +0200] "POST /wp-cron.php?doing_wp_cron=1782635386.4053149223327636718750 HTTP/1.1" 200 3658 "-" "WordPress/6.7.2; https://clinicadentalargarate.com"
192.64.118.208 - - [28/Jun/2026:10:29:46 +0200] "GET /wp-json/wp/v2/users/me HTTP/1.1" 401 3998 "-" "Mozilla/5.0 (X11; Ubuntu; Linux x86_64) AppleWebKit/537.36 (KHTML, like Gecko) Chrome/133.0.0.0 Safari/537.36"
87.98.225.137 - - [28/Jun/2026:10:30:10 +0200] "POST /wp-cron.php?doing_wp_cron=1782635410.1228559017181396484375 HTTP/1.1" 200 3658 "-" "WordPress/6.7.2; https://clinicadentalargarate.com"
94.23.87.180 - - [28/Jun/2026:10:30:10 +0200] "GET / HTTP/1.0" 200 152488 "-" "-"
87.98.225.137 - - [28/Jun/2026:10:30:32 +0200] "POST /wp-cron.php?doing_wp_cron=1782635432.9149539470672607421875 HTTP/1.1" 200 3658 "-" "WordPress/6.7.2; https://clinicadentalargarate.com"
148.251.47.87 - - [28/Jun/2026:10:30:32 +0200] "GET /wp-json/wp/v2/users/me HTTP/1.1" 401 3998 "-" "Mozilla/5.0 (X11; Linux i686) AppleWebKit/537.36 (KHTML, like Gecko) Chrome/133.0.0.0 Safari/537.36"
87.98.225.137 - - [28/Jun/2026:10:34:01 +0200] "POST /wp-cron.php?doing_wp_cron=1782635641.6886599063873291015625 HTTP/1.1" 200 3658 "-" "WordPress/6.7.2; https://clinicadentalargarate.com"
78.142.18.172 - - [28/Jun/2026:10:34:01 +0200] "GET /wp-login.php HTTP/1.1" 200 6743 "-" "Mozilla/5.0 (X11; Linux i686) AppleWebKit/537.36 (KHTML, like Gecko) Chrome/133.0.0.0 Safari/537.36"
78.142.18.172 - - [28/Jun/2026:10:34:01 +0200] "POST /wp-login.php HTTP/1.1" 200 3500 "https://clinicadentalargarate.com/wp-login.php" "Mozilla/5.0 (X11; Linux i686) AppleWebKit/537.36 (KHTML, like Gecko) Chrome/133.0.0.0 Safari/537.36"
87.98.225.137 - - [28/Jun/2026:10:34:36 +0200] "POST /wp-cron.php?doing_wp_cron=1782635676.5581018924713134765625 HTTP/1.1" 200 3658 "-" "WordPress/6.7.2; https://clinicadentalargarate.com"
144.217.68.82 - - [28/Jun/2026:10:34:36 +0200] "GET /wp-login.php HTTP/1.1" 200 6743 "-" "Mozilla/5.0 (X11; CrOS x86_64 14541.0.0) AppleWebKit/537.36 (KHTML, like Gecko) Chrome/133.0.0.0 Safari/537.36"
87.98.225.137 - - [28/Jun/2026:10:34:36 +0200] "POST /wp-cron.php?doing_wp_cron=1782635676.8885800838470458984375 HTTP/1.1" 200 3658 "-" "WordPress/6.7.2; https://clinicadentalargarate.com"
144.217.68.82 - - [28/Jun/2026:10:34:36 +0200] "POST /wp-login.php HTTP/1.1" 200 3527 "https://clinicadentalargarate.com/wp-login.php" "Mozilla/5.0 (X11; CrOS x86_64 14541.0.0) AppleWebKit/537.36 (KHTML, like Gecko) Chrome/133.0.0.0 Safari/537.36"
87.98.225.137 - - [28/Jun/2026:10:35:50 +0200] "POST /wp-cron.php?doing_wp_cron=1782635750.1159820556640625000000 HTTP/1.1" 200 3658 "-" "WordPress/6.7.2; https://clinicadentalargarate.com"
85.128.143.142 - - [28/Jun/2026:10:35:50 +0200] "GET /wp-login.php HTTP/1.1" 200 6743 "-" "Mozilla/5.0 (Macintosh; Intel Mac OS X 10_15_7) AppleWebKit/605.1.15 (KHTML, like Gecko) Version/18.3 Safari/605.1.15"
87.98.225.137 - - [28/Jun/2026:10:35:50 +0200] "POST /wp-cron.php?doing_wp_cron=1782635750.4716420173645019531250 HTTP/1.1" 200 3658 "-" "WordPress/6.7.2; https://clinicadentalargarate.com"
85.128.143.142 - - [28/Jun/2026:10:35:50 +0200] "POST /wp-login.php HTTP/1.1" 200 3525 "https://clinicadentalargarate.com/wp-login.php" "Mozilla/5.0 (Macintosh; Intel Mac OS X 10_15_7) AppleWebKit/605.1.15 (KHTML, like Gecko) Version/18.3 Safari/605.1.15"
87.98.225.137 - - [28/Jun/2026:10:38:03 +0200] "POST /wp-cron.php?doing_wp_cron=1782635883.7900300025939941406250 HTTP/1.1" 200 3658 "-" "WordPress/6.7.2; https://clinicadentalargarate.com"
107.175.94.125 - - [28/Jun/2026:10:38:03 +0200] "GET /wp-login.php HTTP/1.1" 200 6743 "-" "Mozilla/5.0 (Windows NT 10.0; Win64; x64) AppleWebKit/537.36 (KHTML, like Gecko) Chrome/120.0.0.0 Safari/537.36"
87.98.225.137 - - [28/Jun/2026:10:38:04 +0200] "POST /wp-cron.php?doing_wp_cron=1782635884.0136609077453613281250 HTTP/1.1" 200 3658 "-" "WordPress/6.7.2; https://clinicadentalargarate.com"
107.175.94.125 - - [28/Jun/2026:10:38:03 +0200] "POST /wp-login.php HTTP/1.1" 200 3525 "https://clinicadentalargarate.com/wp-login.php" "Mozilla/5.0 (Windows NT 10.0; Win64; x64) AppleWebKit/537.36 (KHTML, like Gecko) Chrome/120.0.0.0 Safari/537.36"
87.98.225.137 - - [28/Jun/2026:10:38:08 +0200] "POST /wp-cron.php?doing_wp_cron=1782635888.1116259098052978515625 HTTP/1.1" 200 3658 "-" "WordPress/6.7.2; https://clinicadentalargarate.com"
103.199.168.195 - - [28/Jun/2026:10:38:08 +0200] "GET /tratamientos/ortodoncia/preguntas-frecuentes/ HTTP/1.1" 404 105613 "-" "Mozilla/5.0 (Macintosh; Intel Mac OS X 10_15_7) AppleWebKit/537.36 (KHTML, like Gecko) Chrome/96.0.4664.93 Safari/537.36"
87.98.225.137 - - [28/Jun/2026:10:38:17 +0200] "POST /wp-cron.php?doing_wp_cron=1782635897.3542850017547607421875 HTTP/1.1" 200 3658 "-" "WordPress/6.7.2; https://clinicadentalargarate.com"
104.244.124.135 - - [28/Jun/2026:10:38:17 +0200] "GET /wp-login.php HTTP/1.1" 200 6743 "-" "Mozilla/5.0 (X11; Linux x86_64) AppleWebKit/537.36 (KHTML, like Gecko) Chrome/133.0.0.0 Safari/537.36 Edg/133.0.0.0"
87.98.225.137 - - [28/Jun/2026:10:38:17 +0200] "POST /wp-cron.php?doing_wp_cron=1782635897.8044850826263427734375 HTTP/1.1" 200 3658 "-" "WordPress/6.7.2; https://clinicadentalargarate.com"
104.244.124.135 - - [28/Jun/2026:10:38:17 +0200] "POST /wp-login.php HTTP/1.1" 200 3500 "https://clinicadentalargarate.com/wp-login.php" "Mozilla/5.0 (X11; Linux x86_64) AppleWebKit/537.36 (KHTML, like Gecko) Chrome/133.0.0.0 Safari/537.36 Edg/133.0.0.0"
87.98.225.137 - - [28/Jun/2026:10:38:38 +0200] "POST /wp-cron.php?doing_wp_cron=1782635918.6570310592651367187500 HTTP/1.1" 200 3658 "-" "WordPress/6.7.2; https://clinicadentalargarate.com"
78.142.18.172 - - [28/Jun/2026:10:38:38 +0200] "GET /wp-login.php HTTP/1.1" 200 6743 "-" "Mozilla/5.0 (Windows NT 10.0; Win64; x64) AppleWebKit/537.36 (KHTML, like Gecko) Chrome/133.0.0.0 Safari/537.36"
78.142.18.172 - - [28/Jun/2026:10:38:38 +0200] "POST /wp-login.php HTTP/1.1" 200 3527 "https://clinicadentalargarate.com/wp-login.php" "Mozilla/5.0 (Windows NT 10.0; Win64; x64) AppleWebKit/537.36 (KHTML, like Gecko) Chrome/133.0.0.0 Safari/537.36"
213.180.203.231 - - [28/Jun/2026:10:40:09 +0200] "GET /robots.txt HTTP/1.1" 200 4154 "-" "Mozilla/5.0 (compatible; YandexBot/3.0; +http://yandex.com/bots)"
87.98.225.137 - - [28/Jun/2026:10:40:10 +0200] "POST /wp-cron.php?doing_wp_cron=1782636010.9113008975982666015625 HTTP/1.1" 200 3658 "-" "WordPress/6.7.2; https://clinicadentalargarate.com"
95.108.213.239 - - [28/Jun/2026:10:40:10 +0200] "GET /blog/een-overzicht-van-de-betalingsopties-bij-love-casino-2/ HTTP/1.1" 500 6601 "-" "Mozilla/5.0 (compatible; YandexBot/3.0; +http://yandex.com/bots)"
87.98.225.137 - - [28/Jun/2026:10:42:33 +0200] "POST /wp-cron.php?doing_wp_cron=1782636153.8899469375610351562500 HTTP/1.1" 200 3658 "-" "WordPress/6.7.2; https://clinicadentalargarate.com"
85.215.252.72 - - [28/Jun/2026:10:42:33 +0200] "GET /wp-login.php HTTP/1.1" 200 6743 "-" "Mozilla/5.0 (X11; Linux x86_64) AppleWebKit/537.36 (KHTML, like Gecko) Chrome/133.0.0.0 Safari/537.36"
85.215.252.72 - - [28/Jun/2026:10:42:33 +0200] "POST /wp-login.php HTTP/1.1" 200 3500 "https://clinicadentalargarate.com/wp-login.php" "Mozilla/5.0 (X11; Linux x86_64) AppleWebKit/537.36 (KHTML, like Gecko) Chrome/133.0.0.0 Safari/537.36"
87.98.225.137 - - [28/Jun/2026:10:43:19 +0200] "POST /wp-cron.php?doing_wp_cron=1782636199.8268949985504150390625 HTTP/1.1" 200 3658 "-" "WordPress/6.7.2; https://clinicadentalargarate.com"
159.198.35.26 - - [28/Jun/2026:10:43:19 +0200] "GET /wp-login.php HTTP/1.1" 200 6743 "-" "Mozilla/5.0 (Windows NT 10.0) AppleWebKit/537.36 (KHTML, like Gecko) Chrome/133.0.0.0 Safari/537.36"
87.98.225.137 - - [28/Jun/2026:10:43:20 +0200] "POST /wp-cron.php?doing_wp_cron=1782636200.2703199386596679687500 HTTP/1.1" 200 3658 "-" "WordPress/6.7.2; https://clinicadentalargarate.com"
159.198.35.26 - - [28/Jun/2026:10:43:20 +0200] "POST /wp-login.php HTTP/1.1" 200 3527 "https://clinicadentalargarate.com/wp-login.php" "Mozilla/5.0 (Windows NT 10.0) AppleWebKit/537.36 (KHTML, like Gecko) Chrome/133.0.0.0 Safari/537.36"
87.98.225.137 - - [28/Jun/2026:10:44:20 +0200] "POST /wp-cron.php?doing_wp_cron=1782636260.2465209960937500000000 HTTP/1.1" 200 3658 "-" "WordPress/6.7.2; https://clinicadentalargarate.com"
131.0.203.14 - - [28/Jun/2026:10:44:20 +0200] "GET /tratamientos/ HTTP/1.1" 200 27724 "-" "Mozilla/5.0 (Windows NT 5.1) AppleWebKit/537.36 (KHTML, like Gecko) Chrome/27.0.1453.93 Safari/537.36"
114.119.132.238 - - [28/Jun/2026:10:46:45 +0200] "GET /robots.txt HTTP/1.1" 200 3810 "https://www.clinicadentalargarate.com/robots.txt" "Mozilla/5.0 (Windows NT 10.0; Win64; x64) AppleWebKit/537.36 (KHTML, like Gecko) Chrome/148.0.0.0 Safari/537.36"
87.98.225.137 - - [28/Jun/2026:10:46:57 +0200] "POST /wp-cron.php?doing_wp_cron=1782636417.4129469394683837890625 HTTP/1.1" 200 3658 "-" "WordPress/6.7.2; https://clinicadentalargarate.com"
194.164.192.228 - - [28/Jun/2026:10:46:57 +0200] "GET /wp-login.php HTTP/1.1" 200 6743 "-" "Mozilla/5.0 (Macintosh; Intel Mac OS X 10_15_7) AppleWebKit/605.1.15 (KHTML, like Gecko) Version/18.3 Safari/605.1.15"
194.164.192.228 - - [28/Jun/2026:10:46:57 +0200] "POST /wp-login.php HTTP/1.1" 200 3500 "https://clinicadentalargarate.com/wp-login.php" "Mozilla/5.0 (Macintosh; Intel Mac OS X 10_15_7) AppleWebKit/605.1.15 (KHTML, like Gecko) Version/18.3 Safari/605.1.15"
87.98.225.137 - - [28/Jun/2026:10:47:26 +0200] "POST /wp-cron.php?doing_wp_cron=1782636446.8487460613250732421875 HTTP/1.1" 200 3658 "-" "WordPress/6.7.2; https://clinicadentalargarate.com"
45.61.185.32 - - [28/Jun/2026:10:47:26 +0200] "GET /wp-login.php HTTP/1.1" 200 14604 "-" "Mozilla/5.0 (Windows NT 6.1; rv:31.0) Gecko/20100101 Firefox/31.0"
87.98.225.137 - - [28/Jun/2026:10:47:32 +0200] "POST /wp-cron.php?doing_wp_cron=1782636452.5702040195465087890625 HTTP/1.1" 200 3658 "-" "WordPress/6.7.2; https://clinicadentalargarate.com"
192.64.118.208 - - [28/Jun/2026:10:47:32 +0200] "GET /wp-login.php HTTP/1.1" 200 6743 "-" "Mozilla/5.0 (Macintosh; Intel Mac OS X 10_15_7) AppleWebKit/537.36 (KHTML, like Gecko) Chrome/133.0.0.0 Safari/537.36 Edg/133.0.0.0"
87.98.225.137 - - [28/Jun/2026:10:47:33 +0200] "POST /wp-cron.php?doing_wp_cron=1782636453.0081350803375244140625 HTTP/1.1" 200 3658 "-" "WordPress/6.7.2; https://clinicadentalargarate.com"
192.64.118.208 - - [28/Jun/2026:10:47:32 +0200] "POST /wp-login.php HTTP/1.1" 200 3527 "https://clinicadentalargarate.com/wp-login.php" "Mozilla/5.0 (Macintosh; Intel Mac OS X 10_15_7) AppleWebKit/537.36 (KHTML, like Gecko) Chrome/133.0.0.0 Safari/537.36 Edg/133.0.0.0"
87.98.225.137 - - [28/Jun/2026:10:47:51 +0200] "POST /wp-cron.php?doing_wp_cron=1782636471.4808828830718994140625 HTTP/1.1" 200 3658 "-" "WordPress/6.7.2; https://clinicadentalargarate.com"
45.61.185.32 - - [28/Jun/2026:10:47:51 +0200] "POST /wp-login.php HTTP/1.1" 200 15128 "-" "Mozilla/5.0 (Windows NT 6.1; rv:31.0) Gecko/20100101 Firefox/31.0"
87.98.225.137 - - [28/Jun/2026:10:51:10 +0200] "POST /wp-cron.php?doing_wp_cron=1782636670.1417899131774902343750 HTTP/1.1" 200 3658 "-" "WordPress/6.7.2; https://clinicadentalargarate.com"
159.198.35.26 - - [28/Jun/2026:10:51:10 +0200] "GET /wp-login.php HTTP/1.1" 200 6743 "-" "Mozilla/5.0 (Macintosh; Intel Mac OS X 11_7_10) AppleWebKit/537.36 (KHTML, like Gecko) Chrome/133.0.0.0 Safari/537.36"
87.98.225.137 - - [28/Jun/2026:10:51:10 +0200] "POST /wp-cron.php?doing_wp_cron=1782636670.6136128902435302734375 HTTP/1.1" 200 3658 "-" "WordPress/6.7.2; https://clinicadentalargarate.com"
159.198.35.26 - - [28/Jun/2026:10:51:10 +0200] "POST /wp-login.php HTTP/1.1" 200 3500 "https://clinicadentalargarate.com/wp-login.php" "Mozilla/5.0 (Macintosh; Intel Mac OS X 11_7_10) AppleWebKit/537.36 (KHTML, like Gecko) Chrome/133.0.0.0 Safari/537.36"
87.98.225.137 - - [28/Jun/2026:10:51:15 +0200] "POST /wp-cron.php?doing_wp_cron=1782636675.5104079246520996093750 HTTP/1.1" 200 3658 "-" "WordPress/6.7.2; https://clinicadentalargarate.com"
216.73.217.169 - - [28/Jun/2026:10:51:15 +0200] "GET / HTTP/1.1" 200 36363 "-" "Mozilla/5.0 AppleWebKit/537.36 (KHTML, like Gecko; compatible; ClaudeBot/1.0; +claudebot@anthropic.com)"
87.98.225.137 - - [28/Jun/2026:10:51:41 +0200] "POST /wp-cron.php?doing_wp_cron=1782636701.8839120864868164062500 HTTP/1.1" 200 3658 "-" "WordPress/6.7.2; https://clinicadentalargarate.com"
148.251.47.87 - - [28/Jun/2026:10:51:41 +0200] "GET /wp-login.php HTTP/1.1" 200 6743 "-" "Mozilla/5.0 (Macintosh; Intel Mac OS X 10_15_7) AppleWebKit/605.1.15 (KHTML, like Gecko) Version/18.3 Safari/605.1.15"
148.251.47.87 - - [28/Jun/2026:10:51:41 +0200] "POST /wp-login.php HTTP/1.1" 200 3527 "https://clinicadentalargarate.com/wp-login.php" "Mozilla/5.0 (Macintosh; Intel Mac OS X 10_15_7) AppleWebKit/605.1.15 (KHTML, like Gecko) Version/18.3 Safari/605.1.15"
87.98.225.137 - - [28/Jun/2026:10:55:52 +0200] "POST /wp-cron.php?doing_wp_cron=1782636952.5464010238647460937500 HTTP/1.1" 200 3658 "-" "WordPress/6.7.2; https://clinicadentalargarate.com"
198.244.183.34 - - [28/Jun/2026:10:55:52 +0200] "GET /?sitemap300.xml HTTP/1.1" 301 3660 "-" "Mozilla/5.0 (compatible; AhrefsBot/7.0; +http://ahrefs.com/robot/)"
198.244.183.34 - - [28/Jun/2026:10:55:52 +0200] "GET /?sitemap300_xml HTTP/1.1" 200 36364 "-" "Mozilla/5.0 (compatible; AhrefsBot/7.0; +http://ahrefs.com/robot/)"
216.73.217.169 - - [28/Jun/2026:10:57:17 +0200] "GET /robots.txt HTTP/1.1" 200 3834 "-" "Mozilla/5.0 AppleWebKit/537.36 (KHTML, like Gecko; compatible; ClaudeBot/1.0; +claudebot@anthropic.com)"
87.98.225.137 - - [28/Jun/2026:10:57:17 +0200] "POST /wp-cron.php?doing_wp_cron=1782637037.9024860858917236328125 HTTP/1.1" 200 3658 "-" "WordPress/6.7.2; https://clinicadentalargarate.com"
216.73.217.169 - - [28/Jun/2026:10:57:17 +0200] "GET /pages.php HTTP/1.1" 404 102180 "-" "Mozilla/5.0 AppleWebKit/537.36 (KHTML, like Gecko; compatible; ClaudeBot/1.0; +claudebot@anthropic.com)"
87.98.225.137 - - [28/Jun/2026:10:57:33 +0200] "POST /wp-cron.php?doing_wp_cron=1782637053.1367890834808349609375 HTTP/1.1" 200 3658 "-" "WordPress/6.7.2; https://clinicadentalargarate.com"
89.58.31.106 - - [28/Jun/2026:10:57:33 +0200] "GET /wp-login.php HTTP/1.1" 200 6743 "-" "Mozilla/5.0 (Windows NT 10.0; Win64; x64) AppleWebKit/537.36 (KHTML, like Gecko) Chrome/120.0.0.0 Safari/537.36"
89.58.31.106 - - [28/Jun/2026:10:57:33 +0200] "POST /wp-login.php HTTP/1.1" 200 3500 "https://clinicadentalargarate.com/wp-login.php" "Mozilla/5.0 (Windows NT 10.0; Win64; x64) AppleWebKit/537.36 (KHTML, like Gecko) Chrome/120.0.0.0 Safari/537.36"
87.98.225.137 - - [28/Jun/2026:10:58:29 +0200] "POST /wp-cron.php?doing_wp_cron=1782637109.2591669559478759765625 HTTP/1.1" 200 3658 "-" "WordPress/6.7.2; https://clinicadentalargarate.com"
197.184.65.36 - - [28/Jun/2026:10:58:29 +0200] "GET / HTTP/1.1" 200 36393 "https://www.google.com/" "Mozilla/5.0 (X11; Linux x86_64) AppleWebKit/537.36 (KHTML, like Gecko) Chrome/149.0.0.0 Safari/537.36"
213.149.150.156 - - [28/Jun/2026:10:58:30 +0200] "GET /wp-content/plugins/contact-form-7/includes/css/styles.css HTTP/1.1" 200 1354 "https://clinicadentalargarate.com/" "Mozilla/5.0 (X11; Linux x86_64) AppleWebKit/537.36 (KHTML, like Gecko) Chrome/149.0.0.0 Safari/537.36"
197.184.65.36 - - [28/Jun/2026:10:58:30 +0200] "GET /wp-includes/css/dist/block-library/style.min.css HTTP/1.1" 200 15604 "https://clinicadentalargarate.com/" "Mozilla/5.0 (X11; Linux x86_64) AppleWebKit/537.36 (KHTML, like Gecko) Chrome/149.0.0.0 Safari/537.36"
213.149.150.156 - - [28/Jun/2026:10:58:30 +0200] "GET /wp-content/plugins/revslider/public/assets/css/settings.css HTTP/1.1" 200 9908 "https://clinicadentalargarate.com/" "Mozilla/5.0 (X11; Linux x86_64) AppleWebKit/537.36 (KHTML, like Gecko) Chrome/149.0.0.0 Safari/537.36"
212.115.29.250 - - [28/Jun/2026:10:58:30 +0200] "GET /wp-content/themes/thefox/style.css HTTP/1.1" 200 38918 "https://clinicadentalargarate.com/" "Mozilla/5.0 (X11; Linux x86_64) AppleWebKit/537.36 (KHTML, like Gecko) Chrome/149.0.0.0 Safari/537.36"
213.149.150.156 - - [28/Jun/2026:10:58:31 +0200] "GET /wp-content/themes/thefox/media-queries_wide.css HTTP/1.1" 200 9588 "https://clinicadentalargarate.com/" "Mozilla/5.0 (X11; Linux x86_64) AppleWebKit/537.36 (KHTML, like Gecko) Chrome/149.0.0.0 Safari/537.36"
213.149.150.156 - - [28/Jun/2026:10:58:31 +0200] "GET /wp-content/themes/thefox_child_theme/style.css HTTP/1.1" 200 2612 "https://clinicadentalargarate.com/" "Mozilla/5.0 (X11; Linux x86_64) AppleWebKit/537.36 (KHTML, like Gecko) Chrome/149.0.0.0 Safari/537.36"
197.184.65.36 - - [28/Jun/2026:10:58:31 +0200] "GET /wp-content/themes/thefox/style_end.css HTTP/1.1" 200 34915 "https://clinicadentalargarate.com/" "Mozilla/5.0 (X11; Linux x86_64) AppleWebKit/537.36 (KHTML, like Gecko) Chrome/149.0.0.0 Safari/537.36"
213.149.150.156 - - [28/Jun/2026:10:58:31 +0200] "GET /wp-content/themes/thefox/css/animations.css HTTP/1.1" 200 5656 "https://clinicadentalargarate.com/" "Mozilla/5.0 (X11; Linux x86_64) AppleWebKit/537.36 (KHTML, like Gecko) Chrome/149.0.0.0 Safari/537.36"
213.149.150.156 - - [28/Jun/2026:10:58:31 +0200] "GET /wp-content/themes/thefox/includes/Flexslider/flexslider.css HTTP/1.1" 200 2048 "https://clinicadentalargarate.com/" "Mozilla/5.0 (X11; Linux x86_64) AppleWebKit/537.36 (KHTML, like Gecko) Chrome/149.0.0.0 Safari/537.36"
196.188.113.14 - - [28/Jun/2026:10:58:31 +0200] "GET /wp-content/themes/thefox/css/rgs.css HTTP/1.1" 200 1449 "https://clinicadentalargarate.com/" "Mozilla/5.0 (X11; Linux x86_64) AppleWebKit/537.36 (KHTML, like Gecko) Chrome/149.0.0.0 Safari/537.36"
213.149.150.156 - - [28/Jun/2026:10:58:31 +0200] "GET /wp-content/themes/thefox/css/font-awesome.css HTTP/1.1" 200 5774 "https://clinicadentalargarate.com/" "Mozilla/5.0 (X11; Linux x86_64) AppleWebKit/537.36 (KHTML, like Gecko) Chrome/149.0.0.0 Safari/537.36"
213.149.150.156 - - [28/Jun/2026:10:58:31 +0200] "GET /wp-content/themes/thefox/css/moon.css HTTP/1.1" 200 13748 "https://clinicadentalargarate.com/" "Mozilla/5.0 (X11; Linux x86_64) AppleWebKit/537.36 (KHTML, like Gecko) Chrome/149.0.0.0 Safari/537.36"
213.149.150.156 - - [28/Jun/2026:10:58:31 +0200] "GET /wp-content/themes/thefox/css/thefox_js_composer.css HTTP/1.1" 200 19521 "https://clinicadentalargarate.com/" "Mozilla/5.0 (X11; Linux x86_64) AppleWebKit/537.36 (KHTML, like Gecko) Chrome/149.0.0.0 Safari/537.36"
196.188.113.14 - - [28/Jun/2026:10:58:31 +0200] "GET /wp-content/themes/thefox/css/elegant.css HTTP/1.1" 200 5038 "https://clinicadentalargarate.com/" "Mozilla/5.0 (X11; Linux x86_64) AppleWebKit/537.36 (KHTML, like Gecko) Chrome/149.0.0.0 Safari/537.36"
212.115.29.250 - - [28/Jun/2026:10:58:31 +0200] "GET /wp-content/themes/thefox/includes/zilla-likes/styles/zilla-likes.css HTTP/1.1" 200 526 "https://clinicadentalargarate.com/" "Mozilla/5.0 (X11; Linux x86_64) AppleWebKit/537.36 (KHTML, like Gecko) Chrome/149.0.0.0 Safari/537.36"
213.149.150.156 - - [28/Jun/2026:10:58:31 +0200] "GET /wp-includes/js/jquery/jquery.min.js HTTP/1.1" 200 30846 "https://clinicadentalargarate.com/" "Mozilla/5.0 (X11; Linux x86_64) AppleWebKit/537.36 (KHTML, like Gecko) Chrome/149.0.0.0 Safari/537.36"
197.184.65.36 - - [28/Jun/2026:10:58:32 +0200] "GET /wp-content/themes/thefox/includes/prettyPhoto/css/prettyPhoto.css HTTP/1.1" 200 3778 "https://clinicadentalargarate.com/" "Mozilla/5.0 (X11; Linux x86_64) AppleWebKit/537.36 (KHTML, like Gecko) Chrome/149.0.0.0 Safari/537.36"
213.149.150.156 - - [28/Jun/2026:10:58:32 +0200] "GET /wp-content/plugins/revslider/public/assets/js/jquery.themepunch.tools.min.js HTTP/1.1" 200 38810 "https://clinicadentalargarate.com/" "Mozilla/5.0 (X11; Linux x86_64) AppleWebKit/537.36 (KHTML, like Gecko) Chrome/149.0.0.0 Safari/537.36"
212.115.29.250 - - [28/Jun/2026:10:58:32 +0200] "GET /wp-content/plugins/revslider/public/assets/js/jquery.themepunch.revolution.min.js HTTP/1.1" 200 18432 "https://clinicadentalargarate.com/" "Mozilla/5.0 (X11; Linux x86_64) AppleWebKit/537.36 (KHTML, like Gecko) Chrome/149.0.0.0 Safari/537.36"
163.61.128.116 - - [28/Jun/2026:10:58:32 +0200] "GET /wp-includes/js/jquery/jquery-migrate.min.js HTTP/1.1" 200 5584 "https://clinicadentalargarate.com/" "Mozilla/5.0 (X11; Linux x86_64) AppleWebKit/537.36 (KHTML, like Gecko) Chrome/149.0.0.0 Safari/537.36"
213.149.150.156 - - [28/Jun/2026:10:58:32 +0200] "GET /wp-content/uploads/2017/12/logo-clinica-dental-argarate.jpg HTTP/1.1" 200 5887 "https://clinicadentalargarate.com/" "Mozilla/5.0 (X11; Linux x86_64) AppleWebKit/537.36 (KHTML, like Gecko) Chrome/149.0.0.0 Safari/537.36"
213.149.150.156 - - [28/Jun/2026:10:58:32 +0200] "GET /wp-content/themes/thefox/js/scrollmagic.js HTTP/1.1" 200 46717 "https://clinicadentalargarate.com/" "Mozilla/5.0 (X11; Linux x86_64) AppleWebKit/537.36 (KHTML, like Gecko) Chrome/149.0.0.0 Safari/537.36"
212.115.29.250 - - [28/Jun/2026:10:58:32 +0200] "GET /wp-content/themes/thefox/js/customjs.js HTTP/1.1" 200 66171 "https://clinicadentalargarate.com/" "Mozilla/5.0 (X11; Linux x86_64) AppleWebKit/537.36 (KHTML, like Gecko) Chrome/149.0.0.0 Safari/537.36"
197.184.65.36 - - [28/Jun/2026:10:58:32 +0200] "GET /wp-content/uploads/telephone.svg HTTP/1.1" 200 1735 "https://clinicadentalargarate.com/" "Mozilla/5.0 (X11; Linux x86_64) AppleWebKit/537.36 (KHTML, like Gecko) Chrome/149.0.0.0 Safari/537.36"
196.188.113.14 - - [28/Jun/2026:10:58:32 +0200] "GET /wp-content/uploads/2017/12/argarate-logo-footer.png HTTP/1.1" 200 10182 "https://clinicadentalargarate.com/" "Mozilla/5.0 (X11; Linux x86_64) AppleWebKit/537.36 (KHTML, like Gecko) Chrome/149.0.0.0 Safari/537.36"
213.149.150.156 - - [28/Jun/2026:10:58:32 +0200] "GET /wp-content/themes/thefox/js/custom_woo_js.js HTTP/1.1" 200 1053 "https://clinicadentalargarate.com/" "Mozilla/5.0 (X11; Linux x86_64) AppleWebKit/537.36 (KHTML, like Gecko) Chrome/149.0.0.0 Safari/537.36"
213.149.150.156 - - [28/Jun/2026:10:58:32 +0200] "GET /wp-content/plugins/contact-form-7/includes/js/scripts.js HTTP/1.1" 200 4359 "https://clinicadentalargarate.com/" "Mozilla/5.0 (X11; Linux x86_64) AppleWebKit/537.36 (KHTML, like Gecko) Chrome/149.0.0.0 Safari/537.36"
213.149.150.156 - - [28/Jun/2026:10:58:32 +0200] "GET /wp-content/plugins/js_composer/assets/js/dist/js_composer_front.min.js HTTP/1.1" 200 6078 "https://clinicadentalargarate.com/" "Mozilla/5.0 (X11; Linux x86_64) AppleWebKit/537.36 (KHTML, like Gecko) Chrome/149.0.0.0 Safari/537.36"
213.149.150.156 - - [28/Jun/2026:10:58:32 +0200] "GET /wp-content/themes/thefox/js/sorting_bp.js HTTP/1.1" 200 611 "https://clinicadentalargarate.com/" "Mozilla/5.0 (X11; Linux x86_64) AppleWebKit/537.36 (KHTML, like Gecko) Chrome/149.0.0.0 Safari/537.36"
197.184.65.36 - - [28/Jun/2026:10:58:32 +0200] "GET /wp-content/themes/thefox/js/jquery.isotope.min.js HTTP/1.1" 200 13325 "https://clinicadentalargarate.com/" "Mozilla/5.0 (X11; Linux x86_64) AppleWebKit/537.36 (KHTML, like Gecko) Chrome/149.0.0.0 Safari/537.36"
212.115.29.250 - - [28/Jun/2026:10:58:33 +0200] "GET /wp-content/themes/thefox/js/refresh_bp.js HTTP/1.1" 200 569 "https://clinicadentalargarate.com/" "Mozilla/5.0 (X11; Linux x86_64) AppleWebKit/537.36 (KHTML, like Gecko) Chrome/149.0.0.0 Safari/537.36"
87.98.225.137 - - [28/Jun/2026:10:58:33 +0200] "POST /wp-cron.php?doing_wp_cron=1782637113.2093279361724853515625 HTTP/1.1" 200 3658 "-" "WordPress/6.7.2; https://clinicadentalargarate.com"
196.188.113.14 - - [28/Jun/2026:10:58:33 +0200] "GET /favicon.ico HTTP/1.1" 302 445 "https://clinicadentalargarate.com/" "Mozilla/5.0 (X11; Linux x86_64) AppleWebKit/537.36 (KHTML, like Gecko) Chrome/149.0.0.0 Safari/537.36"
196.188.113.14 - - [28/Jun/2026:10:58:33 +0200] "GET /wp-content/uploads/2019/07/favicon-clinica-dental-argarate-32x32.jpg HTTP/1.1" 200 1073 "https://clinicadentalargarate.com/" "Mozilla/5.0 (X11; Linux x86_64) AppleWebKit/537.36 (KHTML, like Gecko) Chrome/149.0.0.0 Safari/537.36"
87.98.225.137 - - [28/Jun/2026:10:58:42 +0200] "POST /wp-cron.php?doing_wp_cron=1782637122.3461210727691650390625 HTTP/1.1" 200 3658 "-" "WordPress/6.7.2; https://clinicadentalargarate.com"
152.42.137.70 - - [28/Jun/2026:10:58:42 +0200] "GET /wp-login.php HTTP/1.1" 200 6743 "-" "Mozilla/5.0 (Windows NT 10.0; Win64; x64) AppleWebKit/537.36 (KHTML, like Gecko) Chrome/120.0.0.0 Safari/537.36"
152.42.137.70 - - [28/Jun/2026:10:58:42 +0200] "POST /wp-login.php HTTP/1.1" 200 3527 "https://clinicadentalargarate.com/wp-login.php" "Mozilla/5.0 (Windows NT 10.0; Win64; x64) AppleWebKit/537.36 (KHTML, like Gecko) Chrome/120.0.0.0 Safari/537.36"
87.98.225.137 - - [28/Jun/2026:10:59:03 +0200] "POST /wp-cron.php?doing_wp_cron=1782637143.5263628959655761718750 HTTP/1.1" 200 3658 "-" "WordPress/6.7.2; https://clinicadentalargarate.com"
47.128.45.60 - - [28/Jun/2026:10:59:03 +0200] "GET /tratamientos/implantes-dentales/preguntas-frecuentes/ HTTP/1.1" 200 28345 "-" "Mozilla/5.0 (Linux; Android 5.0) AppleWebKit/537.36 (KHTML, like Gecko) Mobile Safari/537.36 (compatible; Bytespider; spider-feedback@bytedance.com)"
47.128.45.60 - - [28/Jun/2026:10:59:04 +0200] "GET /wp-content/uploads/2019/03/cabecera-implantes-preguntas-frecuentes.jpg?id=714 HTTP/1.1" 206 855 "https://clinicadentalargarate.com/tratamientos/implantes-dentales/preguntas-frecuentes/" "Mozilla/5.0 (Linux; Android 5.0) AppleWebKit/537.36 (KHTML, like Gecko) Mobile Safari/537.36 (compatible; Bytespider; spider-feedback@bytedance.com)"
47.128.45.60 - - [28/Jun/2026:10:59:04 +0200] "GET /wp-content/uploads/2019/03/cabecera-implantes-preguntas-frecuentes.jpg?id=714 HTTP/1.1" 304 271 "https://clinicadentalargarate.com/tratamientos/implantes-dentales/preguntas-frecuentes/" "Mozilla/5.0 (Linux; Android 5.0) AppleWebKit/537.36 (KHTML, like Gecko) Mobile Safari/537.36 (compatible; Bytespider; spider-feedback@bytedance.com)"
47.128.45.60 - - [28/Jun/2026:10:59:04 +0200] "GET /wp-content/uploads/2019/03/cabecera-implantes-preguntas-frecuentes.jpg?id=714 HTTP/1.1" 206 36614 "https://clinicadentalargarate.com/tratamientos/implantes-dentales/preguntas-frecuentes/" "Mozilla/5.0 (Linux; Android 5.0) AppleWebKit/537.36 (KHTML, like Gecko) Mobile Safari/537.36 (compatible; Bytespider; spider-feedback@bytedance.com)"
87.98.225.137 - - [28/Jun/2026:10:59:56 +0200] "POST /wp-cron.php?doing_wp_cron=1782637196.3292438983917236328125 HTTP/1.1" 200 3658 "-" "WordPress/6.7.2; https://clinicadentalargarate.com"
151.246.1.47 - - [28/Jun/2026:10:59:56 +0200] "GET /wp-login.php HTTP/1.1" 200 6743 "-" "Mozilla/5.0 (Windows NT 10.0; Win64; x64) AppleWebKit/537.36 (KHTML, like Gecko) Chrome/120.0.0.0 Safari/537.36"
87.98.225.137 - - [28/Jun/2026:10:59:56 +0200] "POST /wp-cron.php?doing_wp_cron=1782637196.6151919364929199218750 HTTP/1.1" 200 3658 "-" "WordPress/6.7.2; https://clinicadentalargarate.com"
151.246.1.47 - - [28/Jun/2026:10:59:56 +0200] "POST /wp-login.php HTTP/1.1" 200 3502 "https://clinicadentalargarate.com/wp-login.php" "Mozilla/5.0 (Windows NT 10.0; Win64; x64) AppleWebKit/537.36 (KHTML, like Gecko) Chrome/120.0.0.0 Safari/537.36"
87.98.225.137 - - [28/Jun/2026:11:00:58 +0200] "POST /wp-cron.php?doing_wp_cron=1782637258.5351829528808593750000 HTTP/1.1" 200 281 "-" "WordPress/6.7.2; https://clinicadentalargarate.com"
158.158.47.67 - - [28/Jun/2026:11:00:58 +0200] "GET /wp-content/plugins/hellopress/wp_filemanager.php HTTP/1.1" 404 101480 "-" "-"
87.98.225.137 - - [28/Jun/2026:11:00:59 +0200] "POST /wp-cron.php?doing_wp_cron=1782637259.0311369895935058593750 HTTP/1.1" 200 281 "-" "WordPress/6.7.2; https://clinicadentalargarate.com"
158.158.47.67 - - [28/Jun/2026:11:00:58 +0200] "GET /this_is_a_new_hello_world.php HTTP/1.1" 404 101446 "-" "-"
87.98.225.137 - - [28/Jun/2026:11:00:59 +0200] "POST /wp-cron.php?doing_wp_cron=1782637259.5536539554595947265625 HTTP/1.1" 200 281 "-" "WordPress/6.7.2; https://clinicadentalargarate.com"
158.158.47.67 - - [28/Jun/2026:11:00:59 +0200] "GET /x.php HTTP/1.1" 404 101446 "-" "-"
87.98.225.137 - - [28/Jun/2026:11:01:00 +0200] "POST /wp-cron.php?doing_wp_cron=1782637260.0397050380706787109375 HTTP/1.1" 200 281 "-" "WordPress/6.7.2; https://clinicadentalargarate.com"
158.158.47.67 - - [28/Jun/2026:11:00:59 +0200] "GET /scxy.php HTTP/1.1" 404 101446 "-" "-"
87.98.225.137 - - [28/Jun/2026:11:01:00 +0200] "POST /wp-cron.php?doing_wp_cron=1782637260.6088728904724121093750 HTTP/1.1" 200 281 "-" "WordPress/6.7.2; https://clinicadentalargarate.com"
158.158.47.67 - - [28/Jun/2026:11:01:00 +0200] "GET /FWAZ.php HTTP/1.1" 404 101446 "-" "-"
87.98.225.137 - - [28/Jun/2026:11:01:01 +0200] "POST /wp-cron.php?doing_wp_cron=1782637261.1824591159820556640625 HTTP/1.1" 200 281 "-" "WordPress/6.7.2; https://clinicadentalargarate.com"
158.158.47.67 - - [28/Jun/2026:11:01:01 +0200] "GET /qterm.php?p= HTTP/1.1" 301 348 "-" "-"
158.158.47.67 - - [28/Jun/2026:11:01:01 +0200] "GET /qterm.php HTTP/1.1" 404 101446 "-" "-"
87.98.225.137 - - [28/Jun/2026:11:01:01 +0200] "POST /wp-cron.php?doing_wp_cron=1782637261.7665739059448242187500 HTTP/1.1" 200 281 "-" "WordPress/6.7.2; https://clinicadentalargarate.com"
158.158.47.67 - - [28/Jun/2026:11:01:01 +0200] "GET /blurbs.php HTTP/1.1" 404 101446 "-" "-"
87.98.225.137 - - [28/Jun/2026:11:01:02 +0200] "POST /wp-cron.php?doing_wp_cron=1782637262.2288999557495117187500 HTTP/1.1" 200 281 "-" "WordPress/6.7.2; https://clinicadentalargarate.com"
158.158.47.67 - - [28/Jun/2026:11:01:02 +0200] "GET /ati.php?p= HTTP/1.1" 301 346 "-" "-"
158.158.47.67 - - [28/Jun/2026:11:01:02 +0200] "GET /ati.php HTTP/1.1" 404 101446 "-" "-"
87.98.225.137 - - [28/Jun/2026:11:01:02 +0200] "POST /wp-cron.php?doing_wp_cron=1782637262.8864219188690185546875 HTTP/1.1" 200 281 "-" "WordPress/6.7.2; https://clinicadentalargarate.com"
158.158.47.67 - - [28/Jun/2026:11:01:02 +0200] "GET /8h250.php HTTP/1.1" 404 101446 "-" "-"
87.98.225.137 - - [28/Jun/2026:11:01:03 +0200] "POST /wp-cron.php?doing_wp_cron=1782637263.4326949119567871093750 HTTP/1.1" 200 281 "-" "WordPress/6.7.2; https://clinicadentalargarate.com"
158.158.47.67 - - [28/Jun/2026:11:01:03 +0200] "GET /v543.php HTTP/1.1" 404 101446 "-" "-"
87.98.225.137 - - [28/Jun/2026:11:01:03 +0200] "POST /wp-cron.php?doing_wp_cron=1782637263.9088718891143798828125 HTTP/1.1" 200 281 "-" "WordPress/6.7.2; https://clinicadentalargarate.com"
158.158.47.67 - - [28/Jun/2026:11:01:03 +0200] "GET /w3lls.php HTTP/1.1" 404 101446 "-" "-"
87.98.225.137 - - [28/Jun/2026:11:01:04 +0200] "POST /wp-cron.php?doing_wp_cron=1782637264.3776969909667968750000 HTTP/1.1" 200 281 "-" "WordPress/6.7.2; https://clinicadentalargarate.com"
158.158.47.67 - - [28/Jun/2026:11:01:04 +0200] "GET /wp-ws68.php?p= HTTP/1.1" 301 350 "-" "-"
158.158.47.67 - - [28/Jun/2026:11:01:04 +0200] "GET /wp-ws68.php HTTP/1.1" 404 101446 "-" "-"
87.98.225.137 - - [28/Jun/2026:11:01:05 +0200] "POST /wp-cron.php?doing_wp_cron=1782637265.0726890563964843750000 HTTP/1.1" 200 281 "-" "WordPress/6.7.2; https://clinicadentalargarate.com"
158.158.47.67 - - [28/Jun/2026:11:01:04 +0200] "GET /xyn.php HTTP/1.1" 404 101446 "-" "-"
87.98.225.137 - - [28/Jun/2026:11:01:05 +0200] "POST /wp-cron.php?doing_wp_cron=1782637265.5488169193267822265625 HTTP/1.1" 200 281 "-" "WordPress/6.7.2; https://clinicadentalargarate.com"
158.158.47.67 - - [28/Jun/2026:11:01:05 +0200] "GET /green3.php?p= HTTP/1.1" 301 349 "-" "-"
158.158.47.67 - - [28/Jun/2026:11:01:05 +0200] "GET /green3.php HTTP/1.1" 404 101446 "-" "-"
87.98.225.137 - - [28/Jun/2026:11:01:06 +0200] "POST /wp-cron.php?doing_wp_cron=1782637266.1564700603485107421875 HTTP/1.1" 200 281 "-" "WordPress/6.7.2; https://clinicadentalargarate.com"
158.158.47.67 - - [28/Jun/2026:11:01:06 +0200] "GET /bks12.php HTTP/1.1" 404 101446 "-" "-"
87.98.225.137 - - [28/Jun/2026:11:01:06 +0200] "POST /wp-cron.php?doing_wp_cron=1782637266.6253349781036376953125 HTTP/1.1" 200 281 "-" "WordPress/6.7.2; https://clinicadentalargarate.com"
158.158.47.67 - - [28/Jun/2026:11:01:06 +0200] "GET /ccs.php?p= HTTP/1.1" 301 346 "-" "-"
158.158.47.67 - - [28/Jun/2026:11:01:06 +0200] "GET /ccs.php HTTP/1.1" 404 101446 "-" "-"
87.98.225.137 - - [28/Jun/2026:11:01:07 +0200] "POST /wp-cron.php?doing_wp_cron=1782637267.1903929710388183593750 HTTP/1.1" 200 281 "-" "WordPress/6.7.2; https://clinicadentalargarate.com"
158.158.47.67 - - [28/Jun/2026:11:01:07 +0200] "GET /ccc.php?p= HTTP/1.1" 301 346 "-" "-"
158.158.47.67 - - [28/Jun/2026:11:01:07 +0200] "GET /ccc.php HTTP/1.1" 404 101446 "-" "-"
87.98.225.137 - - [28/Jun/2026:11:01:07 +0200] "POST /wp-cron.php?doing_wp_cron=1782637267.8127679824829101562500 HTTP/1.1" 200 281 "-" "WordPress/6.7.2; https://clinicadentalargarate.com"
158.158.47.67 - - [28/Jun/2026:11:01:07 +0200] "GET /cc3.php HTTP/1.1" 404 101446 "-" "-"
87.98.225.137 - - [28/Jun/2026:11:01:08 +0200] "POST /wp-cron.php?doing_wp_cron=1782637268.2931530475616455078125 HTTP/1.1" 200 281 "-" "WordPress/6.7.2; https://clinicadentalargarate.com"
158.158.47.67 - - [28/Jun/2026:11:01:08 +0200] "GET /get.php HTTP/1.1" 404 101446 "-" "-"
87.98.225.137 - - [28/Jun/2026:11:01:08 +0200] "POST /wp-cron.php?doing_wp_cron=1782637268.7850439548492431640625 HTTP/1.1" 200 281 "-" "WordPress/6.7.2; https://clinicadentalargarate.com"
158.158.47.67 - - [28/Jun/2026:11:01:08 +0200] "GET /images.php HTTP/1.1" 404 101446 "-" "-"
87.98.225.137 - - [28/Jun/2026:11:01:09 +0200] "POST /wp-cron.php?doing_wp_cron=1782637269.2296869754791259765625 HTTP/1.1" 200 281 "-" "WordPress/6.7.2; https://clinicadentalargarate.com"
158.158.47.67 - - [28/Jun/2026:11:01:09 +0200] "GET /alls.php HTTP/1.1" 404 101446 "-" "-"
87.98.225.137 - - [28/Jun/2026:11:01:09 +0200] "POST /wp-cron.php?doing_wp_cron=1782637269.6726179122924804687500 HTTP/1.1" 200 281 "-" "WordPress/6.7.2; https://clinicadentalargarate.com"
158.158.47.67 - - [28/Jun/2026:11:01:09 +0200] "GET /yyu.php HTTP/1.1" 404 101446 "-" "-"
87.98.225.137 - - [28/Jun/2026:11:01:10 +0200] "POST /wp-cron.php?doing_wp_cron=1782637270.1358249187469482421875 HTTP/1.1" 200 281 "-" "WordPress/6.7.2; https://clinicadentalargarate.com"
158.158.47.67 - - [28/Jun/2026:11:01:10 +0200] "GET /kuj8rl.php?p= HTTP/1.1" 301 349 "-" "-"
158.158.47.67 - - [28/Jun/2026:11:01:10 +0200] "GET /kuj8rl.php HTTP/1.1" 404 101446 "-" "-"
87.98.225.137 - - [28/Jun/2026:11:01:10 +0200] "POST /wp-cron.php?doing_wp_cron=1782637270.7027471065521240234375 HTTP/1.1" 200 281 "-" "WordPress/6.7.2; https://clinicadentalargarate.com"
158.158.47.67 - - [28/Jun/2026:11:01:10 +0200] "GET /by.php HTTP/1.1" 404 101446 "-" "-"
87.98.225.137 - - [28/Jun/2026:11:01:11 +0200] "POST /wp-cron.php?doing_wp_cron=1782637271.1793980598449707031250 HTTP/1.1" 200 281 "-" "WordPress/6.7.2; https://clinicadentalargarate.com"
158.158.47.67 - - [28/Jun/2026:11:01:11 +0200] "GET /FAQ.php?p= HTTP/1.1" 301 346 "-" "-"
158.158.47.67 - - [28/Jun/2026:11:01:11 +0200] "GET /FAQ.php HTTP/1.1" 404 101446 "-" "-"
87.98.225.137 - - [28/Jun/2026:11:01:11 +0200] "POST /wp-cron.php?doing_wp_cron=1782637271.7815051078796386718750 HTTP/1.1" 200 281 "-" "WordPress/6.7.2; https://clinicadentalargarate.com"
158.158.47.67 - - [28/Jun/2026:11:01:11 +0200] "GET /coffexium.php HTTP/1.1" 404 101446 "-" "-"
87.98.225.137 - - [28/Jun/2026:11:01:12 +0200] "POST /wp-cron.php?doing_wp_cron=1782637272.2724680900573730468750 HTTP/1.1" 200 281 "-" "WordPress/6.7.2; https://clinicadentalargarate.com"
158.158.47.67 - - [28/Jun/2026:11:01:12 +0200] "GET /red.php HTTP/1.1" 404 101446 "-" "-"
158.158.47.67 - - [28/Jun/2026:11:01:12 +0200] "GET /wp-includes/sodium_compat/ HTTP/1.1" 403 464 "-" "-"
87.98.225.137 - - [28/Jun/2026:11:01:12 +0200] "POST /wp-cron.php?doing_wp_cron=1782637272.8113710880279541015625 HTTP/1.1" 200 281 "-" "WordPress/6.7.2; https://clinicadentalargarate.com"
158.158.47.67 - - [28/Jun/2026:11:01:12 +0200] "GET /wp-admin/css/colors/coffee/wp-adochan.php HTTP/1.1" 404 101446 "-" "-"
158.158.47.67 - - [28/Jun/2026:11:01:13 +0200] "GET /wp-includes/Text/ HTTP/1.1" 403 464 "-" "-"
87.98.225.137 - - [28/Jun/2026:11:01:13 +0200] "POST /wp-cron.php?doing_wp_cron=1782637273.2913420200347900390625 HTTP/1.1" 200 281 "-" "WordPress/6.7.2; https://clinicadentalargarate.com"
158.158.47.67 - - [28/Jun/2026:11:01:13 +0200] "GET /footer.php HTTP/1.1" 404 101446 "-" "-"
158.158.47.67 - - [28/Jun/2026:11:01:13 +0200] "GET /wp-content/uploads/ HTTP/1.1" 403 464 "-" "-"
158.158.47.67 - - [28/Jun/2026:11:01:13 +0200] "GET /wp-content/index.php HTTP/1.1" 200 147 "-" "-"
87.98.225.137 - - [28/Jun/2026:11:01:13 +0200] "POST /wp-cron.php?doing_wp_cron=1782637273.7869560718536376953125 HTTP/1.1" 200 281 "-" "WordPress/6.7.2; https://clinicadentalargarate.com"
158.158.47.67 - - [28/Jun/2026:11:01:13 +0200] "GET /zoro.php HTTP/1.1" 404 101446 "-" "-"
87.98.225.137 - - [28/Jun/2026:11:01:14 +0200] "POST /wp-cron.php?doing_wp_cron=1782637274.2458760738372802734375 HTTP/1.1" 200 281 "-" "WordPress/6.7.2; https://clinicadentalargarate.com"
158.158.47.67 - - [28/Jun/2026:11:01:14 +0200] "GET /cream1.php HTTP/1.1" 404 101446 "-" "-"
87.98.225.137 - - [28/Jun/2026:11:01:14 +0200] "POST /wp-cron.php?doing_wp_cron=1782637274.7132539749145507812500 HTTP/1.1" 200 281 "-" "WordPress/6.7.2; https://clinicadentalargarate.com"
158.158.47.67 - - [28/Jun/2026:11:01:14 +0200] "GET /greap.php HTTP/1.1" 404 101446 "-" "-"
87.98.225.137 - - [28/Jun/2026:11:01:15 +0200] "POST /wp-cron.php?doing_wp_cron=1782637275.1840870380401611328125 HTTP/1.1" 200 281 "-" "WordPress/6.7.2; https://clinicadentalargarate.com"
158.158.47.67 - - [28/Jun/2026:11:01:15 +0200] "GET /177.php HTTP/1.1" 404 101446 "-" "-"
87.98.225.137 - - [28/Jun/2026:11:01:15 +0200] "POST /wp-cron.php?doing_wp_cron=1782637275.6644420623779296875000 HTTP/1.1" 200 281 "-" "WordPress/6.7.2; https://clinicadentalargarate.com"
158.158.47.67 - - [28/Jun/2026:11:01:15 +0200] "GET /199.php HTTP/1.1" 404 101446 "-" "-"
87.98.225.137 - - [28/Jun/2026:11:01:16 +0200] "POST /wp-cron.php?doing_wp_cron=1782637276.1158928871154785156250 HTTP/1.1" 200 281 "-" "WordPress/6.7.2; https://clinicadentalargarate.com"
158.158.47.67 - - [28/Jun/2026:11:01:16 +0200] "GET /file52.php HTTP/1.1" 404 101446 "-" "-"
87.98.225.137 - - [28/Jun/2026:11:01:16 +0200] "POST /wp-cron.php?doing_wp_cron=1782637276.5890719890594482421875 HTTP/1.1" 200 281 "-" "WordPress/6.7.2; https://clinicadentalargarate.com"
158.158.47.67 - - [28/Jun/2026:11:01:16 +0200] "GET /122.php HTTP/1.1" 404 101446 "-" "-"
87.98.225.137 - - [28/Jun/2026:11:01:17 +0200] "POST /wp-cron.php?doing_wp_cron=1782637277.0408439636230468750000 HTTP/1.1" 200 281 "-" "WordPress/6.7.2; https://clinicadentalargarate.com"
158.158.47.67 - - [28/Jun/2026:11:01:16 +0200] "GET /green1.php HTTP/1.1" 404 101446 "-" "-"
87.98.225.137 - - [28/Jun/2026:11:01:17 +0200] "POST /wp-cron.php?doing_wp_cron=1782637277.4870688915252685546875 HTTP/1.1" 200 281 "-" "WordPress/6.7.2; https://clinicadentalargarate.com"
158.158.47.67 - - [28/Jun/2026:11:01:17 +0200] "GET /biufile.php HTTP/1.1" 404 101446 "-" "-"
87.98.225.137 - - [28/Jun/2026:11:01:17 +0200] "POST /wp-cron.php?doing_wp_cron=1782637277.9628279209136962890625 HTTP/1.1" 200 281 "-" "WordPress/6.7.2; https://clinicadentalargarate.com"
158.158.47.67 - - [28/Jun/2026:11:01:17 +0200] "GET /wpconf.php HTTP/1.1" 404 101446 "-" "-"
87.98.225.137 - - [28/Jun/2026:11:01:18 +0200] "POST /wp-cron.php?doing_wp_cron=1782637278.4101879596710205078125 HTTP/1.1" 200 281 "-" "WordPress/6.7.2; https://clinicadentalargarate.com"
158.158.47.67 - - [28/Jun/2026:11:01:18 +0200] "GET /mosty.php HTTP/1.1" 404 101446 "-" "-"
87.98.225.137 - - [28/Jun/2026:11:01:18 +0200] "POST /wp-cron.php?doing_wp_cron=1782637278.8757519721984863281250 HTTP/1.1" 200 281 "-" "WordPress/6.7.2; https://clinicadentalargarate.com"
158.158.47.67 - - [28/Jun/2026:11:01:18 +0200] "GET /dejavu.php HTTP/1.1" 404 101446 "-" "-"
87.98.225.137 - - [28/Jun/2026:11:01:19 +0200] "POST /wp-cron.php?doing_wp_cron=1782637279.3220269680023193359375 HTTP/1.1" 200 281 "-" "WordPress/6.7.2; https://clinicadentalargarate.com"
158.158.47.67 - - [28/Jun/2026:11:01:19 +0200] "GET /aaf.php HTTP/1.1" 404 101446 "-" "-"
87.98.225.137 - - [28/Jun/2026:11:01:19 +0200] "POST /wp-cron.php?doing_wp_cron=1782637279.7782781124114990234375 HTTP/1.1" 200 281 "-" "WordPress/6.7.2; https://clinicadentalargarate.com"
158.158.47.67 - - [28/Jun/2026:11:01:19 +0200] "GET /term.php HTTP/1.1" 404 101446 "-" "-"
87.98.225.137 - - [28/Jun/2026:11:01:20 +0200] "POST /wp-cron.php?doing_wp_cron=1782637280.2571060657501220703125 HTTP/1.1" 200 281 "-" "WordPress/6.7.2; https://clinicadentalargarate.com"
158.158.47.67 - - [28/Jun/2026:11:01:20 +0200] "GET /ha.php HTTP/1.1" 404 101446 "-" "-"
87.98.225.137 - - [28/Jun/2026:11:01:20 +0200] "POST /wp-cron.php?doing_wp_cron=1782637280.7003650665283203125000 HTTP/1.1" 200 281 "-" "WordPress/6.7.2; https://clinicadentalargarate.com"
158.158.47.67 - - [28/Jun/2026:11:01:20 +0200] "GET /hur.php HTTP/1.1" 404 101446 "-" "-"
87.98.225.137 - - [28/Jun/2026:11:01:21 +0200] "POST /wp-cron.php?doing_wp_cron=1782637281.1504189968109130859375 HTTP/1.1" 200 281 "-" "WordPress/6.7.2; https://clinicadentalargarate.com"
158.158.47.67 - - [28/Jun/2026:11:01:21 +0200] "GET /h02ugyh.php HTTP/1.1" 404 101446 "-" "-"
87.98.225.137 - - [28/Jun/2026:11:01:21 +0200] "POST /wp-cron.php?doing_wp_cron=1782637281.6116130352020263671875 HTTP/1.1" 200 281 "-" "WordPress/6.7.2; https://clinicadentalargarate.com"
158.158.47.67 - - [28/Jun/2026:11:01:21 +0200] "GET /seiso.php HTTP/1.1" 404 101446 "-" "-"
87.98.225.137 - - [28/Jun/2026:11:01:22 +0200] "POST /wp-cron.php?doing_wp_cron=1782637282.0599920749664306640625 HTTP/1.1" 200 281 "-" "WordPress/6.7.2; https://clinicadentalargarate.com"
158.158.47.67 - - [28/Jun/2026:11:01:21 +0200] "GET /155.php HTTP/1.1" 404 101446 "-" "-"
87.98.225.137 - - [28/Jun/2026:11:01:22 +0200] "POST /wp-cron.php?doing_wp_cron=1782637282.5262939929962158203125 HTTP/1.1" 200 281 "-" "WordPress/6.7.2; https://clinicadentalargarate.com"
158.158.47.67 - - [28/Jun/2026:11:01:22 +0200] "GET /ppp.php HTTP/1.1" 404 101446 "-" "-"
87.98.225.137 - - [28/Jun/2026:11:01:23 +0200] "POST /wp-cron.php?doing_wp_cron=1782637283.0660390853881835937500 HTTP/1.1" 200 281 "-" "WordPress/6.7.2; https://clinicadentalargarate.com"
158.158.47.67 - - [28/Jun/2026:11:01:22 +0200] "GET /201.php HTTP/1.1" 404 101446 "-" "-"
87.98.225.137 - - [28/Jun/2026:11:01:23 +0200] "POST /wp-cron.php?doing_wp_cron=1782637283.5325560569763183593750 HTTP/1.1" 200 281 "-" "WordPress/6.7.2; https://clinicadentalargarate.com"
158.158.47.67 - - [28/Jun/2026:11:01:23 +0200] "GET /ops.php HTTP/1.1" 404 101446 "-" "-"
87.98.225.137 - - [28/Jun/2026:11:01:24 +0200] "POST /wp-cron.php?doing_wp_cron=1782637283.9955708980560302734375 HTTP/1.1" 200 281 "-" "WordPress/6.7.2; https://clinicadentalargarate.com"
158.158.47.67 - - [28/Jun/2026:11:01:23 +0200] "GET /ingfo.php HTTP/1.1" 404 101446 "-" "-"
87.98.225.137 - - [28/Jun/2026:11:01:24 +0200] "POST /wp-cron.php?doing_wp_cron=1782637284.4344871044158935546875 HTTP/1.1" 200 281 "-" "WordPress/6.7.2; https://clinicadentalargarate.com"
158.158.47.67 - - [28/Jun/2026:11:01:24 +0200] "GET /error_log.php HTTP/1.1" 404 101446 "-" "-"
87.98.225.137 - - [28/Jun/2026:11:01:24 +0200] "POST /wp-cron.php?doing_wp_cron=1782637284.8767979145050048828125 HTTP/1.1" 200 281 "-" "WordPress/6.7.2; https://clinicadentalargarate.com"
158.158.47.67 - - [28/Jun/2026:11:01:24 +0200] "GET /xenon1337.php HTTP/1.1" 404 101446 "-" "-"
87.98.225.137 - - [28/Jun/2026:11:01:25 +0200] "POST /wp-cron.php?doing_wp_cron=1782637285.3422460556030273437500 HTTP/1.1" 200 281 "-" "WordPress/6.7.2; https://clinicadentalargarate.com"
158.158.47.67 - - [28/Jun/2026:11:01:25 +0200] "GET /test11.php HTTP/1.1" 404 101446 "-" "-"
87.98.225.137 - - [28/Jun/2026:11:01:25 +0200] "POST /wp-cron.php?doing_wp_cron=1782637285.8100039958953857421875 HTTP/1.1" 200 281 "-" "WordPress/6.7.2; https://clinicadentalargarate.com"
158.158.47.67 - - [28/Jun/2026:11:01:25 +0200] "GET /koala.php HTTP/1.1" 404 101446 "-" "-"
87.98.225.137 - - [28/Jun/2026:11:01:26 +0200] "POST /wp-cron.php?doing_wp_cron=1782637286.2546820640563964843750 HTTP/1.1" 200 281 "-" "WordPress/6.7.2; https://clinicadentalargarate.com"
158.158.47.67 - - [28/Jun/2026:11:01:26 +0200] "GET /mac.php HTTP/1.1" 404 101446 "-" "-"
87.98.225.137 - - [28/Jun/2026:11:01:26 +0200] "POST /wp-cron.php?doing_wp_cron=1782637286.7308731079101562500000 HTTP/1.1" 200 281 "-" "WordPress/6.7.2; https://clinicadentalargarate.com"
158.158.47.67 - - [28/Jun/2026:11:01:26 +0200] "GET /25d653587fdfd1.php HTTP/1.1" 404 101446 "-" "-"
87.98.225.137 - - [28/Jun/2026:11:01:27 +0200] "POST /wp-cron.php?doing_wp_cron=1782637287.1784930229187011718750 HTTP/1.1" 200 281 "-" "WordPress/6.7.2; https://clinicadentalargarate.com"
158.158.47.67 - - [28/Jun/2026:11:01:27 +0200] "GET /wefile.php HTTP/1.1" 404 101446 "-" "-"
158.158.47.67 - - [28/Jun/2026:11:01:27 +0200] "GET /wp-includes/blocks/post-comments-form/ HTTP/1.1" 403 464 "-" "-"
158.158.47.67 - - [28/Jun/2026:11:01:27 +0200] "GET /wp-admin/js/ HTTP/1.1" 403 464 "-" "-"
87.98.225.137 - - [28/Jun/2026:11:01:27 +0200] "POST /wp-cron.php?doing_wp_cron=1782637287.7047669887542724609375 HTTP/1.1" 200 281 "-" "WordPress/6.7.2; https://clinicadentalargarate.com"
158.158.47.67 - - [28/Jun/2026:11:01:27 +0200] "GET /wp-admin/css/colour.php HTTP/1.1" 404 101446 "-" "-"
