87.98.225.137 - - [28/Jun/2026:22:45:12 +0200] "POST /wp-cron.php?doing_wp_cron=1782679512.2769041061401367187500 HTTP/1.1" 200 3658 "-" "WordPress/6.7.2; https://clinicadentalargarate.com"
4.194.56.69 - - [28/Jun/2026:22:45:12 +0200] "GET /sf.php HTTP/1.1" 404 102235 "-" "Mozilla/5.0 (Windows NT 10.0; Win64; x64) AppleWebKit/537.36 (KHTML, like Gecko) Chrome/120.0.0.0 Safari/537.36"
87.98.225.137 - - [28/Jun/2026:22:45:13 +0200] "POST /wp-cron.php?doing_wp_cron=1782679513.0577099323272705078125 HTTP/1.1" 200 3658 "-" "WordPress/6.7.2; https://clinicadentalargarate.com"
4.194.56.69 - - [28/Jun/2026:22:45:12 +0200] "GET /kbfr.php HTTP/1.1" 404 102235 "-" "Mozilla/5.0 (Windows NT 10.0; Win64; x64) AppleWebKit/537.36 (KHTML, like Gecko) Chrome/120.0.0.0 Safari/537.36"
87.98.225.137 - - [28/Jun/2026:22:45:14 +0200] "POST /wp-cron.php?doing_wp_cron=1782679513.8404018878936767578125 HTTP/1.1" 200 3658 "-" "WordPress/6.7.2; https://clinicadentalargarate.com"
4.194.56.69 - - [28/Jun/2026:22:45:13 +0200] "GET /autoload_classmap.php HTTP/1.1" 404 102235 "-" "Mozilla/5.0 (Windows NT 10.0; Win64; x64) AppleWebKit/537.36 (KHTML, like Gecko) Chrome/120.0.0.0 Safari/537.36"
87.98.225.137 - - [28/Jun/2026:22:45:14 +0200] "POST /wp-cron.php?doing_wp_cron=1782679514.9284210205078125000000 HTTP/1.1" 200 3658 "-" "WordPress/6.7.2; https://clinicadentalargarate.com"
4.194.56.69 - - [28/Jun/2026:22:45:14 +0200] "GET /chosen.php?p= HTTP/1.1" 301 414 "-" "Mozilla/5.0 (Windows NT 10.0; Win64; x64) AppleWebKit/537.36 (KHTML, like Gecko) Chrome/120.0.0.0 Safari/537.36"
87.98.225.137 - - [28/Jun/2026:22:45:15 +0200] "POST /wp-cron.php?doing_wp_cron=1782679515.2293670177459716796875 HTTP/1.1" 200 3658 "-" "WordPress/6.7.2; https://clinicadentalargarate.com"
4.194.56.69 - - [28/Jun/2026:22:45:15 +0200] "GET /classwithtostring.php HTTP/1.1" 404 102235 "-" "Mozilla/5.0 (Windows NT 10.0; Win64; x64) AppleWebKit/537.36 (KHTML, like Gecko) Chrome/120.0.0.0 Safari/537.36"
87.98.225.137 - - [28/Jun/2026:22:45:16 +0200] "POST /wp-cron.php?doing_wp_cron=1782679516.0387699604034423828125 HTTP/1.1" 200 3658 "-" "WordPress/6.7.2; https://clinicadentalargarate.com"
4.194.56.69 - - [28/Jun/2026:22:45:15 +0200] "GET /defaults.php HTTP/1.1" 404 102235 "-" "Mozilla/5.0 (Windows NT 10.0; Win64; x64) AppleWebKit/537.36 (KHTML, like Gecko) Chrome/120.0.0.0 Safari/537.36"
87.98.225.137 - - [28/Jun/2026:22:45:16 +0200] "POST /wp-cron.php?doing_wp_cron=1782679516.8720929622650146484375 HTTP/1.1" 200 3658 "-" "WordPress/6.7.2; https://clinicadentalargarate.com"
4.194.56.69 - - [28/Jun/2026:22:45:16 +0200] "GET /.well-known/ HTTP/1.1" 404 102235 "-" "Mozilla/5.0 (Windows NT 10.0; Win64; x64) AppleWebKit/537.36 (KHTML, like Gecko) Chrome/120.0.0.0 Safari/537.36"
87.98.225.137 - - [28/Jun/2026:22:45:17 +0200] "POST /wp-cron.php?doing_wp_cron=1782679517.6204040050506591796875 HTTP/1.1" 200 3658 "-" "WordPress/6.7.2; https://clinicadentalargarate.com"
4.194.56.69 - - [28/Jun/2026:22:45:17 +0200] "GET /info.php HTTP/1.1" 404 102235 "-" "Mozilla/5.0 (Windows NT 10.0; Win64; x64) AppleWebKit/537.36 (KHTML, like Gecko) Chrome/120.0.0.0 Safari/537.36"
4.194.56.69 - - [28/Jun/2026:22:45:18 +0200] "GET /cgi-bin/ HTTP/1.1" 403 529 "-" "Mozilla/5.0 (Windows NT 10.0; Win64; x64) AppleWebKit/537.36 (KHTML, like Gecko) Chrome/120.0.0.0 Safari/537.36"
4.194.56.69 - - [28/Jun/2026:22:45:18 +0200] "GET /wp-includes/Requests/src/Response/about.php HTTP/1.1" 403 529 "-" "Mozilla/5.0 (Windows NT 10.0; Win64; x64) AppleWebKit/537.36 (KHTML, like Gecko) Chrome/120.0.0.0 Safari/537.36"
4.194.56.69 - - [28/Jun/2026:22:45:18 +0200] "GET /wp-includes/html-api/ HTTP/1.1" 403 529 "-" "Mozilla/5.0 (Windows NT 10.0; Win64; x64) AppleWebKit/537.36 (KHTML, like Gecko) Chrome/120.0.0.0 Safari/537.36"
87.98.225.137 - - [28/Jun/2026:22:45:18 +0200] "POST /wp-cron.php?doing_wp_cron=1782679518.8913888931274414062500 HTTP/1.1" 200 3658 "-" "WordPress/6.7.2; https://clinicadentalargarate.com"
4.194.56.69 - - [28/Jun/2026:22:45:18 +0200] "GET /wp-content/admin.php HTTP/1.1" 404 102235 "-" "Mozilla/5.0 (Windows NT 10.0; Win64; x64) AppleWebKit/537.36 (KHTML, like Gecko) Chrome/120.0.0.0 Safari/537.36"
4.194.56.69 - - [28/Jun/2026:22:45:19 +0200] "GET /wp-admin/css/colors/ectoplasm/ HTTP/1.1" 403 529 "-" "Mozilla/5.0 (Windows NT 10.0; Win64; x64) AppleWebKit/537.36 (KHTML, like Gecko) Chrome/120.0.0.0 Safari/537.36"
4.194.56.69 - - [28/Jun/2026:22:45:19 +0200] "GET /wp-content/uploads/ HTTP/1.1" 403 529 "-" "Mozilla/5.0 (Windows NT 10.0; Win64; x64) AppleWebKit/537.36 (KHTML, like Gecko) Chrome/120.0.0.0 Safari/537.36"
87.98.225.137 - - [28/Jun/2026:22:45:20 +0200] "POST /wp-cron.php?doing_wp_cron=1782679520.0021100044250488281250 HTTP/1.1" 200 3658 "-" "WordPress/6.7.2; https://clinicadentalargarate.com"
4.194.56.69 - - [28/Jun/2026:22:45:19 +0200] "GET /wp-content/themes/admin.php HTTP/1.1" 404 102235 "-" "Mozilla/5.0 (Windows NT 10.0; Win64; x64) AppleWebKit/537.36 (KHTML, like Gecko) Chrome/120.0.0.0 Safari/537.36"
87.98.225.137 - - [28/Jun/2026:22:45:20 +0200] "POST /wp-cron.php?doing_wp_cron=1782679520.7768440246582031250000 HTTP/1.1" 200 3658 "-" "WordPress/6.7.2; https://clinicadentalargarate.com"
4.194.56.69 - - [28/Jun/2026:22:45:20 +0200] "GET /wp-content/themes/index.php HTTP/1.1" 301 422 "-" "Mozilla/5.0 (Windows NT 10.0; Win64; x64) AppleWebKit/537.36 (KHTML, like Gecko) Chrome/120.0.0.0 Safari/537.36"
4.194.56.69 - - [28/Jun/2026:22:45:20 +0200] "GET /wp-content/plugins/index.php HTTP/1.1" 200 224 "-" "Mozilla/5.0 (Windows NT 10.0; Win64; x64) AppleWebKit/537.36 (KHTML, like Gecko) Chrome/120.0.0.0 Safari/537.36"
4.194.56.69 - - [28/Jun/2026:22:45:21 +0200] "GET /wp-includes/PHPMailer/ HTTP/1.1" 403 529 "-" "Mozilla/5.0 (Windows NT 10.0; Win64; x64) AppleWebKit/537.36 (KHTML, like Gecko) Chrome/120.0.0.0 Safari/537.36"
4.194.56.69 - - [28/Jun/2026:22:45:21 +0200] "GET /wp-includes/images/ HTTP/1.1" 403 529 "-" "Mozilla/5.0 (Windows NT 10.0; Win64; x64) AppleWebKit/537.36 (KHTML, like Gecko) Chrome/120.0.0.0 Safari/537.36"
87.98.225.137 - - [28/Jun/2026:22:45:21 +0200] "POST /wp-cron.php?doing_wp_cron=1782679521.5639450550079345703125 HTTP/1.1" 200 3658 "-" "WordPress/6.7.2; https://clinicadentalargarate.com"
4.194.56.69 - - [28/Jun/2026:22:45:21 +0200] "GET /wp-content/plugins/WordPressCore/ HTTP/1.1" 404 102235 "-" "Mozilla/5.0 (Windows NT 10.0; Win64; x64) AppleWebKit/537.36 (KHTML, like Gecko) Chrome/120.0.0.0 Safari/537.36"
87.98.225.137 - - [28/Jun/2026:22:50:07 +0200] "POST /wp-cron.php?doing_wp_cron=1782679807.7462699413299560546875 HTTP/1.1" 200 3658 "-" "WordPress/6.7.2; https://clinicadentalargarate.com"
198.244.226.218 - - [28/Jun/2026:22:50:07 +0200] "GET /?sitemap300.xml HTTP/1.1" 301 3660 "-" "Mozilla/5.0 (compatible; AhrefsBot/7.0; +http://ahrefs.com/robot/)"
198.244.226.218 - - [28/Jun/2026:22:50:07 +0200] "GET /?sitemap300_xml HTTP/1.1" 200 36365 "-" "Mozilla/5.0 (compatible; AhrefsBot/7.0; +http://ahrefs.com/robot/)"
87.98.225.137 - - [28/Jun/2026:22:54:01 +0200] "POST /wp-cron.php?doing_wp_cron=1782680041.2547249794006347656250 HTTP/1.1" 200 3658 "-" "WordPress/6.7.2; https://clinicadentalargarate.com"
40.77.167.151 - - [28/Jun/2026:22:54:01 +0200] "GET /blog/diferencia-protesis-implantes-dentales/ HTTP/1.1" 500 6680 "-" "Mozilla/5.0 AppleWebKit/537.36 (KHTML, like Gecko; compatible; bingbot/2.0; +http://www.bing.com/bingbot.htm) Chrome/116.0.1938.76 Safari/537.36"
87.98.225.137 - - [28/Jun/2026:22:57:41 +0200] "POST /wp-cron.php?doing_wp_cron=1782680261.1438090801239013671875 HTTP/1.1" 200 3658 "-" "WordPress/6.7.2; https://clinicadentalargarate.com"
44.207.207.36 - - [28/Jun/2026:22:57:41 +0200] "GET /blog/bono-de-bienvenida-de-liraspin-casino-para-jugadores-en-espana/ HTTP/1.1" 500 6635 "-" "Mozilla/5.0 AppleWebKit/537.36 (KHTML, like Gecko; compatible; Amazonbot/0.1; +https://developer.amazon.com/support/amazonbot) Chrome/119.0.6045.214 Safari/537.36"
87.98.225.137 - - [28/Jun/2026:22:58:08 +0200] "POST /wp-cron.php?doing_wp_cron=1782680288.8782200813293457031250 HTTP/1.1" 200 3658 "-" "WordPress/6.7.2; https://clinicadentalargarate.com"
103.154.49.34 - - [28/Jun/2026:22:58:08 +0200] "GET /tratamientos/odontologia-general/ HTTP/1.1" 200 27261 "-" "Mozilla/5.0 (Windows NT 10.0; Win64; x64) AppleWebKit/537.36 (KHTML, like Gecko) Chrome/89.0.4389.116 Safari/537.36"
87.98.225.137 - - [28/Jun/2026:22:58:25 +0200] "POST /wp-cron.php?doing_wp_cron=1782680305.2770740985870361328125 HTTP/1.1" 200 3658 "-" "WordPress/6.7.2; https://clinicadentalargarate.com"
84.247.151.140 - - [28/Jun/2026:22:58:25 +0200] "GET /wp-login.php HTTP/1.1" 200 6743 "-" "Mozilla/5.0 (Windows NT 10.0; Win64; x64) AppleWebKit/537.36 (KHTML, like Gecko) Chrome/120.0.0.0 Safari/537.36"
87.98.225.137 - - [28/Jun/2026:22:58:25 +0200] "POST /wp-cron.php?doing_wp_cron=1782680305.6411700248718261718750 HTTP/1.1" 200 3658 "-" "WordPress/6.7.2; https://clinicadentalargarate.com"
84.247.151.140 - - [28/Jun/2026:22:58:25 +0200] "POST /wp-login.php HTTP/1.1" 200 3499 "https://clinicadentalargarate.com/wp-login.php" "Mozilla/5.0 (Windows NT 10.0; Win64; x64) AppleWebKit/537.36 (KHTML, like Gecko) Chrome/120.0.0.0 Safari/537.36"
87.98.225.137 - - [28/Jun/2026:23:00:43 +0200] "POST /wp-cron.php?doing_wp_cron=1782680443.4706609249114990234375 HTTP/1.1" 200 3658 "-" "WordPress/6.7.2; https://clinicadentalargarate.com"
72.27.10.249 - - [28/Jun/2026:23:00:43 +0200] "GET /blog/depositos-y-retiros-en-711-casino-metodos-y-tiempos/ HTTP/1.1" 500 6601 "-" "Mozilla/5.0 (Macintosh; Intel Mac OS X 10_15_5) AppleWebKit/537.36 (KHTML, like Gecko) Brave Chrome/83.0.4103.97 Safari/537.36"
87.98.225.137 - - [28/Jun/2026:23:01:15 +0200] "POST /wp-cron.php?doing_wp_cron=1782680475.8359389305114746093750 HTTP/1.1" 200 3658 "-" "WordPress/6.7.2; https://clinicadentalargarate.com"
107.175.94.125 - - [28/Jun/2026:23:01:15 +0200] "GET /wp-login.php HTTP/1.1" 200 6743 "-" "Mozilla/5.0 (Windows NT 10.0; Win64; x64) AppleWebKit/537.36 (KHTML, like Gecko) Chrome/120.0.0.0 Safari/537.36"
87.98.225.137 - - [28/Jun/2026:23:01:16 +0200] "POST /wp-cron.php?doing_wp_cron=1782680476.0612709522247314453125 HTTP/1.1" 200 3658 "-" "WordPress/6.7.2; https://clinicadentalargarate.com"
107.175.94.125 - - [28/Jun/2026:23:01:15 +0200] "POST /wp-login.php HTTP/1.1" 200 3527 "https://clinicadentalargarate.com/wp-login.php" "Mozilla/5.0 (Windows NT 10.0; Win64; x64) AppleWebKit/537.36 (KHTML, like Gecko) Chrome/120.0.0.0 Safari/537.36"
185.191.171.10 - - [28/Jun/2026:23:13:07 +0200] "GET /robots.txt HTTP/1.1" 200 3826 "-" "Mozilla/5.0 (compatible; SemrushBot/7~bl; +http://www.semrush.com/bot.html)"
87.98.225.137 - - [28/Jun/2026:23:13:07 +0200] "POST /wp-cron.php?doing_wp_cron=1782681187.8000109195709228515625 HTTP/1.1" 200 3658 "-" "WordPress/6.7.2; https://clinicadentalargarate.com"
85.208.96.196 - - [28/Jun/2026:23:13:07 +0200] "GET /blog/comment-sassurer-que-votre-compte-stakes777-est-bien-securise/ HTTP/1.1" 500 4369 "-" "Mozilla/5.0 (compatible; SemrushBot/7~bl; +http://www.semrush.com/bot.html)"
87.98.225.137 - - [28/Jun/2026:23:13:25 +0200] "POST /wp-cron.php?doing_wp_cron=1782681205.3337609767913818359375 HTTP/1.1" 200 3658 "-" "WordPress/6.7.2; https://clinicadentalargarate.com"
44.217.255.167 - - [28/Jun/2026:23:13:25 +0200] "GET /blog/wat-zijn-de-spannendste-toernooien-bij-unique-casino/ HTTP/1.1" 500 6635 "-" "Mozilla/5.0 AppleWebKit/537.36 (KHTML, like Gecko; compatible; Amazonbot/0.1; +https://developer.amazon.com/support/amazonbot) Chrome/119.0.6045.214 Safari/537.36"
87.98.225.137 - - [28/Jun/2026:23:16:35 +0200] "POST /wp-cron.php?doing_wp_cron=1782681395.7954490184783935546875 HTTP/1.1" 200 3658 "-" "WordPress/6.7.2; https://clinicadentalargarate.com"
40.160.63.222 - - [28/Jun/2026:23:16:35 +0200] "GET /feed/ HTTP/1.1" 200 32829 "-" "Mozilla/5.0 (Windows NT 10.0; Win64; x64) AppleWebKit/537.36 (KHTML, like Gecko) Chrome/133.0.0.0 Safari/537.36, Mozilla/5.0 (Macintosh; Intel Mac OS X 10_15_7) AppleWebKit/537.36 (KHTML, like Gecko) Chrome/133.0.0.0 Safari/537.36"
40.160.63.222 - - [28/Jun/2026:23:16:35 +0200] "GET /feed/atom/ HTTP/1.1" 200 109565 "-" "Mozilla/5.0 (Windows NT 10.0; Win64; x64) AppleWebKit/537.36 (KHTML, like Gecko) Chrome/133.0.0.0 Safari/537.36, Mozilla/5.0 (Windows NT 10.0; Win64; x64) AppleWebKit/537.36 (KHTML, like Gecko) Chrome/133.0.0.0 Safari/537.36"
87.98.225.137 - - [28/Jun/2026:23:16:36 +0200] "POST /wp-cron.php?doing_wp_cron=1782681396.8152580261230468750000 HTTP/1.1" 200 3658 "-" "WordPress/6.7.2; https://clinicadentalargarate.com"
85.215.252.72 - - [28/Jun/2026:23:16:36 +0200] "GET /?author=1&feed=rss2 HTTP/1.1" 301 3776 "-" "Mozilla/5.0 (Windows NT 10.0; Win64; x64) AppleWebKit/537.36 (KHTML, like Gecko) Chrome/133.0.0.0 Safari/537.36, Mozilla/5.0 (Macintosh; Intel Mac OS X 10_15_7) AppleWebKit/537.36 (KHTML, like Gecko) Chrome/133.0.0.0 Safari/537.36"
85.215.252.72 - - [28/Jun/2026:23:16:36 +0200] "GET /feed/ HTTP/1.1" 200 29467 "-" "Mozilla/5.0 (Windows NT 10.0; Win64; x64) AppleWebKit/537.36 (KHTML, like Gecko) Chrome/133.0.0.0 Safari/537.36, Mozilla/5.0 (Macintosh; Intel Mac OS X 10_15_7) AppleWebKit/537.36 (KHTML, like Gecko) Chrome/133.0.0.0 Safari/537.36"
87.98.225.137 - - [28/Jun/2026:23:16:38 +0200] "POST /wp-cron.php?doing_wp_cron=1782681398.9031119346618652343750 HTTP/1.1" 200 3658 "-" "WordPress/6.7.2; https://clinicadentalargarate.com"
173.247.255.22 - - [28/Jun/2026:23:16:38 +0200] "GET /wp-sitemap-users-1.xml HTTP/1.1" 200 3857 "-" "Mozilla/5.0 (Windows NT 10.0; Win64; x64) AppleWebKit/537.36 (KHTML, like Gecko) Chrome/133.0.0.0 Safari/537.36, Mozilla/5.0 (X11; Linux x86_64) AppleWebKit/537.36 (KHTML, like Gecko) Chrome/133.0.0.0 Safari/537.36"
87.98.225.137 - - [28/Jun/2026:23:16:41 +0200] "POST /wp-cron.php?doing_wp_cron=1782681401.2498469352722167968750 HTTP/1.1" 200 3658 "-" "WordPress/6.7.2; https://clinicadentalargarate.com"
185.109.244.91 - - [28/Jun/2026:23:16:41 +0200] "GET /author-sitemap.xml HTTP/1.1" 404 105597 "-" "Mozilla/5.0 (Windows NT 10.0; Win64; x64) AppleWebKit/537.36 (KHTML, like Gecko) Chrome/133.0.0.0 Safari/537.36, Mozilla/5.0 (X11; Linux x86_64) AppleWebKit/537.36 (KHTML, like Gecko) Chrome/133.0.0.0 Safari/537.36"
87.98.225.137 - - [28/Jun/2026:23:16:42 +0200] "POST /wp-cron.php?doing_wp_cron=1782681402.7551651000976562500000 HTTP/1.1" 200 3658 "-" "WordPress/6.7.2; https://clinicadentalargarate.com"
104.244.124.135 - - [28/Jun/2026:23:16:42 +0200] "GET /?author=2&feed=rss2 HTTP/1.1" 301 3776 "-" "Mozilla/5.0 (Windows NT 10.0; Win64; x64) AppleWebKit/537.36 (KHTML, like Gecko) Chrome/133.0.0.0 Safari/537.36, Mozilla/5.0 (Macintosh; Intel Mac OS X 10_15_7) AppleWebKit/537.36 (KHTML, like Gecko) Chrome/133.0.0.0 Safari/537.36"
162.0.226.2 - - [28/Jun/2026:23:16:42 +0200] "GET /rss/ HTTP/1.1" 301 3776 "-" "Mozilla/5.0 (Windows NT 10.0; Win64; x64) AppleWebKit/537.36 (KHTML, like Gecko) Chrome/133.0.0.0 Safari/537.36, Mozilla/5.0 (Macintosh; Intel Mac OS X 10_15_7) AppleWebKit/537.36 (KHTML, like Gecko) Chrome/133.0.0.0 Safari/537.36"
87.98.225.137 - - [28/Jun/2026:23:16:43 +0200] "POST /wp-cron.php?doing_wp_cron=1782681403.7140638828277587890625 HTTP/1.1" 200 3658 "-" "WordPress/6.7.2; https://clinicadentalargarate.com"
164.92.211.134 - - [28/Jun/2026:23:16:43 +0200] "GET /sitemap.xml HTTP/1.1" 301 3687 "-" "Mozilla/5.0 (Windows NT 10.0; Win64; x64) AppleWebKit/537.36 (KHTML, like Gecko) Chrome/133.0.0.0 Safari/537.36, Mozilla/5.0 (Windows NT 10.0; Win64; x64) AppleWebKit/537.36 (KHTML, like Gecko) Chrome/133.0.0.0 Safari/537.36"
104.244.124.135 - - [28/Jun/2026:23:16:43 +0200] "GET /feed/ HTTP/1.1" 200 29467 "-" "Mozilla/5.0 (Windows NT 10.0; Win64; x64) AppleWebKit/537.36 (KHTML, like Gecko) Chrome/133.0.0.0 Safari/537.36, Mozilla/5.0 (Macintosh; Intel Mac OS X 10_15_7) AppleWebKit/537.36 (KHTML, like Gecko) Chrome/133.0.0.0 Safari/537.36"
87.98.225.137 - - [28/Jun/2026:23:16:44 +0200] "POST /wp-cron.php?doing_wp_cron=1782681404.0524959564208984375000 HTTP/1.1" 200 3658 "-" "WordPress/6.7.2; https://clinicadentalargarate.com"
164.92.211.134 - - [28/Jun/2026:23:16:43 +0200] "GET /wp-sitemap.xml HTTP/1.1" 200 512 "-" "Mozilla/5.0 (Windows NT 10.0; Win64; x64) AppleWebKit/537.36 (KHTML, like Gecko) Chrome/133.0.0.0 Safari/537.36, Mozilla/5.0 (Windows NT 10.0; Win64; x64) AppleWebKit/537.36 (KHTML, like Gecko) Chrome/133.0.0.0 Safari/537.36"
87.98.225.137 - - [28/Jun/2026:23:16:44 +0200] "POST /wp-cron.php?doing_wp_cron=1782681404.9554460048675537109375 HTTP/1.1" 200 3658 "-" "WordPress/6.7.2; https://clinicadentalargarate.com"
198.46.83.219 - - [28/Jun/2026:23:16:44 +0200] "GET /wp-sitemap.xml HTTP/1.1" 200 3874 "-" "Mozilla/5.0 (Windows NT 10.0; Win64; x64) AppleWebKit/537.36 (KHTML, like Gecko) Chrome/133.0.0.0 Safari/537.36, Mozilla/5.0 (Windows NT 10.0; Win64; x64) AppleWebKit/537.36 (KHTML, like Gecko) Chrome/133.0.0.0 Safari/537.36"
162.0.226.2 - - [28/Jun/2026:23:16:44 +0200] "GET /feed/ HTTP/1.1" 200 29467 "-" "Mozilla/5.0 (Windows NT 10.0; Win64; x64) AppleWebKit/537.36 (KHTML, like Gecko) Chrome/133.0.0.0 Safari/537.36, Mozilla/5.0 (Macintosh; Intel Mac OS X 10_15_7) AppleWebKit/537.36 (KHTML, like Gecko) Chrome/133.0.0.0 Safari/537.36"
87.98.225.137 - - [28/Jun/2026:23:16:48 +0200] "POST /wp-cron.php?doing_wp_cron=1782681408.4146060943603515625000 HTTP/1.1" 200 3658 "-" "WordPress/6.7.2; https://clinicadentalargarate.com"
103.143.207.18 - - [28/Jun/2026:23:16:48 +0200] "GET /?author=3&feed=rss2 HTTP/1.1" 301 3776 "-" "Mozilla/5.0 (Windows NT 10.0; Win64; x64) AppleWebKit/537.36 (KHTML, like Gecko) Chrome/133.0.0.0 Safari/537.36, Mozilla/5.0 (X11; Linux x86_64) AppleWebKit/537.36 (KHTML, like Gecko) Chrome/133.0.0.0 Safari/537.36"
87.98.225.137 - - [28/Jun/2026:23:16:49 +0200] "POST /wp-cron.php?doing_wp_cron=1782681409.0359809398651123046875 HTTP/1.1" 200 3658 "-" "WordPress/6.7.2; https://clinicadentalargarate.com"
85.215.173.245 - - [28/Jun/2026:23:16:48 +0200] "GET /author-sitemap.xml HTTP/1.1" 404 105597 "-" "Mozilla/5.0 (Windows NT 10.0; Win64; x64) AppleWebKit/537.36 (KHTML, like Gecko) Chrome/133.0.0.0 Safari/537.36, Mozilla/5.0 (X11; Linux x86_64) AppleWebKit/537.36 (KHTML, like Gecko) Chrome/133.0.0.0 Safari/537.36"
87.98.225.137 - - [28/Jun/2026:23:16:49 +0200] "POST /wp-cron.php?doing_wp_cron=1782681409.6954710483551025390625 HTTP/1.1" 200 3658 "-" "WordPress/6.7.2; https://clinicadentalargarate.com"
103.143.207.18 - - [28/Jun/2026:23:16:49 +0200] "GET /feed/ HTTP/1.1" 200 29467 "-" "Mozilla/5.0 (Windows NT 10.0; Win64; x64) AppleWebKit/537.36 (KHTML, like Gecko) Chrome/133.0.0.0 Safari/537.36, Mozilla/5.0 (X11; Linux x86_64) AppleWebKit/537.36 (KHTML, like Gecko) Chrome/133.0.0.0 Safari/537.36"
78.142.18.172 - - [28/Jun/2026:23:16:49 +0200] "GET /sitemap_index.xml HTTP/1.1" 404 105597 "-" "Mozilla/5.0 (Windows NT 10.0; Win64; x64) AppleWebKit/537.36 (KHTML, like Gecko) Chrome/133.0.0.0 Safari/537.36, Mozilla/5.0 (Macintosh; Intel Mac OS X 10_15_7) AppleWebKit/537.36 (KHTML, like Gecko) Chrome/133.0.0.0 Safari/537.36"
87.98.225.137 - - [28/Jun/2026:23:16:51 +0200] "POST /wp-cron.php?doing_wp_cron=1782681411.0482740402221679687500 HTTP/1.1" 200 3658 "-" "WordPress/6.7.2; https://clinicadentalargarate.com"
198.46.83.219 - - [28/Jun/2026:23:16:50 +0200] "GET /wp-sitemap-users-1.xml HTTP/1.1" 200 3857 "-" "Mozilla/5.0 (Windows NT 10.0; Win64; x64) AppleWebKit/537.36 (KHTML, like Gecko) Chrome/133.0.0.0 Safari/537.36, Mozilla/5.0 (Windows NT 10.0; Win64; x64) AppleWebKit/537.36 (KHTML, like Gecko) Chrome/133.0.0.0 Safari/537.36"
87.98.225.137 - - [28/Jun/2026:23:16:52 +0200] "POST /wp-cron.php?doing_wp_cron=1782681412.2970640659332275390625 HTTP/1.1" 200 3658 "-" "WordPress/6.7.2; https://clinicadentalargarate.com"
60.234.77.227 - - [28/Jun/2026:23:16:52 +0200] "GET /wp-json/rankmath/v1/getHead?url=https://clinicadentalargarate.com HTTP/1.1" 404 4088 "-" "Mozilla/5.0 (Windows NT 10.0; Win64; x64) AppleWebKit/537.36 (KHTML, like Gecko) Chrome/133.0.0.0 Safari/537.36, Mozilla/5.0 (X11; Linux x86_64) AppleWebKit/537.36 (KHTML, like Gecko) Chrome/133.0.0.0 Safari/537.36"
85.215.252.72 - - [28/Jun/2026:23:16:52 +0200] "GET / HTTP/1.1" 200 36392 "-" "Mozilla/5.0 (Windows NT 10.0; Win64; x64) AppleWebKit/537.36 (KHTML, like Gecko) Chrome/133.0.0.0 Safari/537.36, Mozilla/5.0 (X11; Linux x86_64) AppleWebKit/537.36 (KHTML, like Gecko) Chrome/133.0.0.0 Safari/537.36"
87.98.225.137 - - [28/Jun/2026:23:16:53 +0200] "POST /wp-cron.php?doing_wp_cron=1782681413.2854690551757812500000 HTTP/1.1" 200 3658 "-" "WordPress/6.7.2; https://clinicadentalargarate.com"
86.48.3.157 - - [28/Jun/2026:23:16:53 +0200] "GET /?author=1 HTTP/1.1" 301 3692 "-" "Mozilla/5.0 (Windows NT 10.0; Win64; x64) AppleWebKit/537.36 (KHTML, like Gecko) Chrome/133.0.0.0 Safari/537.36, Mozilla/5.0 (Macintosh; Intel Mac OS X 10_15_7) AppleWebKit/537.36 (KHTML, like Gecko) Chrome/133.0.0.0 Safari/537.36"
87.98.225.137 - - [28/Jun/2026:23:16:53 +0200] "POST /wp-cron.php?doing_wp_cron=1782681413.6058468818664550781250 HTTP/1.1" 200 3658 "-" "WordPress/6.7.2; https://clinicadentalargarate.com"
86.48.3.157 - - [28/Jun/2026:23:16:53 +0200] "GET /blog/author/ril-es/ HTTP/1.1" 200 24521 "-" "Mozilla/5.0 (Windows NT 10.0; Win64; x64) AppleWebKit/537.36 (KHTML, like Gecko) Chrome/133.0.0.0 Safari/537.36, Mozilla/5.0 (Macintosh; Intel Mac OS X 10_15_7) AppleWebKit/537.36 (KHTML, like Gecko) Chrome/133.0.0.0 Safari/537.36"
87.98.225.137 - - [28/Jun/2026:23:16:58 +0200] "POST /wp-cron.php?doing_wp_cron=1782681418.1558270454406738281250 HTTP/1.1" 200 3658 "-" "WordPress/6.7.2; https://clinicadentalargarate.com"
157.66.26.183 - - [28/Jun/2026:23:16:58 +0200] "GET /?author=2 HTTP/1.1" 301 3691 "-" "Mozilla/5.0 (Windows NT 10.0; Win64; x64) AppleWebKit/537.36 (KHTML, like Gecko) Chrome/133.0.0.0 Safari/537.36, Mozilla/5.0 (Windows NT 10.0; Win64; x64) AppleWebKit/537.36 (KHTML, like Gecko) Chrome/133.0.0.0 Safari/537.36"
87.98.225.137 - - [28/Jun/2026:23:16:58 +0200] "POST /wp-cron.php?doing_wp_cron=1782681418.8692989349365234375000 HTTP/1.1" 200 3658 "-" "WordPress/6.7.2; https://clinicadentalargarate.com"
157.66.26.183 - - [28/Jun/2026:23:16:58 +0200] "GET /blog/author/sofia/ HTTP/1.1" 200 24225 "-" "Mozilla/5.0 (Windows NT 10.0; Win64; x64) AppleWebKit/537.36 (KHTML, like Gecko) Chrome/133.0.0.0 Safari/537.36, Mozilla/5.0 (Windows NT 10.0; Win64; x64) AppleWebKit/537.36 (KHTML, like Gecko) Chrome/133.0.0.0 Safari/537.36"
87.98.225.137 - - [28/Jun/2026:23:17:00 +0200] "POST /wp-cron.php?doing_wp_cron=1782681420.5536379814147949218750 HTTP/1.1" 200 3658 "-" "WordPress/6.7.2; https://clinicadentalargarate.com"
173.237.189.134 - - [28/Jun/2026:23:17:00 +0200] "GET /wp-json/oembed/1.0/embed?url=https%3A%2F%2Fclinicadentalargarate.com&format=json HTTP/1.1" 200 6174 "-" "Mozilla/5.0 (Windows NT 10.0; Win64; x64) AppleWebKit/537.36 (KHTML, like Gecko) Chrome/133.0.0.0 Safari/537.36, Mozilla/5.0 (X11; Linux x86_64) AppleWebKit/537.36 (KHTML, like Gecko) Chrome/133.0.0.0 Safari/537.36"
87.98.225.137 - - [28/Jun/2026:23:17:00 +0200] "POST /wp-cron.php?doing_wp_cron=1782681420.7894420623779296875000 HTTP/1.1" 200 3658 "-" "WordPress/6.7.2; https://clinicadentalargarate.com"
104.244.124.135 - - [28/Jun/2026:23:17:00 +0200] "GET /?author=3 HTTP/1.1" 301 3691 "-" "Mozilla/5.0 (Windows NT 10.0; Win64; x64) AppleWebKit/537.36 (KHTML, like Gecko) Chrome/133.0.0.0 Safari/537.36, Mozilla/5.0 (Macintosh; Intel Mac OS X 10_15_7) AppleWebKit/537.36 (KHTML, like Gecko) Chrome/133.0.0.0 Safari/537.36"
87.98.225.137 - - [28/Jun/2026:23:17:01 +0200] "POST /wp-cron.php?doing_wp_cron=1782681421.2033109664916992187500 HTTP/1.1" 200 3658 "-" "WordPress/6.7.2; https://clinicadentalargarate.com"
104.244.124.135 - - [28/Jun/2026:23:17:01 +0200] "GET /blog/author/marta/ HTTP/1.1" 200 23811 "-" "Mozilla/5.0 (Windows NT 10.0; Win64; x64) AppleWebKit/537.36 (KHTML, like Gecko) Chrome/133.0.0.0 Safari/537.36, Mozilla/5.0 (Macintosh; Intel Mac OS X 10_15_7) AppleWebKit/537.36 (KHTML, like Gecko) Chrome/133.0.0.0 Safari/537.36"
87.98.225.137 - - [28/Jun/2026:23:17:03 +0200] "POST /wp-cron.php?doing_wp_cron=1782681423.7554099559783935546875 HTTP/1.1" 200 3658 "-" "WordPress/6.7.2; https://clinicadentalargarate.com"
188.68.47.21 - - [28/Jun/2026:23:17:03 +0200] "GET /wp-json/wp/v2/posts?per_page=20&_embed=author&_fields=_embedded HTTP/1.1" 200 4090 "-" "Mozilla/5.0 (Windows NT 10.0; Win64; x64) AppleWebKit/537.36 (KHTML, like Gecko) Chrome/133.0.0.0 Safari/537.36, Mozilla/5.0 (Macintosh; Intel Mac OS X 10_15_7) AppleWebKit/537.36 (KHTML, like Gecko) Chrome/133.0.0.0 Safari/537.36"
87.98.225.137 - - [28/Jun/2026:23:17:05 +0200] "POST /wp-cron.php?doing_wp_cron=1782681425.3073279857635498046875 HTTP/1.1" 200 3658 "-" "WordPress/6.7.2; https://clinicadentalargarate.com"
148.251.47.87 - - [28/Jun/2026:23:17:05 +0200] "GET /?author=4 HTTP/1.1" 200 24534 "-" "Mozilla/5.0 (Windows NT 10.0; Win64; x64) AppleWebKit/537.36 (KHTML, like Gecko) Chrome/133.0.0.0 Safari/537.36, Mozilla/5.0 (Macintosh; Intel Mac OS X 10_15_7) AppleWebKit/537.36 (KHTML, like Gecko) Chrome/133.0.0.0 Safari/537.36"
87.98.225.137 - - [28/Jun/2026:23:17:06 +0200] "POST /wp-cron.php?doing_wp_cron=1782681426.0939149856567382812500 HTTP/1.1" 200 3658 "-" "WordPress/6.7.2; https://clinicadentalargarate.com"
162.0.226.2 - - [28/Jun/2026:23:17:06 +0200] "GET /?rest_route=/wp/v2/search&search=a&per_page=20&_embed=author HTTP/1.1" 200 16067 "-" "Mozilla/5.0 (Windows NT 10.0; Win64; x64) AppleWebKit/537.36 (KHTML, like Gecko) Chrome/133.0.0.0 Safari/537.36, Mozilla/5.0 (X11; Linux x86_64) AppleWebKit/537.36 (KHTML, like Gecko) Chrome/133.0.0.0 Safari/537.36"
87.98.225.137 - - [28/Jun/2026:23:17:08 +0200] "POST /wp-cron.php?doing_wp_cron=1782681428.1996719837188720703125 HTTP/1.1" 200 3658 "-" "WordPress/6.7.2; https://clinicadentalargarate.com"
87.192.224.131 - - [28/Jun/2026:23:17:08 +0200] "GET /wp-json/webmention/1.0 HTTP/1.1" 404 4088 "-" "Mozilla/5.0 (Windows NT 10.0; Win64; x64) AppleWebKit/537.36 (KHTML, like Gecko) Chrome/133.0.0.0 Safari/537.36, Mozilla/5.0 (Macintosh; Intel Mac OS X 10_15_7) AppleWebKit/537.36 (KHTML, like Gecko) Chrome/133.0.0.0 Safari/537.36"
87.98.225.137 - - [28/Jun/2026:23:17:09 +0200] "POST /wp-cron.php?doing_wp_cron=1782681429.7137401103973388671875 HTTP/1.1" 200 3658 "-" "WordPress/6.7.2; https://clinicadentalargarate.com"
78.142.18.172 - - [28/Jun/2026:23:17:09 +0200] "GET /?rest_route=/wp/v2/block-renderer/core/latest-posts&postsToShow=5 HTTP/1.1" 400 4149 "-" "Mozilla/5.0 (Windows NT 10.0; Win64; x64) AppleWebKit/537.36 (KHTML, like Gecko) Chrome/133.0.0.0 Safari/537.36, Mozilla/5.0 (Windows NT 10.0; Win64; x64) AppleWebKit/537.36 (KHTML, like Gecko) Chrome/133.0.0.0 Safari/537.36"
87.98.225.137 - - [28/Jun/2026:23:17:14 +0200] "POST /wp-cron.php?doing_wp_cron=1782681434.1027579307556152343750 HTTP/1.1" 200 3658 "-" "WordPress/6.7.2; https://clinicadentalargarate.com"
85.215.252.72 - - [28/Jun/2026:23:17:14 +0200] "GET /?author=5 HTTP/1.1" 200 24524 "-" "Mozilla/5.0 (Windows NT 10.0; Win64; x64) AppleWebKit/537.36 (KHTML, like Gecko) Chrome/133.0.0.0 Safari/537.36, Mozilla/5.0 (X11; Linux x86_64) AppleWebKit/537.36 (KHTML, like Gecko) Chrome/133.0.0.0 Safari/537.36"
87.98.225.137 - - [28/Jun/2026:23:17:15 +0200] "POST /wp-cron.php?doing_wp_cron=1782681435.1213400363922119140625 HTTP/1.1" 200 3658 "-" "WordPress/6.7.2; https://clinicadentalargarate.com"
109.228.59.224 - - [28/Jun/2026:23:17:15 +0200] "GET /wp-json/wp/v2/users?per_page=100&_fields=id,slug,name,link,roles HTTP/1.1" 200 4310 "-" "Mozilla/5.0 (Windows NT 10.0; Win64; x64) AppleWebKit/537.36 (KHTML, like Gecko) Chrome/133.0.0.0 Safari/537.36, Mozilla/5.0 (Windows NT 10.0; Win64; x64) AppleWebKit/537.36 (KHTML, like Gecko) Chrome/133.0.0.0 Safari/537.36"
87.98.225.137 - - [28/Jun/2026:23:17:15 +0200] "POST /wp-cron.php?doing_wp_cron=1782681435.9468629360198974609375 HTTP/1.1" 200 3658 "-" "WordPress/6.7.2; https://clinicadentalargarate.com"
157.66.26.183 - - [28/Jun/2026:23:17:15 +0200] "GET /feed/json/ HTTP/1.1" 404 105597 "-" "Mozilla/5.0 (Windows NT 10.0; Win64; x64) AppleWebKit/537.36 (KHTML, like Gecko) Chrome/133.0.0.0 Safari/537.36, Mozilla/5.0 (Windows NT 10.0; Win64; x64) AppleWebKit/537.36 (KHTML, like Gecko) Chrome/133.0.0.0 Safari/537.36"
87.98.225.137 - - [28/Jun/2026:23:17:18 +0200] "POST /wp-cron.php?doing_wp_cron=1782681438.1159191131591796875000 HTTP/1.1" 200 3658 "-" "WordPress/6.7.2; https://clinicadentalargarate.com"
185.109.244.91 - - [28/Jun/2026:23:17:18 +0200] "GET /?rest_route=/wp/v2/users&_jsonp=callback&per_page=100&_fields=id,slug HTTP/1.1" 200 4087 "-" "Mozilla/5.0 (Windows NT 10.0; Win64; x64) AppleWebKit/537.36 (KHTML, like Gecko) Chrome/133.0.0.0 Safari/537.36, Mozilla/5.0 (X11; Linux x86_64) AppleWebKit/537.36 (KHTML, like Gecko) Chrome/133.0.0.0 Safari/537.36"
87.192.224.131 - - [28/Jun/2026:23:17:22 +0200] "GET /xmlrpc.php HTTP/1.1" 403 3869 "-" "Mozilla/5.0 (Windows NT 10.0; Win64; x64) AppleWebKit/537.36 (KHTML, like Gecko) Chrome/133.0.0.0 Safari/537.36, Mozilla/5.0 (Macintosh; Intel Mac OS X 10_15_7) AppleWebKit/537.36 (KHTML, like Gecko) Chrome/133.0.0.0 Safari/537.36"
87.98.225.137 - - [28/Jun/2026:23:17:23 +0200] "POST /wp-cron.php?doing_wp_cron=1782681443.6471660137176513671875 HTTP/1.1" 200 3658 "-" "WordPress/6.7.2; https://clinicadentalargarate.com"
194.32.155.45 - - [28/Jun/2026:23:17:23 +0200] "GET /?author=4&feed=rss2 HTTP/1.1" 301 3785 "-" "Mozilla/5.0 (Windows NT 10.0; Win64; x64) AppleWebKit/537.36 (KHTML, like Gecko) Chrome/133.0.0.0 Safari/537.36, Mozilla/5.0 (X11; Linux x86_64) AppleWebKit/537.36 (KHTML, like Gecko) Chrome/133.0.0.0 Safari/537.36"
87.98.225.137 - - [28/Jun/2026:23:17:24 +0200] "POST /wp-cron.php?doing_wp_cron=1782681444.1487929821014404296875 HTTP/1.1" 200 3658 "-" "WordPress/6.7.2; https://clinicadentalargarate.com"
185.109.244.91 - - [28/Jun/2026:23:17:24 +0200] "GET /wp-json/wp/v2/users?_jsonp=callback&per_page=100&_fields=id,slug HTTP/1.1" 200 4087 "-" "Mozilla/5.0 (Windows NT 10.0; Win64; x64) AppleWebKit/537.36 (KHTML, like Gecko) Chrome/133.0.0.0 Safari/537.36, Mozilla/5.0 (X11; Linux x86_64) AppleWebKit/537.36 (KHTML, like Gecko) Chrome/133.0.0.0 Safari/537.36"
194.32.155.45 - - [28/Jun/2026:23:17:24 +0200] "GET /feed/?author=4 HTTP/1.1" 200 1130 "-" "Mozilla/5.0 (Windows NT 10.0; Win64; x64) AppleWebKit/537.36 (KHTML, like Gecko) Chrome/133.0.0.0 Safari/537.36, Mozilla/5.0 (X11; Linux x86_64) AppleWebKit/537.36 (KHTML, like Gecko) Chrome/133.0.0.0 Safari/537.36"
87.98.225.137 - - [28/Jun/2026:23:17:26 +0200] "POST /wp-cron.php?doing_wp_cron=1782681446.0734319686889648437500 HTTP/1.1" 200 3658 "-" "WordPress/6.7.2; https://clinicadentalargarate.com"
206.189.36.80 - - [28/Jun/2026:23:17:25 +0200] "POST /graphql HTTP/1.1" 404 105597 "-" "Mozilla/5.0 (Windows NT 10.0; Win64; x64) AppleWebKit/537.36 (KHTML, like Gecko) Chrome/133.0.0.0 Safari/537.36, Mozilla/5.0 (Windows NT 10.0; Win64; x64) AppleWebKit/537.36 (KHTML, like Gecko) Chrome/133.0.0.0 Safari/537.36"
60.234.77.227 - - [28/Jun/2026:23:17:26 +0200] "GET /xmlrpc HTTP/1.1" 404 105597 "-" "Mozilla/5.0 (Windows NT 10.0; Win64; x64) AppleWebKit/537.36 (KHTML, like Gecko) Chrome/133.0.0.0 Safari/537.36, Mozilla/5.0 (Macintosh; Intel Mac OS X 10_15_7) AppleWebKit/537.36 (KHTML, like Gecko) Chrome/133.0.0.0 Safari/537.36"
87.98.225.137 - - [28/Jun/2026:23:17:28 +0200] "POST /wp-cron.php?doing_wp_cron=1782681448.9110040664672851562500 HTTP/1.1" 200 3658 "-" "WordPress/6.7.2; https://clinicadentalargarate.com"
148.251.47.87 - - [28/Jun/2026:23:17:28 +0200] "GET /?author=5&feed=rss2 HTTP/1.1" 301 3785 "-" "Mozilla/5.0 (Windows NT 10.0; Win64; x64) AppleWebKit/537.36 (KHTML, like Gecko) Chrome/133.0.0.0 Safari/537.36, Mozilla/5.0 (Macintosh; Intel Mac OS X 10_15_7) AppleWebKit/537.36 (KHTML, like Gecko) Chrome/133.0.0.0 Safari/537.36"
87.98.225.137 - - [28/Jun/2026:23:17:29 +0200] "POST /wp-cron.php?doing_wp_cron=1782681449.1188490390777587890625 HTTP/1.1" 200 3658 "-" "WordPress/6.7.2; https://clinicadentalargarate.com"
148.251.47.87 - - [28/Jun/2026:23:17:28 +0200] "GET /feed/?author=5 HTTP/1.1" 200 1126 "-" "Mozilla/5.0 (Windows NT 10.0; Win64; x64) AppleWebKit/537.36 (KHTML, like Gecko) Chrome/133.0.0.0 Safari/537.36, Mozilla/5.0 (Macintosh; Intel Mac OS X 10_15_7) AppleWebKit/537.36 (KHTML, like Gecko) Chrome/133.0.0.0 Safari/537.36"
162.255.116.165 - - [28/Jun/2026:23:17:29 +0200] "POST /api/graphql HTTP/1.1" 404 105597 "-" "Mozilla/5.0 (Windows NT 10.0; Win64; x64) AppleWebKit/537.36 (KHTML, like Gecko) Chrome/133.0.0.0 Safari/537.36, Mozilla/5.0 (Windows NT 10.0; Win64; x64) AppleWebKit/537.36 (KHTML, like Gecko) Chrome/133.0.0.0 Safari/537.36"
87.98.225.137 - - [28/Jun/2026:23:17:30 +0200] "POST /wp-cron.php?doing_wp_cron=1782681450.8011810779571533203125 HTTP/1.1" 200 3658 "-" "WordPress/6.7.2; https://clinicadentalargarate.com"
85.215.173.245 - - [28/Jun/2026:23:17:30 +0200] "GET /wp-json/wp/v2/users/1?_fields=id,slug,roles HTTP/1.1" 200 3968 "-" "Mozilla/5.0 (Windows NT 10.0; Win64; x64) AppleWebKit/537.36 (KHTML, like Gecko) Chrome/133.0.0.0 Safari/537.36, Mozilla/5.0 (X11; Linux x86_64) AppleWebKit/537.36 (KHTML, like Gecko) Chrome/133.0.0.0 Safari/537.36"
87.98.225.137 - - [28/Jun/2026:23:17:31 +0200] "POST /wp-cron.php?doing_wp_cron=1782681451.5178909301757812500000 HTTP/1.1" 200 3658 "-" "WordPress/6.7.2; https://clinicadentalargarate.com"
85.215.252.72 - - [28/Jun/2026:23:17:31 +0200] "GET /wp/xmlrpc.php HTTP/1.1" 404 105597 "-" "Mozilla/5.0 (Windows NT 10.0; Win64; x64) AppleWebKit/537.36 (KHTML, like Gecko) Chrome/133.0.0.0 Safari/537.36, Mozilla/5.0 (Macintosh; Intel Mac OS X 10_15_7) AppleWebKit/537.36 (KHTML, like Gecko) Chrome/133.0.0.0 Safari/537.36"
131.72.236.123 - - [28/Jun/2026:23:17:31 +0200] "POST /graphql HTTP/1.1" 404 105597 "-" "Mozilla/5.0 (Windows NT 10.0; Win64; x64) AppleWebKit/537.36 (KHTML, like Gecko) Chrome/133.0.0.0 Safari/537.36, Mozilla/5.0 (X11; Linux x86_64) AppleWebKit/537.36 (KHTML, like Gecko) Chrome/133.0.0.0 Safari/537.36"
87.98.225.137 - - [28/Jun/2026:23:17:33 +0200] "POST /wp-cron.php?doing_wp_cron=1782681453.5478520393371582031250 HTTP/1.1" 200 3658 "-" "WordPress/6.7.2; https://clinicadentalargarate.com"
162.55.96.252 - - [28/Jun/2026:23:17:33 +0200] "GET /blog/xmlrpc.php HTTP/1.1" 404 105597 "-" "Mozilla/5.0 (Windows NT 10.0; Win64; x64) AppleWebKit/537.36 (KHTML, like Gecko) Chrome/133.0.0.0 Safari/537.36, Mozilla/5.0 (Macintosh; Intel Mac OS X 10_15_7) AppleWebKit/537.36 (KHTML, like Gecko) Chrome/133.0.0.0 Safari/537.36"
87.98.225.137 - - [28/Jun/2026:23:17:37 +0200] "POST /wp-cron.php?doing_wp_cron=1782681457.3216209411621093750000 HTTP/1.1" 200 3658 "-" "WordPress/6.7.2; https://clinicadentalargarate.com"
148.251.47.87 - - [28/Jun/2026:23:17:37 +0200] "GET /wordpress/xmlrpc.php HTTP/1.1" 404 105597 "-" "Mozilla/5.0 (Windows NT 10.0; Win64; x64) AppleWebKit/537.36 (KHTML, like Gecko) Chrome/133.0.0.0 Safari/537.36, Mozilla/5.0 (Windows NT 10.0; Win64; x64) AppleWebKit/537.36 (KHTML, like Gecko) Chrome/133.0.0.0 Safari/537.36"
104.244.124.135 - - [28/Jun/2026:23:17:37 +0200] "POST /api/graphql HTTP/1.1" 404 105597 "-" "Mozilla/5.0 (Windows NT 10.0; Win64; x64) AppleWebKit/537.36 (KHTML, like Gecko) Chrome/133.0.0.0 Safari/537.36, Mozilla/5.0 (Macintosh; Intel Mac OS X 10_15_7) AppleWebKit/537.36 (KHTML, like Gecko) Chrome/133.0.0.0 Safari/537.36"
87.98.225.137 - - [28/Jun/2026:23:17:41 +0200] "POST /wp-cron.php?doing_wp_cron=1782681461.9758880138397216796875 HTTP/1.1" 200 3658 "-" "WordPress/6.7.2; https://clinicadentalargarate.com"
164.90.178.220 - - [28/Jun/2026:23:17:41 +0200] "GET /wp-json/wp/v2/users?slug=admin&_fields=id,slug HTTP/1.1" 200 3980 "-" "Mozilla/5.0 (Windows NT 10.0; Win64; x64) AppleWebKit/537.36 (KHTML, like Gecko) Chrome/133.0.0.0 Safari/537.36, Mozilla/5.0 (Windows NT 10.0; Win64; x64) AppleWebKit/537.36 (KHTML, like Gecko) Chrome/133.0.0.0 Safari/537.36"
87.98.225.137 - - [28/Jun/2026:23:17:42 +0200] "POST /wp-cron.php?doing_wp_cron=1782681462.5907359123229980468750 HTTP/1.1" 200 3658 "-" "WordPress/6.7.2; https://clinicadentalargarate.com"
213.128.70.19 - - [28/Jun/2026:23:17:42 +0200] "GET /wp-json/wp/v2/users?exclude=999999&per_page=100&_fields=id,slug HTTP/1.1" 200 4053 "-" "Mozilla/5.0 (Windows NT 10.0; Win64; x64) AppleWebKit/537.36 (KHTML, like Gecko) Chrome/133.0.0.0 Safari/537.36, Mozilla/5.0 (Windows NT 10.0; Win64; x64) AppleWebKit/537.36 (KHTML, like Gecko) Chrome/133.0.0.0 Safari/537.36"
87.98.225.137 - - [28/Jun/2026:23:17:43 +0200] "POST /wp-cron.php?doing_wp_cron=1782681463.5291030406951904296875 HTTP/1.1" 200 3658 "-" "WordPress/6.7.2; https://clinicadentalargarate.com"
60.234.77.227 - - [28/Jun/2026:23:17:43 +0200] "GET /wp-json/wp/v2/users?roles=administrator&per_page=100&_fields=slug HTTP/1.1" 401 4072 "-" "Mozilla/5.0 (Windows NT 10.0; Win64; x64) AppleWebKit/537.36 (KHTML, like Gecko) Chrome/133.0.0.0 Safari/537.36, Mozilla/5.0 (X11; Linux x86_64) AppleWebKit/537.36 (KHTML, like Gecko) Chrome/133.0.0.0 Safari/537.36"
87.98.225.137 - - [28/Jun/2026:23:17:43 +0200] "POST /wp-cron.php?doing_wp_cron=1782681463.8262128829956054687500 HTTP/1.1" 200 3658 "-" "WordPress/6.7.2; https://clinicadentalargarate.com"
104.244.124.135 - - [28/Jun/2026:23:17:43 +0200] "GET /wp-json/wp/v2/users/2?_fields=id,slug,roles HTTP/1.1" 200 3967 "-" "Mozilla/5.0 (Windows NT 10.0; Win64; x64) AppleWebKit/537.36 (KHTML, like Gecko) Chrome/133.0.0.0 Safari/537.36, Mozilla/5.0 (Windows NT 10.0; Win64; x64) AppleWebKit/537.36 (KHTML, like Gecko) Chrome/133.0.0.0 Safari/537.36"
87.98.225.137 - - [28/Jun/2026:23:17:44 +0200] "POST /wp-cron.php?doing_wp_cron=1782681464.3266088962554931640625 HTTP/1.1" 200 3658 "-" "WordPress/6.7.2; https://clinicadentalargarate.com"
104.244.124.135 - - [28/Jun/2026:23:17:44 +0200] "GET /wp-json/wp/v2/users?offset=0&per_page=100&_fields=id,slug HTTP/1.1" 200 4053 "-" "Mozilla/5.0 (Windows NT 10.0; Win64; x64) AppleWebKit/537.36 (KHTML, like Gecko) Chrome/133.0.0.0 Safari/537.36, Mozilla/5.0 (X11; Linux x86_64) AppleWebKit/537.36 (KHTML, like Gecko) Chrome/133.0.0.0 Safari/537.36"
87.98.225.137 - - [28/Jun/2026:23:17:46 +0200] "POST /wp-cron.php?doing_wp_cron=1782681466.6966180801391601562500 HTTP/1.1" 200 3658 "-" "WordPress/6.7.2; https://clinicadentalargarate.com"
185.109.244.91 - - [28/Jun/2026:23:17:46 +0200] "GET /wp-json/wp/v2/users?per_page=100&_fields=id,slug HTTP/1.1" 200 4053 "-" "Mozilla/5.0 (Windows NT 10.0; Win64; x64) AppleWebKit/537.36 (KHTML, like Gecko) Chrome/133.0.0.0 Safari/537.36, Mozilla/5.0 (X11; Linux x86_64) AppleWebKit/537.36 (KHTML, like Gecko) Chrome/133.0.0.0 Safari/537.36"
87.98.225.137 - - [28/Jun/2026:23:17:46 +0200] "POST /wp-cron.php?doing_wp_cron=1782681466.9466130733489990234375 HTTP/1.1" 200 3658 "-" "WordPress/6.7.2; https://clinicadentalargarate.com"
104.244.124.135 - - [28/Jun/2026:23:17:46 +0200] "GET /wp-json/wp/v2/users?has_published_posts=true&per_page=100&_fields=slug HTTP/1.1" 200 4032 "-" "Mozilla/5.0 (Windows NT 10.0; Win64; x64) AppleWebKit/537.36 (KHTML, like Gecko) Chrome/133.0.0.0 Safari/537.36, Mozilla/5.0 (Macintosh; Intel Mac OS X 10_15_7) AppleWebKit/537.36 (KHTML, like Gecko) Chrome/133.0.0.0 Safari/537.36"
87.98.225.137 - - [28/Jun/2026:23:17:47 +0200] "POST /wp-cron.php?doing_wp_cron=1782681467.3253920078277587890625 HTTP/1.1" 200 3658 "-" "WordPress/6.7.2; https://clinicadentalargarate.com"
148.251.47.87 - - [28/Jun/2026:23:17:47 +0200] "GET /?rest_route=/wp/v2/users/3&_fields=id,slug HTTP/1.1" 200 3967 "-" "Mozilla/5.0 (Windows NT 10.0; Win64; x64) AppleWebKit/537.36 (KHTML, like Gecko) Chrome/133.0.0.0 Safari/537.36, Mozilla/5.0 (Windows NT 10.0; Win64; x64) AppleWebKit/537.36 (KHTML, like Gecko) Chrome/133.0.0.0 Safari/537.36"
87.98.225.137 - - [28/Jun/2026:23:17:48 +0200] "POST /wp-cron.php?doing_wp_cron=1782681468.2831740379333496093750 HTTP/1.1" 200 3658 "-" "WordPress/6.7.2; https://clinicadentalargarate.com"
104.244.124.135 - - [28/Jun/2026:23:17:48 +0200] "GET /wp-json/elementor/v1/globals HTTP/1.1" 404 4088 "-" "Mozilla/5.0 (Windows NT 10.0; Win64; x64) AppleWebKit/537.36 (KHTML, like Gecko) Chrome/133.0.0.0 Safari/537.36, Mozilla/5.0 (Windows NT 10.0; Win64; x64) AppleWebKit/537.36 (KHTML, like Gecko) Chrome/133.0.0.0 Safari/537.36"
87.98.225.137 - - [28/Jun/2026:23:17:49 +0200] "POST /wp-cron.php?doing_wp_cron=1782681469.6861679553985595703125 HTTP/1.1" 200 3658 "-" "WordPress/6.7.2; https://clinicadentalargarate.com"
185.109.244.91 - - [28/Jun/2026:23:17:49 +0200] "GET /wp-json/wp/v2/users?context=edit&per_page=100&_fields=slug HTTP/1.1" 401 4061 "-" "Mozilla/5.0 (Windows NT 10.0; Win64; x64) AppleWebKit/537.36 (KHTML, like Gecko) Chrome/133.0.0.0 Safari/537.36, Mozilla/5.0 (X11; Linux x86_64) AppleWebKit/537.36 (KHTML, like Gecko) Chrome/133.0.0.0 Safari/537.36"
87.98.225.137 - - [28/Jun/2026:23:17:52 +0200] "POST /wp-cron.php?doing_wp_cron=1782681472.7419428825378417968750 HTTP/1.1" 200 3658 "-" "WordPress/6.7.2; https://clinicadentalargarate.com"
97.74.88.143 - - [28/Jun/2026:23:17:52 +0200] "GET /wp-json/wp/v2/users/4?_fields=id,slug,roles HTTP/1.1" 401 4060 "-" "Mozilla/5.0 (Windows NT 10.0; Win64; x64) AppleWebKit/537.36 (KHTML, like Gecko) Chrome/133.0.0.0 Safari/537.36, Mozilla/5.0 (X11; Linux x86_64) AppleWebKit/537.36 (KHTML, like Gecko) Chrome/133.0.0.0 Safari/537.36"
87.98.225.137 - - [28/Jun/2026:23:17:53 +0200] "POST /wp-cron.php?doing_wp_cron=1782681473.8231329917907714843750 HTTP/1.1" 200 3658 "-" "WordPress/6.7.2; https://clinicadentalargarate.com"
109.123.237.36 - - [28/Jun/2026:23:17:53 +0200] "GET /wp-json/um/v1/users?per_page=100&_fields=user_login,display_name HTTP/1.1" 404 4088 "-" "Mozilla/5.0 (Windows NT 10.0; Win64; x64) AppleWebKit/537.36 (KHTML, like Gecko) Chrome/133.0.0.0 Safari/537.36, Mozilla/5.0 (Macintosh; Intel Mac OS X 10_15_7) AppleWebKit/537.36 (KHTML, like Gecko) Chrome/133.0.0.0 Safari/537.36"
87.98.225.137 - - [28/Jun/2026:23:17:58 +0200] "POST /wp-cron.php?doing_wp_cron=1782681478.2900140285491943359375 HTTP/1.1" 200 3658 "-" "WordPress/6.7.2; https://clinicadentalargarate.com"
109.228.59.224 - - [28/Jun/2026:23:17:58 +0200] "GET /?rest_route=/wp/v2/users/4&_fields=id,slug HTTP/1.1" 401 4060 "-" "Mozilla/5.0 (Windows NT 10.0; Win64; x64) AppleWebKit/537.36 (KHTML, like Gecko) Chrome/133.0.0.0 Safari/537.36, Mozilla/5.0 (Macintosh; Intel Mac OS X 10_15_7) AppleWebKit/537.36 (KHTML, like Gecko) Chrome/133.0.0.0 Safari/537.36"
87.98.225.137 - - [28/Jun/2026:23:18:01 +0200] "POST /wp-cron.php?doing_wp_cron=1782681481.9024269580841064453125 HTTP/1.1" 200 3658 "-" "WordPress/6.7.2; https://clinicadentalargarate.com"
198.46.83.219 - - [28/Jun/2026:23:18:01 +0200] "GET /wp-json/ultimate-member/v1/users?per_page=100&_fields=user_login,display_name HTTP/1.1" 404 4088 "-" "Mozilla/5.0 (Windows NT 10.0; Win64; x64) AppleWebKit/537.36 (KHTML, like Gecko) Chrome/133.0.0.0 Safari/537.36, Mozilla/5.0 (Windows NT 10.0; Win64; x64) AppleWebKit/537.36 (KHTML, like Gecko) Chrome/133.0.0.0 Safari/537.36"
87.98.225.137 - - [28/Jun/2026:23:18:30 +0200] "POST /wp-cron.php?doing_wp_cron=1782681510.1833429336547851562500 HTTP/1.1" 200 3658 "-" "WordPress/6.7.2; https://clinicadentalargarate.com"
188.68.47.21 - - [28/Jun/2026:23:18:30 +0200] "GET /wp-json/wp/v2/users/5?_fields=id,slug,roles HTTP/1.1" 401 4060 "-" "Mozilla/5.0 (Windows NT 10.0; Win64; x64) AppleWebKit/537.36 (KHTML, like Gecko) Chrome/133.0.0.0 Safari/537.36, Mozilla/5.0 (Macintosh; Intel Mac OS X 10_15_7) AppleWebKit/537.36 (KHTML, like Gecko) Chrome/133.0.0.0 Safari/537.36"
87.98.225.137 - - [28/Jun/2026:23:18:31 +0200] "POST /wp-cron.php?doing_wp_cron=1782681511.1117849349975585937500 HTTP/1.1" 200 3658 "-" "WordPress/6.7.2; https://clinicadentalargarate.com"
198.46.83.219 - - [28/Jun/2026:23:18:31 +0200] "GET /?rest_route=/wp/v2/users/5&_fields=id,slug HTTP/1.1" 401 4060 "-" "Mozilla/5.0 (Windows NT 10.0; Win64; x64) AppleWebKit/537.36 (KHTML, like Gecko) Chrome/133.0.0.0 Safari/537.36, Mozilla/5.0 (Windows NT 10.0; Win64; x64) AppleWebKit/537.36 (KHTML, like Gecko) Chrome/133.0.0.0 Safari/537.36"
87.98.225.137 - - [28/Jun/2026:23:18:37 +0200] "POST /wp-cron.php?doing_wp_cron=1782681517.6291930675506591796875 HTTP/1.1" 200 3658 "-" "WordPress/6.7.2; https://clinicadentalargarate.com"
20.153.140.50 - - [28/Jun/2026:23:18:37 +0200] "GET /?rest_route=/wp/v2/users/6&_fields=id,slug HTTP/1.1" 404 4034 "-" "Mozilla/5.0 (Windows NT 10.0; Win64; x64) AppleWebKit/537.36 (KHTML, like Gecko) Chrome/133.0.0.0 Safari/537.36, Mozilla/5.0 (Windows NT 10.0; Win64; x64) AppleWebKit/537.36 (KHTML, like Gecko) Chrome/133.0.0.0 Safari/537.36"
87.98.225.137 - - [28/Jun/2026:23:18:42 +0200] "POST /wp-cron.php?doing_wp_cron=1782681522.1872589588165283203125 HTTP/1.1" 200 3658 "-" "WordPress/6.7.2; https://clinicadentalargarate.com"
148.251.47.87 - - [28/Jun/2026:23:18:42 +0200] "GET /wp-json/wp/v2/users/7?_fields=id,slug,roles HTTP/1.1" 404 4034 "-" "Mozilla/5.0 (Windows NT 10.0; Win64; x64) AppleWebKit/537.36 (KHTML, like Gecko) Chrome/133.0.0.0 Safari/537.36, Mozilla/5.0 (X11; Linux x86_64) AppleWebKit/537.36 (KHTML, like Gecko) Chrome/133.0.0.0 Safari/537.36"
87.98.225.137 - - [28/Jun/2026:23:18:47 +0200] "POST /wp-cron.php?doing_wp_cron=1782681527.6901659965515136718750 HTTP/1.1" 200 3658 "-" "WordPress/6.7.2; https://clinicadentalargarate.com"
109.228.59.224 - - [28/Jun/2026:23:18:47 +0200] "GET /?rest_route=/wp/v2/users/7&_fields=id,slug HTTP/1.1" 404 4034 "-" "Mozilla/5.0 (Windows NT 10.0; Win64; x64) AppleWebKit/537.36 (KHTML, like Gecko) Chrome/133.0.0.0 Safari/537.36, Mozilla/5.0 (Windows NT 10.0; Win64; x64) AppleWebKit/537.36 (KHTML, like Gecko) Chrome/133.0.0.0 Safari/537.36"
87.98.225.137 - - [28/Jun/2026:23:18:51 +0200] "POST /wp-cron.php?doing_wp_cron=1782681531.7170770168304443359375 HTTP/1.1" 200 3658 "-" "WordPress/6.7.2; https://clinicadentalargarate.com"
148.251.47.87 - - [28/Jun/2026:23:18:51 +0200] "GET /wp-json/wp/v2/users/8?_fields=id,slug,roles HTTP/1.1" 404 4034 "-" "Mozilla/5.0 (Windows NT 10.0; Win64; x64) AppleWebKit/537.36 (KHTML, like Gecko) Chrome/133.0.0.0 Safari/537.36, Mozilla/5.0 (Windows NT 10.0; Win64; x64) AppleWebKit/537.36 (KHTML, like Gecko) Chrome/133.0.0.0 Safari/537.36"
87.98.225.137 - - [28/Jun/2026:23:19:04 +0200] "POST /wp-cron.php?doing_wp_cron=1782681544.5278921127319335937500 HTTP/1.1" 200 3658 "-" "WordPress/6.7.2; https://clinicadentalargarate.com"
20.153.140.50 - - [28/Jun/2026:23:19:04 +0200] "GET /?rest_route=/wp/v2/users/8&_fields=id,slug HTTP/1.1" 404 4034 "-" "Mozilla/5.0 (Windows NT 10.0; Win64; x64) AppleWebKit/537.36 (KHTML, like Gecko) Chrome/133.0.0.0 Safari/537.36, Mozilla/5.0 (Windows NT 10.0; Win64; x64) AppleWebKit/537.36 (KHTML, like Gecko) Chrome/133.0.0.0 Safari/537.36"
87.98.225.137 - - [28/Jun/2026:23:19:13 +0200] "POST /wp-cron.php?doing_wp_cron=1782681553.3859848976135253906250 HTTP/1.1" 200 3658 "-" "WordPress/6.7.2; https://clinicadentalargarate.com"
20.104.19.65 - - [28/Jun/2026:23:19:13 +0200] "GET /inputs.php HTTP/1.1" 301 3777 "-" "Mozilla/5.0 (Windows NT 10.0; Win64; x64) AppleWebKit/537.36 (KHTML, like Gecko) Chrome/120.0.0.0 Safari/537.36"
87.98.225.137 - - [28/Jun/2026:23:19:13 +0200] "POST /wp-cron.php?doing_wp_cron=1782681553.6322679519653320312500 HTTP/1.1" 200 3658 "-" "WordPress/6.7.2; https://clinicadentalargarate.com"
20.104.19.65 - - [28/Jun/2026:23:19:13 +0200] "GET /ioxi-o.php HTTP/1.1" 301 414 "-" "Mozilla/5.0 (Windows NT 10.0; Win64; x64) AppleWebKit/537.36 (KHTML, like Gecko) Chrome/120.0.0.0 Safari/537.36"
87.98.225.137 - - [28/Jun/2026:23:19:13 +0200] "POST /wp-cron.php?doing_wp_cron=1782681553.8602929115295410156250 HTTP/1.1" 200 3658 "-" "WordPress/6.7.2; https://clinicadentalargarate.com"
20.104.19.65 - - [28/Jun/2026:23:19:13 +0200] "GET /function/function.php HTTP/1.1" 301 425 "-" "Mozilla/5.0 (Windows NT 10.0; Win64; x64) AppleWebKit/537.36 (KHTML, like Gecko) Chrome/120.0.0.0 Safari/537.36"
20.104.19.65 - - [28/Jun/2026:23:19:13 +0200] "GET /rip.php HTTP/1.1" 301 411 "-" "Mozilla/5.0 (Windows NT 10.0; Win64; x64) AppleWebKit/537.36 (KHTML, like Gecko) Chrome/120.0.0.0 Safari/537.36"
87.98.225.137 - - [28/Jun/2026:23:19:14 +0200] "POST /wp-cron.php?doing_wp_cron=1782681554.2455470561981201171875 HTTP/1.1" 200 3658 "-" "WordPress/6.7.2; https://clinicadentalargarate.com"
20.104.19.65 - - [28/Jun/2026:23:19:14 +0200] "GET /admin.php HTTP/1.1" 301 413 "-" "Mozilla/5.0 (Windows NT 10.0; Win64; x64) AppleWebKit/537.36 (KHTML, like Gecko) Chrome/120.0.0.0 Safari/537.36"
20.104.19.65 - - [28/Jun/2026:23:19:14 +0200] "GET /wp-content/uploads/index.php HTTP/1.1" 301 423 "-" "Mozilla/5.0 (Windows NT 10.0; Win64; x64) AppleWebKit/537.36 (KHTML, like Gecko) Chrome/120.0.0.0 Safari/537.36"
87.98.225.137 - - [28/Jun/2026:23:19:14 +0200] "POST /wp-cron.php?doing_wp_cron=1782681554.6332950592041015625000 HTTP/1.1" 200 3658 "-" "WordPress/6.7.2; https://clinicadentalargarate.com"
20.104.19.65 - - [28/Jun/2026:23:19:14 +0200] "GET /cache.php HTTP/1.1" 301 413 "-" "Mozilla/5.0 (Windows NT 10.0; Win64; x64) AppleWebKit/537.36 (KHTML, like Gecko) Chrome/120.0.0.0 Safari/537.36"
87.98.225.137 - - [28/Jun/2026:23:19:14 +0200] "POST /wp-cron.php?doing_wp_cron=1782681554.8505690097808837890625 HTTP/1.1" 200 3658 "-" "WordPress/6.7.2; https://clinicadentalargarate.com"
20.104.19.65 - - [28/Jun/2026:23:19:14 +0200] "GET /themes.php HTTP/1.1" 301 414 "-" "Mozilla/5.0 (Windows NT 10.0; Win64; x64) AppleWebKit/537.36 (KHTML, like Gecko) Chrome/120.0.0.0 Safari/537.36"
20.104.19.65 - - [28/Jun/2026:23:19:14 +0200] "GET /an.php HTTP/1.1" 301 410 "-" "Mozilla/5.0 (Windows NT 10.0; Win64; x64) AppleWebKit/537.36 (KHTML, like Gecko) Chrome/120.0.0.0 Safari/537.36"
87.98.225.137 - - [28/Jun/2026:23:19:15 +0200] "POST /wp-cron.php?doing_wp_cron=1782681555.2365300655364990234375 HTTP/1.1" 200 3658 "-" "WordPress/6.7.2; https://clinicadentalargarate.com"
