47.128.45.86 - - [28/Jun/2026:17:36:20 +0200] "GET /wp-content/themes/thefox/includes/zilla-likes/styles/zilla-likes.css HTTP/1.1" 200 526 "https://clinicadentalargarate.com/blog/" "Mozilla/5.0 (Linux; Android 5.0) AppleWebKit/537.36 (KHTML, like Gecko) Mobile Safari/537.36 (compatible; Bytespider; spider-feedback@bytedance.com)"
47.128.45.86 - - [28/Jun/2026:17:36:20 +0200] "GET /wp-content/uploads/2017/12/logo-clinica-dental-argarate.jpg HTTP/1.1" 206 1200 "https://clinicadentalargarate.com/blog/" "Mozilla/5.0 (Linux; Android 5.0) AppleWebKit/537.36 (KHTML, like Gecko) Mobile Safari/537.36 (compatible; Bytespider; spider-feedback@bytedance.com)"
47.128.45.86 - - [28/Jun/2026:17:36:21 +0200] "GET /wp-content/uploads/2017/12/argarate-logo-footer.png HTTP/1.1" 206 853 "https://clinicadentalargarate.com/blog/" "Mozilla/5.0 (Linux; Android 5.0) AppleWebKit/537.36 (KHTML, like Gecko) Mobile Safari/537.36 (compatible; Bytespider; spider-feedback@bytedance.com)"
47.128.45.86 - - [28/Jun/2026:17:36:21 +0200] "GET /wp-content/uploads/2017/12/fondo-lineas.jpg HTTP/1.1" 206 698 "https://clinicadentalargarate.com/blog/" "Mozilla/5.0 (Linux; Android 5.0) AppleWebKit/537.36 (KHTML, like Gecko) Mobile Safari/537.36 (compatible; Bytespider; spider-feedback@bytedance.com)"
162.0.217.83 - - [28/Jun/2026:17:40:23 +0200] "GET /wp-login.php HTTP/1.1" 200 6743 "-" "Mozilla/5.0 (Windows NT 10.0; Win64; x64) AppleWebKit/537.36 (KHTML, like Gecko) Chrome/120.0.0.0 Safari/537.36"
162.0.217.83 - - [28/Jun/2026:17:40:24 +0200] "POST /wp-login.php HTTP/1.1" 200 3502 "https://clinicadentalargarate.com/wp-login.php" "Mozilla/5.0 (Windows NT 10.0; Win64; x64) AppleWebKit/537.36 (KHTML, like Gecko) Chrome/120.0.0.0 Safari/537.36"
87.98.225.137 - - [28/Jun/2026:18:09:32 +0200] "POST /wp-cron.php?doing_wp_cron=1782662972.8599989414215087890625 HTTP/1.1" 200 3658 "-" "WordPress/6.7.2; https://clinicadentalargarate.com"
194.164.107.4 - - [28/Jun/2026:18:09:32 +0200] "GET / HTTP/1.1" 301 3614 "-" "Mozilla/5.0 (Windows NT 10.0; Win64; x64) AppleWebKit/537.36 (KHTML, like Gecko) Chrome/133.0.0.0 Safari/537.36"
87.98.225.137 - - [28/Jun/2026:18:09:34 +0200] "POST /wp-cron.php?doing_wp_cron=1782662974.6069989204406738281250 HTTP/1.1" 200 3658 "-" "WordPress/6.7.2; https://clinicadentalargarate.com"
194.164.107.4 - - [28/Jun/2026:18:09:34 +0200] "GET / HTTP/1.1" 200 36336 "https://mta-sts.mail.clinicadentalargarate.com/" "Mozilla/5.0 (Windows NT 10.0; Win64; x64) AppleWebKit/537.36 (KHTML, like Gecko) Chrome/133.0.0.0 Safari/537.36"
87.98.225.137 - - [28/Jun/2026:18:15:27 +0200] "POST /wp-cron.php?doing_wp_cron=1782663327.0147459506988525390625 HTTP/1.1" 200 3658 "-" "WordPress/6.7.2; https://clinicadentalargarate.com"
115.78.9.138 - - [28/Jun/2026:18:15:26 +0200] "GET /wp-login.php HTTP/1.1" 200 6743 "-" "Mozilla/5.0 (Windows NT 10.0; Win64; x64) AppleWebKit/537.36 (KHTML, like Gecko) Chrome/120.0.0.0 Safari/537.36"
87.98.225.137 - - [28/Jun/2026:18:15:27 +0200] "POST /wp-cron.php?doing_wp_cron=1782663327.3267779350280761718750 HTTP/1.1" 200 3658 "-" "WordPress/6.7.2; https://clinicadentalargarate.com"
115.78.9.138 - - [28/Jun/2026:18:15:27 +0200] "POST /wp-login.php HTTP/1.1" 200 3499 "https://clinicadentalargarate.com/wp-login.php" "Mozilla/5.0 (Windows NT 10.0; Win64; x64) AppleWebKit/537.36 (KHTML, like Gecko) Chrome/120.0.0.0 Safari/537.36"
87.98.225.137 - - [28/Jun/2026:18:18:16 +0200] "POST /wp-cron.php?doing_wp_cron=1782663496.7603189945220947265625 HTTP/1.1" 200 281 "-" "WordPress/6.7.2; https://clinicadentalargarate.com"
43.155.140.157 - - [28/Jun/2026:18:18:16 +0200] "GET / HTTP/1.1" 301 275 "-" "Mozilla/5.0 (iPhone; CPU iPhone OS 13_2_3 like Mac OS X) AppleWebKit/605.1.15 (KHTML, like Gecko) Version/13.0.3 Mobile/15E148 Safari/604.1"
87.98.225.137 - - [28/Jun/2026:18:18:19 +0200] "POST /wp-cron.php?doing_wp_cron=1782663499.2519180774688720703125 HTTP/1.1" 200 3658 "-" "WordPress/6.7.2; https://clinicadentalargarate.com"
43.155.140.157 - - [28/Jun/2026:18:18:19 +0200] "GET / HTTP/1.1" 200 36342 "http://www.clinicadentalargarate.com" "Mozilla/5.0 (iPhone; CPU iPhone OS 13_2_3 like Mac OS X) AppleWebKit/605.1.15 (KHTML, like Gecko) Version/13.0.3 Mobile/15E148 Safari/604.1"
85.208.96.196 - - [28/Jun/2026:18:24:07 +0200] "GET /robots.txt HTTP/1.1" 200 3826 "-" "Mozilla/5.0 (compatible; SemrushBot/7~bl; +http://www.semrush.com/bot.html)"
87.98.225.137 - - [28/Jun/2026:18:24:08 +0200] "POST /wp-cron.php?doing_wp_cron=1782663848.0483028888702392578125 HTTP/1.1" 200 3658 "-" "WordPress/6.7.2; https://clinicadentalargarate.com"
85.208.96.193 - - [28/Jun/2026:18:24:07 +0200] "GET /blog/hoe-kaasino-casino-klanttevredenheid-garandeert/ HTTP/1.1" 500 4369 "-" "Mozilla/5.0 (compatible; SemrushBot/7~bl; +http://www.semrush.com/bot.html)"
87.98.225.137 - - [28/Jun/2026:18:27:52 +0200] "POST /wp-cron.php?doing_wp_cron=1782664072.8877260684967041015625 HTTP/1.1" 200 3658 "-" "WordPress/6.7.2; https://clinicadentalargarate.com"
185.191.171.14 - - [28/Jun/2026:18:27:52 +0200] "GET /blog/spin-million-casino-comment-recuperer-un-compte-bloque-simplement/ HTTP/1.1" 500 4369 "-" "Mozilla/5.0 (compatible; SemrushBot/7~bl; +http://www.semrush.com/bot.html)"
87.98.225.137 - - [28/Jun/2026:18:30:09 +0200] "POST /wp-cron.php?doing_wp_cron=1782664209.8796520233154296875000 HTTP/1.1" 200 3658 "-" "WordPress/6.7.2; https://clinicadentalargarate.com"
94.23.87.180 - - [28/Jun/2026:18:30:09 +0200] "GET / HTTP/1.0" 200 152488 "-" "-"
87.98.225.137 - - [28/Jun/2026:18:37:50 +0200] "POST /wp-cron.php?doing_wp_cron=1782664670.5854649543762207031250 HTTP/1.1" 200 3658 "-" "WordPress/6.7.2; https://clinicadentalargarate.com"
185.191.171.16 - - [28/Jun/2026:18:37:50 +0200] "GET /blog/winhero-casino-wat-maakt-het-een-ideaal-platform/ HTTP/1.1" 500 4369 "-" "Mozilla/5.0 (compatible; SemrushBot/7~bl; +http://www.semrush.com/bot.html)"
87.98.225.137 - - [28/Jun/2026:18:38:15 +0200] "POST /wp-cron.php?doing_wp_cron=1782664694.9679770469665527343750 HTTP/1.1" 200 3658 "-" "WordPress/6.7.2; https://clinicadentalargarate.com"
74.7.242.156 - - [28/Jun/2026:18:38:14 +0200] "GET /tratamientos/estetica-dental/blanqueamiento-dental/ HTTP/1.1" 200 28095 "-" "Mozilla/5.0 (Macintosh; Intel Mac OS X 10_15_7) AppleWebKit/537.36 (KHTML, like Gecko) Chrome/131.0.0.0 Safari/537.36; compatible; OAI-SearchBot/1.4; +https://openai.com/searchbot"
87.98.225.137 - - [28/Jun/2026:18:38:19 +0200] "POST /wp-cron.php?doing_wp_cron=1782664699.4014770984649658203125 HTTP/1.1" 200 3658 "-" "WordPress/6.7.2; https://clinicadentalargarate.com"
74.7.227.60 - - [28/Jun/2026:18:38:19 +0200] "GET /?p=873 HTTP/1.1" 301 3789 "https://clinicadentalargarate.com/tratamientos/estetica-dental/blanqueamiento-dental/" "Mozilla/5.0 AppleWebKit/537.36 (KHTML, like Gecko; compatible; GPTBot/1.4; +https://openai.com/gptbot)"
87.98.225.137 - - [28/Jun/2026:18:38:19 +0200] "POST /wp-cron.php?doing_wp_cron=1782664699.7408139705657958984375 HTTP/1.1" 200 3658 "-" "WordPress/6.7.2; https://clinicadentalargarate.com"
74.7.227.60 - - [28/Jun/2026:18:38:19 +0200] "GET /tratamientos/estetica-dental/blanqueamiento-dental/ HTTP/1.1" 200 24705 "https://clinicadentalargarate.com/?p=873" "Mozilla/5.0 AppleWebKit/537.36 (KHTML, like Gecko; compatible; GPTBot/1.4; +https://openai.com/gptbot)"
87.98.225.137 - - [28/Jun/2026:18:38:24 +0200] "POST /wp-cron.php?doing_wp_cron=1782664704.8668808937072753906250 HTTP/1.1" 200 3658 "-" "WordPress/6.7.2; https://clinicadentalargarate.com"
74.7.242.178 - - [28/Jun/2026:18:38:24 +0200] "GET /wp-json/oembed/1.0/embed?format=xml&url=https%3A%2F%2Fclinicadentalargarate.com%2Ftratamientos%2Festetica-dental%2Fblanqueamiento-dental%2F HTTP/1.1" 200 5074 "https://clinicadentalargarate.com/tratamientos/estetica-dental/blanqueamiento-dental/" "Mozilla/5.0 (Macintosh; Intel Mac OS X 10_15_7) AppleWebKit/537.36 (KHTML, like Gecko) Chrome/131.0.0.0 Safari/537.36; compatible; OAI-SearchBot/1.4; +https://openai.com/searchbot"
87.98.225.137 - - [28/Jun/2026:18:38:25 +0200] "POST /wp-cron.php?doing_wp_cron=1782664705.4769239425659179687500 HTTP/1.1" 200 3658 "-" "WordPress/6.7.2; https://clinicadentalargarate.com"
74.7.227.60 - - [28/Jun/2026:18:38:25 +0200] "GET /wp-json/wp/v2/pages/873 HTTP/1.1" 200 20539 "https://clinicadentalargarate.com/tratamientos/estetica-dental/blanqueamiento-dental/" "Mozilla/5.0 AppleWebKit/537.36 (KHTML, like Gecko; compatible; GPTBot/1.4; +https://openai.com/gptbot)"
87.98.225.137 - - [28/Jun/2026:18:38:27 +0200] "POST /wp-cron.php?doing_wp_cron=1782664707.5201098918914794921875 HTTP/1.1" 200 3658 "-" "WordPress/6.7.2; https://clinicadentalargarate.com"
74.7.228.137 - - [28/Jun/2026:18:38:27 +0200] "GET /?p=873 HTTP/1.1" 301 3789 "https://clinicadentalargarate.com/tratamientos/estetica-dental/blanqueamiento-dental/" "Mozilla/5.0 (Macintosh; Intel Mac OS X 10_15_7) AppleWebKit/537.36 (KHTML, like Gecko) Chrome/131.0.0.0 Safari/537.36; compatible; OAI-SearchBot/1.4; +https://openai.com/searchbot"
87.98.225.137 - - [28/Jun/2026:18:38:27 +0200] "POST /wp-cron.php?doing_wp_cron=1782664707.9777770042419433593750 HTTP/1.1" 200 3658 "-" "WordPress/6.7.2; https://clinicadentalargarate.com"
74.7.227.60 - - [28/Jun/2026:18:38:27 +0200] "GET /tratamientos/estetica-dental/blanqueamiento-dental-preguntas-frecuentes/ HTTP/1.1" 200 23640 "https://clinicadentalargarate.com/tratamientos/estetica-dental/blanqueamiento-dental/" "Mozilla/5.0 AppleWebKit/537.36 (KHTML, like Gecko; compatible; GPTBot/1.4; +https://openai.com/gptbot)"
87.98.225.137 - - [28/Jun/2026:18:38:29 +0200] "POST /wp-cron.php?doing_wp_cron=1782664709.7331290245056152343750 HTTP/1.1" 200 3658 "-" "WordPress/6.7.2; https://clinicadentalargarate.com"
74.7.228.195 - - [28/Jun/2026:18:38:29 +0200] "GET /wp-json/wp/v2/pages/873 HTTP/1.1" 200 20539 "https://clinicadentalargarate.com/tratamientos/estetica-dental/blanqueamiento-dental/" "Mozilla/5.0 (Macintosh; Intel Mac OS X 10_15_7) AppleWebKit/537.36 (KHTML, like Gecko) Chrome/131.0.0.0 Safari/537.36; compatible; OAI-SearchBot/1.4; +https://openai.com/searchbot"
87.98.225.137 - - [28/Jun/2026:18:38:30 +0200] "POST /wp-cron.php?doing_wp_cron=1782664710.6130430698394775390625 HTTP/1.1" 200 3658 "-" "WordPress/6.7.2; https://clinicadentalargarate.com"
74.7.227.60 - - [28/Jun/2026:18:38:30 +0200] "GET /wp-json/oembed/1.0/embed?url=https%3A%2F%2Fclinicadentalargarate.com%2Ftratamientos%2Festetica-dental%2Fblanqueamiento-dental%2F HTTP/1.1" 200 2833 "https://clinicadentalargarate.com/tratamientos/estetica-dental/blanqueamiento-dental/" "Mozilla/5.0 AppleWebKit/537.36 (KHTML, like Gecko; compatible; GPTBot/1.4; +https://openai.com/gptbot)"
87.98.225.137 - - [28/Jun/2026:18:38:33 +0200] "POST /wp-cron.php?doing_wp_cron=1782664713.0102379322052001953125 HTTP/1.1" 200 3658 "-" "WordPress/6.7.2; https://clinicadentalargarate.com"
74.7.227.60 - - [28/Jun/2026:18:38:32 +0200] "GET /wp-json/oembed/1.0/embed?format=xml&url=https%3A%2F%2Fclinicadentalargarate.com%2Ftratamientos%2Festetica-dental%2Fblanqueamiento-dental%2F HTTP/1.1" 200 1688 "https://clinicadentalargarate.com/tratamientos/estetica-dental/blanqueamiento-dental/" "Mozilla/5.0 AppleWebKit/537.36 (KHTML, like Gecko; compatible; GPTBot/1.4; +https://openai.com/gptbot)"
87.98.225.137 - - [28/Jun/2026:18:38:33 +0200] "POST /wp-cron.php?doing_wp_cron=1782664713.6177639961242675781250 HTTP/1.1" 200 3658 "-" "WordPress/6.7.2; https://clinicadentalargarate.com"
74.7.228.195 - - [28/Jun/2026:18:38:33 +0200] "GET /wp-json/oembed/1.0/embed?url=https%3A%2F%2Fclinicadentalargarate.com%2Ftratamientos%2Festetica-dental%2Fblanqueamiento-dental%2F HTTP/1.1" 200 2833 "https://clinicadentalargarate.com/tratamientos/estetica-dental/blanqueamiento-dental/" "Mozilla/5.0 (Macintosh; Intel Mac OS X 10_15_7) AppleWebKit/537.36 (KHTML, like Gecko) Chrome/131.0.0.0 Safari/537.36; compatible; OAI-SearchBot/1.4; +https://openai.com/searchbot"
87.98.225.137 - - [28/Jun/2026:18:38:35 +0200] "POST /wp-cron.php?doing_wp_cron=1782664714.9928829669952392578125 HTTP/1.1" 200 3658 "-" "WordPress/6.7.2; https://clinicadentalargarate.com"
74.7.227.60 - - [28/Jun/2026:18:38:34 +0200] "GET /blog/author/marta/ HTTP/1.1" 200 23756 "https://clinicadentalargarate.com/wp-json/oembed/1.0/embed?format=xml&url=https%3A%2F%2Fclinicadentalargarate.com%2Ftratamientos%2Festetica-dental%2Fblanqueamiento-dental%2F" "Mozilla/5.0 AppleWebKit/537.36 (KHTML, like Gecko; compatible; GPTBot/1.4; +https://openai.com/gptbot)"
87.98.225.137 - - [28/Jun/2026:18:38:36 +0200] "POST /wp-cron.php?doing_wp_cron=1782664716.8801059722900390625000 HTTP/1.1" 200 3658 "-" "WordPress/6.7.2; https://clinicadentalargarate.com"
74.7.227.60 - - [28/Jun/2026:18:38:36 +0200] "GET /wp-json/wp/v2/pages/806 HTTP/1.1" 200 11999 "https://clinicadentalargarate.com/tratamientos/estetica-dental/blanqueamiento-dental-preguntas-frecuentes/" "Mozilla/5.0 AppleWebKit/537.36 (KHTML, like Gecko; compatible; GPTBot/1.4; +https://openai.com/gptbot)"
87.98.225.137 - - [28/Jun/2026:18:38:38 +0200] "POST /wp-cron.php?doing_wp_cron=1782664718.5587799549102783203125 HTTP/1.1" 200 3658 "-" "WordPress/6.7.2; https://clinicadentalargarate.com"
74.7.227.60 - - [28/Jun/2026:18:38:38 +0200] "GET /tratamientos/blanqueamiento-dental/ HTTP/1.1" 404 78492 "https://clinicadentalargarate.com/tratamientos/estetica-dental/blanqueamiento-dental-preguntas-frecuentes/" "Mozilla/5.0 AppleWebKit/537.36 (KHTML, like Gecko; compatible; GPTBot/1.4; +https://openai.com/gptbot)"
87.98.225.137 - - [28/Jun/2026:18:38:40 +0200] "POST /wp-cron.php?doing_wp_cron=1782664720.3764920234680175781250 HTTP/1.1" 200 3658 "-" "WordPress/6.7.2; https://clinicadentalargarate.com"
74.7.227.60 - - [28/Jun/2026:18:38:40 +0200] "GET /?p=806 HTTP/1.1" 301 3810 "https://clinicadentalargarate.com/tratamientos/estetica-dental/blanqueamiento-dental-preguntas-frecuentes/" "Mozilla/5.0 AppleWebKit/537.36 (KHTML, like Gecko; compatible; GPTBot/1.4; +https://openai.com/gptbot)"
87.98.225.137 - - [28/Jun/2026:18:38:41 +0200] "POST /wp-cron.php?doing_wp_cron=1782664721.4609470367431640625000 HTTP/1.1" 200 3658 "-" "WordPress/6.7.2; https://clinicadentalargarate.com"
74.7.227.60 - - [28/Jun/2026:18:38:41 +0200] "GET /wp-json/oembed/1.0/embed?url=https%3A%2F%2Fclinicadentalargarate.com%2Ftratamientos%2Festetica-dental%2Fblanqueamiento-dental-preguntas-frecuentes%2F HTTP/1.1" 200 2956 "https://clinicadentalargarate.com/tratamientos/estetica-dental/blanqueamiento-dental-preguntas-frecuentes/" "Mozilla/5.0 AppleWebKit/537.36 (KHTML, like Gecko; compatible; GPTBot/1.4; +https://openai.com/gptbot)"
87.98.225.137 - - [28/Jun/2026:18:38:42 +0200] "POST /wp-cron.php?doing_wp_cron=1782664722.7121119499206542968750 HTTP/1.1" 200 3658 "-" "WordPress/6.7.2; https://clinicadentalargarate.com"
74.7.227.60 - - [28/Jun/2026:18:38:42 +0200] "GET /wp-json/oembed/1.0/embed?format=xml&url=https%3A%2F%2Fclinicadentalargarate.com%2Ftratamientos%2Festetica-dental%2Fblanqueamiento-dental-preguntas-frecuentes%2F HTTP/1.1" 200 1713 "https://clinicadentalargarate.com/tratamientos/estetica-dental/blanqueamiento-dental-preguntas-frecuentes/" "Mozilla/5.0 AppleWebKit/537.36 (KHTML, like Gecko; compatible; GPTBot/1.4; +https://openai.com/gptbot)"
87.98.225.137 - - [28/Jun/2026:18:38:43 +0200] "POST /wp-cron.php?doing_wp_cron=1782664723.8733088970184326171875 HTTP/1.1" 200 3658 "-" "WordPress/6.7.2; https://clinicadentalargarate.com"
74.7.227.60 - - [28/Jun/2026:18:38:43 +0200] "GET /blog/periimplantitis-como-afecta-implantes-dentales/ HTTP/1.1" 500 3224 "https://clinicadentalargarate.com/blog/author/marta/" "Mozilla/5.0 AppleWebKit/537.36 (KHTML, like Gecko; compatible; GPTBot/1.4; +https://openai.com/gptbot)"
87.98.225.137 - - [28/Jun/2026:18:38:44 +0200] "POST /wp-cron.php?doing_wp_cron=1782664724.9440159797668457031250 HTTP/1.1" 200 3658 "-" "WordPress/6.7.2; https://clinicadentalargarate.com"
74.7.227.60 - - [28/Jun/2026:18:38:44 +0200] "GET /wp-json/wp/v2/users/3 HTTP/1.1" 200 4566 "https://clinicadentalargarate.com/blog/author/marta/" "Mozilla/5.0 AppleWebKit/537.36 (KHTML, like Gecko; compatible; GPTBot/1.4; +https://openai.com/gptbot)"
87.98.225.137 - - [28/Jun/2026:18:38:48 +0200] "POST /wp-cron.php?doing_wp_cron=1782664728.6305410861968994140625 HTTP/1.1" 200 3658 "-" "WordPress/6.7.2; https://clinicadentalargarate.com"
74.7.227.60 - - [28/Jun/2026:18:38:48 +0200] "GET /blog/ventajas-llevar-implantes-dentales/ HTTP/1.1" 500 3222 "https://clinicadentalargarate.com/blog/author/marta/" "Mozilla/5.0 AppleWebKit/537.36 (KHTML, like Gecko; compatible; GPTBot/1.4; +https://openai.com/gptbot)"
87.98.225.137 - - [28/Jun/2026:18:38:49 +0200] "POST /wp-cron.php?doing_wp_cron=1782664729.4823238849639892578125 HTTP/1.1" 200 3658 "-" "WordPress/6.7.2; https://clinicadentalargarate.com"
54.38.147.155 - - [28/Jun/2026:18:38:49 +0200] "GET /?sitemap723.xml HTTP/1.1" 301 3660 "-" "Mozilla/5.0 (compatible; AhrefsBot/7.0; +http://ahrefs.com/robot/)"
54.38.147.155 - - [28/Jun/2026:18:38:49 +0200] "GET /?sitemap723_xml HTTP/1.1" 200 36364 "-" "Mozilla/5.0 (compatible; AhrefsBot/7.0; +http://ahrefs.com/robot/)"
87.98.225.137 - - [28/Jun/2026:18:38:51 +0200] "POST /wp-cron.php?doing_wp_cron=1782664731.5922479629516601562500 HTTP/1.1" 200 3658 "-" "WordPress/6.7.2; https://clinicadentalargarate.com"
74.7.227.60 - - [28/Jun/2026:18:38:51 +0200] "GET /blog/cuidar-salud-oral-cuarentena-donostia/ HTTP/1.1" 500 6601 "https://clinicadentalargarate.com/blog/author/marta/" "Mozilla/5.0 AppleWebKit/537.36 (KHTML, like Gecko; compatible; GPTBot/1.4; +https://openai.com/gptbot)"
87.98.225.137 - - [28/Jun/2026:18:39:00 +0200] "POST /wp-cron.php?doing_wp_cron=1782664740.6738319396972656250000 HTTP/1.1" 200 3658 "-" "WordPress/6.7.2; https://clinicadentalargarate.com"
74.7.227.60 - - [28/Jun/2026:18:39:00 +0200] "GET /blog/inflamacion-sangrado-encias-tratamiento/ HTTP/1.1" 500 6601 "https://clinicadentalargarate.com/blog/author/marta/" "Mozilla/5.0 AppleWebKit/537.36 (KHTML, like Gecko; compatible; GPTBot/1.4; +https://openai.com/gptbot)"
87.98.225.137 - - [28/Jun/2026:18:39:26 +0200] "POST /wp-cron.php?doing_wp_cron=1782664766.6431829929351806640625 HTTP/1.1" 200 3658 "-" "WordPress/6.7.2; https://clinicadentalargarate.com"
74.7.227.60 - - [28/Jun/2026:18:39:26 +0200] "GET /blog/como-mejorar-forma-dientes-carillas-dentales/ HTTP/1.1" 500 6599 "https://clinicadentalargarate.com/blog/author/marta/" "Mozilla/5.0 AppleWebKit/537.36 (KHTML, like Gecko; compatible; GPTBot/1.4; +https://openai.com/gptbot)"
87.98.225.137 - - [28/Jun/2026:18:40:27 +0200] "POST /wp-cron.php?doing_wp_cron=1782664827.2371659278869628906250 HTTP/1.1" 200 3658 "-" "WordPress/6.7.2; https://clinicadentalargarate.com"
89.58.31.106 - - [28/Jun/2026:18:40:27 +0200] "GET /wp-login.php HTTP/1.1" 200 6743 "-" "Mozilla/5.0 (Windows NT 10.0; Win64; x64) AppleWebKit/537.36 (KHTML, like Gecko) Chrome/120.0.0.0 Safari/537.36"
89.58.31.106 - - [28/Jun/2026:18:40:27 +0200] "POST /wp-login.php HTTP/1.1" 200 3524 "https://clinicadentalargarate.com/wp-login.php" "Mozilla/5.0 (Windows NT 10.0; Win64; x64) AppleWebKit/537.36 (KHTML, like Gecko) Chrome/120.0.0.0 Safari/537.36"
87.98.225.137 - - [28/Jun/2026:18:40:28 +0200] "POST /wp-cron.php?doing_wp_cron=1782664828.8003818988800048828125 HTTP/1.1" 200 3658 "-" "WordPress/6.7.2; https://clinicadentalargarate.com"
74.7.227.60 - - [28/Jun/2026:18:40:28 +0200] "GET /blog/diferencia-protesis-implantes-dentales/ HTTP/1.1" 500 6599 "https://clinicadentalargarate.com/blog/author/marta/" "Mozilla/5.0 AppleWebKit/537.36 (KHTML, like Gecko; compatible; GPTBot/1.4; +https://openai.com/gptbot)"
87.98.225.137 - - [28/Jun/2026:18:41:31 +0200] "POST /wp-cron.php?doing_wp_cron=1782664891.5861749649047851562500 HTTP/1.1" 200 3658 "-" "WordPress/6.7.2; https://clinicadentalargarate.com"
74.7.227.60 - - [28/Jun/2026:18:41:31 +0200] "GET /blog/que-hacer-si-caries-duele/ HTTP/1.1" 500 6599 "https://clinicadentalargarate.com/blog/author/marta/" "Mozilla/5.0 AppleWebKit/537.36 (KHTML, like Gecko; compatible; GPTBot/1.4; +https://openai.com/gptbot)"
87.98.225.137 - - [28/Jun/2026:18:42:36 +0200] "POST /wp-cron.php?doing_wp_cron=1782664956.8605101108551025390625 HTTP/1.1" 200 3658 "-" "WordPress/6.7.2; https://clinicadentalargarate.com"
74.7.227.60 - - [28/Jun/2026:18:42:36 +0200] "GET /blog/author/marta/feed/ HTTP/1.1" 200 15010 "https://clinicadentalargarate.com/blog/author/marta/" "Mozilla/5.0 AppleWebKit/537.36 (KHTML, like Gecko; compatible; GPTBot/1.4; +https://openai.com/gptbot)"
87.98.225.137 - - [28/Jun/2026:18:43:25 +0200] "POST /wp-cron.php?doing_wp_cron=1782665005.7037711143493652343750 HTTP/1.1" 200 3658 "-" "WordPress/6.7.2; https://clinicadentalargarate.com"
62.60.130.232 - - [28/Jun/2026:18:43:25 +0200] "GET /wp-login.php HTTP/1.1" 200 6803 "https://t.co/" "Mozilla/5.0 (Macintosh; Intel Mac OS X 10_15_7) AppleWebKit/605.1.15 (KHTML, like Gecko) Version/16.6 Safari/605.1.15"
62.60.130.232 - - [28/Jun/2026:18:43:25 +0200] "GET /?author=1 HTTP/1.1" 301 330 "https://www.google.com/" "Mozilla/5.0 (Macintosh; Intel Mac OS X 10_15_7) AppleWebKit/605.1.15 (KHTML, like Gecko) Version/17.0 Safari/605.1.15"
87.98.225.137 - - [28/Jun/2026:18:43:26 +0200] "POST /wp-cron.php?doing_wp_cron=1782665006.0070030689239501953125 HTTP/1.1" 200 3658 "-" "WordPress/6.7.2; https://clinicadentalargarate.com"
62.60.130.232 - - [28/Jun/2026:18:43:25 +0200] "GET /blog/author/ril-es/ HTTP/1.1" 200 24521 "https://www.google.com/" "Mozilla/5.0 (Macintosh; Intel Mac OS X 10_15_7) AppleWebKit/605.1.15 (KHTML, like Gecko) Version/17.0 Safari/605.1.15"
87.98.225.137 - - [28/Jun/2026:18:43:26 +0200] "POST /wp-cron.php?doing_wp_cron=1782665006.4401450157165527343750 HTTP/1.1" 200 3658 "-" "WordPress/6.7.2; https://clinicadentalargarate.com"
62.60.130.232 - - [28/Jun/2026:18:43:26 +0200] "GET /?author=2 HTTP/1.1" 301 329 "https://www.google.com/" "Mozilla/5.0 (Macintosh; Intel Mac OS X 13_6_1) AppleWebKit/537.36 (KHTML, like Gecko) Chrome/120.0.0.0 Safari/537.36"
62.60.130.232 - - [28/Jun/2026:18:43:26 +0200] "GET /blog/author/sofia/ HTTP/1.1" 200 24225 "https://www.google.com/" "Mozilla/5.0 (Macintosh; Intel Mac OS X 13_6_1) AppleWebKit/537.36 (KHTML, like Gecko) Chrome/120.0.0.0 Safari/537.36"
87.98.225.137 - - [28/Jun/2026:18:43:27 +0200] "POST /wp-cron.php?doing_wp_cron=1782665007.0934600830078125000000 HTTP/1.1" 200 3658 "-" "WordPress/6.7.2; https://clinicadentalargarate.com"
62.60.130.232 - - [28/Jun/2026:18:43:27 +0200] "GET /?author=3 HTTP/1.1" 301 329 "-" "Mozilla/5.0 (Macintosh; Intel Mac OS X 13_6_1) AppleWebKit/605.1.15 (KHTML, like Gecko) Version/17.1 Safari/605.1.15"
62.60.130.232 - - [28/Jun/2026:18:43:27 +0200] "GET /blog/author/marta/ HTTP/1.1" 200 23811 "-" "Mozilla/5.0 (Macintosh; Intel Mac OS X 13_6_1) AppleWebKit/605.1.15 (KHTML, like Gecko) Version/17.1 Safari/605.1.15"
87.98.225.137 - - [28/Jun/2026:18:43:27 +0200] "POST /wp-cron.php?doing_wp_cron=1782665007.6863269805908203125000 HTTP/1.1" 200 3658 "-" "WordPress/6.7.2; https://clinicadentalargarate.com"
62.60.130.232 - - [28/Jun/2026:18:43:27 +0200] "GET /?author=4 HTTP/1.1" 200 21172 "-" "Mozilla/5.0 (Macintosh; Intel Mac OS X 10_15_7) AppleWebKit/537.36 (KHTML, like Gecko) Chrome/121.0.0.0 Safari/537.36"
87.98.225.137 - - [28/Jun/2026:18:43:28 +0200] "POST /wp-cron.php?doing_wp_cron=1782665008.1027760505676269531250 HTTP/1.1" 200 3658 "-" "WordPress/6.7.2; https://clinicadentalargarate.com"
62.60.130.232 - - [28/Jun/2026:18:43:28 +0200] "GET /?author=5 HTTP/1.1" 200 21162 "https://www.facebook.com/" "Mozilla/5.0 (X11; Linux x86_64) AppleWebKit/537.36 (KHTML, like Gecko) Chrome/119.0.0.0 Safari/537.36"
87.98.225.137 - - [28/Jun/2026:18:43:28 +0200] "POST /wp-cron.php?doing_wp_cron=1782665008.5027821063995361328125 HTTP/1.1" 200 3658 "-" "WordPress/6.7.2; https://clinicadentalargarate.com"
62.60.130.232 - - [28/Jun/2026:18:43:28 +0200] "GET /wp-json/wp/v2/users HTTP/1.1" 200 2577 "https://t.co/" "Mozilla/5.0 (Macintosh; Intel Mac OS X 10_15_7; rv:121.0) Gecko/20100101 Firefox/121.0"
62.60.130.232 - - [28/Jun/2026:18:43:28 +0200] "POST /wp-login.php HTTP/1.1" 200 3579 "https://clinicadentalargarate.com/wp-login.php" "Mozilla/5.0 (Windows NT 10.0; Win64; x64; rv:121.0) Gecko/20100101 Firefox/121.0"
87.98.225.137 - - [28/Jun/2026:18:43:28 +0200] "POST /wp-cron.php?doing_wp_cron=1782665008.9675290584564208984375 HTTP/1.1" 200 3658 "-" "WordPress/6.7.2; https://clinicadentalargarate.com"
62.60.130.232 - - [28/Jun/2026:18:43:28 +0200] "GET /wp-admin/index.php HTTP/1.1" 302 488 "https://clinicadentalargarate.com/wp-login.php" "Mozilla/5.0 (Macintosh; Intel Mac OS X 13_6_1; rv:121.0) Gecko/20100101 Firefox/121.0"
62.60.130.232 - - [28/Jun/2026:18:43:29 +0200] "GET /wp-login.php?redirect_to=https%3A%2F%2Fclinicadentalargarate.com%2Fwp-admin%2Findex.php&reauth=1 HTTP/1.1" 200 5492 "https://clinicadentalargarate.com/wp-login.php" "Mozilla/5.0 (Macintosh; Intel Mac OS X 13_6_1; rv:121.0) Gecko/20100101 Firefox/121.0"
87.98.225.137 - - [28/Jun/2026:18:43:29 +0200] "POST /wp-cron.php?doing_wp_cron=1782665009.2595210075378417968750 HTTP/1.1" 200 3658 "-" "WordPress/6.7.2; https://clinicadentalargarate.com"
62.60.130.232 - - [28/Jun/2026:18:43:29 +0200] "POST /wp-login.php HTTP/1.1" 200 3581 "https://clinicadentalargarate.com/wp-login.php" "Mozilla/5.0 (Macintosh; Intel Mac OS X 10_15_7) AppleWebKit/537.36 (KHTML, like Gecko) Chrome/121.0.0.0 Safari/537.36"
87.98.225.137 - - [28/Jun/2026:18:43:29 +0200] "POST /wp-cron.php?doing_wp_cron=1782665009.5267469882965087890625 HTTP/1.1" 200 3658 "-" "WordPress/6.7.2; https://clinicadentalargarate.com"
62.60.130.232 - - [28/Jun/2026:18:43:29 +0200] "GET /wp-admin/index.php HTTP/1.1" 302 488 "https://clinicadentalargarate.com/wp-login.php" "Mozilla/5.0 (X11; Ubuntu; Linux x86_64) AppleWebKit/537.36 (KHTML, like Gecko) Chrome/120.0.0.0 Safari/537.36"
62.60.130.232 - - [28/Jun/2026:18:43:29 +0200] "GET /wp-login.php?redirect_to=https%3A%2F%2Fclinicadentalargarate.com%2Fwp-admin%2Findex.php&reauth=1 HTTP/1.1" 200 5492 "https://clinicadentalargarate.com/wp-login.php" "Mozilla/5.0 (X11; Ubuntu; Linux x86_64) AppleWebKit/537.36 (KHTML, like Gecko) Chrome/120.0.0.0 Safari/537.36"
87.98.225.137 - - [28/Jun/2026:18:43:29 +0200] "POST /wp-cron.php?doing_wp_cron=1782665009.8348100185394287109375 HTTP/1.1" 200 3658 "-" "WordPress/6.7.2; https://clinicadentalargarate.com"
62.60.130.232 - - [28/Jun/2026:18:43:29 +0200] "POST /wp-login.php HTTP/1.1" 200 3529 "https://clinicadentalargarate.com/wp-login.php" "Mozilla/5.0 (Macintosh; Intel Mac OS X 10_15_7) AppleWebKit/605.1.15 (KHTML, like Gecko) Version/17.0 Safari/605.1.15"
87.98.225.137 - - [28/Jun/2026:18:43:30 +0200] "POST /wp-cron.php?doing_wp_cron=1782665010.1378428936004638671875 HTTP/1.1" 200 3658 "-" "WordPress/6.7.2; https://clinicadentalargarate.com"
62.60.130.232 - - [28/Jun/2026:18:43:29 +0200] "GET /wp-admin/index.php HTTP/1.1" 302 488 "https://clinicadentalargarate.com/wp-login.php" "Mozilla/5.0 (Windows NT 10.0; Win64; x64) AppleWebKit/537.36 (KHTML, like Gecko) Chrome/121.0.0.0 Safari/537.36"
62.60.130.232 - - [28/Jun/2026:18:43:30 +0200] "GET /wp-login.php?redirect_to=https%3A%2F%2Fclinicadentalargarate.com%2Fwp-admin%2Findex.php&reauth=1 HTTP/1.1" 200 5492 "https://clinicadentalargarate.com/wp-login.php" "Mozilla/5.0 (Windows NT 10.0; Win64; x64) AppleWebKit/537.36 (KHTML, like Gecko) Chrome/121.0.0.0 Safari/537.36"
87.98.225.137 - - [28/Jun/2026:18:43:30 +0200] "POST /wp-cron.php?doing_wp_cron=1782665010.4359910488128662109375 HTTP/1.1" 200 3658 "-" "WordPress/6.7.2; https://clinicadentalargarate.com"
62.60.130.232 - - [28/Jun/2026:18:43:30 +0200] "POST /wp-login.php HTTP/1.1" 200 3575 "https://clinicadentalargarate.com/wp-login.php" "Mozilla/5.0 (Macintosh; Intel Mac OS X 13_6_1) AppleWebKit/605.1.15 (KHTML, like Gecko) Version/16.6 Safari/605.1.15"
87.98.225.137 - - [28/Jun/2026:18:43:30 +0200] "POST /wp-cron.php?doing_wp_cron=1782665010.7062740325927734375000 HTTP/1.1" 200 3658 "-" "WordPress/6.7.2; https://clinicadentalargarate.com"
62.60.130.232 - - [28/Jun/2026:18:43:30 +0200] "GET /wp-admin/index.php HTTP/1.1" 302 488 "https://clinicadentalargarate.com/wp-login.php" "Mozilla/5.0 (Macintosh; Intel Mac OS X 10_15_7) AppleWebKit/605.1.15 (KHTML, like Gecko) Version/16.6 Safari/605.1.15"
62.60.130.232 - - [28/Jun/2026:18:43:30 +0200] "GET /wp-login.php?redirect_to=https%3A%2F%2Fclinicadentalargarate.com%2Fwp-admin%2Findex.php&reauth=1 HTTP/1.1" 200 5492 "https://clinicadentalargarate.com/wp-login.php" "Mozilla/5.0 (Macintosh; Intel Mac OS X 10_15_7) AppleWebKit/605.1.15 (KHTML, like Gecko) Version/16.6 Safari/605.1.15"
87.98.225.137 - - [28/Jun/2026:18:43:31 +0200] "POST /wp-cron.php?doing_wp_cron=1782665011.0074760913848876953125 HTTP/1.1" 200 3658 "-" "WordPress/6.7.2; https://clinicadentalargarate.com"
62.60.130.232 - - [28/Jun/2026:18:43:30 +0200] "POST /wp-login.php HTTP/1.1" 200 3579 "https://clinicadentalargarate.com/wp-login.php" "Mozilla/5.0 (X11; Ubuntu; Linux x86_64) AppleWebKit/537.36 (KHTML, like Gecko) Chrome/119.0.0.0 Safari/537.36"
87.98.225.137 - - [28/Jun/2026:18:43:31 +0200] "POST /wp-cron.php?doing_wp_cron=1782665011.2787399291992187500000 HTTP/1.1" 200 3658 "-" "WordPress/6.7.2; https://clinicadentalargarate.com"
62.60.130.232 - - [28/Jun/2026:18:43:31 +0200] "GET /wp-admin/index.php HTTP/1.1" 302 488 "https://clinicadentalargarate.com/wp-login.php" "Mozilla/5.0 (Macintosh; Intel Mac OS X 13_6_1) AppleWebKit/605.1.15 (KHTML, like Gecko) Version/17.2 Safari/605.1.15"
62.60.130.232 - - [28/Jun/2026:18:43:31 +0200] "GET /wp-login.php?redirect_to=https%3A%2F%2Fclinicadentalargarate.com%2Fwp-admin%2Findex.php&reauth=1 HTTP/1.1" 200 5492 "https://clinicadentalargarate.com/wp-login.php" "Mozilla/5.0 (Macintosh; Intel Mac OS X 13_6_1) AppleWebKit/605.1.15 (KHTML, like Gecko) Version/17.2 Safari/605.1.15"
87.98.225.137 - - [28/Jun/2026:18:43:31 +0200] "POST /wp-cron.php?doing_wp_cron=1782665011.6108679771423339843750 HTTP/1.1" 200 3658 "-" "WordPress/6.7.2; https://clinicadentalargarate.com"
62.60.130.232 - - [28/Jun/2026:18:43:31 +0200] "POST /wp-login.php HTTP/1.1" 200 3577 "https://clinicadentalargarate.com/wp-login.php" "Mozilla/5.0 (Macintosh; Intel Mac OS X 10_15_7) AppleWebKit/605.1.15 (KHTML, like Gecko) Version/17.0 Safari/605.1.15"
62.60.130.232 - - [28/Jun/2026:18:43:31 +0200] "GET /wp-admin/index.php HTTP/1.1" 302 488 "https://clinicadentalargarate.com/wp-login.php" "Mozilla/5.0 (Macintosh; Intel Mac OS X 10_15_7; rv:119.0) Gecko/20100101 Firefox/119.0"
87.98.225.137 - - [28/Jun/2026:18:43:31 +0200] "POST /wp-cron.php?doing_wp_cron=1782665011.9632389545440673828125 HTTP/1.1" 200 3658 "-" "WordPress/6.7.2; https://clinicadentalargarate.com"
62.60.130.232 - - [28/Jun/2026:18:43:31 +0200] "GET /wp-login.php?redirect_to=https%3A%2F%2Fclinicadentalargarate.com%2Fwp-admin%2Findex.php&reauth=1 HTTP/1.1" 200 5492 "https://clinicadentalargarate.com/wp-login.php" "Mozilla/5.0 (Macintosh; Intel Mac OS X 10_15_7; rv:119.0) Gecko/20100101 Firefox/119.0"
62.60.130.232 - - [28/Jun/2026:18:43:32 +0200] "POST /wp-login.php HTTP/1.1" 200 3529 "https://clinicadentalargarate.com/wp-login.php" "Mozilla/5.0 (Windows NT 11.0; Win64; x64) AppleWebKit/537.36 (KHTML, like Gecko) Chrome/120.0.0.0 Safari/537.36"
87.98.225.137 - - [28/Jun/2026:18:43:32 +0200] "POST /wp-cron.php?doing_wp_cron=1782665012.3333370685577392578125 HTTP/1.1" 200 3658 "-" "WordPress/6.7.2; https://clinicadentalargarate.com"
62.60.130.232 - - [28/Jun/2026:18:43:32 +0200] "GET /wp-admin/index.php HTTP/1.1" 302 488 "https://clinicadentalargarate.com/wp-login.php" "Mozilla/5.0 (X11; Linux x86_64) AppleWebKit/537.36 (KHTML, like Gecko) Chrome/121.0.0.0 Safari/537.36"
62.60.130.232 - - [28/Jun/2026:18:43:32 +0200] "GET /wp-login.php?redirect_to=https%3A%2F%2Fclinicadentalargarate.com%2Fwp-admin%2Findex.php&reauth=1 HTTP/1.1" 200 5492 "https://clinicadentalargarate.com/wp-login.php" "Mozilla/5.0 (X11; Linux x86_64) AppleWebKit/537.36 (KHTML, like Gecko) Chrome/121.0.0.0 Safari/537.36"
87.98.225.137 - - [28/Jun/2026:18:43:32 +0200] "POST /wp-cron.php?doing_wp_cron=1782665012.6261138916015625000000 HTTP/1.1" 200 3658 "-" "WordPress/6.7.2; https://clinicadentalargarate.com"
62.60.130.232 - - [28/Jun/2026:18:43:32 +0200] "POST /wp-login.php HTTP/1.1" 200 3579 "https://clinicadentalargarate.com/wp-login.php" "Mozilla/5.0 (Windows NT 11.0; Win64; x64) AppleWebKit/537.36 (KHTML, like Gecko) Chrome/120.0.0.0 Safari/537.36"
62.60.130.232 - - [28/Jun/2026:18:43:32 +0200] "GET /wp-admin/index.php HTTP/1.1" 302 488 "https://clinicadentalargarate.com/wp-login.php" "Mozilla/5.0 (Windows NT 10.0; Win64; x64; rv:118.0) Gecko/20100101 Firefox/118.0"
87.98.225.137 - - [28/Jun/2026:18:43:33 +0200] "POST /wp-cron.php?doing_wp_cron=1782665012.9915308952331542968750 HTTP/1.1" 200 3658 "-" "WordPress/6.7.2; https://clinicadentalargarate.com"
62.60.130.232 - - [28/Jun/2026:18:43:32 +0200] "GET /wp-login.php?redirect_to=https%3A%2F%2Fclinicadentalargarate.com%2Fwp-admin%2Findex.php&reauth=1 HTTP/1.1" 200 5492 "https://clinicadentalargarate.com/wp-login.php" "Mozilla/5.0 (Windows NT 10.0; Win64; x64; rv:118.0) Gecko/20100101 Firefox/118.0"
62.60.130.232 - - [28/Jun/2026:18:43:33 +0200] "POST /wp-login.php HTTP/1.1" 200 3578 "https://clinicadentalargarate.com/wp-login.php" "Mozilla/5.0 (Macintosh; Intel Mac OS X 13_6_1; rv:118.0) Gecko/20100101 Firefox/118.0"
87.98.225.137 - - [28/Jun/2026:18:43:33 +0200] "POST /wp-cron.php?doing_wp_cron=1782665013.3597340583801269531250 HTTP/1.1" 200 3658 "-" "WordPress/6.7.2; https://clinicadentalargarate.com"
62.60.130.232 - - [28/Jun/2026:18:43:33 +0200] "GET /wp-admin/index.php HTTP/1.1" 302 488 "https://clinicadentalargarate.com/wp-login.php" "Mozilla/5.0 (X11; Linux x86_64) AppleWebKit/537.36 (KHTML, like Gecko) Chrome/119.0.0.0 Safari/537.36"
62.60.130.232 - - [28/Jun/2026:18:43:33 +0200] "GET /wp-login.php?redirect_to=https%3A%2F%2Fclinicadentalargarate.com%2Fwp-admin%2Findex.php&reauth=1 HTTP/1.1" 200 5492 "https://clinicadentalargarate.com/wp-login.php" "Mozilla/5.0 (X11; Linux x86_64) AppleWebKit/537.36 (KHTML, like Gecko) Chrome/119.0.0.0 Safari/537.36"
87.98.225.137 - - [28/Jun/2026:18:43:33 +0200] "POST /wp-cron.php?doing_wp_cron=1782665013.6558659076690673828125 HTTP/1.1" 200 3658 "-" "WordPress/6.7.2; https://clinicadentalargarate.com"
62.60.130.232 - - [28/Jun/2026:18:43:33 +0200] "POST /wp-login.php HTTP/1.1" 200 3574 "https://clinicadentalargarate.com/wp-login.php" "Mozilla/5.0 (X11; Linux x86_64) AppleWebKit/537.36 (KHTML, like Gecko) Chrome/119.0.0.0 Safari/537.36"
62.60.130.232 - - [28/Jun/2026:18:43:33 +0200] "GET /wp-admin/index.php HTTP/1.1" 302 488 "https://clinicadentalargarate.com/wp-login.php" "Mozilla/5.0 (Windows NT 11.0; Win64; x64; rv:120.0) Gecko/20100101 Firefox/120.0"
87.98.225.137 - - [28/Jun/2026:18:43:34 +0200] "POST /wp-cron.php?doing_wp_cron=1782665014.0086550712585449218750 HTTP/1.1" 200 3658 "-" "WordPress/6.7.2; https://clinicadentalargarate.com"
62.60.130.232 - - [28/Jun/2026:18:43:33 +0200] "GET /wp-login.php?redirect_to=https%3A%2F%2Fclinicadentalargarate.com%2Fwp-admin%2Findex.php&reauth=1 HTTP/1.1" 200 5492 "https://clinicadentalargarate.com/wp-login.php" "Mozilla/5.0 (Windows NT 11.0; Win64; x64; rv:120.0) Gecko/20100101 Firefox/120.0"
62.60.130.232 - - [28/Jun/2026:18:43:34 +0200] "POST /wp-login.php HTTP/1.1" 200 3578 "https://clinicadentalargarate.com/wp-login.php" "Mozilla/5.0 (Macintosh; Intel Mac OS X 13_6_1) AppleWebKit/537.36 (KHTML, like Gecko) Chrome/119.0.0.0 Safari/537.36"
87.98.225.137 - - [28/Jun/2026:18:43:34 +0200] "POST /wp-cron.php?doing_wp_cron=1782665014.4107658863067626953125 HTTP/1.1" 200 3658 "-" "WordPress/6.7.2; https://clinicadentalargarate.com"
62.60.130.232 - - [28/Jun/2026:18:43:34 +0200] "GET /wp-admin/index.php HTTP/1.1" 302 488 "https://clinicadentalargarate.com/wp-login.php" "Mozilla/5.0 (X11; Linux x86_64) AppleWebKit/537.36 (KHTML, like Gecko) Chrome/120.0.0.0 Safari/537.36"
62.60.130.232 - - [28/Jun/2026:18:43:34 +0200] "GET /wp-login.php?redirect_to=https%3A%2F%2Fclinicadentalargarate.com%2Fwp-admin%2Findex.php&reauth=1 HTTP/1.1" 200 5492 "https://clinicadentalargarate.com/wp-login.php" "Mozilla/5.0 (X11; Linux x86_64) AppleWebKit/537.36 (KHTML, like Gecko) Chrome/120.0.0.0 Safari/537.36"
87.98.225.137 - - [28/Jun/2026:18:43:34 +0200] "POST /wp-cron.php?doing_wp_cron=1782665014.7007360458374023437500 HTTP/1.1" 200 3658 "-" "WordPress/6.7.2; https://clinicadentalargarate.com"
62.60.130.232 - - [28/Jun/2026:18:43:34 +0200] "POST /wp-login.php HTTP/1.1" 200 3576 "https://clinicadentalargarate.com/wp-login.php" "Mozilla/5.0 (X11; Ubuntu; Linux x86_64) AppleWebKit/537.36 (KHTML, like Gecko) Chrome/118.0.0.0 Safari/537.36"
62.60.130.232 - - [28/Jun/2026:18:43:34 +0200] "GET /wp-admin/index.php HTTP/1.1" 302 488 "https://clinicadentalargarate.com/wp-login.php" "Mozilla/5.0 (Windows NT 10.0; Win64; x64; rv:119.0) Gecko/20100101 Firefox/119.0"
87.98.225.137 - - [28/Jun/2026:18:43:35 +0200] "POST /wp-cron.php?doing_wp_cron=1782665015.0599119663238525390625 HTTP/1.1" 200 3658 "-" "WordPress/6.7.2; https://clinicadentalargarate.com"
62.60.130.232 - - [28/Jun/2026:18:43:34 +0200] "GET /wp-login.php?redirect_to=https%3A%2F%2Fclinicadentalargarate.com%2Fwp-admin%2Findex.php&reauth=1 HTTP/1.1" 200 5492 "https://clinicadentalargarate.com/wp-login.php" "Mozilla/5.0 (Windows NT 10.0; Win64; x64; rv:119.0) Gecko/20100101 Firefox/119.0"
62.60.130.232 - - [28/Jun/2026:18:43:35 +0200] "POST /wp-login.php HTTP/1.1" 200 3576 "https://clinicadentalargarate.com/wp-login.php" "Mozilla/5.0 (Windows NT 11.0; Win64; x64; rv:119.0) Gecko/20100101 Firefox/119.0"
87.98.225.137 - - [28/Jun/2026:18:43:35 +0200] "POST /wp-cron.php?doing_wp_cron=1782665015.4275770187377929687500 HTTP/1.1" 200 3658 "-" "WordPress/6.7.2; https://clinicadentalargarate.com"
62.60.130.232 - - [28/Jun/2026:18:43:35 +0200] "GET /wp-admin/index.php HTTP/1.1" 302 488 "https://clinicadentalargarate.com/wp-login.php" "Mozilla/5.0 (Windows NT 10.0; Win64; x64; rv:120.0) Gecko/20100101 Firefox/120.0"
62.60.130.232 - - [28/Jun/2026:18:43:35 +0200] "GET /wp-login.php?redirect_to=https%3A%2F%2Fclinicadentalargarate.com%2Fwp-admin%2Findex.php&reauth=1 HTTP/1.1" 200 5492 "https://clinicadentalargarate.com/wp-login.php" "Mozilla/5.0 (Windows NT 10.0; Win64; x64; rv:120.0) Gecko/20100101 Firefox/120.0"
87.98.225.137 - - [28/Jun/2026:18:43:35 +0200] "POST /wp-cron.php?doing_wp_cron=1782665015.7308828830718994140625 HTTP/1.1" 200 3658 "-" "WordPress/6.7.2; https://clinicadentalargarate.com"
62.60.130.232 - - [28/Jun/2026:18:43:35 +0200] "POST /wp-login.php HTTP/1.1" 200 3577 "https://clinicadentalargarate.com/wp-login.php" "Mozilla/5.0 (Macintosh; Intel Mac OS X 13_6_1) AppleWebKit/537.36 (KHTML, like Gecko) Chrome/121.0.0.0 Safari/537.36"
62.60.130.232 - - [28/Jun/2026:18:43:35 +0200] "GET /wp-admin/index.php HTTP/1.1" 302 488 "https://clinicadentalargarate.com/wp-login.php" "Mozilla/5.0 (Macintosh; Intel Mac OS X 13_6_1; rv:119.0) Gecko/20100101 Firefox/119.0"
87.98.225.137 - - [28/Jun/2026:18:43:36 +0200] "POST /wp-cron.php?doing_wp_cron=1782665016.0795660018920898437500 HTTP/1.1" 200 3658 "-" "WordPress/6.7.2; https://clinicadentalargarate.com"
62.60.130.232 - - [28/Jun/2026:18:43:35 +0200] "GET /wp-login.php?redirect_to=https%3A%2F%2Fclinicadentalargarate.com%2Fwp-admin%2Findex.php&reauth=1 HTTP/1.1" 200 5492 "https://clinicadentalargarate.com/wp-login.php" "Mozilla/5.0 (Macintosh; Intel Mac OS X 13_6_1; rv:119.0) Gecko/20100101 Firefox/119.0"
62.60.130.232 - - [28/Jun/2026:18:43:36 +0200] "POST /wp-login.php HTTP/1.1" 200 3576 "https://clinicadentalargarate.com/wp-login.php" "Mozilla/5.0 (Windows NT 10.0; Win64; x64) AppleWebKit/537.36 (KHTML, like Gecko) Chrome/118.0.0.0 Safari/537.36"
87.98.225.137 - - [28/Jun/2026:18:43:36 +0200] "POST /wp-cron.php?doing_wp_cron=1782665016.4610168933868408203125 HTTP/1.1" 200 3658 "-" "WordPress/6.7.2; https://clinicadentalargarate.com"
62.60.130.232 - - [28/Jun/2026:18:43:36 +0200] "GET /wp-admin/index.php HTTP/1.1" 302 488 "https://clinicadentalargarate.com/wp-login.php" "Mozilla/5.0 (Windows NT 11.0; Win64; x64; rv:118.0) Gecko/20100101 Firefox/118.0"
62.60.130.232 - - [28/Jun/2026:18:43:36 +0200] "GET /wp-login.php?redirect_to=https%3A%2F%2Fclinicadentalargarate.com%2Fwp-admin%2Findex.php&reauth=1 HTTP/1.1" 200 5492 "https://clinicadentalargarate.com/wp-login.php" "Mozilla/5.0 (Windows NT 11.0; Win64; x64; rv:118.0) Gecko/20100101 Firefox/118.0"
87.98.225.137 - - [28/Jun/2026:18:43:36 +0200] "POST /wp-cron.php?doing_wp_cron=1782665016.7511389255523681640625 HTTP/1.1" 200 3658 "-" "WordPress/6.7.2; https://clinicadentalargarate.com"
62.60.130.232 - - [28/Jun/2026:18:43:36 +0200] "POST /wp-login.php HTTP/1.1" 200 3581 "https://clinicadentalargarate.com/wp-login.php" "Mozilla/5.0 (Macintosh; Intel Mac OS X 10_15_7) AppleWebKit/605.1.15 (KHTML, like Gecko) Version/17.1 Safari/605.1.15"
62.60.130.232 - - [28/Jun/2026:18:43:36 +0200] "GET /wp-admin/index.php HTTP/1.1" 302 488 "https://clinicadentalargarate.com/wp-login.php" "Mozilla/5.0 (Macintosh; Intel Mac OS X 10_15_7) AppleWebKit/537.36 (KHTML, like Gecko) Chrome/120.0.0.0 Safari/537.36"
87.98.225.137 - - [28/Jun/2026:18:43:37 +0200] "POST /wp-cron.php?doing_wp_cron=1782665017.1081089973449707031250 HTTP/1.1" 200 3658 "-" "WordPress/6.7.2; https://clinicadentalargarate.com"
62.60.130.232 - - [28/Jun/2026:18:43:37 +0200] "GET /wp-login.php?redirect_to=https%3A%2F%2Fclinicadentalargarate.com%2Fwp-admin%2Findex.php&reauth=1 HTTP/1.1" 200 5492 "https://clinicadentalargarate.com/wp-login.php" "Mozilla/5.0 (Macintosh; Intel Mac OS X 10_15_7) AppleWebKit/537.36 (KHTML, like Gecko) Chrome/120.0.0.0 Safari/537.36"
62.60.130.232 - - [28/Jun/2026:18:43:37 +0200] "POST /wp-login.php HTTP/1.1" 200 3529 "https://clinicadentalargarate.com/wp-login.php" "Mozilla/5.0 (Macintosh; Intel Mac OS X 13_6_1) AppleWebKit/537.36 (KHTML, like Gecko) Chrome/120.0.0.0 Safari/537.36"
87.98.225.137 - - [28/Jun/2026:18:43:37 +0200] "POST /wp-cron.php?doing_wp_cron=1782665017.4927821159362792968750 HTTP/1.1" 200 3658 "-" "WordPress/6.7.2; https://clinicadentalargarate.com"
62.60.130.232 - - [28/Jun/2026:18:43:37 +0200] "GET /wp-admin/index.php HTTP/1.1" 302 488 "https://clinicadentalargarate.com/wp-login.php" "Mozilla/5.0 (X11; Ubuntu; Linux x86_64) AppleWebKit/537.36 (KHTML, like Gecko) Chrome/118.0.0.0 Safari/537.36"
62.60.130.232 - - [28/Jun/2026:18:43:37 +0200] "GET /wp-login.php?redirect_to=https%3A%2F%2Fclinicadentalargarate.com%2Fwp-admin%2Findex.php&reauth=1 HTTP/1.1" 200 5492 "https://clinicadentalargarate.com/wp-login.php" "Mozilla/5.0 (X11; Ubuntu; Linux x86_64) AppleWebKit/537.36 (KHTML, like Gecko) Chrome/118.0.0.0 Safari/537.36"
87.98.225.137 - - [28/Jun/2026:18:43:37 +0200] "POST /wp-cron.php?doing_wp_cron=1782665017.7833850383758544921875 HTTP/1.1" 200 3658 "-" "WordPress/6.7.2; https://clinicadentalargarate.com"
62.60.130.232 - - [28/Jun/2026:18:43:37 +0200] "POST /wp-login.php HTTP/1.1" 200 3576 "https://clinicadentalargarate.com/wp-login.php" "Mozilla/5.0 (Macintosh; Intel Mac OS X 13_6_1) AppleWebKit/605.1.15 (KHTML, like Gecko) Version/16.6 Safari/605.1.15"
62.60.130.232 - - [28/Jun/2026:18:43:37 +0200] "GET /wp-admin/index.php HTTP/1.1" 302 488 "https://clinicadentalargarate.com/wp-login.php" "Mozilla/5.0 (X11; Linux x86_64) AppleWebKit/537.36 (KHTML, like Gecko) Chrome/120.0.0.0 Safari/537.36"
87.98.225.137 - - [28/Jun/2026:18:43:38 +0200] "POST /wp-cron.php?doing_wp_cron=1782665018.1342511177062988281250 HTTP/1.1" 200 3658 "-" "WordPress/6.7.2; https://clinicadentalargarate.com"
62.60.130.232 - - [28/Jun/2026:18:43:38 +0200] "GET /wp-login.php?redirect_to=https%3A%2F%2Fclinicadentalargarate.com%2Fwp-admin%2Findex.php&reauth=1 HTTP/1.1" 200 5492 "https://clinicadentalargarate.com/wp-login.php" "Mozilla/5.0 (X11; Linux x86_64) AppleWebKit/537.36 (KHTML, like Gecko) Chrome/120.0.0.0 Safari/537.36"
62.60.130.232 - - [28/Jun/2026:18:43:38 +0200] "POST /wp-login.php HTTP/1.1" 200 3574 "https://clinicadentalargarate.com/wp-login.php" "Mozilla/5.0 (Macintosh; Intel Mac OS X 13_6_1) AppleWebKit/537.36 (KHTML, like Gecko) Chrome/120.0.0.0 Safari/537.36"
87.98.225.137 - - [28/Jun/2026:18:43:38 +0200] "POST /wp-cron.php?doing_wp_cron=1782665018.5144290924072265625000 HTTP/1.1" 200 3658 "-" "WordPress/6.7.2; https://clinicadentalargarate.com"
62.60.130.232 - - [28/Jun/2026:18:43:38 +0200] "GET /wp-admin/index.php HTTP/1.1" 302 488 "https://clinicadentalargarate.com/wp-login.php" "Mozilla/5.0 (X11; Ubuntu; Linux x86_64) AppleWebKit/537.36 (KHTML, like Gecko) Chrome/119.0.0.0 Safari/537.36"
62.60.130.232 - - [28/Jun/2026:18:43:38 +0200] "GET /wp-login.php?redirect_to=https%3A%2F%2Fclinicadentalargarate.com%2Fwp-admin%2Findex.php&reauth=1 HTTP/1.1" 200 5492 "https://clinicadentalargarate.com/wp-login.php" "Mozilla/5.0 (X11; Ubuntu; Linux x86_64) AppleWebKit/537.36 (KHTML, like Gecko) Chrome/119.0.0.0 Safari/537.36"
87.98.225.137 - - [28/Jun/2026:18:43:38 +0200] "POST /wp-cron.php?doing_wp_cron=1782665018.8092739582061767578125 HTTP/1.1" 200 3658 "-" "WordPress/6.7.2; https://clinicadentalargarate.com"
62.60.130.232 - - [28/Jun/2026:18:43:38 +0200] "POST /wp-login.php HTTP/1.1" 200 3529 "https://clinicadentalargarate.com/wp-login.php" "Mozilla/5.0 (Windows NT 11.0; Win64; x64) AppleWebKit/537.36 (KHTML, like Gecko) Chrome/120.0.0.0 Safari/537.36"
62.60.130.232 - - [28/Jun/2026:18:43:38 +0200] "GET /wp-admin/index.php HTTP/1.1" 302 488 "https://clinicadentalargarate.com/wp-login.php" "Mozilla/5.0 (Macintosh; Intel Mac OS X 10_15_7; rv:120.0) Gecko/20100101 Firefox/120.0"
87.98.225.137 - - [28/Jun/2026:18:43:39 +0200] "POST /wp-cron.php?doing_wp_cron=1782665019.1628160476684570312500 HTTP/1.1" 200 3658 "-" "WordPress/6.7.2; https://clinicadentalargarate.com"
62.60.130.232 - - [28/Jun/2026:18:43:39 +0200] "GET /wp-login.php?redirect_to=https%3A%2F%2Fclinicadentalargarate.com%2Fwp-admin%2Findex.php&reauth=1 HTTP/1.1" 200 5492 "https://clinicadentalargarate.com/wp-login.php" "Mozilla/5.0 (Macintosh; Intel Mac OS X 10_15_7; rv:120.0) Gecko/20100101 Firefox/120.0"
62.60.130.232 - - [28/Jun/2026:18:43:39 +0200] "POST /wp-login.php HTTP/1.1" 200 3576 "https://clinicadentalargarate.com/wp-login.php" "Mozilla/5.0 (Macintosh; Intel Mac OS X 10_15_7; rv:119.0) Gecko/20100101 Firefox/119.0"
87.98.225.137 - - [28/Jun/2026:18:43:39 +0200] "POST /wp-cron.php?doing_wp_cron=1782665019.5361969470977783203125 HTTP/1.1" 200 3658 "-" "WordPress/6.7.2; https://clinicadentalargarate.com"
62.60.130.232 - - [28/Jun/2026:18:43:39 +0200] "GET /wp-admin/index.php HTTP/1.1" 302 488 "https://clinicadentalargarate.com/wp-login.php" "Mozilla/5.0 (Macintosh; Intel Mac OS X 13_6_1) AppleWebKit/605.1.15 (KHTML, like Gecko) Version/16.6 Safari/605.1.15"
62.60.130.232 - - [28/Jun/2026:18:43:39 +0200] "GET /wp-login.php?redirect_to=https%3A%2F%2Fclinicadentalargarate.com%2Fwp-admin%2Findex.php&reauth=1 HTTP/1.1" 200 5492 "https://clinicadentalargarate.com/wp-login.php" "Mozilla/5.0 (Macintosh; Intel Mac OS X 13_6_1) AppleWebKit/605.1.15 (KHTML, like Gecko) Version/16.6 Safari/605.1.15"
87.98.225.137 - - [28/Jun/2026:18:43:39 +0200] "POST /wp-cron.php?doing_wp_cron=1782665019.8261349201202392578125 HTTP/1.1" 200 3658 "-" "WordPress/6.7.2; https://clinicadentalargarate.com"
62.60.130.232 - - [28/Jun/2026:18:43:39 +0200] "POST /wp-login.php HTTP/1.1" 200 3576 "https://clinicadentalargarate.com/wp-login.php" "Mozilla/5.0 (X11; Ubuntu; Linux x86_64) AppleWebKit/537.36 (KHTML, like Gecko) Chrome/121.0.0.0 Safari/537.36"
62.60.130.232 - - [28/Jun/2026:18:43:39 +0200] "GET /wp-admin/index.php HTTP/1.1" 302 488 "https://clinicadentalargarate.com/wp-login.php" "Mozilla/5.0 (X11; Ubuntu; Linux x86_64) AppleWebKit/537.36 (KHTML, like Gecko) Chrome/121.0.0.0 Safari/537.36"
87.98.225.137 - - [28/Jun/2026:18:43:40 +0200] "POST /wp-cron.php?doing_wp_cron=1782665020.1787400245666503906250 HTTP/1.1" 200 3658 "-" "WordPress/6.7.2; https://clinicadentalargarate.com"
62.60.130.232 - - [28/Jun/2026:18:43:40 +0200] "GET /wp-login.php?redirect_to=https%3A%2F%2Fclinicadentalargarate.com%2Fwp-admin%2Findex.php&reauth=1 HTTP/1.1" 200 5492 "https://clinicadentalargarate.com/wp-login.php" "Mozilla/5.0 (X11; Ubuntu; Linux x86_64) AppleWebKit/537.36 (KHTML, like Gecko) Chrome/121.0.0.0 Safari/537.36"
62.60.130.232 - - [28/Jun/2026:18:43:40 +0200] "POST /wp-login.php HTTP/1.1" 200 3576 "https://clinicadentalargarate.com/wp-login.php" "Mozilla/5.0 (Windows NT 11.0; Win64; x64; rv:119.0) Gecko/20100101 Firefox/119.0"
87.98.225.137 - - [28/Jun/2026:18:43:40 +0200] "POST /wp-cron.php?doing_wp_cron=1782665020.5452508926391601562500 HTTP/1.1" 200 3658 "-" "WordPress/6.7.2; https://clinicadentalargarate.com"
62.60.130.232 - - [28/Jun/2026:18:43:40 +0200] "GET /wp-admin/index.php HTTP/1.1" 302 488 "https://clinicadentalargarate.com/wp-login.php" "Mozilla/5.0 (Macintosh; Intel Mac OS X 13_6_1) AppleWebKit/537.36 (KHTML, like Gecko) Chrome/118.0.0.0 Safari/537.36"
62.60.130.232 - - [28/Jun/2026:18:43:40 +0200] "GET /wp-login.php?redirect_to=https%3A%2F%2Fclinicadentalargarate.com%2Fwp-admin%2Findex.php&reauth=1 HTTP/1.1" 200 5492 "https://clinicadentalargarate.com/wp-login.php" "Mozilla/5.0 (Macintosh; Intel Mac OS X 13_6_1) AppleWebKit/537.36 (KHTML, like Gecko) Chrome/118.0.0.0 Safari/537.36"
87.98.225.137 - - [28/Jun/2026:18:43:40 +0200] "POST /wp-cron.php?doing_wp_cron=1782665020.8349421024322509765625 HTTP/1.1" 200 3658 "-" "WordPress/6.7.2; https://clinicadentalargarate.com"
62.60.130.232 - - [28/Jun/2026:18:43:40 +0200] "POST /wp-login.php HTTP/1.1" 200 3529 "https://clinicadentalargarate.com/wp-login.php" "Mozilla/5.0 (Windows NT 11.0; Win64; x64) AppleWebKit/537.36 (KHTML, like Gecko) Chrome/118.0.0.0 Safari/537.36"
