87.98.225.137 - - [28/Jun/2026:06:17:31 +0200] "POST /wp-cron.php?doing_wp_cron=1782620251.4349520206451416015625 HTTP/1.1" 200 3658 "-" "WordPress/6.7.2; https://clinicadentalargarate.com"
85.215.173.245 - - [28/Jun/2026:06:17:31 +0200] "GET /wp-login.php HTTP/1.1" 200 6743 "-" "Mozilla/5.0 (Macintosh; Intel Mac OS X 14_7_4) AppleWebKit/537.36 (KHTML, like Gecko) Chrome/133.0.0.0 Safari/537.36"
85.215.173.245 - - [28/Jun/2026:06:17:31 +0200] "POST /wp-login.php HTTP/1.1" 200 3500 "https://clinicadentalargarate.com/wp-login.php" "Mozilla/5.0 (Macintosh; Intel Mac OS X 14_7_4) AppleWebKit/537.36 (KHTML, like Gecko) Chrome/133.0.0.0 Safari/537.36"
87.98.225.137 - - [28/Jun/2026:06:17:49 +0200] "POST /wp-cron.php?doing_wp_cron=1782620269.9751489162445068359375 HTTP/1.1" 200 3658 "-" "WordPress/6.7.2; https://clinicadentalargarate.com"
173.247.255.22 - - [28/Jun/2026:06:17:49 +0200] "GET /wp-login.php HTTP/1.1" 200 6743 "-" "Mozilla/5.0 (Windows NT 10.0; Win64; x64) AppleWebKit/537.36 (KHTML, like Gecko) Chrome/133.0.0.0 Safari/537.36"
87.98.225.137 - - [28/Jun/2026:06:17:50 +0200] "POST /wp-cron.php?doing_wp_cron=1782620270.5316550731658935546875 HTTP/1.1" 200 3658 "-" "WordPress/6.7.2; https://clinicadentalargarate.com"
173.247.255.22 - - [28/Jun/2026:06:17:50 +0200] "POST /wp-login.php HTTP/1.1" 200 3527 "https://clinicadentalargarate.com/wp-login.php" "Mozilla/5.0 (Windows NT 10.0; Win64; x64) AppleWebKit/537.36 (KHTML, like Gecko) Chrome/133.0.0.0 Safari/537.36"
87.98.225.137 - - [28/Jun/2026:06:18:10 +0200] "POST /wp-cron.php?doing_wp_cron=1782620290.4778709411621093750000 HTTP/1.1" 200 281 "-" "WordPress/6.7.2; https://clinicadentalargarate.com"
62.141.44.236 - - [28/Jun/2026:06:18:10 +0200] "GET / HTTP/1.1" 301 268 "-" "Mozilla/5.0 (Windows NT 10.0; Win64; x64) AppleWebKit/537.36 (KHTML, like Gecko) Chrome/91.0.4472.114 Safari/537.36 Edg/91.0.864.54"
62.141.44.236 - - [28/Jun/2026:06:18:10 +0200] "GET / HTTP/1.1" 200 36364 "-" "Mozilla/5.0 (Windows NT 10.0; Win64; x64) AppleWebKit/537.36 (KHTML, like Gecko) Chrome/91.0.4472.114 Safari/537.36 Edg/91.0.864.54"
87.98.225.137 - - [28/Jun/2026:06:22:11 +0200] "POST /wp-cron.php?doing_wp_cron=1782620531.8191759586334228515625 HTTP/1.1" 200 3658 "-" "WordPress/6.7.2; https://clinicadentalargarate.com"
178.62.89.9 - - [28/Jun/2026:06:22:11 +0200] "GET /wp-login.php HTTP/1.1" 200 6743 "-" "Mozilla/5.0 (Windows NT 10.0) AppleWebKit/537.36 (KHTML, like Gecko) Chrome/133.0.0.0 Safari/537.36"
178.62.89.9 - - [28/Jun/2026:06:22:11 +0200] "POST /wp-login.php HTTP/1.1" 200 3527 "https://clinicadentalargarate.com/wp-login.php" "Mozilla/5.0 (Windows NT 10.0) AppleWebKit/537.36 (KHTML, like Gecko) Chrome/133.0.0.0 Safari/537.36"
87.98.225.137 - - [28/Jun/2026:06:23:14 +0200] "POST /wp-cron.php?doing_wp_cron=1782620594.4685049057006835937500 HTTP/1.1" 200 3658 "-" "WordPress/6.7.2; https://clinicadentalargarate.com"
43.157.67.70 - - [28/Jun/2026:06:23:14 +0200] "GET /feed/ HTTP/1.1" 200 32777 "-" "Mozilla/5.0 (iPhone; CPU iPhone OS 13_2_3 like Mac OS X) AppleWebKit/605.1.15 (KHTML, like Gecko) Version/13.0.3 Mobile/15E148 Safari/604.1"
87.98.225.137 - - [28/Jun/2026:06:25:46 +0200] "POST /wp-cron.php?doing_wp_cron=1782620745.9831221103668212890625 HTTP/1.1" 200 3658 "-" "WordPress/6.7.2; https://clinicadentalargarate.com"
158.69.215.39 - - [28/Jun/2026:06:25:45 +0200] "GET /wp-login.php HTTP/1.1" 200 6743 "-" "Mozilla/5.0 (X11; Ubuntu; Linux x86_64) AppleWebKit/537.36 (KHTML, like Gecko) Chrome/133.0.0.0 Safari/537.36"
87.98.225.137 - - [28/Jun/2026:06:25:46 +0200] "POST /wp-cron.php?doing_wp_cron=1782620746.6582460403442382812500 HTTP/1.1" 200 3658 "-" "WordPress/6.7.2; https://clinicadentalargarate.com"
158.69.215.39 - - [28/Jun/2026:06:25:46 +0200] "POST /wp-login.php HTTP/1.1" 200 3525 "https://clinicadentalargarate.com/wp-login.php" "Mozilla/5.0 (X11; Ubuntu; Linux x86_64) AppleWebKit/537.36 (KHTML, like Gecko) Chrome/133.0.0.0 Safari/537.36"
95.108.213.211 - - [28/Jun/2026:06:26:02 +0200] "GET /robots.txt HTTP/1.1" 200 4154 "-" "Mozilla/5.0 (compatible; YandexBot/3.0; +http://yandex.com/bots)"
87.98.225.137 - - [28/Jun/2026:06:26:02 +0200] "POST /wp-cron.php?doing_wp_cron=1782620762.4327540397644042968750 HTTP/1.1" 200 3658 "-" "WordPress/6.7.2; https://clinicadentalargarate.com"
104.244.124.135 - - [28/Jun/2026:06:26:02 +0200] "GET /wp-login.php HTTP/1.1" 200 6743 "-" "Mozilla/5.0 (Macintosh; Intel Mac OS X 10_15_7) AppleWebKit/537.36 (KHTML, like Gecko) Chrome/133.0.0.0 Safari/537.36"
87.98.225.137 - - [28/Jun/2026:06:26:02 +0200] "POST /wp-cron.php?doing_wp_cron=1782620762.8583030700683593750000 HTTP/1.1" 200 3658 "-" "WordPress/6.7.2; https://clinicadentalargarate.com"
104.244.124.135 - - [28/Jun/2026:06:26:02 +0200] "POST /wp-login.php HTTP/1.1" 200 3500 "https://clinicadentalargarate.com/wp-login.php" "Mozilla/5.0 (Macintosh; Intel Mac OS X 10_15_7) AppleWebKit/537.36 (KHTML, like Gecko) Chrome/133.0.0.0 Safari/537.36"
87.98.225.137 - - [28/Jun/2026:06:26:03 +0200] "POST /wp-cron.php?doing_wp_cron=1782620763.3413569927215576171875 HTTP/1.1" 200 3658 "-" "WordPress/6.7.2; https://clinicadentalargarate.com"
213.180.203.179 - - [28/Jun/2026:06:26:03 +0200] "GET /blog/een-overzicht-van-de-betalingsopties-bij-love-casino-2/ HTTP/1.1" 500 6601 "-" "Mozilla/5.0 (compatible; YandexBot/3.0; +http://yandex.com/bots)"
87.98.225.137 - - [28/Jun/2026:06:30:10 +0200] "POST /wp-cron.php?doing_wp_cron=1782621010.1932690143585205078125 HTTP/1.1" 200 3658 "-" "WordPress/6.7.2; https://clinicadentalargarate.com"
94.23.87.180 - - [28/Jun/2026:06:30:10 +0200] "GET / HTTP/1.0" 200 152488 "-" "-"
87.98.225.137 - - [28/Jun/2026:06:30:13 +0200] "POST /wp-cron.php?doing_wp_cron=1782621013.7408080101013183593750 HTTP/1.1" 200 3658 "-" "WordPress/6.7.2; https://clinicadentalargarate.com"
164.138.220.142 - - [28/Jun/2026:06:30:13 +0200] "GET /wp-login.php HTTP/1.1" 200 6743 "-" "Mozilla/5.0 (Windows NT 10.0; Win64; x64; rv:133.0) Gecko/20100101 Firefox/133.0"
87.98.225.137 - - [28/Jun/2026:06:30:14 +0200] "POST /wp-cron.php?doing_wp_cron=1782621014.6812860965728759765625 HTTP/1.1" 200 3658 "-" "WordPress/6.7.2; https://clinicadentalargarate.com"
164.138.220.142 - - [28/Jun/2026:06:30:14 +0200] "POST /wp-login.php HTTP/1.1" 200 3500 "https://clinicadentalargarate.com/wp-login.php" "Mozilla/5.0 (Windows NT 10.0; Win64; x64; rv:133.0) Gecko/20100101 Firefox/133.0"
87.98.225.137 - - [28/Jun/2026:06:33:47 +0200] "POST /wp-cron.php?doing_wp_cron=1782621227.3380761146545410156250 HTTP/1.1" 200 3658 "-" "WordPress/6.7.2; https://clinicadentalargarate.com"
43.155.27.244 - - [28/Jun/2026:06:33:47 +0200] "GET /blog/implantes-dentales-para-que-sirven/ HTTP/1.1" 500 6568 "-" "Mozilla/5.0 (iPhone; CPU iPhone OS 13_2_3 like Mac OS X) AppleWebKit/605.1.15 (KHTML, like Gecko) Version/13.0.3 Mobile/15E148 Safari/604.1"
87.98.225.137 - - [28/Jun/2026:06:34:17 +0200] "POST /wp-cron.php?doing_wp_cron=1782621257.7791581153869628906250 HTTP/1.1" 200 3658 "-" "WordPress/6.7.2; https://clinicadentalargarate.com"
148.251.47.87 - - [28/Jun/2026:06:34:17 +0200] "GET /wp-login.php HTTP/1.1" 200 6743 "-" "Mozilla/5.0 (Windows NT 10.0) AppleWebKit/537.36 (KHTML, like Gecko) Chrome/133.0.0.0 Safari/537.36"
148.251.47.87 - - [28/Jun/2026:06:34:17 +0200] "POST /wp-login.php HTTP/1.1" 200 3500 "https://clinicadentalargarate.com/wp-login.php" "Mozilla/5.0 (Windows NT 10.0) AppleWebKit/537.36 (KHTML, like Gecko) Chrome/133.0.0.0 Safari/537.36"
87.98.225.137 - - [28/Jun/2026:06:37:48 +0200] "POST /wp-cron.php?doing_wp_cron=1782621468.9473268985748291015625 HTTP/1.1" 200 3658 "-" "WordPress/6.7.2; https://clinicadentalargarate.com"
209.42.21.221 - - [28/Jun/2026:06:37:48 +0200] "GET /wp-login.php HTTP/1.1" 200 6743 "-" "Mozilla/5.0 (Windows NT 10.0; Win64; x64) AppleWebKit/537.36 (KHTML, like Gecko) Chrome/120.0.0.0 Safari/537.36"
209.42.21.221 - - [28/Jun/2026:06:37:48 +0200] "POST /wp-login.php HTTP/1.1" 200 3502 "https://clinicadentalargarate.com/wp-login.php" "Mozilla/5.0 (Windows NT 10.0; Win64; x64) AppleWebKit/537.36 (KHTML, like Gecko) Chrome/120.0.0.0 Safari/537.36"
87.98.225.137 - - [28/Jun/2026:06:38:22 +0200] "POST /wp-cron.php?doing_wp_cron=1782621502.8388559818267822265625 HTTP/1.1" 200 3658 "-" "WordPress/6.7.2; https://clinicadentalargarate.com"
103.166.182.186 - - [28/Jun/2026:06:38:22 +0200] "GET /wp-login.php HTTP/1.1" 200 6743 "-" "Mozilla/5.0 (Windows NT 10.0; WOW64) AppleWebKit/537.36 (KHTML, like Gecko) Chrome/133.0.0.0 Safari/537.36"
87.98.225.137 - - [28/Jun/2026:06:38:23 +0200] "POST /wp-cron.php?doing_wp_cron=1782621503.4939119815826416015625 HTTP/1.1" 200 3658 "-" "WordPress/6.7.2; https://clinicadentalargarate.com"
103.166.182.186 - - [28/Jun/2026:06:38:23 +0200] "POST /wp-login.php HTTP/1.1" 200 3500 "https://clinicadentalargarate.com/wp-login.php" "Mozilla/5.0 (Windows NT 10.0; WOW64) AppleWebKit/537.36 (KHTML, like Gecko) Chrome/133.0.0.0 Safari/537.36"
87.98.225.137 - - [28/Jun/2026:06:38:44 +0200] "POST /wp-cron.php?doing_wp_cron=1782621524.6180400848388671875000 HTTP/1.1" 200 3658 "-" "WordPress/6.7.2; https://clinicadentalargarate.com"
167.71.132.111 - - [28/Jun/2026:06:38:44 +0200] "GET /wp-login.php HTTP/1.1" 200 6743 "-" "Mozilla/5.0 (X11; Linux x86_64; rv:133.0) Gecko/20100101 Firefox/133.0"
167.71.132.111 - - [28/Jun/2026:06:38:44 +0200] "POST /wp-login.php HTTP/1.1" 200 3527 "https://clinicadentalargarate.com/wp-login.php" "Mozilla/5.0 (X11; Linux x86_64; rv:133.0) Gecko/20100101 Firefox/133.0"
87.98.225.137 - - [28/Jun/2026:06:41:48 +0200] "POST /wp-cron.php?doing_wp_cron=1782621708.4467570781707763671875 HTTP/1.1" 200 3658 "-" "WordPress/6.7.2; https://clinicadentalargarate.com"
57.141.0.32 - - [28/Jun/2026:06:41:48 +0200] "GET /blog/acabar-la-halitosis-mal-aliento/ HTTP/1.1" 500 6599 "-" "meta-webindexer/1.1 (+https://developers.facebook.com/docs/sharing/webmasters/crawler)"
87.98.225.137 - - [28/Jun/2026:06:42:48 +0200] "POST /wp-cron.php?doing_wp_cron=1782621768.9579329490661621093750 HTTP/1.1" 200 3658 "-" "WordPress/6.7.2; https://clinicadentalargarate.com"
97.74.88.143 - - [28/Jun/2026:06:42:48 +0200] "GET /wp-login.php HTTP/1.1" 200 6743 "-" "Mozilla/5.0 (Windows NT 10.0; Win64; x64) AppleWebKit/537.36 (KHTML, like Gecko) Chrome/133.0.0.0 Safari/537.36 Edg/133.0.0.0"
87.98.225.137 - - [28/Jun/2026:06:42:49 +0200] "POST /wp-cron.php?doing_wp_cron=1782621769.5242218971252441406250 HTTP/1.1" 200 3658 "-" "WordPress/6.7.2; https://clinicadentalargarate.com"
97.74.88.143 - - [28/Jun/2026:06:42:49 +0200] "POST /wp-login.php HTTP/1.1" 200 3527 "https://clinicadentalargarate.com/wp-login.php" "Mozilla/5.0 (Windows NT 10.0; Win64; x64) AppleWebKit/537.36 (KHTML, like Gecko) Chrome/133.0.0.0 Safari/537.36 Edg/133.0.0.0"
87.98.225.137 - - [28/Jun/2026:06:42:52 +0200] "POST /wp-cron.php?doing_wp_cron=1782621772.0404019355773925781250 HTTP/1.1" 200 3658 "-" "WordPress/6.7.2; https://clinicadentalargarate.com"
173.247.255.22 - - [28/Jun/2026:06:42:51 +0200] "GET /wp-login.php HTTP/1.1" 200 6743 "-" "Mozilla/5.0 (Windows NT 10.0; Win64; x64) AppleWebKit/537.36 (KHTML, like Gecko) Chrome/133.0.0.0 Safari/537.36 Edg/133.0.0.0"
87.98.225.137 - - [28/Jun/2026:06:42:52 +0200] "POST /wp-cron.php?doing_wp_cron=1782621772.4865710735321044921875 HTTP/1.1" 200 3658 "-" "WordPress/6.7.2; https://clinicadentalargarate.com"
173.247.255.22 - - [28/Jun/2026:06:42:52 +0200] "POST /wp-login.php HTTP/1.1" 200 3500 "https://clinicadentalargarate.com/wp-login.php" "Mozilla/5.0 (Windows NT 10.0; Win64; x64) AppleWebKit/537.36 (KHTML, like Gecko) Chrome/133.0.0.0 Safari/537.36 Edg/133.0.0.0"
87.98.225.137 - - [28/Jun/2026:06:43:49 +0200] "POST /wp-cron.php?doing_wp_cron=1782621829.3709499835968017578125 HTTP/1.1" 200 3658 "-" "WordPress/6.7.2; https://clinicadentalargarate.com"
205.185.116.245 - - [28/Jun/2026:06:43:49 +0200] "GET /wp-login.php HTTP/1.1" 200 14604 "-" "Mozilla/5.0 (compatible; MSIE 9.0; Windows NT 6.1; WOW64; Trident/5.0)"
87.98.225.137 - - [28/Jun/2026:06:43:59 +0200] "POST /wp-cron.php?doing_wp_cron=1782621839.0314550399780273437500 HTTP/1.1" 200 3658 "-" "WordPress/6.7.2; https://clinicadentalargarate.com"
43.154.127.188 - - [28/Jun/2026:06:43:58 +0200] "GET /blog/enfermedades-de-las-encias-cuales-son-sus-sintomas-y-su-tratamiento/ HTTP/1.1" 500 6568 "-" "Mozilla/5.0 (iPhone; CPU iPhone OS 13_2_3 like Mac OS X) AppleWebKit/605.1.15 (KHTML, like Gecko) Version/13.0.3 Mobile/15E148 Safari/604.1"
87.98.225.137 - - [28/Jun/2026:06:44:51 +0200] "POST /wp-cron.php?doing_wp_cron=1782621891.2336740493774414062500 HTTP/1.1" 200 3658 "-" "WordPress/6.7.2; https://clinicadentalargarate.com"
205.185.116.245 - - [28/Jun/2026:06:44:51 +0200] "POST /wp-login.php HTTP/1.1" 200 15128 "-" "Mozilla/5.0 (compatible; MSIE 9.0; Windows NT 6.1; WOW64; Trident/5.0)"
87.98.225.137 - - [28/Jun/2026:06:46:30 +0200] "POST /wp-cron.php?doing_wp_cron=1782621990.7230169773101806640625 HTTP/1.1" 200 3658 "-" "WordPress/6.7.2; https://clinicadentalargarate.com"
198.244.240.186 - - [28/Jun/2026:06:46:30 +0200] "GET /?sitemap300.xml HTTP/1.1" 301 3660 "-" "Mozilla/5.0 (compatible; AhrefsBot/7.0; +http://ahrefs.com/robot/)"
198.244.240.186 - - [28/Jun/2026:06:46:30 +0200] "GET /?sitemap300_xml HTTP/1.1" 200 36366 "-" "Mozilla/5.0 (compatible; AhrefsBot/7.0; +http://ahrefs.com/robot/)"
87.98.225.137 - - [28/Jun/2026:06:46:56 +0200] "POST /wp-cron.php?doing_wp_cron=1782622016.0612599849700927734375 HTTP/1.1" 200 3658 "-" "WordPress/6.7.2; https://clinicadentalargarate.com"
159.198.35.26 - - [28/Jun/2026:06:46:55 +0200] "GET /wp-login.php HTTP/1.1" 200 6743 "-" "Mozilla/5.0 (Macintosh; Intel Mac OS X 11_7_10) AppleWebKit/537.36 (KHTML, like Gecko) Chrome/133.0.0.0 Safari/537.36"
87.98.225.137 - - [28/Jun/2026:06:46:57 +0200] "POST /wp-cron.php?doing_wp_cron=1782622017.2507889270782470703125 HTTP/1.1" 200 3658 "-" "WordPress/6.7.2; https://clinicadentalargarate.com"
159.198.35.26 - - [28/Jun/2026:06:46:57 +0200] "POST /wp-login.php HTTP/1.1" 200 3500 "https://clinicadentalargarate.com/wp-login.php" "Mozilla/5.0 (Macintosh; Intel Mac OS X 11_7_10) AppleWebKit/537.36 (KHTML, like Gecko) Chrome/133.0.0.0 Safari/537.36"
87.98.225.137 - - [28/Jun/2026:06:47:10 +0200] "POST /wp-cron.php?doing_wp_cron=1782622030.1255118846893310546875 HTTP/1.1" 200 3658 "-" "WordPress/6.7.2; https://clinicadentalargarate.com"
198.46.83.219 - - [28/Jun/2026:06:47:09 +0200] "GET /wp-login.php HTTP/1.1" 200 6743 "-" "Mozilla/5.0 (X11; Linux x86_64; rv:133.0) Gecko/20100101 Firefox/133.0"
87.98.225.137 - - [28/Jun/2026:06:47:10 +0200] "POST /wp-cron.php?doing_wp_cron=1782622030.4996740818023681640625 HTTP/1.1" 200 3658 "-" "WordPress/6.7.2; https://clinicadentalargarate.com"
198.46.83.219 - - [28/Jun/2026:06:47:10 +0200] "POST /wp-login.php HTTP/1.1" 200 3525 "https://clinicadentalargarate.com/wp-login.php" "Mozilla/5.0 (X11; Linux x86_64; rv:133.0) Gecko/20100101 Firefox/133.0"
87.98.225.137 - - [28/Jun/2026:06:51:11 +0200] "POST /wp-cron.php?doing_wp_cron=1782622271.1198949813842773437500 HTTP/1.1" 200 3658 "-" "WordPress/6.7.2; https://clinicadentalargarate.com"
20.153.140.50 - - [28/Jun/2026:06:51:11 +0200] "GET /wp-login.php HTTP/1.1" 200 6743 "-" "Mozilla/5.0 (Macintosh; Intel Mac OS X 14_7_4) AppleWebKit/537.36 (KHTML, like Gecko) Chrome/133.0.0.0 Safari/537.36"
87.98.225.137 - - [28/Jun/2026:06:51:11 +0200] "POST /wp-cron.php?doing_wp_cron=1782622271.8649950027465820312500 HTTP/1.1" 200 3658 "-" "WordPress/6.7.2; https://clinicadentalargarate.com"
20.153.140.50 - - [28/Jun/2026:06:51:11 +0200] "POST /wp-login.php HTTP/1.1" 200 3527 "https://clinicadentalargarate.com/wp-login.php" "Mozilla/5.0 (Macintosh; Intel Mac OS X 14_7_4) AppleWebKit/537.36 (KHTML, like Gecko) Chrome/133.0.0.0 Safari/537.36"
87.98.225.137 - - [28/Jun/2026:06:52:38 +0200] "POST /wp-cron.php?doing_wp_cron=1782622358.2730441093444824218750 HTTP/1.1" 200 3658 "-" "WordPress/6.7.2; https://clinicadentalargarate.com"
160.191.139.115 - - [28/Jun/2026:06:52:38 +0200] "GET /wp-login.php HTTP/1.1" 200 6743 "-" "Mozilla/5.0 (Windows NT 10.0; Win64; x64) AppleWebKit/537.36 (KHTML, like Gecko) Chrome/120.0.0.0 Safari/537.36"
87.98.225.137 - - [28/Jun/2026:06:52:38 +0200] "POST /wp-cron.php?doing_wp_cron=1782622358.5874950885772705078125 HTTP/1.1" 200 3658 "-" "WordPress/6.7.2; https://clinicadentalargarate.com"
160.191.139.115 - - [28/Jun/2026:06:52:38 +0200] "POST /wp-login.php HTTP/1.1" 200 3502 "https://clinicadentalargarate.com/wp-login.php" "Mozilla/5.0 (Windows NT 10.0; Win64; x64) AppleWebKit/537.36 (KHTML, like Gecko) Chrome/120.0.0.0 Safari/537.36"
87.98.225.137 - - [28/Jun/2026:06:53:47 +0200] "POST /wp-cron.php?doing_wp_cron=1782622427.5659050941467285156250 HTTP/1.1" 200 3658 "-" "WordPress/6.7.2; https://clinicadentalargarate.com"
101.32.15.141 - - [28/Jun/2026:06:53:47 +0200] "GET /tratamientos/periodoncia/embed/ HTTP/1.1" 200 10542 "-" "Mozilla/5.0 (iPhone; CPU iPhone OS 13_2_3 like Mac OS X) AppleWebKit/605.1.15 (KHTML, like Gecko) Version/13.0.3 Mobile/15E148 Safari/604.1"
87.98.225.137 - - [28/Jun/2026:06:55:01 +0200] "POST /wp-cron.php?doing_wp_cron=1782622501.0339190959930419921875 HTTP/1.1" 200 3658 "-" "WordPress/6.7.2; https://clinicadentalargarate.com"
192.185.4.71 - - [28/Jun/2026:06:55:00 +0200] "GET /wp-login.php HTTP/1.1" 200 6743 "-" "Mozilla/5.0 (X11; Linux x86_64) AppleWebKit/537.36 (KHTML, like Gecko) Chrome/133.0.0.0 Safari/537.36"
87.98.225.137 - - [28/Jun/2026:06:55:01 +0200] "POST /wp-cron.php?doing_wp_cron=1782622501.7646529674530029296875 HTTP/1.1" 200 3658 "-" "WordPress/6.7.2; https://clinicadentalargarate.com"
192.185.4.71 - - [28/Jun/2026:06:55:01 +0200] "POST /wp-login.php HTTP/1.1" 200 3527 "https://clinicadentalargarate.com/wp-login.php" "Mozilla/5.0 (X11; Linux x86_64) AppleWebKit/537.36 (KHTML, like Gecko) Chrome/133.0.0.0 Safari/537.36"
87.98.225.137 - - [28/Jun/2026:06:55:02 +0200] "POST /wp-cron.php?doing_wp_cron=1782622502.8125009536743164062500 HTTP/1.1" 200 3658 "-" "WordPress/6.7.2; https://clinicadentalargarate.com"
78.142.18.172 - - [28/Jun/2026:06:55:02 +0200] "GET /wp-login.php HTTP/1.1" 200 6743 "-" "Mozilla/5.0 (Windows NT 10.0) AppleWebKit/537.36 (KHTML, like Gecko) Chrome/133.0.0.0 Safari/537.36"
78.142.18.172 - - [28/Jun/2026:06:55:02 +0200] "POST /wp-login.php HTTP/1.1" 200 3500 "https://clinicadentalargarate.com/wp-login.php" "Mozilla/5.0 (Windows NT 10.0) AppleWebKit/537.36 (KHTML, like Gecko) Chrome/133.0.0.0 Safari/537.36"
87.98.225.137 - - [28/Jun/2026:06:55:56 +0200] "POST /wp-cron.php?doing_wp_cron=1782622556.5851809978485107421875 HTTP/1.1" 200 3658 "-" "WordPress/6.7.2; https://clinicadentalargarate.com"
45.71.182.253 - - [28/Jun/2026:06:55:56 +0200] "GET /tratamientos/blanqueamiento-dental/ HTTP/1.1" 404 105613 "-" "Mozilla/5.0 (Windows NT 6.2; WOW64) AppleWebKit/537.36 (KHTML, like Gecko) Chrome/27.0.1453.93 Safari/537.36"
87.98.225.137 - - [28/Jun/2026:06:56:23 +0200] "POST /wp-cron.php?doing_wp_cron=1782622583.7523229122161865234375 HTTP/1.1" 200 3658 "-" "WordPress/6.7.2; https://clinicadentalargarate.com"
202.47.36.188 - - [28/Jun/2026:06:56:23 +0200] "GET /tratamientos/blanqueamiento-dental/ HTTP/1.1" 404 105613 "-" "Mozilla/5.0 (Windows NT 6.1; Win64; x64) AppleWebKit/537.36 (KHTML, like Gecko) Brave Chrome/80.0.3987.87 Safari/537.36"
87.98.225.137 - - [28/Jun/2026:06:58:59 +0200] "POST /wp-cron.php?doing_wp_cron=1782622739.4071059226989746093750 HTTP/1.1" 200 3658 "-" "WordPress/6.7.2; https://clinicadentalargarate.com"
148.251.47.87 - - [28/Jun/2026:06:58:59 +0200] "GET /wp-login.php HTTP/1.1" 200 6743 "-" "Mozilla/5.0 (X11; Ubuntu; Linux x86_64) AppleWebKit/537.36 (KHTML, like Gecko) Chrome/133.0.0.0 Safari/537.36"
148.251.47.87 - - [28/Jun/2026:06:58:59 +0200] "POST /wp-login.php HTTP/1.1" 200 3527 "https://clinicadentalargarate.com/wp-login.php" "Mozilla/5.0 (X11; Ubuntu; Linux x86_64) AppleWebKit/537.36 (KHTML, like Gecko) Chrome/133.0.0.0 Safari/537.36"
87.98.225.137 - - [28/Jun/2026:06:59:12 +0200] "POST /wp-cron.php?doing_wp_cron=1782622752.7043609619140625000000 HTTP/1.1" 200 3658 "-" "WordPress/6.7.2; https://clinicadentalargarate.com"
78.142.18.172 - - [28/Jun/2026:06:59:12 +0200] "GET /wp-login.php HTTP/1.1" 200 6743 "-" "Mozilla/5.0 (Windows NT 10.0; WOW64) AppleWebKit/537.36 (KHTML, like Gecko) Chrome/133.0.0.0 Safari/537.36"
78.142.18.172 - - [28/Jun/2026:06:59:12 +0200] "POST /wp-login.php HTTP/1.1" 200 3500 "https://clinicadentalargarate.com/wp-login.php" "Mozilla/5.0 (Windows NT 10.0; WOW64) AppleWebKit/537.36 (KHTML, like Gecko) Chrome/133.0.0.0 Safari/537.36"
216.73.217.169 - - [28/Jun/2026:07:01:05 +0200] "GET /robots.txt HTTP/1.1" 200 3834 "-" "Mozilla/5.0 AppleWebKit/537.36 (KHTML, like Gecko; compatible; ClaudeBot/1.0; +claudebot@anthropic.com)"
87.98.225.137 - - [28/Jun/2026:07:01:05 +0200] "POST /wp-cron.php?doing_wp_cron=1782622865.7261779308319091796875 HTTP/1.1" 200 3658 "-" "WordPress/6.7.2; https://clinicadentalargarate.com"
216.73.217.169 - - [28/Jun/2026:07:01:05 +0200] "GET / HTTP/1.1" 200 33002 "-" "Mozilla/5.0 AppleWebKit/537.36 (KHTML, like Gecko; compatible; ClaudeBot/1.0; +claudebot@anthropic.com)"
134.195.101.197 - - [28/Jun/2026:07:01:34 +0200] "GET /wp-content/uploads/2017/12/odontologia.jpg HTTP/1.1" 200 11700 "-" "python-requests/2.33.1"
87.98.225.137 - - [28/Jun/2026:07:02:47 +0200] "POST /wp-cron.php?doing_wp_cron=1782622967.1477580070495605468750 HTTP/1.1" 200 3658 "-" "WordPress/6.7.2; https://clinicadentalargarate.com"
216.73.217.169 - - [28/Jun/2026:07:02:47 +0200] "GET /pages.php HTTP/1.1" 404 105569 "-" "Mozilla/5.0 AppleWebKit/537.36 (KHTML, like Gecko; compatible; ClaudeBot/1.0; +claudebot@anthropic.com)"
87.98.225.137 - - [28/Jun/2026:07:03:24 +0200] "POST /wp-cron.php?doing_wp_cron=1782623004.2732589244842529296875 HTTP/1.1" 200 3658 "-" "WordPress/6.7.2; https://clinicadentalargarate.com"
104.244.124.135 - - [28/Jun/2026:07:03:24 +0200] "GET /wp-login.php HTTP/1.1" 200 6743 "-" "Mozilla/5.0 (X11; Linux x86_64; rv:133.0) Gecko/20100101 Firefox/133.0"
87.98.225.137 - - [28/Jun/2026:07:03:24 +0200] "POST /wp-cron.php?doing_wp_cron=1782623004.7182760238647460937500 HTTP/1.1" 200 3658 "-" "WordPress/6.7.2; https://clinicadentalargarate.com"
104.244.124.135 - - [28/Jun/2026:07:03:24 +0200] "POST /wp-login.php HTTP/1.1" 200 3527 "https://clinicadentalargarate.com/wp-login.php" "Mozilla/5.0 (X11; Linux x86_64; rv:133.0) Gecko/20100101 Firefox/133.0"
87.98.225.137 - - [28/Jun/2026:07:04:05 +0200] "POST /wp-cron.php?doing_wp_cron=1782623045.8966369628906250000000 HTTP/1.1" 200 3658 "-" "WordPress/6.7.2; https://clinicadentalargarate.com"
43.132.214.228 - - [28/Jun/2026:07:04:05 +0200] "GET /feed/ HTTP/1.1" 200 32777 "-" "Mozilla/5.0 (iPhone; CPU iPhone OS 13_2_3 like Mac OS X) AppleWebKit/605.1.15 (KHTML, like Gecko) Version/13.0.3 Mobile/15E148 Safari/604.1"
87.98.225.137 - - [28/Jun/2026:07:06:46 +0200] "POST /wp-cron.php?doing_wp_cron=1782623206.0229439735412597656250 HTTP/1.1" 200 3658 "-" "WordPress/6.7.2; https://clinicadentalargarate.com"
45.61.185.32 - - [28/Jun/2026:07:06:45 +0200] "GET /wp-login.php HTTP/1.1" 200 14541 "-" "Mozilla/5.0 (Windows NT 10.0; Win64; x64) AppleWebKit/537.36 (KHTML, like Gecko) Chrome/143.0.0.0 Safari/537.36"
87.98.225.137 - - [28/Jun/2026:07:06:46 +0200] "POST /wp-cron.php?doing_wp_cron=1782623206.3801150321960449218750 HTTP/1.1" 200 3658 "-" "WordPress/6.7.2; https://clinicadentalargarate.com"
45.61.185.32 - - [28/Jun/2026:07:06:46 +0200] "POST /wp-login.php HTTP/1.1" 200 11660 "-" "Mozilla/5.0 (Windows NT 10.0; Win64; x64) AppleWebKit/537.36 (KHTML, like Gecko) Chrome/143.0.0.0 Safari/537.36"
87.98.225.137 - - [28/Jun/2026:07:07:18 +0200] "POST /wp-cron.php?doing_wp_cron=1782623238.0733289718627929687500 HTTP/1.1" 200 3658 "-" "WordPress/6.7.2; https://clinicadentalargarate.com"
78.142.18.172 - - [28/Jun/2026:07:07:17 +0200] "GET /wp-login.php HTTP/1.1" 200 6743 "-" "Mozilla/5.0 (Windows NT 10.0; Win64; x64) AppleWebKit/537.36 (KHTML, like Gecko) Chrome/133.0.0.0 Safari/537.36 Edg/133.0.0.0"
78.142.18.172 - - [28/Jun/2026:07:07:18 +0200] "POST /wp-login.php HTTP/1.1" 200 3527 "https://clinicadentalargarate.com/wp-login.php" "Mozilla/5.0 (Windows NT 10.0; Win64; x64) AppleWebKit/537.36 (KHTML, like Gecko) Chrome/133.0.0.0 Safari/537.36 Edg/133.0.0.0"
87.98.225.137 - - [28/Jun/2026:07:07:25 +0200] "POST /wp-cron.php?doing_wp_cron=1782623245.7082090377807617187500 HTTP/1.1" 200 3658 "-" "WordPress/6.7.2; https://clinicadentalargarate.com"
212.227.154.251 - - [28/Jun/2026:07:07:25 +0200] "GET /wp-login.php HTTP/1.1" 200 6743 "-" "Mozilla/5.0 (Windows NT 10.0; Win64; x64) AppleWebKit/537.36 (KHTML, like Gecko) Chrome/133.0.0.0 Safari/537.36"
87.98.225.137 - - [28/Jun/2026:07:07:25 +0200] "POST /wp-cron.php?doing_wp_cron=1782623245.9160299301147460937500 HTTP/1.1" 200 3658 "-" "WordPress/6.7.2; https://clinicadentalargarate.com"
212.227.154.251 - - [28/Jun/2026:07:07:25 +0200] "POST /wp-login.php HTTP/1.1" 200 3500 "https://clinicadentalargarate.com/wp-login.php" "Mozilla/5.0 (Windows NT 10.0; Win64; x64) AppleWebKit/537.36 (KHTML, like Gecko) Chrome/133.0.0.0 Safari/537.36"
87.98.225.137 - - [28/Jun/2026:07:09:19 +0200] "POST /wp-cron.php?doing_wp_cron=1782623359.7191510200500488281250 HTTP/1.1" 200 3658 "-" "WordPress/6.7.2; https://clinicadentalargarate.com"
151.246.1.47 - - [28/Jun/2026:07:09:19 +0200] "GET /wp-login.php HTTP/1.1" 200 6743 "-" "Mozilla/5.0 (Windows NT 10.0; Win64; x64) AppleWebKit/537.36 (KHTML, like Gecko) Chrome/120.0.0.0 Safari/537.36"
87.98.225.137 - - [28/Jun/2026:07:09:20 +0200] "POST /wp-cron.php?doing_wp_cron=1782623360.0138459205627441406250 HTTP/1.1" 200 3658 "-" "WordPress/6.7.2; https://clinicadentalargarate.com"
151.246.1.47 - - [28/Jun/2026:07:09:19 +0200] "POST /wp-login.php HTTP/1.1" 200 3527 "https://clinicadentalargarate.com/wp-login.php" "Mozilla/5.0 (Windows NT 10.0; Win64; x64) AppleWebKit/537.36 (KHTML, like Gecko) Chrome/120.0.0.0 Safari/537.36"
87.98.225.137 - - [28/Jun/2026:07:11:32 +0200] "POST /wp-cron.php?doing_wp_cron=1782623492.8052010536193847656250 HTTP/1.1" 200 3658 "-" "WordPress/6.7.2; https://clinicadentalargarate.com"
43.157.243.191 - - [28/Jun/2026:07:11:32 +0200] "GET /wp-login.php HTTP/1.1" 200 6743 "-" "Mozilla/5.0 (X11; Ubuntu; Linux x86_64; rv:133.0) Gecko/20100101 Firefox/133.0"
87.98.225.137 - - [28/Jun/2026:07:11:33 +0200] "POST /wp-cron.php?doing_wp_cron=1782623493.3213169574737548828125 HTTP/1.1" 200 3658 "-" "WordPress/6.7.2; https://clinicadentalargarate.com"
43.157.243.191 - - [28/Jun/2026:07:11:33 +0200] "POST /wp-login.php HTTP/1.1" 200 3500 "https://clinicadentalargarate.com/wp-login.php" "Mozilla/5.0 (X11; Ubuntu; Linux x86_64; rv:133.0) Gecko/20100101 Firefox/133.0"
87.98.225.137 - - [28/Jun/2026:07:11:36 +0200] "POST /wp-cron.php?doing_wp_cron=1782623496.9265539646148681640625 HTTP/1.1" 200 3658 "-" "WordPress/6.7.2; https://clinicadentalargarate.com"
43.135.145.77 - - [28/Jun/2026:07:11:36 +0200] "GET /feed/ HTTP/1.1" 200 32777 "-" "Mozilla/5.0 (iPhone; CPU iPhone OS 13_2_3 like Mac OS X) AppleWebKit/605.1.15 (KHTML, like Gecko) Version/13.0.3 Mobile/15E148 Safari/604.1"
87.98.225.137 - - [28/Jun/2026:07:12:04 +0200] "POST /wp-cron.php?doing_wp_cron=1782623524.1957550048828125000000 HTTP/1.1" 200 3658 "-" "WordPress/6.7.2; https://clinicadentalargarate.com"
40.77.167.48 - - [28/Jun/2026:07:12:03 +0200] "GET /blog/precio-implante-dental/ HTTP/1.1" 500 6680 "-" "Mozilla/5.0 AppleWebKit/537.36 (KHTML, like Gecko; compatible; bingbot/2.0; +http://www.bing.com/bingbot.htm) Chrome/116.0.1938.76 Safari/537.36"
87.98.225.137 - - [28/Jun/2026:07:15:38 +0200] "POST /wp-cron.php?doing_wp_cron=1782623738.7563169002532958984375 HTTP/1.1" 200 3658 "-" "WordPress/6.7.2; https://clinicadentalargarate.com"
51.16.190.127 - - [28/Jun/2026:07:15:38 +0200] "GET /wp-login.php HTTP/1.1" 200 6743 "-" "Mozilla/5.0 (Macintosh; Intel Mac OS X 14_7_4) AppleWebKit/537.36 (KHTML, like Gecko) Chrome/133.0.0.0 Safari/537.36"
87.98.225.137 - - [28/Jun/2026:07:15:39 +0200] "POST /wp-cron.php?doing_wp_cron=1782623739.0183830261230468750000 HTTP/1.1" 200 3658 "-" "WordPress/6.7.2; https://clinicadentalargarate.com"
51.16.190.127 - - [28/Jun/2026:07:15:38 +0200] "POST /wp-login.php HTTP/1.1" 200 3527 "https://clinicadentalargarate.com/wp-login.php" "Mozilla/5.0 (Macintosh; Intel Mac OS X 14_7_4) AppleWebKit/537.36 (KHTML, like Gecko) Chrome/133.0.0.0 Safari/537.36"
87.98.225.137 - - [28/Jun/2026:07:15:41 +0200] "POST /wp-cron.php?doing_wp_cron=1782623741.0329449176788330078125 HTTP/1.1" 200 3658 "-" "WordPress/6.7.2; https://clinicadentalargarate.com"
212.227.154.251 - - [28/Jun/2026:07:15:40 +0200] "GET /wp-login.php HTTP/1.1" 200 6743 "-" "Mozilla/5.0 (X11; Linux x86_64; rv:133.0) Gecko/20100101 Firefox/133.0"
87.98.225.137 - - [28/Jun/2026:07:15:41 +0200] "POST /wp-cron.php?doing_wp_cron=1782623741.8857190608978271484375 HTTP/1.1" 200 3658 "-" "WordPress/6.7.2; https://clinicadentalargarate.com"
212.227.154.251 - - [28/Jun/2026:07:15:41 +0200] "POST /wp-login.php HTTP/1.1" 200 3500 "https://clinicadentalargarate.com/wp-login.php" "Mozilla/5.0 (X11; Linux x86_64; rv:133.0) Gecko/20100101 Firefox/133.0"
85.208.96.211 - - [28/Jun/2026:07:17:38 +0200] "GET /robots.txt HTTP/1.1" 200 3826 "-" "Mozilla/5.0 (compatible; SemrushBot/7~bl; +http://www.semrush.com/bot.html)"
87.98.225.137 - - [28/Jun/2026:07:17:38 +0200] "POST /wp-cron.php?doing_wp_cron=1782623858.9059538841247558593750 HTTP/1.1" 200 3658 "-" "WordPress/6.7.2; https://clinicadentalargarate.com"
185.191.171.17 - - [28/Jun/2026:07:17:38 +0200] "GET /tratamientos/estetica-dental/carillas-dentales/ HTTP/1.1" 200 29809 "-" "Mozilla/5.0 (compatible; SemrushBot/7~bl; +http://www.semrush.com/bot.html)"
87.98.225.137 - - [28/Jun/2026:07:19:53 +0200] "POST /wp-cron.php?doing_wp_cron=1782623993.6785440444946289062500 HTTP/1.1" 200 3658 "-" "WordPress/6.7.2; https://clinicadentalargarate.com"
78.142.18.172 - - [28/Jun/2026:07:19:53 +0200] "GET /wp-login.php HTTP/1.1" 200 6743 "-" "Mozilla/5.0 (X11; Linux x86_64) AppleWebKit/537.36 (KHTML, like Gecko) Chrome/133.0.0.0 Safari/537.36"
78.142.18.172 - - [28/Jun/2026:07:19:53 +0200] "POST /wp-login.php HTTP/1.1" 200 3527 "https://clinicadentalargarate.com/wp-login.php" "Mozilla/5.0 (X11; Linux x86_64) AppleWebKit/537.36 (KHTML, like Gecko) Chrome/133.0.0.0 Safari/537.36"
87.98.225.137 - - [28/Jun/2026:07:24:02 +0200] "POST /wp-cron.php?doing_wp_cron=1782624242.3821899890899658203125 HTTP/1.1" 200 3658 "-" "WordPress/6.7.2; https://clinicadentalargarate.com"
85.128.143.142 - - [28/Jun/2026:07:24:02 +0200] "GET /wp-login.php HTTP/1.1" 200 6743 "-" "Mozilla/5.0 (X11; Fedora; Linux x86_64) AppleWebKit/537.36 (KHTML, like Gecko) Chrome/133.0.0.0 Safari/537.36"
85.128.143.142 - - [28/Jun/2026:07:24:02 +0200] "POST /wp-login.php HTTP/1.1" 200 3500 "https://clinicadentalargarate.com/wp-login.php" "Mozilla/5.0 (X11; Fedora; Linux x86_64) AppleWebKit/537.36 (KHTML, like Gecko) Chrome/133.0.0.0 Safari/537.36"
87.98.225.137 - - [28/Jun/2026:07:25:15 +0200] "POST /wp-cron.php?doing_wp_cron=1782624315.1547269821166992187500 HTTP/1.1" 200 3658 "-" "WordPress/6.7.2; https://clinicadentalargarate.com"
43.130.9.111 - - [28/Jun/2026:07:25:15 +0200] "GET /feed/ HTTP/1.1" 200 32777 "-" "Mozilla/5.0 (iPhone; CPU iPhone OS 13_2_3 like Mac OS X) AppleWebKit/605.1.15 (KHTML, like Gecko) Version/13.0.3 Mobile/15E148 Safari/604.1"
87.98.225.137 - - [28/Jun/2026:07:28:09 +0200] "POST /wp-cron.php?doing_wp_cron=1782624489.4336578845977783203125 HTTP/1.1" 200 3658 "-" "WordPress/6.7.2; https://clinicadentalargarate.com"
164.90.178.220 - - [28/Jun/2026:07:28:09 +0200] "GET /wp-login.php HTTP/1.1" 200 6743 "-" "Mozilla/5.0 (X11; Ubuntu; Linux x86_64) AppleWebKit/537.36 (KHTML, like Gecko) Chrome/133.0.0.0 Safari/537.36"
164.90.178.220 - - [28/Jun/2026:07:28:09 +0200] "POST /wp-login.php HTTP/1.1" 200 3500 "https://clinicadentalargarate.com/wp-login.php" "Mozilla/5.0 (X11; Ubuntu; Linux x86_64) AppleWebKit/537.36 (KHTML, like Gecko) Chrome/133.0.0.0 Safari/537.36"
87.98.225.137 - - [28/Jun/2026:07:30:10 +0200] "POST /wp-cron.php?doing_wp_cron=1782624610.7664558887481689453125 HTTP/1.1" 200 3658 "-" "WordPress/6.7.2; https://clinicadentalargarate.com"
94.23.87.180 - - [28/Jun/2026:07:30:10 +0200] "GET / HTTP/1.0" 200 152488 "-" "-"
51.68.107.137 - - [28/Jun/2026:07:31:43 +0200] "GET /robots.txt HTTP/1.1" 200 3863 "-" "Mozilla/5.0 (compatible; MJ12bot/v2.0.5; http://mj12bot.com/)"
87.98.225.137 - - [28/Jun/2026:07:31:43 +0200] "POST /wp-cron.php?doing_wp_cron=1782624703.4596800804138183593750 HTTP/1.1" 200 3658 "-" "WordPress/6.7.2; https://clinicadentalargarate.com"
51.68.107.137 - - [28/Jun/2026:07:31:43 +0200] "GET / HTTP/1.1" 200 33030 "-" "Mozilla/5.0 (compatible; MJ12bot/v2.0.5; http://mj12bot.com/)"
87.98.225.137 - - [28/Jun/2026:07:32:07 +0200] "POST /wp-cron.php?doing_wp_cron=1782624727.4977829456329345703125 HTTP/1.1" 200 3658 "-" "WordPress/6.7.2; https://clinicadentalargarate.com"
104.244.124.135 - - [28/Jun/2026:07:32:07 +0200] "GET /wp-login.php HTTP/1.1" 200 6743 "-" "Mozilla/5.0 (Windows NT 10.0; Win64; x64) AppleWebKit/537.36 (KHTML, like Gecko) Chrome/133.0.0.0 Safari/537.36 Edg/133.0.0.0"
87.98.225.137 - - [28/Jun/2026:07:32:07 +0200] "POST /wp-cron.php?doing_wp_cron=1782624727.9210669994354248046875 HTTP/1.1" 200 3658 "-" "WordPress/6.7.2; https://clinicadentalargarate.com"
104.244.124.135 - - [28/Jun/2026:07:32:07 +0200] "POST /wp-login.php HTTP/1.1" 200 3527 "https://clinicadentalargarate.com/wp-login.php" "Mozilla/5.0 (Windows NT 10.0; Win64; x64) AppleWebKit/537.36 (KHTML, like Gecko) Chrome/133.0.0.0 Safari/537.36 Edg/133.0.0.0"
87.98.225.137 - - [28/Jun/2026:07:32:15 +0200] "POST /wp-cron.php?doing_wp_cron=1782624735.4837069511413574218750 HTTP/1.1" 200 3658 "-" "WordPress/6.7.2; https://clinicadentalargarate.com"
185.109.244.91 - - [28/Jun/2026:07:32:15 +0200] "GET /wp-login.php HTTP/1.1" 200 6743 "-" "Mozilla/5.0 (X11; Linux i686) AppleWebKit/537.36 (KHTML, like Gecko) Chrome/133.0.0.0 Safari/537.36"
87.98.225.137 - - [28/Jun/2026:07:32:15 +0200] "POST /wp-cron.php?doing_wp_cron=1782624735.8768739700317382812500 HTTP/1.1" 200 3658 "-" "WordPress/6.7.2; https://clinicadentalargarate.com"
185.109.244.91 - - [28/Jun/2026:07:32:15 +0200] "POST /wp-login.php HTTP/1.1" 200 3500 "https://clinicadentalargarate.com/wp-login.php" "Mozilla/5.0 (X11; Linux i686) AppleWebKit/537.36 (KHTML, like Gecko) Chrome/133.0.0.0 Safari/537.36"
87.98.225.137 - - [28/Jun/2026:07:32:29 +0200] "POST /wp-cron.php?doing_wp_cron=1782624749.6270430088043212890625 HTTP/1.1" 200 3658 "-" "WordPress/6.7.2; https://clinicadentalargarate.com"
85.215.252.72 - - [28/Jun/2026:07:32:29 +0200] "GET /wp-login.php HTTP/1.1" 200 6743 "-" "Mozilla/5.0 (X11; Ubuntu; Linux x86_64) AppleWebKit/537.36 (KHTML, like Gecko) Chrome/133.0.0.0 Safari/537.36"
85.215.252.72 - - [28/Jun/2026:07:32:29 +0200] "POST /wp-login.php HTTP/1.1" 200 3525 "https://clinicadentalargarate.com/wp-login.php" "Mozilla/5.0 (X11; Ubuntu; Linux x86_64) AppleWebKit/537.36 (KHTML, like Gecko) Chrome/133.0.0.0 Safari/537.36"
87.98.225.137 - - [28/Jun/2026:07:33:37 +0200] "POST /wp-cron.php?doing_wp_cron=1782624817.2080919742584228515625 HTTP/1.1" 200 3658 "-" "WordPress/6.7.2; https://clinicadentalargarate.com"
129.226.146.146 - - [28/Jun/2026:07:33:37 +0200] "GET /feed/ HTTP/1.1" 200 32777 "-" "Mozilla/5.0 (iPhone; CPU iPhone OS 13_2_3 like Mac OS X) AppleWebKit/605.1.15 (KHTML, like Gecko) Version/13.0.3 Mobile/15E148 Safari/604.1"
87.98.225.137 - - [28/Jun/2026:07:36:25 +0200] "POST /wp-cron.php?doing_wp_cron=1782624985.5856471061706542968750 HTTP/1.1" 200 3658 "-" "WordPress/6.7.2; https://clinicadentalargarate.com"
173.247.255.22 - - [28/Jun/2026:07:36:25 +0200] "GET /wp-login.php HTTP/1.1" 200 6743 "-" "Mozilla/5.0 (Windows NT 10.0; Win64; x64; rv:133.0) Gecko/20100101 Firefox/133.0"
87.98.225.137 - - [28/Jun/2026:07:36:26 +0200] "POST /wp-cron.php?doing_wp_cron=1782624986.0280530452728271484375 HTTP/1.1" 200 3658 "-" "WordPress/6.7.2; https://clinicadentalargarate.com"
173.247.255.22 - - [28/Jun/2026:07:36:25 +0200] "POST /wp-login.php HTTP/1.1" 200 3527 "https://clinicadentalargarate.com/wp-login.php" "Mozilla/5.0 (Windows NT 10.0; Win64; x64; rv:133.0) Gecko/20100101 Firefox/133.0"
87.98.225.137 - - [28/Jun/2026:07:36:34 +0200] "POST /wp-cron.php?doing_wp_cron=1782624993.9818770885467529296875 HTTP/1.1" 200 3658 "-" "WordPress/6.7.2; https://clinicadentalargarate.com"
188.68.47.21 - - [28/Jun/2026:07:36:33 +0200] "GET /wp-login.php HTTP/1.1" 200 6743 "-" "Mozilla/5.0 (X11; Linux x86_64) AppleWebKit/537.36 (KHTML, like Gecko) Chrome/133.0.0.0 Safari/537.36 Edg/133.0.0.0"
188.68.47.21 - - [28/Jun/2026:07:36:34 +0200] "POST /wp-login.php HTTP/1.1" 200 3500 "https://clinicadentalargarate.com/wp-login.php" "Mozilla/5.0 (X11; Linux x86_64) AppleWebKit/537.36 (KHTML, like Gecko) Chrome/133.0.0.0 Safari/537.36 Edg/133.0.0.0"
87.98.225.137 - - [28/Jun/2026:07:40:02 +0200] "POST /wp-cron.php?doing_wp_cron=1782625202.9608619213104248046875 HTTP/1.1" 200 3658 "-" "WordPress/6.7.2; https://clinicadentalargarate.com"
209.42.18.223 - - [28/Jun/2026:07:40:02 +0200] "GET /wp-login.php HTTP/1.1" 200 6743 "-" "Mozilla/5.0 (Windows NT 10.0; Win64; x64) AppleWebKit/537.36 (KHTML, like Gecko) Chrome/120.0.0.0 Safari/537.36"
209.42.18.223 - - [28/Jun/2026:07:40:03 +0200] "POST /wp-login.php HTTP/1.1" 200 3500 "https://clinicadentalargarate.com/wp-login.php" "Mozilla/5.0 (Windows NT 10.0; Win64; x64) AppleWebKit/537.36 (KHTML, like Gecko) Chrome/120.0.0.0 Safari/537.36"
87.98.225.137 - - [28/Jun/2026:07:40:15 +0200] "POST /wp-cron.php?doing_wp_cron=1782625215.8173708915710449218750 HTTP/1.1" 200 3658 "-" "WordPress/6.7.2; https://clinicadentalargarate.com"
138.186.9.20 - - [28/Jun/2026:07:40:15 +0200] "GET /wp-login.php HTTP/1.1" 200 6743 "-" "Mozilla/5.0 (Macintosh; Intel Mac OS X 14_7_4) AppleWebKit/537.36 (KHTML, like Gecko) Chrome/133.0.0.0 Safari/537.36"
87.98.225.137 - - [28/Jun/2026:07:40:16 +0200] "POST /wp-cron.php?doing_wp_cron=1782625216.5867750644683837890625 HTTP/1.1" 200 3658 "-" "WordPress/6.7.2; https://clinicadentalargarate.com"
138.186.9.20 - - [28/Jun/2026:07:40:16 +0200] "POST /wp-login.php HTTP/1.1" 200 3527 "https://clinicadentalargarate.com/wp-login.php" "Mozilla/5.0 (Macintosh; Intel Mac OS X 14_7_4) AppleWebKit/537.36 (KHTML, like Gecko) Chrome/133.0.0.0 Safari/537.36"
87.98.225.137 - - [28/Jun/2026:07:40:41 +0200] "POST /wp-cron.php?doing_wp_cron=1782625241.7310090065002441406250 HTTP/1.1" 200 3658 "-" "WordPress/6.7.2; https://clinicadentalargarate.com"
148.72.144.211 - - [28/Jun/2026:07:40:41 +0200] "GET /wp-login.php HTTP/1.1" 200 6743 "-" "Mozilla/5.0 (X11; Linux x86_64) AppleWebKit/537.36 (KHTML, like Gecko) Chrome/133.0.0.0 Safari/537.36"
87.98.225.137 - - [28/Jun/2026:07:40:42 +0200] "POST /wp-cron.php?doing_wp_cron=1782625242.0646500587463378906250 HTTP/1.1" 200 3658 "-" "WordPress/6.7.2; https://clinicadentalargarate.com"
148.72.144.211 - - [28/Jun/2026:07:40:41 +0200] "POST /wp-login.php HTTP/1.1" 200 3500 "https://clinicadentalargarate.com/wp-login.php" "Mozilla/5.0 (X11; Linux x86_64) AppleWebKit/537.36 (KHTML, like Gecko) Chrome/133.0.0.0 Safari/537.36"
87.98.225.137 - - [28/Jun/2026:07:44:01 +0200] "POST /wp-cron.php?doing_wp_cron=1782625441.4013290405273437500000 HTTP/1.1" 200 3658 "-" "WordPress/6.7.2; https://clinicadentalargarate.com"
43.130.72.40 - - [28/Jun/2026:07:44:01 +0200] "GET /feed/ HTTP/1.1" 200 32777 "-" "Mozilla/5.0 (iPhone; CPU iPhone OS 13_2_3 like Mac OS X) AppleWebKit/605.1.15 (KHTML, like Gecko) Version/13.0.3 Mobile/15E148 Safari/604.1"
87.98.225.137 - - [28/Jun/2026:07:44:48 +0200] "POST /wp-cron.php?doing_wp_cron=1782625488.5902459621429443359375 HTTP/1.1" 200 3658 "-" "WordPress/6.7.2; https://clinicadentalargarate.com"
78.142.18.172 - - [28/Jun/2026:07:44:48 +0200] "GET /wp-login.php HTTP/1.1" 200 6743 "-" "Mozilla/5.0 (Macintosh; Intel Mac OS X 10_15_7) AppleWebKit/605.1.15 (KHTML, like Gecko) Version/18.3 Safari/605.1.15"
78.142.18.172 - - [28/Jun/2026:07:44:48 +0200] "POST /wp-login.php HTTP/1.1" 200 3500 "https://clinicadentalargarate.com/wp-login.php" "Mozilla/5.0 (Macintosh; Intel Mac OS X 10_15_7) AppleWebKit/605.1.15 (KHTML, like Gecko) Version/18.3 Safari/605.1.15"
87.98.225.137 - - [28/Jun/2026:07:48:47 +0200] "POST /wp-cron.php?doing_wp_cron=1782625727.5471520423889160156250 HTTP/1.1" 200 3658 "-" "WordPress/6.7.2; https://clinicadentalargarate.com"
103.187.168.22 - - [28/Jun/2026:07:48:47 +0200] "GET /wp-login.php HTTP/1.1" 200 6743 "-" "Mozilla/5.0 (X11; Ubuntu; Linux x86_64) AppleWebKit/537.36 (KHTML, like Gecko) Chrome/133.0.0.0 Safari/537.36"
87.98.225.137 - - [28/Jun/2026:07:48:48 +0200] "POST /wp-cron.php?doing_wp_cron=1782625728.0816218852996826171875 HTTP/1.1" 200 3658 "-" "WordPress/6.7.2; https://clinicadentalargarate.com"
103.187.168.22 - - [28/Jun/2026:07:48:47 +0200] "POST /wp-login.php HTTP/1.1" 200 3527 "https://clinicadentalargarate.com/wp-login.php" "Mozilla/5.0 (X11; Ubuntu; Linux x86_64) AppleWebKit/537.36 (KHTML, like Gecko) Chrome/133.0.0.0 Safari/537.36"
87.98.225.137 - - [28/Jun/2026:07:49:04 +0200] "POST /wp-cron.php?doing_wp_cron=1782625744.7235100269317626953125 HTTP/1.1" 200 3658 "-" "WordPress/6.7.2; https://clinicadentalargarate.com"
31.14.99.66 - - [28/Jun/2026:07:49:04 +0200] "GET /wp-login.php HTTP/1.1" 200 6743 "-" "Mozilla/5.0 (Macintosh; Intel Mac OS X 11_7_10) AppleWebKit/537.36 (KHTML, like Gecko) Chrome/133.0.0.0 Safari/537.36"
31.14.99.66 - - [28/Jun/2026:07:49:04 +0200] "POST /wp-login.php HTTP/1.1" 200 3500 "https://clinicadentalargarate.com/wp-login.php" "Mozilla/5.0 (Macintosh; Intel Mac OS X 11_7_10) AppleWebKit/537.36 (KHTML, like Gecko) Chrome/133.0.0.0 Safari/537.36"
87.98.225.137 - - [28/Jun/2026:07:52:42 +0200] "POST /wp-cron.php?doing_wp_cron=1782625962.5724151134490966796875 HTTP/1.1" 200 3658 "-" "WordPress/6.7.2; https://clinicadentalargarate.com"
94.20.25.28 - - [28/Jun/2026:07:52:42 +0200] "GET /wp-login.php HTTP/1.1" 200 6743 "-" "Mozilla/5.0 (X11; Linux x86_64; rv:133.0) Gecko/20100101 Firefox/133.0"
87.98.225.137 - - [28/Jun/2026:07:52:43 +0200] "POST /wp-cron.php?doing_wp_cron=1782625963.0268750190734863281250 HTTP/1.1" 200 3658 "-" "WordPress/6.7.2; https://clinicadentalargarate.com"
94.20.25.28 - - [28/Jun/2026:07:52:42 +0200] "POST /wp-login.php HTTP/1.1" 200 3527 "https://clinicadentalargarate.com/wp-login.php" "Mozilla/5.0 (X11; Linux x86_64; rv:133.0) Gecko/20100101 Firefox/133.0"
87.98.225.137 - - [28/Jun/2026:07:52:44 +0200] "POST /wp-cron.php?doing_wp_cron=1782625964.4233839511871337890625 HTTP/1.1" 200 3658 "-" "WordPress/6.7.2; https://clinicadentalargarate.com"
85.215.252.72 - - [28/Jun/2026:07:52:44 +0200] "GET /wp-login.php HTTP/1.1" 200 6743 "-" "Mozilla/5.0 (Macintosh; Intel Mac OS X 14_7_4) AppleWebKit/537.36 (KHTML, like Gecko) Chrome/133.0.0.0 Safari/537.36"
85.215.252.72 - - [28/Jun/2026:07:52:44 +0200] "POST /wp-login.php HTTP/1.1" 200 3500 "https://clinicadentalargarate.com/wp-login.php" "Mozilla/5.0 (Macintosh; Intel Mac OS X 14_7_4) AppleWebKit/537.36 (KHTML, like Gecko) Chrome/133.0.0.0 Safari/537.36"
87.98.225.137 - - [28/Jun/2026:07:53:35 +0200] "POST /wp-cron.php?doing_wp_cron=1782626015.4859569072723388671875 HTTP/1.1" 200 3658 "-" "WordPress/6.7.2; https://clinicadentalargarate.com"
216.73.217.169 - - [28/Jun/2026:07:53:35 +0200] "GET / HTTP/1.1" 200 36363 "-" "Mozilla/5.0 AppleWebKit/537.36 (KHTML, like Gecko; compatible; ClaudeBot/1.0; +claudebot@anthropic.com)"
87.98.225.137 - - [28/Jun/2026:07:53:55 +0200] "POST /wp-cron.php?doing_wp_cron=1782626035.5074100494384765625000 HTTP/1.1" 200 3658 "-" "WordPress/6.7.2; https://clinicadentalargarate.com"
43.159.36.180 - - [28/Jun/2026:07:53:55 +0200] "GET /feed/ HTTP/1.1" 200 32777 "-" "Mozilla/5.0 (iPhone; CPU iPhone OS 13_2_3 like Mac OS X) AppleWebKit/605.1.15 (KHTML, like Gecko) Version/13.0.3 Mobile/15E148 Safari/604.1"
87.98.225.137 - - [28/Jun/2026:07:54:07 +0200] "POST /wp-cron.php?doing_wp_cron=1782626047.7192020416259765625000 HTTP/1.1" 200 3658 "-" "WordPress/6.7.2; https://clinicadentalargarate.com"
148.72.144.211 - - [28/Jun/2026:07:54:07 +0200] "GET /wp-login.php HTTP/1.1" 200 6743 "-" "Mozilla/5.0 (Macintosh; Intel Mac OS X 10_15_7) AppleWebKit/605.1.15 (KHTML, like Gecko) Version/18.3 Safari/605.1.15"
87.98.225.137 - - [28/Jun/2026:07:54:08 +0200] "POST /wp-cron.php?doing_wp_cron=1782626048.0673000812530517578125 HTTP/1.1" 200 3658 "-" "WordPress/6.7.2; https://clinicadentalargarate.com"
148.72.144.211 - - [28/Jun/2026:07:54:07 +0200] "POST /wp-login.php HTTP/1.1" 200 3525 "https://clinicadentalargarate.com/wp-login.php" "Mozilla/5.0 (Macintosh; Intel Mac OS X 10_15_7) AppleWebKit/605.1.15 (KHTML, like Gecko) Version/18.3 Safari/605.1.15"
87.98.225.137 - - [28/Jun/2026:07:56:33 +0200] "POST /wp-cron.php?doing_wp_cron=1782626193.5037350654602050781250 HTTP/1.1" 200 3658 "-" "WordPress/6.7.2; https://clinicadentalargarate.com"
185.109.244.91 - - [28/Jun/2026:07:56:33 +0200] "GET /wp-login.php HTTP/1.1" 200 6743 "-" "Mozilla/5.0 (Macintosh; Intel Mac OS X 10_15_7) AppleWebKit/537.36 (KHTML, like Gecko) Chrome/133.0.0.0 Safari/537.36 Edg/133.0.0.0"
87.98.225.137 - - [28/Jun/2026:07:56:33 +0200] "POST /wp-cron.php?doing_wp_cron=1782626193.8715860843658447265625 HTTP/1.1" 200 3658 "-" "WordPress/6.7.2; https://clinicadentalargarate.com"
185.109.244.91 - - [28/Jun/2026:07:56:33 +0200] "POST /wp-login.php HTTP/1.1" 200 3500 "https://clinicadentalargarate.com/wp-login.php" "Mozilla/5.0 (Macintosh; Intel Mac OS X 10_15_7) AppleWebKit/537.36 (KHTML, like Gecko) Chrome/133.0.0.0 Safari/537.36 Edg/133.0.0.0"
87.98.225.137 - - [28/Jun/2026:07:57:12 +0200] "POST /wp-cron.php?doing_wp_cron=1782626232.3285009860992431640625 HTTP/1.1" 200 3658 "-" "WordPress/6.7.2; https://clinicadentalargarate.com"
192.185.4.71 - - [28/Jun/2026:07:57:12 +0200] "GET /wp-login.php HTTP/1.1" 200 6743 "-" "Mozilla/5.0 (Windows NT 10.0; Win64; x64) AppleWebKit/537.36 (KHTML, like Gecko) Chrome/133.0.0.0 Safari/537.36 Edg/133.0.0.0"
64.49.36.130 - - [28/Jun/2026:07:57:12 +0200] "HEAD /?add-to-cart01228263=73759&_=1782626230073314100 HTTP/1.1" 200 3761 "-" "Mozilla/5.0 (Windows NT 10.0; Win64; x64) AppleWebKit/537.36 (KHTML, like Gecko) Chrome/120.0.0.0 Safari/537.36"
87.98.225.137 - - [28/Jun/2026:07:57:12 +0200] "POST /wp-cron.php?doing_wp_cron=1782626232.8053710460662841796875 HTTP/1.1" 200 3658 "-" "WordPress/6.7.2; https://clinicadentalargarate.com"
192.185.4.71 - - [28/Jun/2026:07:57:12 +0200] "POST /wp-login.php HTTP/1.1" 200 3527 "https://clinicadentalargarate.com/wp-login.php" "Mozilla/5.0 (Windows NT 10.0; Win64; x64) AppleWebKit/537.36 (KHTML, like Gecko) Chrome/133.0.0.0 Safari/537.36 Edg/133.0.0.0"
87.98.225.137 - - [28/Jun/2026:08:00:15 +0200] "POST /wp-cron.php?doing_wp_cron=1782626415.4578039646148681640625 HTTP/1.1" 200 3658 "-" "WordPress/6.7.2; https://clinicadentalargarate.com"
104.244.124.135 - - [28/Jun/2026:08:00:15 +0200] "GET /wp-login.php HTTP/1.1" 200 6743 "-" "Mozilla/5.0 (Macintosh; Intel Mac OS X 10_15_7) AppleWebKit/537.36 (KHTML, like Gecko) Chrome/133.0.0.0 Safari/537.36"
87.98.225.137 - - [28/Jun/2026:08:00:16 +0200] "POST /wp-cron.php?doing_wp_cron=1782626416.1461460590362548828125 HTTP/1.1" 200 3658 "-" "WordPress/6.7.2; https://clinicadentalargarate.com"
104.244.124.135 - - [28/Jun/2026:08:00:16 +0200] "POST /wp-login.php HTTP/1.1" 200 3500 "https://clinicadentalargarate.com/wp-login.php" "Mozilla/5.0 (Macintosh; Intel Mac OS X 10_15_7) AppleWebKit/537.36 (KHTML, like Gecko) Chrome/133.0.0.0 Safari/537.36"
87.98.225.137 - - [28/Jun/2026:08:01:22 +0200] "POST /wp-cron.php?doing_wp_cron=1782626482.3923530578613281250000 HTTP/1.1" 200 3658 "-" "WordPress/6.7.2; https://clinicadentalargarate.com"
143.198.203.76 - - [28/Jun/2026:08:01:22 +0200] "GET /wp-login.php HTTP/1.1" 200 6743 "-" "Mozilla/5.0 (Windows NT 10.0; Win64; x64; rv:133.0) Gecko/20100101 Firefox/133.0"
87.98.225.137 - - [28/Jun/2026:08:01:23 +0200] "POST /wp-cron.php?doing_wp_cron=1782626483.2316710948944091796875 HTTP/1.1" 200 3658 "-" "WordPress/6.7.2; https://clinicadentalargarate.com"
143.198.203.76 - - [28/Jun/2026:08:01:23 +0200] "POST /wp-login.php HTTP/1.1" 200 3527 "https://clinicadentalargarate.com/wp-login.php" "Mozilla/5.0 (Windows NT 10.0; Win64; x64; rv:133.0) Gecko/20100101 Firefox/133.0"
87.98.225.137 - - [28/Jun/2026:08:01:45 +0200] "POST /wp-cron.php?doing_wp_cron=1782626505.6908159255981445312500 HTTP/1.1" 200 3658 "-" "WordPress/6.7.2; https://clinicadentalargarate.com"
14.231.170.25 - - [28/Jun/2026:08:01:45 +0200] "GET /?page_id=1093 HTTP/1.1" 404 105613 "-" "Mozilla/5.0 (Macintosh; Intel Mac OS X 10_15_1) AppleWebKit/537.36 (KHTML, like Gecko) Chrome/80.0.3987.122 Safari/537.36"
216.73.217.169 - - [28/Jun/2026:08:02:13 +0200] "GET /robots.txt HTTP/1.1" 200 3834 "-" "Mozilla/5.0 AppleWebKit/537.36 (KHTML, like Gecko; compatible; ClaudeBot/1.0; +claudebot@anthropic.com)"
87.98.225.137 - - [28/Jun/2026:08:02:13 +0200] "POST /wp-cron.php?doing_wp_cron=1782626533.4107360839843750000000 HTTP/1.1" 200 3658 "-" "WordPress/6.7.2; https://clinicadentalargarate.com"
216.73.217.169 - - [28/Jun/2026:08:02:13 +0200] "GET /pages.php HTTP/1.1" 404 102180 "-" "Mozilla/5.0 AppleWebKit/537.36 (KHTML, like Gecko; compatible; ClaudeBot/1.0; +claudebot@anthropic.com)"
87.98.225.137 - - [28/Jun/2026:08:02:48 +0200] "POST /wp-cron.php?doing_wp_cron=1782626568.2173669338226318359375 HTTP/1.1" 200 3658 "-" "WordPress/6.7.2; https://clinicadentalargarate.com"
196.196.53.134 - - [28/Jun/2026:08:02:48 +0200] "GET /contacto/ HTTP/1.0" 200 114504 "https://clinicadentalargarate.com/contacto/" "Mozilla/5.0 (Windows NT 6.1) AppleWebKit/537.36 (KHTML, like Gecko) Chrome/103.0.5060.114 Safari/537.36"
