158.158.47.67 - - [28/Jun/2026:11:05:50 +0200] "GET /edit.php HTTP/1.1" 404 101446 "-" "-"
87.98.225.137 - - [28/Jun/2026:11:05:51 +0200] "POST /wp-cron.php?doing_wp_cron=1782637551.1203939914703369140625 HTTP/1.1" 200 281 "-" "WordPress/6.7.2; https://clinicadentalargarate.com"
158.158.47.67 - - [28/Jun/2026:11:05:51 +0200] "GET /wp-content/admin.php HTTP/1.1" 404 101446 "-" "-"
87.98.225.137 - - [28/Jun/2026:11:05:51 +0200] "POST /wp-cron.php?doing_wp_cron=1782637551.5032079219818115234375 HTTP/1.1" 200 281 "-" "WordPress/6.7.2; https://clinicadentalargarate.com"
158.158.47.67 - - [28/Jun/2026:11:05:51 +0200] "GET //f6.php HTTP/1.1" 301 345 "-" "-"
158.158.47.67 - - [28/Jun/2026:11:05:51 +0200] "GET /f6.php HTTP/1.1" 404 101446 "-" "-"
87.98.225.137 - - [28/Jun/2026:11:05:52 +0200] "POST /wp-cron.php?doing_wp_cron=1782637552.0049960613250732421875 HTTP/1.1" 200 281 "-" "WordPress/6.7.2; https://clinicadentalargarate.com"
158.158.47.67 - - [28/Jun/2026:11:05:51 +0200] "GET /inputs.php HTTP/1.1" 404 101446 "-" "-"
87.98.225.137 - - [28/Jun/2026:11:05:52 +0200] "POST /wp-cron.php?doing_wp_cron=1782637552.3817551136016845703125 HTTP/1.1" 200 281 "-" "WordPress/6.7.2; https://clinicadentalargarate.com"
158.158.47.67 - - [28/Jun/2026:11:05:52 +0200] "GET //av.php HTTP/1.1" 301 345 "-" "-"
158.158.47.67 - - [28/Jun/2026:11:05:52 +0200] "GET /av.php HTTP/1.1" 404 101446 "-" "-"
87.98.225.137 - - [28/Jun/2026:11:05:52 +0200] "POST /wp-cron.php?doing_wp_cron=1782637552.8862130641937255859375 HTTP/1.1" 200 281 "-" "WordPress/6.7.2; https://clinicadentalargarate.com"
158.158.47.67 - - [28/Jun/2026:11:05:52 +0200] "GET /classwithtostring.php?p= HTTP/1.1" 301 360 "-" "-"
158.158.47.67 - - [28/Jun/2026:11:05:52 +0200] "GET /classwithtostring.php HTTP/1.1" 404 101446 "-" "-"
87.98.225.137 - - [28/Jun/2026:11:05:53 +0200] "POST /wp-cron.php?doing_wp_cron=1782637553.3899459838867187500000 HTTP/1.1" 200 281 "-" "WordPress/6.7.2; https://clinicadentalargarate.com"
158.158.47.67 - - [28/Jun/2026:11:05:53 +0200] "GET /wp-content/themes/index.php HTTP/1.1" 301 357 "-" "-"
158.158.47.67 - - [28/Jun/2026:11:05:53 +0200] "GET /wp-content/themes/ HTTP/1.1" 403 464 "-" "-"
158.158.47.67 - - [28/Jun/2026:11:05:53 +0200] "GET /wp-blog.php HTTP/1.1" 404 101446 "-" "-"
158.158.47.67 - - [28/Jun/2026:11:05:53 +0200] "GET //wp-includes/js/jquery/ HTTP/1.1" 403 464 "-" "-"
87.98.225.137 - - [28/Jun/2026:11:05:53 +0200] "POST /wp-cron.php?doing_wp_cron=1782637553.9444100856781005859375 HTTP/1.1" 200 281 "-" "WordPress/6.7.2; https://clinicadentalargarate.com"
158.158.47.67 - - [28/Jun/2026:11:05:53 +0200] "GET //wp-content/admin.php HTTP/1.1" 301 359 "-" "-"
158.158.47.67 - - [28/Jun/2026:11:05:54 +0200] "GET /wp-content/admin.php HTTP/1.1" 404 101446 "-" "-"
87.98.225.137 - - [28/Jun/2026:11:05:54 +0200] "POST /wp-cron.php?doing_wp_cron=1782637554.4697420597076416015625 HTTP/1.1" 200 281 "-" "WordPress/6.7.2; https://clinicadentalargarate.com"
158.158.47.67 - - [28/Jun/2026:11:05:54 +0200] "GET //adminfuns.php HTTP/1.1" 301 352 "-" "-"
158.158.47.67 - - [28/Jun/2026:11:05:54 +0200] "GET /adminfuns.php HTTP/1.1" 404 101446 "-" "-"
87.98.225.137 - - [28/Jun/2026:11:05:54 +0200] "POST /wp-cron.php?doing_wp_cron=1782637554.9735100269317626953125 HTTP/1.1" 200 281 "-" "WordPress/6.7.2; https://clinicadentalargarate.com"
158.158.47.67 - - [28/Jun/2026:11:05:54 +0200] "GET /goods.php HTTP/1.1" 404 101446 "-" "-"
87.98.225.137 - - [28/Jun/2026:11:05:55 +0200] "POST /wp-cron.php?doing_wp_cron=1782637555.3862900733947753906250 HTTP/1.1" 200 281 "-" "WordPress/6.7.2; https://clinicadentalargarate.com"
158.158.47.67 - - [28/Jun/2026:11:05:55 +0200] "GET /ms-edit.php HTTP/1.1" 404 101446 "-" "-"
87.98.225.137 - - [28/Jun/2026:11:05:55 +0200] "POST /wp-cron.php?doing_wp_cron=1782637555.7673919200897216796875 HTTP/1.1" 200 281 "-" "WordPress/6.7.2; https://clinicadentalargarate.com"
158.158.47.67 - - [28/Jun/2026:11:05:55 +0200] "GET /222.php HTTP/1.1" 404 101446 "-" "-"
158.158.47.67 - - [28/Jun/2026:11:05:56 +0200] "GET //cgi-bin/index.php HTTP/1.1" 404 190 "-" "-"
158.158.47.67 - - [28/Jun/2026:11:05:56 +0200] "GET //wp-includes/css/dist/ HTTP/1.1" 403 464 "-" "-"
87.98.225.137 - - [28/Jun/2026:11:05:56 +0200] "POST /wp-cron.php?doing_wp_cron=1782637556.1893329620361328125000 HTTP/1.1" 200 281 "-" "WordPress/6.7.2; https://clinicadentalargarate.com"
158.158.47.67 - - [28/Jun/2026:11:05:56 +0200] "GET /BDKR28WP.php HTTP/1.1" 404 101446 "-" "-"
158.158.47.67 - - [28/Jun/2026:11:05:56 +0200] "GET //wp-includes/l10n/ HTTP/1.1" 403 464 "-" "-"
158.158.47.67 - - [28/Jun/2026:11:05:56 +0200] "GET /wp-content/uploads/ HTTP/1.1" 403 464 "-" "-"
87.98.225.137 - - [28/Jun/2026:11:05:56 +0200] "POST /wp-cron.php?doing_wp_cron=1782637556.6171689033508300781250 HTTP/1.1" 200 281 "-" "WordPress/6.7.2; https://clinicadentalargarate.com"
158.158.47.67 - - [28/Jun/2026:11:05:56 +0200] "GET /wp.php HTTP/1.1" 404 101446 "-" "-"
87.98.225.137 - - [28/Jun/2026:11:05:57 +0200] "POST /wp-cron.php?doing_wp_cron=1782637556.9972229003906250000000 HTTP/1.1" 200 281 "-" "WordPress/6.7.2; https://clinicadentalargarate.com"
158.158.47.67 - - [28/Jun/2026:11:05:56 +0200] "GET //abcd.php HTTP/1.1" 301 347 "-" "-"
158.158.47.67 - - [28/Jun/2026:11:05:57 +0200] "GET /abcd.php HTTP/1.1" 404 101446 "-" "-"
87.98.225.137 - - [28/Jun/2026:11:05:57 +0200] "POST /wp-cron.php?doing_wp_cron=1782637557.5072300434112548828125 HTTP/1.1" 200 281 "-" "WordPress/6.7.2; https://clinicadentalargarate.com"
158.158.47.67 - - [28/Jun/2026:11:05:57 +0200] "GET //a1.php HTTP/1.1" 301 345 "-" "-"
158.158.47.67 - - [28/Jun/2026:11:05:57 +0200] "GET /a1.php HTTP/1.1" 404 101446 "-" "-"
158.158.47.67 - - [28/Jun/2026:11:05:57 +0200] "GET /wp-includes/Text/Diff/Engine/about.php HTTP/1.1" 403 464 "-" "-"
87.98.225.137 - - [28/Jun/2026:11:05:58 +0200] "POST /wp-cron.php?doing_wp_cron=1782637558.0297539234161376953125 HTTP/1.1" 200 281 "-" "WordPress/6.7.2; https://clinicadentalargarate.com"
158.158.47.67 - - [28/Jun/2026:11:05:57 +0200] "GET /bal.php HTTP/1.1" 404 101446 "-" "-"
158.158.47.67 - - [28/Jun/2026:11:05:58 +0200] "GET //cgi-bin/admin.php HTTP/1.1" 404 190 "-" "-"
87.98.225.137 - - [28/Jun/2026:11:05:58 +0200] "POST /wp-cron.php?doing_wp_cron=1782637558.4289500713348388671875 HTTP/1.1" 200 281 "-" "WordPress/6.7.2; https://clinicadentalargarate.com"
158.158.47.67 - - [28/Jun/2026:11:05:58 +0200] "GET /gettest.php HTTP/1.1" 404 101446 "-" "-"
158.158.47.67 - - [28/Jun/2026:11:05:58 +0200] "GET /wp-content/ HTTP/1.1" 200 147 "-" "-"
87.98.225.137 - - [28/Jun/2026:11:05:58 +0200] "POST /wp-cron.php?doing_wp_cron=1782637558.8714449405670166015625 HTTP/1.1" 200 281 "-" "WordPress/6.7.2; https://clinicadentalargarate.com"
158.158.47.67 - - [28/Jun/2026:11:05:58 +0200] "GET /simple.php HTTP/1.1" 404 101446 "-" "-"
87.98.225.137 - - [28/Jun/2026:11:05:59 +0200] "POST /wp-cron.php?doing_wp_cron=1782637559.2609629631042480468750 HTTP/1.1" 200 281 "-" "WordPress/6.7.2; https://clinicadentalargarate.com"
158.158.47.67 - - [28/Jun/2026:11:05:59 +0200] "GET /kj.php HTTP/1.1" 404 101446 "-" "-"
87.98.225.137 - - [28/Jun/2026:11:05:59 +0200] "POST /wp-cron.php?doing_wp_cron=1782637559.6796059608459472656250 HTTP/1.1" 200 281 "-" "WordPress/6.7.2; https://clinicadentalargarate.com"
158.158.47.67 - - [28/Jun/2026:11:05:59 +0200] "GET /xxx.php HTTP/1.1" 404 101446 "-" "-"
87.98.225.137 - - [28/Jun/2026:11:06:00 +0200] "POST /wp-cron.php?doing_wp_cron=1782637560.0608110427856445312500 HTTP/1.1" 200 281 "-" "WordPress/6.7.2; https://clinicadentalargarate.com"
158.158.47.67 - - [28/Jun/2026:11:05:59 +0200] "GET /hypo.php HTTP/1.1" 404 101446 "-" "-"
158.158.47.67 - - [28/Jun/2026:11:06:00 +0200] "GET /wp-admin/css/colors/blue/ HTTP/1.1" 403 464 "-" "-"
87.98.225.137 - - [28/Jun/2026:11:06:00 +0200] "POST /wp-cron.php?doing_wp_cron=1782637560.4770720005035400390625 HTTP/1.1" 200 281 "-" "WordPress/6.7.2; https://clinicadentalargarate.com"
158.158.47.67 - - [28/Jun/2026:11:06:00 +0200] "GET /chosen.php HTTP/1.1" 404 101446 "-" "-"
158.158.47.67 - - [28/Jun/2026:11:06:00 +0200] "GET //wp-includes/block-bindings/ HTTP/1.1" 403 464 "-" "-"
87.98.225.137 - - [28/Jun/2026:11:06:00 +0200] "POST /wp-cron.php?doing_wp_cron=1782637560.8798720836639404296875 HTTP/1.1" 200 281 "-" "WordPress/6.7.2; https://clinicadentalargarate.com"
158.158.47.67 - - [28/Jun/2026:11:06:00 +0200] "GET /als.php HTTP/1.1" 404 101446 "-" "-"
87.98.225.137 - - [28/Jun/2026:11:06:01 +0200] "POST /wp-cron.php?doing_wp_cron=1782637561.2641439437866210937500 HTTP/1.1" 200 281 "-" "WordPress/6.7.2; https://clinicadentalargarate.com"
158.158.47.67 - - [28/Jun/2026:11:06:01 +0200] "GET /pol.php HTTP/1.1" 404 101446 "-" "-"
87.98.225.137 - - [28/Jun/2026:11:06:01 +0200] "POST /wp-cron.php?doing_wp_cron=1782637561.6524350643157958984375 HTTP/1.1" 200 281 "-" "WordPress/6.7.2; https://clinicadentalargarate.com"
158.158.47.67 - - [28/Jun/2026:11:06:01 +0200] "GET /file5.php HTTP/1.1" 404 101446 "-" "-"
87.98.225.137 - - [28/Jun/2026:11:06:02 +0200] "POST /wp-cron.php?doing_wp_cron=1782637562.0553600788116455078125 HTTP/1.1" 200 281 "-" "WordPress/6.7.2; https://clinicadentalargarate.com"
158.158.47.67 - - [28/Jun/2026:11:06:01 +0200] "GET /4PJcpMFsD8B.php HTTP/1.1" 404 101446 "-" "-"
87.98.225.137 - - [28/Jun/2026:11:06:02 +0200] "POST /wp-cron.php?doing_wp_cron=1782637562.4382779598236083984375 HTTP/1.1" 200 281 "-" "WordPress/6.7.2; https://clinicadentalargarate.com"
158.158.47.67 - - [28/Jun/2026:11:06:02 +0200] "GET /file.php? HTTP/1.1" 404 101446 "-" "-"
87.98.225.137 - - [28/Jun/2026:11:06:02 +0200] "POST /wp-cron.php?doing_wp_cron=1782637562.8254179954528808593750 HTTP/1.1" 200 281 "-" "WordPress/6.7.2; https://clinicadentalargarate.com"
158.158.47.67 - - [28/Jun/2026:11:06:02 +0200] "GET /cfile.php HTTP/1.1" 404 101446 "-" "-"
87.98.225.137 - - [28/Jun/2026:11:06:03 +0200] "POST /wp-cron.php?doing_wp_cron=1782637563.2029349803924560546875 HTTP/1.1" 200 281 "-" "WordPress/6.7.2; https://clinicadentalargarate.com"
158.158.47.67 - - [28/Jun/2026:11:06:03 +0200] "GET /class-wp.php HTTP/1.1" 404 101446 "-" "-"
87.98.225.137 - - [28/Jun/2026:11:06:03 +0200] "POST /wp-cron.php?doing_wp_cron=1782637563.5891671180725097656250 HTTP/1.1" 200 281 "-" "WordPress/6.7.2; https://clinicadentalargarate.com"
158.158.47.67 - - [28/Jun/2026:11:06:03 +0200] "GET /admin.php? HTTP/1.1" 404 101446 "-" "-"
87.98.225.137 - - [28/Jun/2026:11:06:03 +0200] "POST /wp-cron.php?doing_wp_cron=1782637563.9693350791931152343750 HTTP/1.1" 200 281 "-" "WordPress/6.7.2; https://clinicadentalargarate.com"
158.158.47.67 - - [28/Jun/2026:11:06:03 +0200] "GET /aa2.php HTTP/1.1" 404 101446 "-" "-"
87.98.225.137 - - [28/Jun/2026:11:06:04 +0200] "POST /wp-cron.php?doing_wp_cron=1782637564.3510160446166992187500 HTTP/1.1" 200 281 "-" "WordPress/6.7.2; https://clinicadentalargarate.com"
158.158.47.67 - - [28/Jun/2026:11:06:04 +0200] "GET /ccou.php HTTP/1.1" 404 101446 "-" "-"
87.98.225.137 - - [28/Jun/2026:11:06:04 +0200] "POST /wp-cron.php?doing_wp_cron=1782637564.7363240718841552734375 HTTP/1.1" 200 281 "-" "WordPress/6.7.2; https://clinicadentalargarate.com"
158.158.47.67 - - [28/Jun/2026:11:06:04 +0200] "GET /dr.php HTTP/1.1" 404 101446 "-" "-"
87.98.225.137 - - [28/Jun/2026:11:06:05 +0200] "POST /wp-cron.php?doing_wp_cron=1782637565.1335968971252441406250 HTTP/1.1" 200 281 "-" "WordPress/6.7.2; https://clinicadentalargarate.com"
158.158.47.67 - - [28/Jun/2026:11:06:05 +0200] "GET /xamp.php HTTP/1.1" 404 101446 "-" "-"
87.98.225.137 - - [28/Jun/2026:11:06:05 +0200] "POST /wp-cron.php?doing_wp_cron=1782637565.5156829357147216796875 HTTP/1.1" 200 281 "-" "WordPress/6.7.2; https://clinicadentalargarate.com"
158.158.47.67 - - [28/Jun/2026:11:06:05 +0200] "GET /bless.php HTTP/1.1" 404 101446 "-" "-"
87.98.225.137 - - [28/Jun/2026:11:06:05 +0200] "POST /wp-cron.php?doing_wp_cron=1782637565.8939659595489501953125 HTTP/1.1" 200 281 "-" "WordPress/6.7.2; https://clinicadentalargarate.com"
158.158.47.67 - - [28/Jun/2026:11:06:05 +0200] "GET /file46.php HTTP/1.1" 404 101446 "-" "-"
87.98.225.137 - - [28/Jun/2026:11:06:06 +0200] "POST /wp-cron.php?doing_wp_cron=1782637566.2724640369415283203125 HTTP/1.1" 200 281 "-" "WordPress/6.7.2; https://clinicadentalargarate.com"
158.158.47.67 - - [28/Jun/2026:11:06:06 +0200] "GET /eee.php HTTP/1.1" 404 101446 "-" "-"
87.98.225.137 - - [28/Jun/2026:11:06:06 +0200] "POST /wp-cron.php?doing_wp_cron=1782637566.6570270061492919921875 HTTP/1.1" 200 281 "-" "WordPress/6.7.2; https://clinicadentalargarate.com"
158.158.47.67 - - [28/Jun/2026:11:06:06 +0200] "GET /file25.php HTTP/1.1" 404 101446 "-" "-"
87.98.225.137 - - [28/Jun/2026:11:06:07 +0200] "POST /wp-cron.php?doing_wp_cron=1782637567.0366981029510498046875 HTTP/1.1" 200 281 "-" "WordPress/6.7.2; https://clinicadentalargarate.com"
158.158.47.67 - - [28/Jun/2026:11:06:06 +0200] "GET /hg.php HTTP/1.1" 404 101446 "-" "-"
87.98.225.137 - - [28/Jun/2026:11:06:07 +0200] "POST /wp-cron.php?doing_wp_cron=1782637567.4236760139465332031250 HTTP/1.1" 200 281 "-" "WordPress/6.7.2; https://clinicadentalargarate.com"
158.158.47.67 - - [28/Jun/2026:11:06:07 +0200] "GET /file48.php HTTP/1.1" 404 101446 "-" "-"
87.98.225.137 - - [28/Jun/2026:11:06:07 +0200] "POST /wp-cron.php?doing_wp_cron=1782637567.8252580165863037109375 HTTP/1.1" 200 281 "-" "WordPress/6.7.2; https://clinicadentalargarate.com"
158.158.47.67 - - [28/Jun/2026:11:06:07 +0200] "GET /ff.php HTTP/1.1" 404 101446 "-" "-"
87.98.225.137 - - [28/Jun/2026:11:06:08 +0200] "POST /wp-cron.php?doing_wp_cron=1782637568.2182509899139404296875 HTTP/1.1" 200 281 "-" "WordPress/6.7.2; https://clinicadentalargarate.com"
158.158.47.67 - - [28/Jun/2026:11:06:08 +0200] "GET /file6.php HTTP/1.1" 404 101446 "-" "-"
87.98.225.137 - - [28/Jun/2026:11:06:08 +0200] "POST /wp-cron.php?doing_wp_cron=1782637568.6049520969390869140625 HTTP/1.1" 200 281 "-" "WordPress/6.7.2; https://clinicadentalargarate.com"
158.158.47.67 - - [28/Jun/2026:11:06:08 +0200] "GET /a2.php HTTP/1.1" 404 101446 "-" "-"
87.98.225.137 - - [28/Jun/2026:11:06:08 +0200] "POST /wp-cron.php?doing_wp_cron=1782637568.9830050468444824218750 HTTP/1.1" 200 281 "-" "WordPress/6.7.2; https://clinicadentalargarate.com"
158.158.47.67 - - [28/Jun/2026:11:06:08 +0200] "GET /file15.php HTTP/1.1" 404 101446 "-" "-"
87.98.225.137 - - [28/Jun/2026:11:06:09 +0200] "POST /wp-cron.php?doing_wp_cron=1782637569.3754830360412597656250 HTTP/1.1" 200 281 "-" "WordPress/6.7.2; https://clinicadentalargarate.com"
158.158.47.67 - - [28/Jun/2026:11:06:09 +0200] "GET /jp.php HTTP/1.1" 404 101446 "-" "-"
87.98.225.137 - - [28/Jun/2026:11:06:09 +0200] "POST /wp-cron.php?doing_wp_cron=1782637569.7608799934387207031250 HTTP/1.1" 200 281 "-" "WordPress/6.7.2; https://clinicadentalargarate.com"
158.158.47.67 - - [28/Jun/2026:11:06:09 +0200] "GET /f35.php HTTP/1.1" 404 101446 "-" "-"
87.98.225.137 - - [28/Jun/2026:11:06:10 +0200] "POST /wp-cron.php?doing_wp_cron=1782637570.1445989608764648437500 HTTP/1.1" 200 281 "-" "WordPress/6.7.2; https://clinicadentalargarate.com"
158.158.47.67 - - [28/Jun/2026:11:06:10 +0200] "GET /wp-load.php HTTP/1.1" 200 147 "-" "-"
158.158.47.67 - - [28/Jun/2026:11:06:10 +0200] "GET //xwpg.php HTTP/1.1" 301 347 "-" "-"
87.98.225.137 - - [28/Jun/2026:11:06:10 +0200] "POST /wp-cron.php?doing_wp_cron=1782637570.3891139030456542968750 HTTP/1.1" 200 281 "-" "WordPress/6.7.2; https://clinicadentalargarate.com"
158.158.47.67 - - [28/Jun/2026:11:06:10 +0200] "GET /xwpg.php HTTP/1.1" 404 101446 "-" "-"
158.158.47.67 - - [28/Jun/2026:11:06:10 +0200] "GET //wp-includes/assets/ HTTP/1.1" 403 464 "-" "-"
87.98.225.137 - - [28/Jun/2026:11:06:10 +0200] "POST /wp-cron.php?doing_wp_cron=1782637570.8005890846252441406250 HTTP/1.1" 200 281 "-" "WordPress/6.7.2; https://clinicadentalargarate.com"
158.158.47.67 - - [28/Jun/2026:11:06:10 +0200] "GET /ddd.php HTTP/1.1" 404 101446 "-" "-"
158.158.47.67 - - [28/Jun/2026:11:06:11 +0200] "GET /wp-admin/css/colors/sunrise/ HTTP/1.1" 403 464 "-" "-"
87.98.225.137 - - [28/Jun/2026:11:06:11 +0200] "POST /wp-cron.php?doing_wp_cron=1782637571.2119700908660888671875 HTTP/1.1" 200 281 "-" "WordPress/6.7.2; https://clinicadentalargarate.com"
158.158.47.67 - - [28/Jun/2026:11:06:11 +0200] "GET /waf.php HTTP/1.1" 404 101446 "-" "-"
87.98.225.137 - - [28/Jun/2026:11:06:11 +0200] "POST /wp-cron.php?doing_wp_cron=1782637571.5891520977020263671875 HTTP/1.1" 200 281 "-" "WordPress/6.7.2; https://clinicadentalargarate.com"
158.158.47.67 - - [28/Jun/2026:11:06:11 +0200] "GET /xstelth.php HTTP/1.1" 404 101446 "-" "-"
87.98.225.137 - - [28/Jun/2026:11:06:11 +0200] "POST /wp-cron.php?doing_wp_cron=1782637571.9709749221801757812500 HTTP/1.1" 200 281 "-" "WordPress/6.7.2; https://clinicadentalargarate.com"
158.158.47.67 - - [28/Jun/2026:11:06:11 +0200] "GET /wp-links.php HTTP/1.1" 404 101446 "-" "-"
87.98.225.137 - - [28/Jun/2026:11:06:12 +0200] "POST /wp-cron.php?doing_wp_cron=1782637572.4385709762573242187500 HTTP/1.1" 200 281 "-" "WordPress/6.7.2; https://clinicadentalargarate.com"
158.158.47.67 - - [28/Jun/2026:11:06:12 +0200] "GET /wp-admin/network/plugins.php HTTP/1.1" 302 356 "-" "-"
158.158.47.67 - - [28/Jun/2026:11:06:12 +0200] "GET /wp-admin/network/plugins.php HTTP/1.1" 302 3832 "-" "-"
87.98.225.137 - - [28/Jun/2026:11:06:12 +0200] "POST /wp-cron.php?doing_wp_cron=1782637572.8829119205474853515625 HTTP/1.1" 200 3658 "-" "WordPress/6.7.2; https://clinicadentalargarate.com"
158.158.47.67 - - [28/Jun/2026:11:06:12 +0200] "GET /wp-login.php?redirect_to=https%3A%2F%2Fmta-sts.mail.clinicadentalargarate.com%2Fwp-admin%2Fnetwork%2Fplugins.php&reauth=1 HTTP/1.1" 200 16690 "-" "-"
158.158.47.67 - - [28/Jun/2026:11:06:12 +0200] "GET /k.php HTTP/1.1" 404 101446 "-" "-"
87.98.225.137 - - [28/Jun/2026:11:06:13 +0200] "POST /wp-cron.php?doing_wp_cron=1782637573.4312880039215087890625 HTTP/1.1" 200 281 "-" "WordPress/6.7.2; https://clinicadentalargarate.com"
158.158.47.67 - - [28/Jun/2026:11:06:13 +0200] "GET /aaa.php HTTP/1.1" 404 101446 "-" "-"
87.98.225.137 - - [28/Jun/2026:11:06:13 +0200] "POST /wp-cron.php?doing_wp_cron=1782637573.8078289031982421875000 HTTP/1.1" 200 281 "-" "WordPress/6.7.2; https://clinicadentalargarate.com"
158.158.47.67 - - [28/Jun/2026:11:06:13 +0200] "GET /ttt.php HTTP/1.1" 404 101446 "-" "-"
87.98.225.137 - - [28/Jun/2026:11:07:40 +0200] "POST /wp-cron.php?doing_wp_cron=1782637659.9848830699920654296875 HTTP/1.1" 200 3658 "-" "WordPress/6.7.2; https://clinicadentalargarate.com"
94.20.25.28 - - [28/Jun/2026:11:07:39 +0200] "GET /wp-login.php HTTP/1.1" 200 6743 "-" "Mozilla/5.0 (Windows NT 10.0; Win64; x64; rv:133.0) Gecko/20100101 Firefox/133.0"
87.98.225.137 - - [28/Jun/2026:11:07:40 +0200] "POST /wp-cron.php?doing_wp_cron=1782637660.5429120063781738281250 HTTP/1.1" 200 3658 "-" "WordPress/6.7.2; https://clinicadentalargarate.com"
94.20.25.28 - - [28/Jun/2026:11:07:40 +0200] "POST /wp-login.php HTTP/1.1" 200 3500 "https://clinicadentalargarate.com/wp-login.php" "Mozilla/5.0 (Windows NT 10.0; Win64; x64; rv:133.0) Gecko/20100101 Firefox/133.0"
87.98.225.137 - - [28/Jun/2026:11:10:03 +0200] "POST /wp-cron.php?doing_wp_cron=1782637803.7629270553588867187500 HTTP/1.1" 200 3658 "-" "WordPress/6.7.2; https://clinicadentalargarate.com"
37.236.46.22 - - [28/Jun/2026:11:10:03 +0200] "GET /blog/implantes-dentales-para-que-sirven/ HTTP/1.1" 500 6599 "-" "Mozilla/5.0 (Macintosh; Intel Mac OS X 10_11) AppleWebKit/537.36 (KHTML, like Gecko) Chrome/99.0.4886.93 Safari/537.36"
87.98.225.137 - - [28/Jun/2026:11:29:34 +0200] "POST /wp-cron.php?doing_wp_cron=1782638974.1287999153137207031250 HTTP/1.1" 200 3658 "-" "WordPress/6.7.2; https://clinicadentalargarate.com"
51.103.46.9 - - [28/Jun/2026:11:29:34 +0200] "GET /.env HTTP/1.1" 404 105569 "-" "Mozilla/5.0 (Windows NT 10.0; Win64; x64) AppleWebKit/537.36 (KHTML, like Gecko) Chrome/60.0.3112.113 Safari/537.36 Assetnote/1.0.0"
94.23.87.180 - - [28/Jun/2026:11:30:09 +0200] "GET / HTTP/1.0" 503 6135 "-" "-"
94.23.87.180 - - [28/Jun/2026:11:30:09 +0200] "GET / HTTP/1.0" 503 6135 "-" "-"
52.167.144.238 - - [28/Jun/2026:11:36:26 +0200] "GET /tratamientos/dentista-ninos-odontopediatra/ HTTP/1.1" 503 6271 "-" "Mozilla/5.0 AppleWebKit/537.36 (KHTML, like Gecko; compatible; bingbot/2.0; +http://www.bing.com/bingbot.htm) Chrome/116.0.1938.76 Safari/537.36"
45.130.83.60 - - [28/Jun/2026:11:39:20 +0200] "GET /wp-login.php HTTP/1.1" 503 5944 "-" "Mozilla/5.0 (Windows NT 10.0; Win64; rv:143.0) Gecko/20100101 Firefox/143.0"
87.98.225.137 - - [28/Jun/2026:11:41:35 +0200] "POST /wp-cron.php?doing_wp_cron=1782639695.3523719310760498046875 HTTP/1.1" 200 3658 "-" "WordPress/6.7.2; https://clinicadentalargarate.com"
20.0.53.110 - - [28/Jun/2026:11:41:35 +0200] "GET / HTTP/1.1" 200 36349 "-" "Mozilla/5.0 AppleWebKit/537.36 (KHTML, like Gecko); compatible; ChatGPT-User/1.0; +https://openai.com/bot"
87.98.225.137 - - [28/Jun/2026:11:45:14 +0200] "POST /wp-cron.php?doing_wp_cron=1782639914.6588709354400634765625 HTTP/1.1" 200 3658 "-" "WordPress/6.7.2; https://clinicadentalargarate.com"
199.96.165.190 - - [28/Jun/2026:11:45:14 +0200] "HEAD /?name=not-founds-page-error-404&_=1782639912413924200 HTTP/1.1" 404 3693 "-" "Mozilla/5.0 (Windows NT 10.0; Win64; x64) AppleWebKit/537.36 (KHTML, like Gecko) Chrome/120.0.0.0 Safari/537.36"
87.98.225.137 - - [28/Jun/2026:11:50:40 +0200] "POST /wp-cron.php?doing_wp_cron=1782640240.7572069168090820312500 HTTP/1.1" 200 3658 "-" "WordPress/6.7.2; https://clinicadentalargarate.com"
89.58.31.106 - - [28/Jun/2026:11:50:40 +0200] "GET /wp-login.php HTTP/1.1" 200 6743 "-" "Mozilla/5.0 (Windows NT 10.0; Win64; x64) AppleWebKit/537.36 (KHTML, like Gecko) Chrome/120.0.0.0 Safari/537.36"
89.58.31.106 - - [28/Jun/2026:11:50:40 +0200] "POST /wp-login.php HTTP/1.1" 200 3499 "https://clinicadentalargarate.com/wp-login.php" "Mozilla/5.0 (Windows NT 10.0; Win64; x64) AppleWebKit/537.36 (KHTML, like Gecko) Chrome/120.0.0.0 Safari/537.36"
87.98.225.137 - - [28/Jun/2026:11:51:43 +0200] "POST /wp-cron.php?doing_wp_cron=1782640303.0547270774841308593750 HTTP/1.1" 200 3658 "-" "WordPress/6.7.2; https://clinicadentalargarate.com"
216.73.217.169 - - [28/Jun/2026:11:51:42 +0200] "GET /pages.php HTTP/1.1" 404 105569 "-" "Mozilla/5.0 AppleWebKit/537.36 (KHTML, like Gecko; compatible; ClaudeBot/1.0; +claudebot@anthropic.com)"
87.98.225.137 - - [28/Jun/2026:11:52:14 +0200] "POST /wp-cron.php?doing_wp_cron=1782640334.9692459106445312500000 HTTP/1.1" 200 3658 "-" "WordPress/6.7.2; https://clinicadentalargarate.com"
103.90.224.22 - - [28/Jun/2026:11:52:14 +0200] "GET /wp-login.php HTTP/1.1" 200 6743 "-" "Mozilla/5.0 (Windows NT 10.0; Win64; x64) AppleWebKit/537.36 (KHTML, like Gecko) Chrome/120.0.0.0 Safari/537.36"
87.98.225.137 - - [28/Jun/2026:11:52:15 +0200] "POST /wp-cron.php?doing_wp_cron=1782640335.3244869709014892578125 HTTP/1.1" 200 3658 "-" "WordPress/6.7.2; https://clinicadentalargarate.com"
103.90.224.22 - - [28/Jun/2026:11:52:15 +0200] "POST /wp-login.php HTTP/1.1" 200 3527 "https://clinicadentalargarate.com/wp-login.php" "Mozilla/5.0 (Windows NT 10.0; Win64; x64) AppleWebKit/537.36 (KHTML, like Gecko) Chrome/120.0.0.0 Safari/537.36"
87.98.225.137 - - [28/Jun/2026:11:52:44 +0200] "POST /wp-cron.php?doing_wp_cron=1782640364.8216059207916259765625 HTTP/1.1" 200 3658 "-" "WordPress/6.7.2; https://clinicadentalargarate.com"
177.37.179.134 - - [28/Jun/2026:11:52:44 +0200] "GET /blog/cuidar-implante-dental/ HTTP/1.1" 500 6599 "-" "Mozilla/5.0 (Windows NT 6.1; Win64; x64) AppleWebKit/537.36 (KHTML, like Gecko) Chrome/84.0.4147.105 Safari/537.36"
87.98.225.137 - - [28/Jun/2026:11:53:03 +0200] "POST /wp-cron.php?doing_wp_cron=1782640383.0562269687652587890625 HTTP/1.1" 200 3658 "-" "WordPress/6.7.2; https://clinicadentalargarate.com"
45.5.74.136 - - [28/Jun/2026:11:53:02 +0200] "GET /blog/quels-sont-les-avantages-dutiliser-buran-casino-sur-smartphone/ HTTP/1.1" 500 6601 "-" "Mozilla/5.0 (Macintosh; Intel Mac OS X 10_7_3) AppleWebKit/537.36 (KHTML, like Gecko, Mediapartners-Google) Chrome/77.0.3865.99 Safari/537.36"
87.98.225.137 - - [28/Jun/2026:11:53:46 +0200] "POST /wp-cron.php?doing_wp_cron=1782640426.1017620563507080078125 HTTP/1.1" 200 3658 "-" "WordPress/6.7.2; https://clinicadentalargarate.com"
216.73.217.169 - - [28/Jun/2026:11:53:46 +0200] "GET / HTTP/1.1" 200 36366 "-" "Mozilla/5.0 AppleWebKit/537.36 (KHTML, like Gecko; compatible; ClaudeBot/1.0; +claudebot@anthropic.com)"
104.210.140.143 - - [28/Jun/2026:11:56:06 +0200] "GET /robots.txt HTTP/1.1" 200 3818 "-" "Mozilla/5.0 (Macintosh; Intel Mac OS X 10_15_7) AppleWebKit/537.36 (KHTML, like Gecko) Chrome/131.0.0.0 Safari/537.36; compatible; OAI-SearchBot/1.0; +https://openai.com/searchbot"
66.249.66.40 - - [28/Jun/2026:11:58:01 +0200] "GET /robots.txt HTTP/1.1" 200 3847 "-" "Mozilla/5.0 (compatible; Googlebot/2.1; +http://www.google.com/bot.html)"
87.98.225.137 - - [28/Jun/2026:11:58:02 +0200] "POST /wp-cron.php?doing_wp_cron=1782640682.9146289825439453125000 HTTP/1.1" 200 3658 "-" "WordPress/6.7.2; https://clinicadentalargarate.com"
66.249.66.40 - - [28/Jun/2026:11:58:02 +0200] "GET /?l=30804104312400&channel=e38346&from=article.php%3Fid%3D1043124-1464%26name%3D%E3%83%AF%E3%83%83%E3%82%AF%E3%82%B9%E3%83%9E%E3%83%83%E3%83%88%E3%80%80%E3%82%B5%E3%83%BC%E3%83%95%E3%83%9C%E3%83%BC%E3%83%89%E6%BB%91%E3%82%8A%E6%AD%A2%E3%82%81+%E5%A1%9E%E3%81%8C%E3%82%89 HTTP/1.1" 301 582 "-" "Mozilla/5.0 (Linux; Android 6.0.1; Nexus 5X Build/MMB29P) AppleWebKit/537.36 (KHTML, like Gecko) Chrome/148.0.7778.96 Mobile Safari/537.36 (compatible; Googlebot/2.1; +http://www.google.com/bot.html)"
66.249.66.42 - - [28/Jun/2026:11:58:03 +0200] "GET /?l=30804104312400&channel=e38346&from=article.php%3Fid%3D1043124-1464%26name%3D%E3%83%AF%E3%83%83%E3%82%AF%E3%82%B9%E3%83%9E%E3%83%83%E3%83%88%E3%80%80%E3%82%B5%E3%83%BC%E3%83%95%E3%83%9C%E3%83%BC%E3%83%89%E6%BB%91%E3%82%8A%E6%AD%A2%E3%82%81%20%E5%A1%9E%E3%81%8C%E3%82%89 HTTP/1.1" 200 36377 "-" "Mozilla/5.0 (Linux; Android 6.0.1; Nexus 5X Build/MMB29P) AppleWebKit/537.36 (KHTML, like Gecko) Chrome/148.0.7778.96 Mobile Safari/537.36 (compatible; Googlebot/2.1; +http://www.google.com/bot.html)"
87.98.225.137 - - [28/Jun/2026:12:00:33 +0200] "POST /wp-cron.php?doing_wp_cron=1782640833.3697960376739501953125 HTTP/1.1" 200 3658 "-" "WordPress/6.7.2; https://clinicadentalargarate.com"
40.77.167.14 - - [28/Jun/2026:12:00:33 +0200] "GET /ortodoncia/como-elegir-tu-tratamiento-de-ortodoncia/ HTTP/1.1" 200 28611 "-" "Mozilla/5.0 AppleWebKit/537.36 (KHTML, like Gecko; compatible; bingbot/2.0; +http://www.bing.com/bingbot.htm) Chrome/116.0.1938.76 Safari/537.36"
87.98.225.137 - - [28/Jun/2026:12:07:18 +0200] "POST /wp-cron.php?doing_wp_cron=1782641238.3472840785980224609375 HTTP/1.1" 200 3658 "-" "WordPress/6.7.2; https://clinicadentalargarate.com"
47.128.115.240 - - [28/Jun/2026:12:07:18 +0200] "GET /tratamientos/protesis-dentales/ HTTP/1.1" 200 27603 "-" "Mozilla/5.0 (Linux; Android 5.0) AppleWebKit/537.36 (KHTML, like Gecko) Mobile Safari/537.36 (compatible; TikTokSpider; ttspider-feedback@tiktok.com)"
47.128.115.240 - - [28/Jun/2026:12:07:19 +0200] "GET /wp-includes/css/dist/block-library/style.min.css HTTP/1.1" 200 15604 "https://clinicadentalargarate.com/tratamientos/protesis-dentales/" "Mozilla/5.0 (Linux; Android 5.0) AppleWebKit/537.36 (KHTML, like Gecko) Mobile Safari/537.36 (compatible; TikTokSpider; ttspider-feedback@tiktok.com)"
47.128.115.240 - - [28/Jun/2026:12:07:19 +0200] "GET /wp-content/plugins/revslider/public/assets/css/settings.css HTTP/1.1" 200 9908 "https://clinicadentalargarate.com/tratamientos/protesis-dentales/" "Mozilla/5.0 (Linux; Android 5.0) AppleWebKit/537.36 (KHTML, like Gecko) Mobile Safari/537.36 (compatible; TikTokSpider; ttspider-feedback@tiktok.com)"
47.128.115.240 - - [28/Jun/2026:12:07:19 +0200] "GET /wp-content/themes/thefox/media-queries_wide.css HTTP/1.1" 200 9588 "https://clinicadentalargarate.com/tratamientos/protesis-dentales/" "Mozilla/5.0 (Linux; Android 5.0) AppleWebKit/537.36 (KHTML, like Gecko) Mobile Safari/537.36 (compatible; TikTokSpider; ttspider-feedback@tiktok.com)"
47.128.115.240 - - [28/Jun/2026:12:07:19 +0200] "GET /wp-content/plugins/contact-form-7/includes/css/styles.css HTTP/1.1" 200 1354 "https://clinicadentalargarate.com/tratamientos/protesis-dentales/" "Mozilla/5.0 (Linux; Android 5.0) AppleWebKit/537.36 (KHTML, like Gecko) Mobile Safari/537.36 (compatible; TikTokSpider; ttspider-feedback@tiktok.com)"
47.128.115.240 - - [28/Jun/2026:12:07:19 +0200] "GET /wp-content/themes/thefox/style_end.css HTTP/1.1" 200 35261 "https://clinicadentalargarate.com/tratamientos/protesis-dentales/" "Mozilla/5.0 (Linux; Android 5.0) AppleWebKit/537.36 (KHTML, like Gecko) Mobile Safari/537.36 (compatible; TikTokSpider; ttspider-feedback@tiktok.com)"
47.128.115.240 - - [28/Jun/2026:12:07:19 +0200] "GET /wp-content/themes/thefox/style.css HTTP/1.1" 200 41934 "https://clinicadentalargarate.com/tratamientos/protesis-dentales/" "Mozilla/5.0 (Linux; Android 5.0) AppleWebKit/537.36 (KHTML, like Gecko) Mobile Safari/537.36 (compatible; TikTokSpider; ttspider-feedback@tiktok.com)"
47.128.115.240 - - [28/Jun/2026:12:07:19 +0200] "GET /wp-content/themes/thefox_child_theme/style.css HTTP/1.1" 200 5974 "https://clinicadentalargarate.com/tratamientos/protesis-dentales/" "Mozilla/5.0 (Linux; Android 5.0) AppleWebKit/537.36 (KHTML, like Gecko) Mobile Safari/537.36 (compatible; TikTokSpider; ttspider-feedback@tiktok.com)"
47.128.115.240 - - [28/Jun/2026:12:07:19 +0200] "GET /wp-content/themes/thefox/css/rgs.css HTTP/1.1" 200 1103 "https://clinicadentalargarate.com/tratamientos/protesis-dentales/" "Mozilla/5.0 (Linux; Android 5.0) AppleWebKit/537.36 (KHTML, like Gecko) Mobile Safari/537.36 (compatible; TikTokSpider; ttspider-feedback@tiktok.com)"
47.128.115.240 - - [28/Jun/2026:12:07:19 +0200] "GET /wp-content/themes/thefox/includes/Flexslider/flexslider.css HTTP/1.1" 200 2048 "https://clinicadentalargarate.com/tratamientos/protesis-dentales/" "Mozilla/5.0 (Linux; Android 5.0) AppleWebKit/537.36 (KHTML, like Gecko) Mobile Safari/537.36 (compatible; TikTokSpider; ttspider-feedback@tiktok.com)"
47.128.115.240 - - [28/Jun/2026:12:07:19 +0200] "GET /wp-content/themes/thefox/css/animations.css HTTP/1.1" 200 5656 "https://clinicadentalargarate.com/tratamientos/protesis-dentales/" "Mozilla/5.0 (Linux; Android 5.0) AppleWebKit/537.36 (KHTML, like Gecko) Mobile Safari/537.36 (compatible; TikTokSpider; ttspider-feedback@tiktok.com)"
47.128.115.240 - - [28/Jun/2026:12:07:19 +0200] "GET /wp-content/themes/thefox/css/moon.css HTTP/1.1" 200 13748 "https://clinicadentalargarate.com/tratamientos/protesis-dentales/" "Mozilla/5.0 (Linux; Android 5.0) AppleWebKit/537.36 (KHTML, like Gecko) Mobile Safari/537.36 (compatible; TikTokSpider; ttspider-feedback@tiktok.com)"
47.128.115.240 - - [28/Jun/2026:12:07:19 +0200] "GET /wp-content/themes/thefox/css/font-awesome.css HTTP/1.1" 200 5774 "https://clinicadentalargarate.com/tratamientos/protesis-dentales/" "Mozilla/5.0 (Linux; Android 5.0) AppleWebKit/537.36 (KHTML, like Gecko) Mobile Safari/537.36 (compatible; TikTokSpider; ttspider-feedback@tiktok.com)"
47.128.115.240 - - [28/Jun/2026:12:07:19 +0200] "GET /wp-content/themes/thefox/includes/prettyPhoto/css/prettyPhoto.css HTTP/1.1" 200 3778 "https://clinicadentalargarate.com/tratamientos/protesis-dentales/" "Mozilla/5.0 (Linux; Android 5.0) AppleWebKit/537.36 (KHTML, like Gecko) Mobile Safari/537.36 (compatible; TikTokSpider; ttspider-feedback@tiktok.com)"
47.128.115.240 - - [28/Jun/2026:12:07:19 +0200] "GET /wp-content/themes/thefox/css/elegant.css HTTP/1.1" 200 5038 "https://clinicadentalargarate.com/tratamientos/protesis-dentales/" "Mozilla/5.0 (Linux; Android 5.0) AppleWebKit/537.36 (KHTML, like Gecko) Mobile Safari/537.36 (compatible; TikTokSpider; ttspider-feedback@tiktok.com)"
47.128.115.240 - - [28/Jun/2026:12:07:19 +0200] "GET /wp-content/themes/thefox/includes/zilla-likes/styles/zilla-likes.css HTTP/1.1" 200 526 "https://clinicadentalargarate.com/tratamientos/protesis-dentales/" "Mozilla/5.0 (Linux; Android 5.0) AppleWebKit/537.36 (KHTML, like Gecko) Mobile Safari/537.36 (compatible; TikTokSpider; ttspider-feedback@tiktok.com)"
47.128.115.240 - - [28/Jun/2026:12:07:19 +0200] "GET /wp-content/uploads/2018/01/protesis-dentales-san-sebastian-768x384.jpg HTTP/1.1" 206 855 "https://clinicadentalargarate.com/tratamientos/protesis-dentales/" "Mozilla/5.0 (Linux; Android 5.0) AppleWebKit/537.36 (KHTML, like Gecko) Mobile Safari/537.36 (compatible; TikTokSpider; ttspider-feedback@tiktok.com)"
47.128.115.240 - - [28/Jun/2026:12:07:19 +0200] "GET /wp-content/themes/thefox/css/thefox_js_composer.css HTTP/1.1" 200 19521 "https://clinicadentalargarate.com/tratamientos/protesis-dentales/" "Mozilla/5.0 (Linux; Android 5.0) AppleWebKit/537.36 (KHTML, like Gecko) Mobile Safari/537.36 (compatible; TikTokSpider; ttspider-feedback@tiktok.com)"
47.128.115.240 - - [28/Jun/2026:12:07:19 +0200] "GET /wp-content/uploads/2017/12/logo-clinica-dental-argarate.jpg HTTP/1.1" 206 854 "https://clinicadentalargarate.com/tratamientos/protesis-dentales/" "Mozilla/5.0 (Linux; Android 5.0) AppleWebKit/537.36 (KHTML, like Gecko) Mobile Safari/537.36 (compatible; TikTokSpider; ttspider-feedback@tiktok.com)"
47.128.115.240 - - [28/Jun/2026:12:07:20 +0200] "GET /wp-content/uploads/2018/04/protesis-removible-parcial.jpg HTTP/1.1" 206 855 "https://clinicadentalargarate.com/tratamientos/protesis-dentales/" "Mozilla/5.0 (Linux; Android 5.0) AppleWebKit/537.36 (KHTML, like Gecko) Mobile Safari/537.36 (compatible; TikTokSpider; ttspider-feedback@tiktok.com)"
47.128.115.240 - - [28/Jun/2026:12:07:20 +0200] "GET /wp-content/uploads/2018/04/protesis-removible-completa.jpg HTTP/1.1" 206 855 "https://clinicadentalargarate.com/tratamientos/protesis-dentales/" "Mozilla/5.0 (Linux; Android 5.0) AppleWebKit/537.36 (KHTML, like Gecko) Mobile Safari/537.36 (compatible; TikTokSpider; ttspider-feedback@tiktok.com)"
47.128.115.240 - - [28/Jun/2026:12:07:20 +0200] "GET /wp-content/uploads/2018/04/protesis-removible-parcial.jpg HTTP/1.1" 304 271 "https://clinicadentalargarate.com/tratamientos/protesis-dentales/" "Mozilla/5.0 (Linux; Android 5.0) AppleWebKit/537.36 (KHTML, like Gecko) Mobile Safari/537.36 (compatible; TikTokSpider; ttspider-feedback@tiktok.com)"
47.128.115.240 - - [28/Jun/2026:12:07:20 +0200] "GET /wp-content/uploads/telephone.svg HTTP/1.1" 206 856 "https://clinicadentalargarate.com/tratamientos/protesis-dentales/" "Mozilla/5.0 (Linux; Android 5.0) AppleWebKit/537.36 (KHTML, like Gecko) Mobile Safari/537.36 (compatible; TikTokSpider; ttspider-feedback@tiktok.com)"
47.128.115.240 - - [28/Jun/2026:12:07:20 +0200] "GET /wp-content/uploads/2017/12/argarate-logo-footer.png HTTP/1.1" 206 853 "https://clinicadentalargarate.com/tratamientos/protesis-dentales/" "Mozilla/5.0 (Linux; Android 5.0) AppleWebKit/537.36 (KHTML, like Gecko) Mobile Safari/537.36 (compatible; TikTokSpider; ttspider-feedback@tiktok.com)"
47.128.115.240 - - [28/Jun/2026:12:07:20 +0200] "GET /wp-content/uploads/2017/12/fondo-lineas.jpg?id=37 HTTP/1.1" 206 698 "https://clinicadentalargarate.com/tratamientos/protesis-dentales/" "Mozilla/5.0 (Linux; Android 5.0) AppleWebKit/537.36 (KHTML, like Gecko) Mobile Safari/537.36 (compatible; TikTokSpider; ttspider-feedback@tiktok.com)"
47.128.115.240 - - [28/Jun/2026:12:07:20 +0200] "GET /wp-content/uploads/2018/04/protesis.dentes-fijos.jpg HTTP/1.1" 206 4217 "https://clinicadentalargarate.com/tratamientos/protesis-dentales/" "Mozilla/5.0 (Linux; Android 5.0) AppleWebKit/537.36 (KHTML, like Gecko) Mobile Safari/537.36 (compatible; TikTokSpider; ttspider-feedback@tiktok.com)"
47.128.115.240 - - [28/Jun/2026:12:07:20 +0200] "GET /wp-content/uploads/2018/04/protesis-removible-completa.jpg HTTP/1.1" 304 271 "https://clinicadentalargarate.com/tratamientos/protesis-dentales/" "Mozilla/5.0 (Linux; Android 5.0) AppleWebKit/537.36 (KHTML, like Gecko) Mobile Safari/537.36 (compatible; TikTokSpider; ttspider-feedback@tiktok.com)"
47.128.115.240 - - [28/Jun/2026:12:07:20 +0200] "GET /wp-content/uploads/2018/04/protesis-removible-parcial.jpg HTTP/1.1" 206 31780 "https://clinicadentalargarate.com/tratamientos/protesis-dentales/" "Mozilla/5.0 (Linux; Android 5.0) AppleWebKit/537.36 (KHTML, like Gecko) Mobile Safari/537.36 (compatible; TikTokSpider; ttspider-feedback@tiktok.com)"
47.128.115.240 - - [28/Jun/2026:12:07:20 +0200] "GET /wp-content/uploads/telephone.svg HTTP/1.1" 304 270 "https://clinicadentalargarate.com/tratamientos/protesis-dentales/" "Mozilla/5.0 (Linux; Android 5.0) AppleWebKit/537.36 (KHTML, like Gecko) Mobile Safari/537.36 (compatible; TikTokSpider; ttspider-feedback@tiktok.com)"
47.128.115.240 - - [28/Jun/2026:12:07:20 +0200] "GET /wp-content/uploads/2018/04/protesis.dentes-fijos.jpg HTTP/1.1" 304 271 "https://clinicadentalargarate.com/tratamientos/protesis-dentales/" "Mozilla/5.0 (Linux; Android 5.0) AppleWebKit/537.36 (KHTML, like Gecko) Mobile Safari/537.36 (compatible; TikTokSpider; ttspider-feedback@tiktok.com)"
47.128.115.240 - - [28/Jun/2026:12:07:20 +0200] "GET /wp-content/uploads/2018/04/protesis-removible-completa.jpg HTTP/1.1" 206 31915 "https://clinicadentalargarate.com/tratamientos/protesis-dentales/" "Mozilla/5.0 (Linux; Android 5.0) AppleWebKit/537.36 (KHTML, like Gecko) Mobile Safari/537.36 (compatible; TikTokSpider; ttspider-feedback@tiktok.com)"
47.128.115.240 - - [28/Jun/2026:12:07:20 +0200] "GET /wp-content/uploads/telephone.svg HTTP/1.1" 206 1283 "https://clinicadentalargarate.com/tratamientos/protesis-dentales/" "Mozilla/5.0 (Linux; Android 5.0) AppleWebKit/537.36 (KHTML, like Gecko) Mobile Safari/537.36 (compatible; TikTokSpider; ttspider-feedback@tiktok.com)"
47.128.115.240 - - [28/Jun/2026:12:07:20 +0200] "GET /wp-content/uploads/2018/04/protesis.dentes-fijos.jpg HTTP/1.1" 206 33902 "https://clinicadentalargarate.com/tratamientos/protesis-dentales/" "Mozilla/5.0 (Linux; Android 5.0) AppleWebKit/537.36 (KHTML, like Gecko) Mobile Safari/537.36 (compatible; TikTokSpider; ttspider-feedback@tiktok.com)"
87.98.225.137 - - [28/Jun/2026:12:10:10 +0200] "POST /wp-cron.php?doing_wp_cron=1782641410.7205379009246826171875 HTTP/1.1" 200 3658 "-" "WordPress/6.7.2; https://clinicadentalargarate.com"
192.185.4.108 - - [28/Jun/2026:12:10:10 +0200] "GET /wp-login.php HTTP/1.1" 200 6743 "-" "Mozilla/5.0 (Windows NT 10.0; Win64; x64) AppleWebKit/537.36 (KHTML, like Gecko) Chrome/120.0.0.0 Safari/537.36"
87.98.225.137 - - [28/Jun/2026:12:10:40 +0200] "POST /wp-cron.php?doing_wp_cron=1782641440.5897099971771240234375 HTTP/1.1" 200 3658 "-" "WordPress/6.7.2; https://clinicadentalargarate.com"
192.185.4.108 - - [28/Jun/2026:12:10:40 +0200] "POST /wp-login.php HTTP/1.1" 200 6898 "https://clinicadentalargarate.com/wp-login.php" "Mozilla/5.0 (Windows NT 10.0; Win64; x64) AppleWebKit/537.36 (KHTML, like Gecko) Chrome/120.0.0.0 Safari/537.36"
87.98.225.137 - - [28/Jun/2026:12:23:12 +0200] "POST /wp-cron.php?doing_wp_cron=1782642192.2765040397644042968750 HTTP/1.1" 200 3658 "-" "WordPress/6.7.2; https://clinicadentalargarate.com"
198.244.242.64 - - [28/Jun/2026:12:23:12 +0200] "GET /?sitemap300.xml HTTP/1.1" 301 3660 "-" "Mozilla/5.0 (compatible; AhrefsBot/7.0; +http://ahrefs.com/robot/)"
198.244.242.64 - - [28/Jun/2026:12:23:12 +0200] "GET /?sitemap300_xml HTTP/1.1" 200 36366 "-" "Mozilla/5.0 (compatible; AhrefsBot/7.0; +http://ahrefs.com/robot/)"
87.98.225.137 - - [28/Jun/2026:12:30:10 +0200] "POST /wp-cron.php?doing_wp_cron=1782642610.3306829929351806640625 HTTP/1.1" 200 3658 "-" "WordPress/6.7.2; https://clinicadentalargarate.com"
94.23.87.180 - - [28/Jun/2026:12:30:10 +0200] "GET / HTTP/1.0" 200 152488 "-" "-"
87.98.225.137 - - [28/Jun/2026:12:31:21 +0200] "POST /wp-cron.php?doing_wp_cron=1782642681.7130010128021240234375 HTTP/1.1" 200 3658 "-" "WordPress/6.7.2; https://clinicadentalargarate.com"
71.6.134.204 - - [28/Jun/2026:12:31:21 +0200] "GET / HTTP/1.1" 301 3614 "-" "Mozilla/5.0 (Windows NT 10.0; Win64; x64) AppleWebKit/537.36 (KHTML, like Gecko) Chrome/133.0.0.0 Safari/537.36"
87.98.225.137 - - [28/Jun/2026:12:31:22 +0200] "POST /wp-cron.php?doing_wp_cron=1782642682.6581549644470214843750 HTTP/1.1" 200 3658 "-" "WordPress/6.7.2; https://clinicadentalargarate.com"
71.6.134.204 - - [28/Jun/2026:12:31:22 +0200] "GET / HTTP/1.1" 200 36336 "https://mta-sts.mail.clinicadentalargarate.com/" "Mozilla/5.0 (Windows NT 10.0; Win64; x64) AppleWebKit/537.36 (KHTML, like Gecko) Chrome/133.0.0.0 Safari/537.36"
87.98.225.137 - - [28/Jun/2026:12:31:53 +0200] "POST /wp-cron.php?doing_wp_cron=1782642713.4885439872741699218750 HTTP/1.1" 200 281 "-" "WordPress/6.7.2; https://clinicadentalargarate.com"
66.249.76.35 - - [28/Jun/2026:12:31:53 +0200] "GET / HTTP/1.1" 301 312 "-" "Mozilla/5.0 (compatible; Googlebot/2.1; +http://www.google.com/bot.html)"
87.98.225.137 - - [28/Jun/2026:12:31:53 +0200] "POST /wp-cron.php?doing_wp_cron=1782642713.8938500881195068359375 HTTP/1.1" 200 3658 "-" "WordPress/6.7.2; https://clinicadentalargarate.com"
66.249.76.44 - - [28/Jun/2026:12:31:53 +0200] "GET / HTTP/1.1" 200 36378 "-" "Mozilla/5.0 (compatible; Googlebot/2.1; +http://www.google.com/bot.html)"
66.249.76.44 - - [28/Jun/2026:12:31:55 +0200] "GET /wp-content/themes/thefox/css/moon.css HTTP/1.1" 200 17095 "https://clinicadentalargarate.com/" "Mozilla/5.0 (compatible; Googlebot/2.1; +http://www.google.com/bot.html)"
66.249.76.41 - - [28/Jun/2026:12:31:56 +0200] "GET /wp-content/themes/thefox/css/elegant.css HTTP/1.1" 200 8385 "https://clinicadentalargarate.com/" "Mozilla/5.0 (compatible; Googlebot/2.1; +http://www.google.com/bot.html)"
66.249.76.41 - - [28/Jun/2026:12:31:56 +0200] "GET /wp-content/themes/thefox/js/scrollmagic.js HTTP/1.1" 200 46717 "https://clinicadentalargarate.com/" "Mozilla/5.0 (compatible; Googlebot/2.1; +http://www.google.com/bot.html)"
87.98.225.137 - - [28/Jun/2026:12:34:36 +0200] "POST /wp-cron.php?doing_wp_cron=1782642876.5897378921508789062500 HTTP/1.1" 200 3658 "-" "WordPress/6.7.2; https://clinicadentalargarate.com"
189.45.167.182 - - [28/Jun/2026:12:34:36 +0200] "GET /blog/page/12/ HTTP/1.1" 200 27263 "-" "Mozilla/5.0 (Macintosh; Intel Mac OS X 10_13_6) AppleWebKit/537.36 (KHTML, like Gecko) Chrome/90.0.4430.212 Safari/537.36"
87.98.225.137 - - [28/Jun/2026:12:38:01 +0200] "POST /wp-cron.php?doing_wp_cron=1782643081.2786939144134521484375 HTTP/1.1" 200 3658 "-" "WordPress/6.7.2; https://clinicadentalargarate.com"
71.6.134.204 - - [28/Jun/2026:12:38:01 +0200] "GET /favicon.ico HTTP/1.1" 302 3779 "-" "Mozilla/5.0 (Windows NT 10.0; Win64; x64) AppleWebKit/537.36 (KHTML, like Gecko) Chrome/133.0.0.0 Safari/537.36"
87.98.225.137 - - [28/Jun/2026:12:46:32 +0200] "POST /wp-cron.php?doing_wp_cron=1782643592.3364439010620117187500 HTTP/1.1" 200 3658 "-" "WordPress/6.7.2; https://clinicadentalargarate.com"
190.246.86.105 - - [28/Jun/2026:12:46:32 +0200] "GET /aviso-legal/ HTTP/1.1" 200 31538 "-" "Mozilla/5.0 (Macintosh; Intel Mac OS X 10_14_6) AppleWebKit/537.36 (KHTML, like Gecko) Chrome/88.0.4324.152 Safari/537.36"
216.73.217.169 - - [28/Jun/2026:12:46:37 +0200] "GET /robots.txt HTTP/1.1" 200 3834 "-" "Mozilla/5.0 AppleWebKit/537.36 (KHTML, like Gecko; compatible; ClaudeBot/1.0; +claudebot@anthropic.com)"
87.98.225.137 - - [28/Jun/2026:12:46:38 +0200] "POST /wp-cron.php?doing_wp_cron=1782643598.7819640636444091796875 HTTP/1.1" 200 3658 "-" "WordPress/6.7.2; https://clinicadentalargarate.com"
216.73.217.169 - - [28/Jun/2026:12:46:38 +0200] "GET /pages.php HTTP/1.1" 404 102180 "-" "Mozilla/5.0 AppleWebKit/537.36 (KHTML, like Gecko; compatible; ClaudeBot/1.0; +claudebot@anthropic.com)"
87.98.225.137 - - [28/Jun/2026:12:54:37 +0200] "POST /wp-cron.php?doing_wp_cron=1782644077.1614830493927001953125 HTTP/1.1" 200 3658 "-" "WordPress/6.7.2; https://clinicadentalargarate.com"
216.73.217.169 - - [28/Jun/2026:12:54:37 +0200] "GET / HTTP/1.1" 200 36364 "-" "Mozilla/5.0 AppleWebKit/537.36 (KHTML, like Gecko; compatible; ClaudeBot/1.0; +claudebot@anthropic.com)"
74.7.241.146 - - [28/Jun/2026:12:58:30 +0200] "GET /robots.txt HTTP/1.1" 200 3834 "-" "Mozilla/5.0 (Macintosh; Intel Mac OS X 10_15_7) AppleWebKit/537.36 (KHTML, like Gecko) Chrome/131.0.0.0 Safari/537.36; compatible; OAI-SearchBot/1.4; robots.txt; +https://openai.com/searchbot"
87.98.225.137 - - [28/Jun/2026:12:58:32 +0200] "POST /wp-cron.php?doing_wp_cron=1782644312.8626461029052734375000 HTTP/1.1" 200 3658 "-" "WordPress/6.7.2; https://clinicadentalargarate.com"
74.7.227.60 - - [28/Jun/2026:12:58:32 +0200] "GET /?sitemap723.xml HTTP/1.1" 301 3660 "-" "Mozilla/5.0 AppleWebKit/537.36 (KHTML, like Gecko; compatible; GPTBot/1.4; +https://openai.com/gptbot)"
74.7.227.60 - - [28/Jun/2026:12:58:33 +0200] "GET /?sitemap723_xml HTTP/1.1" 200 32975 "https://clinicadentalargarate.com/?sitemap723.xml" "Mozilla/5.0 AppleWebKit/537.36 (KHTML, like Gecko; compatible; GPTBot/1.4; +https://openai.com/gptbot)"
87.98.225.137 - - [28/Jun/2026:12:58:38 +0200] "POST /wp-cron.php?doing_wp_cron=1782644318.8604791164398193359375 HTTP/1.1" 200 3658 "-" "WordPress/6.7.2; https://clinicadentalargarate.com"
74.7.227.60 - - [28/Jun/2026:12:58:38 +0200] "GET / HTTP/1.1" 200 36364 "https://clinicadentalargarate.com/?sitemap723.xml" "Mozilla/5.0 AppleWebKit/537.36 (KHTML, like Gecko; compatible; GPTBot/1.4; +https://openai.com/gptbot)"
87.98.225.137 - - [28/Jun/2026:13:02:22 +0200] "POST /wp-cron.php?doing_wp_cron=1782644542.2490580081939697265625 HTTP/1.1" 200 3658 "-" "WordPress/6.7.2; https://clinicadentalargarate.com"
74.7.227.60 - - [28/Jun/2026:13:02:22 +0200] "GET /?sitemap50.xml HTTP/1.1" 301 3659 "-" "Mozilla/5.0 AppleWebKit/537.36 (KHTML, like Gecko; compatible; GPTBot/1.4; +https://openai.com/gptbot)"
87.98.225.137 - - [28/Jun/2026:13:02:22 +0200] "POST /wp-cron.php?doing_wp_cron=1782644542.5501430034637451171875 HTTP/1.1" 200 3658 "-" "WordPress/6.7.2; https://clinicadentalargarate.com"
74.7.227.60 - - [28/Jun/2026:13:02:22 +0200] "GET /?sitemap50_xml HTTP/1.1" 200 32977 "https://clinicadentalargarate.com/?sitemap50.xml" "Mozilla/5.0 AppleWebKit/537.36 (KHTML, like Gecko; compatible; GPTBot/1.4; +https://openai.com/gptbot)"
87.98.225.137 - - [28/Jun/2026:13:06:54 +0200] "POST /wp-cron.php?doing_wp_cron=1782644814.4949290752410888671875 HTTP/1.1" 200 3658 "-" "WordPress/6.7.2; https://clinicadentalargarate.com"
74.7.227.60 - - [28/Jun/2026:13:06:54 +0200] "GET /?sitemapindex.xml HTTP/1.1" 301 3662 "-" "Mozilla/5.0 AppleWebKit/537.36 (KHTML, like Gecko; compatible; GPTBot/1.4; +https://openai.com/gptbot)"
74.7.227.60 - - [28/Jun/2026:13:06:54 +0200] "GET /?sitemapindex_xml HTTP/1.1" 200 32976 "https://clinicadentalargarate.com/?sitemapindex.xml" "Mozilla/5.0 AppleWebKit/537.36 (KHTML, like Gecko; compatible; GPTBot/1.4; +https://openai.com/gptbot)"
87.98.225.137 - - [28/Jun/2026:13:07:55 +0200] "POST /wp-cron.php?doing_wp_cron=1782644875.9064710140228271484375 HTTP/1.1" 200 3658 "-" "WordPress/6.7.2; https://clinicadentalargarate.com"
74.7.227.60 - - [28/Jun/2026:13:07:55 +0200] "GET /?sitemap705.xml HTTP/1.1" 301 3660 "-" "Mozilla/5.0 AppleWebKit/537.36 (KHTML, like Gecko; compatible; GPTBot/1.4; +https://openai.com/gptbot)"
87.98.225.137 - - [28/Jun/2026:13:07:56 +0200] "POST /wp-cron.php?doing_wp_cron=1782644876.2225549221038818359375 HTTP/1.1" 200 3658 "-" "WordPress/6.7.2; https://clinicadentalargarate.com"
74.7.227.60 - - [28/Jun/2026:13:07:56 +0200] "GET /?sitemap705_xml HTTP/1.1" 200 32974 "https://clinicadentalargarate.com/?sitemap705.xml" "Mozilla/5.0 AppleWebKit/537.36 (KHTML, like Gecko; compatible; GPTBot/1.4; +https://openai.com/gptbot)"
87.98.225.137 - - [28/Jun/2026:13:08:00 +0200] "POST /wp-cron.php?doing_wp_cron=1782644879.9943859577178955078125 HTTP/1.1" 200 3658 "-" "WordPress/6.7.2; https://clinicadentalargarate.com"
68.221.75.20 - - [28/Jun/2026:13:07:59 +0200] "GET /blog/precio-implante-dental/ HTTP/1.1" 500 6583 "-" "Mozilla/5.0 AppleWebKit/537.36 (KHTML, like Gecko); compatible; ChatGPT-User/1.0; +https://openai.com/bot"
87.98.225.137 - - [28/Jun/2026:13:08:00 +0200] "POST /wp-cron.php?doing_wp_cron=1782644880.4115750789642333984375 HTTP/1.1" 200 3658 "-" "WordPress/6.7.2; https://clinicadentalargarate.com"
68.221.75.24 - - [28/Jun/2026:13:08:00 +0200] "GET /blog/precio-implante-dental/ HTTP/1.1" 500 6583 "-" "Mozilla/5.0 AppleWebKit/537.36 (KHTML, like Gecko); compatible; ChatGPT-User/1.0; +https://openai.com/bot"
87.98.225.137 - - [28/Jun/2026:13:08:00 +0200] "POST /wp-cron.php?doing_wp_cron=1782644880.9070820808410644531250 HTTP/1.1" 200 3658 "-" "WordPress/6.7.2; https://clinicadentalargarate.com"
68.221.75.22 - - [28/Jun/2026:13:08:00 +0200] "GET /blog/precio-implante-dental/ HTTP/1.1" 500 6583 "-" "Mozilla/5.0 AppleWebKit/537.36 (KHTML, like Gecko); compatible; ChatGPT-User/1.0; +https://openai.com/bot"
87.98.225.137 - - [28/Jun/2026:13:08:01 +0200] "POST /wp-cron.php?doing_wp_cron=1782644881.2921960353851318359375 HTTP/1.1" 200 3658 "-" "WordPress/6.7.2; https://clinicadentalargarate.com"
68.221.75.17 - - [28/Jun/2026:13:08:01 +0200] "GET /blog/precio-implante-dental/ HTTP/1.1" 500 6583 "-" "Mozilla/5.0 AppleWebKit/537.36 (KHTML, like Gecko); compatible; ChatGPT-User/1.0; +https://openai.com/bot"
87.98.225.137 - - [28/Jun/2026:13:08:08 +0200] "POST /wp-cron.php?doing_wp_cron=1782644888.6066489219665527343750 HTTP/1.1" 200 3658 "-" "WordPress/6.7.2; https://clinicadentalargarate.com"
74.7.242.136 - - [28/Jun/2026:13:08:08 +0200] "GET /blog/precio-implante-dental/ HTTP/1.1" 500 6599 "-" "Mozilla/5.0 (Macintosh; Intel Mac OS X 10_15_7) AppleWebKit/537.36 (KHTML, like Gecko) Chrome/131.0.0.0 Safari/537.36; compatible; OAI-SearchBot/1.4; +https://openai.com/searchbot"
87.98.225.137 - - [28/Jun/2026:13:09:01 +0200] "POST /wp-cron.php?doing_wp_cron=1782644941.2158610820770263671875 HTTP/1.1" 200 3658 "-" "WordPress/6.7.2; https://clinicadentalargarate.com"
