87.98.225.137 - - [28/Jun/2026:21:27:50 +0200] "POST /wp-cron.php?doing_wp_cron=1782674870.8980290889739990234375 HTTP/1.1" 200 3658 "-" "WordPress/6.7.2; https://clinicadentalargarate.com"
20.206.91.91 - - [28/Jun/2026:21:27:50 +0200] "GET /themes.php HTTP/1.1" 301 414 "-" "Mozilla/5.0 (Windows NT 10.0; Win64; x64) AppleWebKit/537.36 (KHTML, like Gecko) Chrome/120.0.0.0 Safari/537.36"
87.98.225.137 - - [28/Jun/2026:21:27:51 +0200] "POST /wp-cron.php?doing_wp_cron=1782674871.2270359992980957031250 HTTP/1.1" 200 3658 "-" "WordPress/6.7.2; https://clinicadentalargarate.com"
20.206.91.91 - - [28/Jun/2026:21:27:51 +0200] "GET /an.php HTTP/1.1" 301 410 "-" "Mozilla/5.0 (Windows NT 10.0; Win64; x64) AppleWebKit/537.36 (KHTML, like Gecko) Chrome/120.0.0.0 Safari/537.36"
87.98.225.137 - - [28/Jun/2026:21:27:51 +0200] "POST /wp-cron.php?doing_wp_cron=1782674871.5463519096374511718750 HTTP/1.1" 200 3658 "-" "WordPress/6.7.2; https://clinicadentalargarate.com"
20.206.91.91 - - [28/Jun/2026:21:27:51 +0200] "GET /index/function.php HTTP/1.1" 301 422 "-" "Mozilla/5.0 (Windows NT 10.0; Win64; x64) AppleWebKit/537.36 (KHTML, like Gecko) Chrome/120.0.0.0 Safari/537.36"
87.98.225.137 - - [28/Jun/2026:21:27:51 +0200] "POST /wp-cron.php?doing_wp_cron=1782674871.8656909465789794921875 HTTP/1.1" 200 3658 "-" "WordPress/6.7.2; https://clinicadentalargarate.com"
20.206.91.91 - - [28/Jun/2026:21:27:51 +0200] "GET /randkeyword.PhP7 HTTP/1.1" 301 420 "-" "Mozilla/5.0 (Windows NT 10.0; Win64; x64) AppleWebKit/537.36 (KHTML, like Gecko) Chrome/120.0.0.0 Safari/537.36"
87.98.225.137 - - [28/Jun/2026:21:27:52 +0200] "POST /wp-cron.php?doing_wp_cron=1782674872.1913208961486816406250 HTTP/1.1" 200 3658 "-" "WordPress/6.7.2; https://clinicadentalargarate.com"
20.206.91.91 - - [28/Jun/2026:21:27:52 +0200] "GET /ws.php HTTP/1.1" 301 410 "-" "Mozilla/5.0 (Windows NT 10.0; Win64; x64) AppleWebKit/537.36 (KHTML, like Gecko) Chrome/120.0.0.0 Safari/537.36"
87.98.225.137 - - [28/Jun/2026:21:27:52 +0200] "POST /wp-cron.php?doing_wp_cron=1782674872.5217320919036865234375 HTTP/1.1" 200 3658 "-" "WordPress/6.7.2; https://clinicadentalargarate.com"
20.206.91.91 - - [28/Jun/2026:21:27:52 +0200] "GET /404.php HTTP/1.1" 301 411 "-" "Mozilla/5.0 (Windows NT 10.0; Win64; x64) AppleWebKit/537.36 (KHTML, like Gecko) Chrome/120.0.0.0 Safari/537.36"
87.98.225.137 - - [28/Jun/2026:21:27:52 +0200] "POST /wp-cron.php?doing_wp_cron=1782674872.8472039699554443359375 HTTP/1.1" 200 3658 "-" "WordPress/6.7.2; https://clinicadentalargarate.com"
20.206.91.91 - - [28/Jun/2026:21:27:52 +0200] "GET /wp-admin/user.php HTTP/1.1" 301 421 "-" "Mozilla/5.0 (Windows NT 10.0; Win64; x64) AppleWebKit/537.36 (KHTML, like Gecko) Chrome/120.0.0.0 Safari/537.36"
87.98.225.137 - - [28/Jun/2026:21:27:53 +0200] "POST /wp-cron.php?doing_wp_cron=1782674873.1843919754028320312500 HTTP/1.1" 200 3658 "-" "WordPress/6.7.2; https://clinicadentalargarate.com"
20.206.91.91 - - [28/Jun/2026:21:27:53 +0200] "GET /wp-conf.php HTTP/1.1" 301 415 "-" "Mozilla/5.0 (Windows NT 10.0; Win64; x64) AppleWebKit/537.36 (KHTML, like Gecko) Chrome/120.0.0.0 Safari/537.36"
87.98.225.137 - - [28/Jun/2026:21:27:53 +0200] "POST /wp-cron.php?doing_wp_cron=1782674873.5199589729309082031250 HTTP/1.1" 200 3658 "-" "WordPress/6.7.2; https://clinicadentalargarate.com"
20.206.91.91 - - [28/Jun/2026:21:27:53 +0200] "GET /wp-content/themes/hideo/network.php HTTP/1.1" 301 439 "-" "Mozilla/5.0 (Windows NT 10.0; Win64; x64) AppleWebKit/537.36 (KHTML, like Gecko) Chrome/120.0.0.0 Safari/537.36"
87.98.225.137 - - [28/Jun/2026:21:27:53 +0200] "POST /wp-cron.php?doing_wp_cron=1782674873.8450710773468017578125 HTTP/1.1" 200 3658 "-" "WordPress/6.7.2; https://clinicadentalargarate.com"
20.206.91.91 - - [28/Jun/2026:21:27:53 +0200] "GET /wp-login.php HTTP/1.1" 200 3440 "-" "Mozilla/5.0 (Windows NT 10.0; Win64; x64) AppleWebKit/537.36 (KHTML, like Gecko) Chrome/120.0.0.0 Safari/537.36"
87.98.225.137 - - [28/Jun/2026:21:27:54 +0200] "POST /wp-cron.php?doing_wp_cron=1782674874.1911768913269042968750 HTTP/1.1" 200 3658 "-" "WordPress/6.7.2; https://clinicadentalargarate.com"
20.206.91.91 - - [28/Jun/2026:21:27:54 +0200] "GET /abc.php HTTP/1.1" 301 411 "-" "Mozilla/5.0 (Windows NT 10.0; Win64; x64) AppleWebKit/537.36 (KHTML, like Gecko) Chrome/120.0.0.0 Safari/537.36"
87.98.225.137 - - [28/Jun/2026:21:27:54 +0200] "POST /wp-cron.php?doing_wp_cron=1782674874.5079801082611083984375 HTTP/1.1" 200 3658 "-" "WordPress/6.7.2; https://clinicadentalargarate.com"
20.206.91.91 - - [28/Jun/2026:21:27:54 +0200] "GET /abcd.php HTTP/1.1" 301 412 "-" "Mozilla/5.0 (Windows NT 10.0; Win64; x64) AppleWebKit/537.36 (KHTML, like Gecko) Chrome/120.0.0.0 Safari/537.36"
87.98.225.137 - - [28/Jun/2026:21:27:54 +0200] "POST /wp-cron.php?doing_wp_cron=1782674874.8515059947967529296875 HTTP/1.1" 200 3658 "-" "WordPress/6.7.2; https://clinicadentalargarate.com"
20.206.91.91 - - [28/Jun/2026:21:27:54 +0200] "GET /as.php HTTP/1.1" 301 410 "-" "Mozilla/5.0 (Windows NT 10.0; Win64; x64) AppleWebKit/537.36 (KHTML, like Gecko) Chrome/120.0.0.0 Safari/537.36"
87.98.225.137 - - [28/Jun/2026:21:27:55 +0200] "POST /wp-cron.php?doing_wp_cron=1782674875.1697180271148681640625 HTTP/1.1" 200 3658 "-" "WordPress/6.7.2; https://clinicadentalargarate.com"
20.206.91.91 - - [28/Jun/2026:21:27:55 +0200] "GET /wp-trackback.php HTTP/1.1" 200 403 "-" "Mozilla/5.0 (Windows NT 10.0; Win64; x64) AppleWebKit/537.36 (KHTML, like Gecko) Chrome/120.0.0.0 Safari/537.36"
87.98.225.137 - - [28/Jun/2026:21:27:55 +0200] "POST /wp-cron.php?doing_wp_cron=1782674875.4880371093750000000000 HTTP/1.1" 200 3658 "-" "WordPress/6.7.2; https://clinicadentalargarate.com"
20.206.91.91 - - [28/Jun/2026:21:27:55 +0200] "GET /about.php HTTP/1.1" 301 413 "-" "Mozilla/5.0 (Windows NT 10.0; Win64; x64) AppleWebKit/537.36 (KHTML, like Gecko) Chrome/120.0.0.0 Safari/537.36"
87.98.225.137 - - [28/Jun/2026:21:27:55 +0200] "POST /wp-cron.php?doing_wp_cron=1782674875.8454430103302001953125 HTTP/1.1" 200 3658 "-" "WordPress/6.7.2; https://clinicadentalargarate.com"
20.206.91.91 - - [28/Jun/2026:21:27:55 +0200] "GET /file.php HTTP/1.1" 301 412 "-" "Mozilla/5.0 (Windows NT 10.0; Win64; x64) AppleWebKit/537.36 (KHTML, like Gecko) Chrome/120.0.0.0 Safari/537.36"
87.98.225.137 - - [28/Jun/2026:21:27:56 +0200] "POST /wp-cron.php?doing_wp_cron=1782674876.1636340618133544921875 HTTP/1.1" 200 3658 "-" "WordPress/6.7.2; https://clinicadentalargarate.com"
20.206.91.91 - - [28/Jun/2026:21:27:56 +0200] "GET /adminfuns.php HTTP/1.1" 301 417 "-" "Mozilla/5.0 (Windows NT 10.0; Win64; x64) AppleWebKit/537.36 (KHTML, like Gecko) Chrome/120.0.0.0 Safari/537.36"
87.98.225.137 - - [28/Jun/2026:21:27:56 +0200] "POST /wp-cron.php?doing_wp_cron=1782674876.4867610931396484375000 HTTP/1.1" 200 3658 "-" "WordPress/6.7.2; https://clinicadentalargarate.com"
20.206.91.91 - - [28/Jun/2026:21:27:56 +0200] "GET /wp-good.php HTTP/1.1" 301 415 "-" "Mozilla/5.0 (Windows NT 10.0; Win64; x64) AppleWebKit/537.36 (KHTML, like Gecko) Chrome/120.0.0.0 Safari/537.36"
20.206.91.91 - - [28/Jun/2026:21:27:56 +0200] "GET /xmlrpc.php HTTP/1.1" 403 533 "-" "Mozilla/5.0 (Windows NT 10.0; Win64; x64) AppleWebKit/537.36 (KHTML, like Gecko) Chrome/120.0.0.0 Safari/537.36"
87.98.225.137 - - [28/Jun/2026:21:27:57 +0200] "POST /wp-cron.php?doing_wp_cron=1782674877.0162699222564697265625 HTTP/1.1" 200 3658 "-" "WordPress/6.7.2; https://clinicadentalargarate.com"
20.206.91.91 - - [28/Jun/2026:21:27:56 +0200] "GET /goods.php HTTP/1.1" 301 413 "-" "Mozilla/5.0 (Windows NT 10.0; Win64; x64) AppleWebKit/537.36 (KHTML, like Gecko) Chrome/120.0.0.0 Safari/537.36"
87.98.225.137 - - [28/Jun/2026:21:27:57 +0200] "POST /wp-cron.php?doing_wp_cron=1782674877.3334329128265380859375 HTTP/1.1" 200 3658 "-" "WordPress/6.7.2; https://clinicadentalargarate.com"
20.206.91.91 - - [28/Jun/2026:21:27:57 +0200] "GET /class-t.api.php HTTP/1.1" 301 419 "-" "Mozilla/5.0 (Windows NT 10.0; Win64; x64) AppleWebKit/537.36 (KHTML, like Gecko) Chrome/120.0.0.0 Safari/537.36"
87.98.225.137 - - [28/Jun/2026:21:27:57 +0200] "POST /wp-cron.php?doing_wp_cron=1782674877.6582219600677490234375 HTTP/1.1" 200 3658 "-" "WordPress/6.7.2; https://clinicadentalargarate.com"
20.206.91.91 - - [28/Jun/2026:21:27:57 +0200] "GET /sf.php HTTP/1.1" 301 410 "-" "Mozilla/5.0 (Windows NT 10.0; Win64; x64) AppleWebKit/537.36 (KHTML, like Gecko) Chrome/120.0.0.0 Safari/537.36"
87.98.225.137 - - [28/Jun/2026:21:27:58 +0200] "POST /wp-cron.php?doing_wp_cron=1782674877.9806389808654785156250 HTTP/1.1" 200 3658 "-" "WordPress/6.7.2; https://clinicadentalargarate.com"
20.206.91.91 - - [28/Jun/2026:21:27:57 +0200] "GET /kbfr.php HTTP/1.1" 301 412 "-" "Mozilla/5.0 (Windows NT 10.0; Win64; x64) AppleWebKit/537.36 (KHTML, like Gecko) Chrome/120.0.0.0 Safari/537.36"
87.98.225.137 - - [28/Jun/2026:21:27:58 +0200] "POST /wp-cron.php?doing_wp_cron=1782674878.3365280628204345703125 HTTP/1.1" 200 3658 "-" "WordPress/6.7.2; https://clinicadentalargarate.com"
20.206.91.91 - - [28/Jun/2026:21:27:58 +0200] "GET /autoload_classmap.php HTTP/1.1" 301 425 "-" "Mozilla/5.0 (Windows NT 10.0; Win64; x64) AppleWebKit/537.36 (KHTML, like Gecko) Chrome/120.0.0.0 Safari/537.36"
87.98.225.137 - - [28/Jun/2026:21:27:58 +0200] "POST /wp-cron.php?doing_wp_cron=1782674878.6782310009002685546875 HTTP/1.1" 200 3658 "-" "WordPress/6.7.2; https://clinicadentalargarate.com"
20.206.91.91 - - [28/Jun/2026:21:27:58 +0200] "GET /chosen.php?p= HTTP/1.1" 301 414 "-" "Mozilla/5.0 (Windows NT 10.0; Win64; x64) AppleWebKit/537.36 (KHTML, like Gecko) Chrome/120.0.0.0 Safari/537.36"
87.98.225.137 - - [28/Jun/2026:21:27:59 +0200] "POST /wp-cron.php?doing_wp_cron=1782674879.0108320713043212890625 HTTP/1.1" 200 3658 "-" "WordPress/6.7.2; https://clinicadentalargarate.com"
20.206.91.91 - - [28/Jun/2026:21:27:58 +0200] "GET /classwithtostring.php HTTP/1.1" 301 425 "-" "Mozilla/5.0 (Windows NT 10.0; Win64; x64) AppleWebKit/537.36 (KHTML, like Gecko) Chrome/120.0.0.0 Safari/537.36"
87.98.225.137 - - [28/Jun/2026:21:27:59 +0200] "POST /wp-cron.php?doing_wp_cron=1782674879.3456540107727050781250 HTTP/1.1" 200 3658 "-" "WordPress/6.7.2; https://clinicadentalargarate.com"
20.206.91.91 - - [28/Jun/2026:21:27:59 +0200] "GET /defaults.php HTTP/1.1" 301 416 "-" "Mozilla/5.0 (Windows NT 10.0; Win64; x64) AppleWebKit/537.36 (KHTML, like Gecko) Chrome/120.0.0.0 Safari/537.36"
87.98.225.137 - - [28/Jun/2026:21:27:59 +0200] "POST /wp-cron.php?doing_wp_cron=1782674879.6806690692901611328125 HTTP/1.1" 200 3658 "-" "WordPress/6.7.2; https://clinicadentalargarate.com"
20.206.91.91 - - [28/Jun/2026:21:27:59 +0200] "GET /.well-known/ HTTP/1.1" 301 416 "-" "Mozilla/5.0 (Windows NT 10.0; Win64; x64) AppleWebKit/537.36 (KHTML, like Gecko) Chrome/120.0.0.0 Safari/537.36"
87.98.225.137 - - [28/Jun/2026:21:28:00 +0200] "POST /wp-cron.php?doing_wp_cron=1782674879.9971749782562255859375 HTTP/1.1" 200 3658 "-" "WordPress/6.7.2; https://clinicadentalargarate.com"
20.206.91.91 - - [28/Jun/2026:21:27:59 +0200] "GET /info.php HTTP/1.1" 301 412 "-" "Mozilla/5.0 (Windows NT 10.0; Win64; x64) AppleWebKit/537.36 (KHTML, like Gecko) Chrome/120.0.0.0 Safari/537.36"
20.206.91.91 - - [28/Jun/2026:21:28:00 +0200] "GET /cgi-bin/ HTTP/1.1" 403 533 "-" "Mozilla/5.0 (Windows NT 10.0; Win64; x64) AppleWebKit/537.36 (KHTML, like Gecko) Chrome/120.0.0.0 Safari/537.36"
20.206.91.91 - - [28/Jun/2026:21:28:00 +0200] "GET /wp-includes/Requests/src/Response/about.php HTTP/1.1" 403 533 "-" "Mozilla/5.0 (Windows NT 10.0; Win64; x64) AppleWebKit/537.36 (KHTML, like Gecko) Chrome/120.0.0.0 Safari/537.36"
20.206.91.91 - - [28/Jun/2026:21:28:00 +0200] "GET /wp-includes/html-api/ HTTP/1.1" 403 533 "-" "Mozilla/5.0 (Windows NT 10.0; Win64; x64) AppleWebKit/537.36 (KHTML, like Gecko) Chrome/120.0.0.0 Safari/537.36"
87.98.225.137 - - [28/Jun/2026:21:28:01 +0200] "POST /wp-cron.php?doing_wp_cron=1782674880.9955680370330810546875 HTTP/1.1" 200 3658 "-" "WordPress/6.7.2; https://clinicadentalargarate.com"
20.206.91.91 - - [28/Jun/2026:21:28:00 +0200] "GET /wp-content/admin.php HTTP/1.1" 301 424 "-" "Mozilla/5.0 (Windows NT 10.0; Win64; x64) AppleWebKit/537.36 (KHTML, like Gecko) Chrome/120.0.0.0 Safari/537.36"
20.206.91.91 - - [28/Jun/2026:21:28:01 +0200] "GET /wp-admin/css/colors/ectoplasm/ HTTP/1.1" 403 533 "-" "Mozilla/5.0 (Windows NT 10.0; Win64; x64) AppleWebKit/537.36 (KHTML, like Gecko) Chrome/120.0.0.0 Safari/537.36"
20.206.91.91 - - [28/Jun/2026:21:28:01 +0200] "GET /wp-content/uploads/ HTTP/1.1" 403 533 "-" "Mozilla/5.0 (Windows NT 10.0; Win64; x64) AppleWebKit/537.36 (KHTML, like Gecko) Chrome/120.0.0.0 Safari/537.36"
87.98.225.137 - - [28/Jun/2026:21:28:01 +0200] "POST /wp-cron.php?doing_wp_cron=1782674881.7398691177368164062500 HTTP/1.1" 200 3658 "-" "WordPress/6.7.2; https://clinicadentalargarate.com"
20.206.91.91 - - [28/Jun/2026:21:28:01 +0200] "GET /wp-content/themes/admin.php HTTP/1.1" 301 431 "-" "Mozilla/5.0 (Windows NT 10.0; Win64; x64) AppleWebKit/537.36 (KHTML, like Gecko) Chrome/120.0.0.0 Safari/537.36"
87.98.225.137 - - [28/Jun/2026:21:28:02 +0200] "POST /wp-cron.php?doing_wp_cron=1782674882.0613551139831542968750 HTTP/1.1" 200 3658 "-" "WordPress/6.7.2; https://clinicadentalargarate.com"
20.206.91.91 - - [28/Jun/2026:21:28:01 +0200] "GET /wp-content/themes/index.php HTTP/1.1" 301 422 "-" "Mozilla/5.0 (Windows NT 10.0; Win64; x64) AppleWebKit/537.36 (KHTML, like Gecko) Chrome/120.0.0.0 Safari/537.36"
20.206.91.91 - - [28/Jun/2026:21:28:02 +0200] "GET /wp-content/plugins/index.php HTTP/1.1" 200 224 "-" "Mozilla/5.0 (Windows NT 10.0; Win64; x64) AppleWebKit/537.36 (KHTML, like Gecko) Chrome/120.0.0.0 Safari/537.36"
20.206.91.91 - - [28/Jun/2026:21:28:02 +0200] "GET /wp-includes/PHPMailer/ HTTP/1.1" 403 533 "-" "Mozilla/5.0 (Windows NT 10.0; Win64; x64) AppleWebKit/537.36 (KHTML, like Gecko) Chrome/120.0.0.0 Safari/537.36"
20.206.91.91 - - [28/Jun/2026:21:28:02 +0200] "GET /wp-includes/images/ HTTP/1.1" 403 533 "-" "Mozilla/5.0 (Windows NT 10.0; Win64; x64) AppleWebKit/537.36 (KHTML, like Gecko) Chrome/120.0.0.0 Safari/537.36"
87.98.225.137 - - [28/Jun/2026:21:28:03 +0200] "POST /wp-cron.php?doing_wp_cron=1782674883.0318191051483154296875 HTTP/1.1" 200 3658 "-" "WordPress/6.7.2; https://clinicadentalargarate.com"
20.206.91.91 - - [28/Jun/2026:21:28:02 +0200] "GET /wp-content/plugins/WordPressCore/ HTTP/1.1" 301 437 "-" "Mozilla/5.0 (Windows NT 10.0; Win64; x64) AppleWebKit/537.36 (KHTML, like Gecko) Chrome/120.0.0.0 Safari/537.36"
87.98.225.137 - - [28/Jun/2026:21:30:09 +0200] "POST /wp-cron.php?doing_wp_cron=1782675009.6707301139831542968750 HTTP/1.1" 200 3658 "-" "WordPress/6.7.2; https://clinicadentalargarate.com"
94.23.87.180 - - [28/Jun/2026:21:30:09 +0200] "GET / HTTP/1.0" 200 152488 "-" "-"
87.98.225.137 - - [28/Jun/2026:21:31:59 +0200] "POST /wp-cron.php?doing_wp_cron=1782675119.7913579940795898437500 HTTP/1.1" 200 3658 "-" "WordPress/6.7.2; https://clinicadentalargarate.com"
85.208.96.211 - - [28/Jun/2026:21:31:59 +0200] "GET /blog/waarom-vulkan-vegas-de-toekomst-van-casinos-vormt/ HTTP/1.1" 500 4369 "-" "Mozilla/5.0 (compatible; SemrushBot/7~bl; +http://www.semrush.com/bot.html)"
85.208.96.200 - - [28/Jun/2026:21:36:17 +0200] "GET /robots.txt HTTP/1.1" 200 3826 "-" "Mozilla/5.0 (compatible; SemrushBot/7~bl; +http://www.semrush.com/bot.html)"
87.98.225.137 - - [28/Jun/2026:21:36:18 +0200] "POST /wp-cron.php?doing_wp_cron=1782675378.3938500881195068359375 HTTP/1.1" 200 3658 "-" "WordPress/6.7.2; https://clinicadentalargarate.com"
85.208.96.211 - - [28/Jun/2026:21:36:18 +0200] "GET /blog/explore-the-vegashero-platform-experience-from-sign-up-to-payout/ HTTP/1.1" 500 4369 "-" "Mozilla/5.0 (compatible; SemrushBot/7~bl; +http://www.semrush.com/bot.html)"
87.98.225.137 - - [28/Jun/2026:21:36:37 +0200] "POST /wp-cron.php?doing_wp_cron=1782675397.1841850280761718750000 HTTP/1.1" 200 3658 "-" "WordPress/6.7.2; https://clinicadentalargarate.com"
171.245.6.185 - - [28/Jun/2026:21:36:37 +0200] "GET /blog/quels-sont-les-secrets-pour-maximiser-les-gains-avec-les-bonus-nirvana-casino/ HTTP/1.1" 500 6601 "-" "Mozilla/5.0 (Windows NT 10.0; Win64; x64) AppleWebKit/537.36 (KHTML, like Gecko) Chrome/84.0.4147.135 Safari/537.36"
87.98.225.137 - - [28/Jun/2026:21:37:48 +0200] "POST /wp-cron.php?doing_wp_cron=1782675468.0973520278930664062500 HTTP/1.1" 200 3658 "-" "WordPress/6.7.2; https://clinicadentalargarate.com"
198.244.226.28 - - [28/Jun/2026:21:37:47 +0200] "GET /?sitemap300.xml HTTP/1.1" 301 3660 "-" "Mozilla/5.0 (compatible; AhrefsBot/7.0; +http://ahrefs.com/robot/)"
198.244.226.28 - - [28/Jun/2026:21:37:48 +0200] "GET /?sitemap300_xml HTTP/1.1" 200 36362 "-" "Mozilla/5.0 (compatible; AhrefsBot/7.0; +http://ahrefs.com/robot/)"
87.98.225.137 - - [28/Jun/2026:21:42:16 +0200] "POST /wp-cron.php?doing_wp_cron=1782675736.0338659286499023437500 HTTP/1.1" 200 3658 "-" "WordPress/6.7.2; https://clinicadentalargarate.com"
40.77.167.79 - - [28/Jun/2026:21:42:15 +0200] "GET /ortodoncia/ HTTP/1.1" 200 30795 "-" "Mozilla/5.0 AppleWebKit/537.36 (KHTML, like Gecko; compatible; bingbot/2.0; +http://www.bing.com/bingbot.htm) Chrome/116.0.1938.76 Safari/537.36"
144.172.112.170 - - [28/Jun/2026:21:43:32 +0200] "GET /wp-includes/ HTTP/1.1" 403 507 "-" "Mozilla/5.0 (Macintosh; Intel Mac OS X 10_15_7) AppleWebKit/537.36 (KHTML, like Gecko) Chrome/120.0.0.0 Safari/537.36"
144.172.112.170 - - [28/Jun/2026:21:43:33 +0200] "GET /wp-content/uploads/ HTTP/1.1" 403 507 "-" "Mozilla/5.0 (Macintosh; Intel Mac OS X 10_15_7) AppleWebKit/537.36 (KHTML, like Gecko) Chrome/120.0.0.0 Safari/537.36"
144.172.112.170 - - [28/Jun/2026:21:43:33 +0200] "GET /wp-admin/includes/ HTTP/1.1" 403 507 "https://www.google.com/" "Mozilla/5.0 (Windows NT 10.0; Win64; x64) AppleWebKit/537.36 (KHTML, like Gecko) Chrome/121.0.0.0 Safari/537.36"
144.172.112.170 - - [28/Jun/2026:21:43:33 +0200] "GET /wp-content/plugins/ HTTP/1.1" 200 225 "-" "Mozilla/5.0 (Windows NT 10.0; Win64; x64; rv:122.0) Gecko/20100101 Firefox/122.0"
144.172.112.170 - - [28/Jun/2026:21:43:34 +0200] "GET /wp-content/themes/ HTTP/1.1" 403 507 "-" "Mozilla/5.0 (X11; Linux x86_64; rv:121.0) Gecko/20100101 Firefox/121.0"
87.98.225.137 - - [28/Jun/2026:21:43:34 +0200] "POST /wp-cron.php?doing_wp_cron=1782675814.6642050743103027343750 HTTP/1.1" 200 281 "-" "WordPress/6.7.2; https://clinicadentalargarate.com"
144.172.112.170 - - [28/Jun/2026:21:43:34 +0200] "GET /images/ HTTP/1.1" 404 101456 "-" "Mozilla/5.0 (Macintosh; Intel Mac OS X 10_15_7) AppleWebKit/605.1.15 (KHTML, like Gecko) Version/17.2 Safari/605.1.15"
87.98.225.137 - - [28/Jun/2026:21:43:35 +0200] "POST /wp-cron.php?doing_wp_cron=1782675815.6812160015106201171875 HTTP/1.1" 200 281 "-" "WordPress/6.7.2; https://clinicadentalargarate.com"
144.172.112.170 - - [28/Jun/2026:21:43:35 +0200] "GET /assets/ HTTP/1.1" 404 101456 "https://www.google.com/" "Mozilla/5.0 (Windows NT 10.0; Win64; x64) AppleWebKit/537.36 (KHTML, like Gecko) Chrome/121.0.0.0 Safari/537.36"
87.98.225.137 - - [28/Jun/2026:21:43:36 +0200] "POST /wp-cron.php?doing_wp_cron=1782675816.7394840717315673828125 HTTP/1.1" 200 281 "-" "WordPress/6.7.2; https://clinicadentalargarate.com"
144.172.112.170 - - [28/Jun/2026:21:43:36 +0200] "GET /uploads/ HTTP/1.1" 404 101456 "-" "Mozilla/5.0 (X11; Linux x86_64; rv:121.0) Gecko/20100101 Firefox/121.0"
87.98.225.137 - - [28/Jun/2026:21:43:37 +0200] "POST /wp-cron.php?doing_wp_cron=1782675817.7901959419250488281250 HTTP/1.1" 200 281 "-" "WordPress/6.7.2; https://clinicadentalargarate.com"
144.172.112.170 - - [28/Jun/2026:21:43:37 +0200] "GET /files/ HTTP/1.1" 404 101456 "-" "Mozilla/5.0 (X11; Linux x86_64; rv:121.0) Gecko/20100101 Firefox/121.0"
87.98.225.137 - - [28/Jun/2026:21:43:38 +0200] "POST /wp-cron.php?doing_wp_cron=1782675818.8051860332489013671875 HTTP/1.1" 200 281 "-" "WordPress/6.7.2; https://clinicadentalargarate.com"
144.172.112.170 - - [28/Jun/2026:21:43:38 +0200] "GET /backup/ HTTP/1.1" 404 101456 "-" "Mozilla/5.0 (Macintosh; Intel Mac OS X 10_15_7) AppleWebKit/605.1.15 (KHTML, like Gecko) Version/17.2 Safari/605.1.15"
87.98.225.137 - - [28/Jun/2026:21:43:39 +0200] "POST /wp-cron.php?doing_wp_cron=1782675819.8452930450439453125000 HTTP/1.1" 200 281 "-" "WordPress/6.7.2; https://clinicadentalargarate.com"
144.172.112.170 - - [28/Jun/2026:21:43:39 +0200] "GET /tmp/ HTTP/1.1" 404 101456 "-" "Mozilla/5.0 (X11; Linux x86_64; rv:121.0) Gecko/20100101 Firefox/121.0"
87.98.225.137 - - [28/Jun/2026:21:43:40 +0200] "POST /wp-cron.php?doing_wp_cron=1782675820.8313229084014892578125 HTTP/1.1" 200 281 "-" "WordPress/6.7.2; https://clinicadentalargarate.com"
144.172.112.170 - - [28/Jun/2026:21:43:40 +0200] "GET /media/ HTTP/1.1" 404 101456 "-" "Mozilla/5.0 (Windows NT 10.0; Win64; x64; rv:122.0) Gecko/20100101 Firefox/122.0"
87.98.225.137 - - [28/Jun/2026:21:43:41 +0200] "POST /wp-cron.php?doing_wp_cron=1782675821.8106069564819335937500 HTTP/1.1" 200 281 "-" "WordPress/6.7.2; https://clinicadentalargarate.com"
144.172.112.170 - - [28/Jun/2026:21:43:41 +0200] "GET /public/ HTTP/1.1" 404 101456 "https://www.google.com/" "Mozilla/5.0 (Windows NT 10.0; Win64; x64) AppleWebKit/537.36 (KHTML, like Gecko) Chrome/121.0.0.0 Safari/537.36"
144.172.112.170 - - [28/Jun/2026:21:43:42 +0200] "GET /wp-content/uploads/2020/ HTTP/1.1" 403 507 "-" "Mozilla/5.0 (Macintosh; Intel Mac OS X 10_15_7) AppleWebKit/537.36 (KHTML, like Gecko) Chrome/120.0.0.0 Safari/537.36"
144.172.112.170 - - [28/Jun/2026:21:43:43 +0200] "GET /wp-content/uploads/2021/ HTTP/1.1" 403 507 "https://www.google.com/" "Mozilla/5.0 (Windows NT 10.0; Win64; x64) AppleWebKit/537.36 (KHTML, like Gecko) Chrome/121.0.0.0 Safari/537.36"
144.172.112.170 - - [28/Jun/2026:21:43:43 +0200] "GET /wp-content/uploads/2023/ HTTP/1.1" 403 507 "https://www.google.com/" "Mozilla/5.0 (Windows NT 10.0; Win64; x64) AppleWebKit/537.36 (KHTML, like Gecko) Chrome/121.0.0.0 Safari/537.36"
144.172.112.170 - - [28/Jun/2026:21:43:44 +0200] "GET /wp-content/uploads/2024/ HTTP/1.1" 403 507 "-" "Mozilla/5.0 (Macintosh; Intel Mac OS X 10_15_7) AppleWebKit/537.36 (KHTML, like Gecko) Chrome/120.0.0.0 Safari/537.36"
144.172.112.170 - - [28/Jun/2026:21:43:44 +0200] "GET /wp-content/uploads/2025/ HTTP/1.1" 403 507 "-" "Mozilla/5.0 (X11; Linux x86_64; rv:121.0) Gecko/20100101 Firefox/121.0"
144.172.112.170 - - [28/Jun/2026:21:43:44 +0200] "GET /wp-content/uploads/2026/ HTTP/1.1" 403 507 "-" "Mozilla/5.0 (Macintosh; Intel Mac OS X 10_15_7) AppleWebKit/537.36 (KHTML, like Gecko) Chrome/120.0.0.0 Safari/537.36"
216.73.217.169 - - [28/Jun/2026:21:45:10 +0200] "GET /robots.txt HTTP/1.1" 200 3834 "-" "Mozilla/5.0 AppleWebKit/537.36 (KHTML, like Gecko; compatible; ClaudeBot/1.0; +claudebot@anthropic.com)"
87.98.225.137 - - [28/Jun/2026:21:45:11 +0200] "POST /wp-cron.php?doing_wp_cron=1782675911.1775569915771484375000 HTTP/1.1" 200 3658 "-" "WordPress/6.7.2; https://clinicadentalargarate.com"
216.73.217.169 - - [28/Jun/2026:21:45:11 +0200] "GET / HTTP/1.1" 200 32973 "-" "Mozilla/5.0 AppleWebKit/537.36 (KHTML, like Gecko; compatible; ClaudeBot/1.0; +claudebot@anthropic.com)"
87.98.225.137 - - [28/Jun/2026:21:46:24 +0200] "POST /wp-cron.php?doing_wp_cron=1782675984.5750820636749267578125 HTTP/1.1" 200 3658 "-" "WordPress/6.7.2; https://clinicadentalargarate.com"
85.208.96.193 - - [28/Jun/2026:21:46:24 +0200] "GET /blog/peut-on-utiliser-plusieurs-methodes-de-paiement-sur-all-wins-casino-simultanement/ HTTP/1.1" 500 4369 "-" "Mozilla/5.0 (compatible; SemrushBot/7~bl; +http://www.semrush.com/bot.html)"
87.98.225.137 - - [28/Jun/2026:21:50:41 +0200] "POST /wp-cron.php?doing_wp_cron=1782676241.3170030117034912109375 HTTP/1.1" 200 3658 "-" "WordPress/6.7.2; https://clinicadentalargarate.com"
185.191.171.12 - - [28/Jun/2026:21:50:41 +0200] "GET /blog/comment-fonctionne-le-processus-de-remboursement-partiel-chez-sugar-casino/ HTTP/1.1" 500 4369 "-" "Mozilla/5.0 (compatible; SemrushBot/7~bl; +http://www.semrush.com/bot.html)"
87.98.225.137 - - [28/Jun/2026:21:53:40 +0200] "POST /wp-cron.php?doing_wp_cron=1782676420.4147169589996337890625 HTTP/1.1" 200 3658 "-" "WordPress/6.7.2; https://clinicadentalargarate.com"
216.73.217.169 - - [28/Jun/2026:21:53:40 +0200] "GET / HTTP/1.1" 200 36366 "-" "Mozilla/5.0 AppleWebKit/537.36 (KHTML, like Gecko; compatible; ClaudeBot/1.0; +claudebot@anthropic.com)"
87.98.225.137 - - [28/Jun/2026:21:57:53 +0200] "POST /wp-cron.php?doing_wp_cron=1782676673.6364760398864746093750 HTTP/1.1" 200 3658 "-" "WordPress/6.7.2; https://clinicadentalargarate.com"
185.191.171.4 - - [28/Jun/2026:21:57:53 +0200] "GET /blog/quelles-sont-les-conditions-pour-activer-les-free-spins-chez-casino-intense/ HTTP/1.1" 500 4369 "-" "Mozilla/5.0 (compatible; SemrushBot/7~bl; +http://www.semrush.com/bot.html)"
87.98.225.137 - - [28/Jun/2026:21:58:02 +0200] "POST /wp-cron.php?doing_wp_cron=1782676682.6062359809875488281250 HTTP/1.1" 200 3658 "-" "WordPress/6.7.2; https://clinicadentalargarate.com"
216.73.217.169 - - [28/Jun/2026:21:58:02 +0200] "GET /pages.php HTTP/1.1" 404 105569 "-" "Mozilla/5.0 AppleWebKit/537.36 (KHTML, like Gecko; compatible; ClaudeBot/1.0; +claudebot@anthropic.com)"
87.98.225.137 - - [28/Jun/2026:21:58:56 +0200] "POST /wp-cron.php?doing_wp_cron=1782676736.0365049839019775390625 HTTP/1.1" 200 281 "-" "WordPress/6.7.2; https://clinicadentalargarate.com"
150.109.230.210 - - [28/Jun/2026:21:58:55 +0200] "GET / HTTP/1.1" 301 275 "-" "Mozilla/5.0 (iPhone; CPU iPhone OS 13_2_3 like Mac OS X) AppleWebKit/605.1.15 (KHTML, like Gecko) Version/13.0.3 Mobile/15E148 Safari/604.1"
87.98.225.137 - - [28/Jun/2026:21:58:58 +0200] "POST /wp-cron.php?doing_wp_cron=1782676738.6022400856018066406250 HTTP/1.1" 200 3658 "-" "WordPress/6.7.2; https://clinicadentalargarate.com"
150.109.230.210 - - [28/Jun/2026:21:58:58 +0200] "GET / HTTP/1.1" 200 36340 "http://clinicadentalargarate.com" "Mozilla/5.0 (iPhone; CPU iPhone OS 13_2_3 like Mac OS X) AppleWebKit/605.1.15 (KHTML, like Gecko) Version/13.0.3 Mobile/15E148 Safari/604.1"
87.98.225.137 - - [28/Jun/2026:21:59:12 +0200] "POST /wp-cron.php?doing_wp_cron=1782676752.0079960823059082031250 HTTP/1.1" 200 3658 "-" "WordPress/6.7.2; https://clinicadentalargarate.com"
85.208.96.201 - - [28/Jun/2026:21:59:11 +0200] "GET /blog/europe-fortune-casino-le-point-sur-les-modalites-de-retrait-entre-joueurs-francais/ HTTP/1.1" 500 4369 "-" "Mozilla/5.0 (compatible; SemrushBot/7~bl; +http://www.semrush.com/bot.html)"
87.98.225.137 - - [28/Jun/2026:21:59:42 +0200] "POST /wp-cron.php?doing_wp_cron=1782676782.3389780521392822265625 HTTP/1.1" 200 3658 "-" "WordPress/6.7.2; https://clinicadentalargarate.com"
14.237.60.40 - - [28/Jun/2026:21:59:42 +0200] "GET /tratamientos/ HTTP/1.1" 200 27729 "-" "Mozilla/5.0 (Windows NT 10.0; Win64; x64) AppleWebKit/537.36 (KHTML, like Gecko) Chrome/85.0.4183.121 Safari/537.36"
87.98.225.137 - - [28/Jun/2026:22:07:48 +0200] "POST /wp-cron.php?doing_wp_cron=1782677268.5864319801330566406250 HTTP/1.1" 200 3658 "-" "WordPress/6.7.2; https://clinicadentalargarate.com"
66.249.66.40 - - [28/Jun/2026:22:07:48 +0200] "GET /?l=10313103146701&channel=cb0904&from=pin.php%3Fid%3D1031467-16247%26name%3DLP%E2%96%A0%E5%92%8C%E3%82%B8%E3%83%A3%E3%82%BA%2F%E3%82%B9%E3%83%AA%E3%83%BC%E3%83%BB%E3%83%96%E3%83%A9%E3%82%A4%E3%83%B3%E3%83%89%E3%83%BB%E3%83%9E%E3%82%A4%E3%82%B9%2F%E8%8F%85%E9%87%8E%E9%82%A6%E5%BD%A6+%28KUNIHIKO+SUGANO%29%2FLOVE+IS+%EF%BD%9E%E6%85%95%E6%83%85%2FTHREE+BLIND+MICE+TBM-2526%2F77%E5%B9%B4+PRESS+%E3%82%80%E3%81%97%E3%82%8A%E5%8F%96%E3%81%A3+OBI%2F%E5%B8%AF+%E6%A5%B5%E7%BE%8E HTTP/1.1" 301 4151 "-" "Mozilla/5.0 (Linux; Android 6.0.1; Nexus 5X Build/MMB29P) AppleWebKit/537.36 (KHTML, like Gecko) Chrome/148.0.7778.96 Mobile Safari/537.36 (compatible; Googlebot/2.1; +http://www.google.com/bot.html)"
87.98.225.137 - - [28/Jun/2026:22:07:49 +0200] "POST /wp-cron.php?doing_wp_cron=1782677269.0685200691223144531250 HTTP/1.1" 200 3658 "-" "WordPress/6.7.2; https://clinicadentalargarate.com"
66.249.66.42 - - [28/Jun/2026:22:07:48 +0200] "GET /?l=10313103146701&channel=cb0904&from=pin.php%3Fid%3D1031467-16247%26name%3DLP%E2%96%A0%E5%92%8C%E3%82%B8%E3%83%A3%E3%82%BA%2F%E3%82%B9%E3%83%AA%E3%83%BC%E3%83%BB%E3%83%96%E3%83%A9%E3%82%A4%E3%83%B3%E3%83%89%E3%83%BB%E3%83%9E%E3%82%A4%E3%82%B9%2F%E8%8F%85%E9%87%8E%E9%82%A6%E5%BD%A6%20%28KUNIHIKO%20SUGANO%29%2FLOVE%20IS%20%EF%BD%9E%E6%85%95%E6%83%85%2FTHREE%20BLIND%20MICE%20TBM-2526%2F77%E5%B9%B4%20PRESS%20%E3%82%80%E3%81%97%E3%82%8A%E5%8F%96%E3%81%A3%20OBI%2F%E5%B8%AF%20%E6%A5%B5%E7%BE%8E HTTP/1.1" 200 36378 "-" "Mozilla/5.0 (Linux; Android 6.0.1; Nexus 5X Build/MMB29P) AppleWebKit/537.36 (KHTML, like Gecko) Chrome/148.0.7778.96 Mobile Safari/537.36 (compatible; Googlebot/2.1; +http://www.google.com/bot.html)"
87.98.225.137 - - [28/Jun/2026:22:08:09 +0200] "POST /wp-cron.php?doing_wp_cron=1782677289.3176949024200439453125 HTTP/1.1" 200 3658 "-" "WordPress/6.7.2; https://clinicadentalargarate.com"
103.82.22.235 - - [28/Jun/2026:22:08:09 +0200] "GET /wp-login.php HTTP/1.1" 200 6743 "-" "Mozilla/5.0 (Windows NT 10.0; Win64; x64) AppleWebKit/537.36 (KHTML, like Gecko) Chrome/120.0.0.0 Safari/537.36"
87.98.225.137 - - [28/Jun/2026:22:08:09 +0200] "POST /wp-cron.php?doing_wp_cron=1782677289.6657600402832031250000 HTTP/1.1" 200 3658 "-" "WordPress/6.7.2; https://clinicadentalargarate.com"
103.82.22.235 - - [28/Jun/2026:22:08:09 +0200] "POST /wp-login.php HTTP/1.1" 200 3499 "https://clinicadentalargarate.com/wp-login.php" "Mozilla/5.0 (Windows NT 10.0; Win64; x64) AppleWebKit/537.36 (KHTML, like Gecko) Chrome/120.0.0.0 Safari/537.36"
66.249.66.40 - - [28/Jun/2026:22:09:29 +0200] "GET /wp-content/themes/thefox/js/scrollmagic.js HTTP/1.1" 200 50064 "https://clinicadentalargarate.com/?l=10313103146701&channel=cb0904&from=pin.php%3Fid%3D1031467-16247%26name%3DLP%E2%96%A0%E5%92%8C%E3%82%B8%E3%83%A3%E3%82%BA%2F%E3%82%B9%E3%83%AA%E3%83%BC%E3%83%BB%E3%83%96%E3%83%A9%E3%82%A4%E3%83%B3%E3%83%89%E3%83%BB%E3%83%9E%E3%82%A4%E3%82%B9%2F%E8%8F%85%E9%87%8E%E9%82%A6%E5%BD%A6%20%28KUNIHIKO%20SUGANO%29%2FLOVE%20IS%20%EF%BD%9E%E6%85%95%E6%83%85%2FTHREE%20BLIND%20MICE%20TBM-2526%2F77%E5%B9%B4%20PRESS%20%E3%82%80%E3%81%97%E3%82%8A%E5%8F%96%E3%81%A3%20OBI%2F%E5%B8%AF%20%E6%A5%B5%E7%BE%8E" "Mozilla/5.0 (Linux; Android 6.0.1; Nexus 5X Build/MMB29P) AppleWebKit/537.36 (KHTML, like Gecko) Chrome/148.0.7778.96 Mobile Safari/537.36 (compatible; Googlebot/2.1; +http://www.google.com/bot.html)"
66.249.66.42 - - [28/Jun/2026:22:09:29 +0200] "GET /wp-content/plugins/revslider/public/assets/js/extensions/revolution.extension.layeranimation.min.js?version=5.4.6.4 HTTP/1.1" 200 18107 "https://clinicadentalargarate.com/?l=10313103146701&channel=cb0904&from=pin.php%3Fid%3D1031467-16247%26name%3DLP%E2%96%A0%E5%92%8C%E3%82%B8%E3%83%A3%E3%82%BA%2F%E3%82%B9%E3%83%AA%E3%83%BC%E3%83%BB%E3%83%96%E3%83%A9%E3%82%A4%E3%83%B3%E3%83%89%E3%83%BB%E3%83%9E%E3%82%A4%E3%82%B9%2F%E8%8F%85%E9%87%8E%E9%82%A6%E5%BD%A6%20%28KUNIHIKO%20SUGANO%29%2FLOVE%20IS%20%EF%BD%9E%E6%85%95%E6%83%85%2FTHREE%20BLIND%20MICE%20TBM-2526%2F77%E5%B9%B4%20PRESS%20%E3%82%80%E3%81%97%E3%82%8A%E5%8F%96%E3%81%A3%20OBI%2F%E5%B8%AF%20%E6%A5%B5%E7%BE%8E" "Mozilla/5.0 (Linux; Android 6.0.1; Nexus 5X Build/MMB29P) AppleWebKit/537.36 (KHTML, like Gecko) Chrome/148.0.7778.96 Mobile Safari/537.36 (compatible; Googlebot/2.1; +http://www.google.com/bot.html)"
66.249.66.41 - - [28/Jun/2026:22:09:30 +0200] "GET /wp-content/plugins/revslider/public/assets/js/extensions/revolution.extension.navigation.min.js?version=5.4.6.4 HTTP/1.1" 200 10750 "https://clinicadentalargarate.com/?l=10313103146701&channel=cb0904&from=pin.php%3Fid%3D1031467-16247%26name%3DLP%E2%96%A0%E5%92%8C%E3%82%B8%E3%83%A3%E3%82%BA%2F%E3%82%B9%E3%83%AA%E3%83%BC%E3%83%BB%E3%83%96%E3%83%A9%E3%82%A4%E3%83%B3%E3%83%89%E3%83%BB%E3%83%9E%E3%82%A4%E3%82%B9%2F%E8%8F%85%E9%87%8E%E9%82%A6%E5%BD%A6%20%28KUNIHIKO%20SUGANO%29%2FLOVE%20IS%20%EF%BD%9E%E6%85%95%E6%83%85%2FTHREE%20BLIND%20MICE%20TBM-2526%2F77%E5%B9%B4%20PRESS%20%E3%82%80%E3%81%97%E3%82%8A%E5%8F%96%E3%81%A3%20OBI%2F%E5%B8%AF%20%E6%A5%B5%E7%BE%8E" "Mozilla/5.0 (Linux; Android 6.0.1; Nexus 5X Build/MMB29P) AppleWebKit/537.36 (KHTML, like Gecko) Chrome/148.0.7778.96 Mobile Safari/537.36 (compatible; Googlebot/2.1; +http://www.google.com/bot.html)"
87.98.225.137 - - [28/Jun/2026:22:10:04 +0200] "POST /wp-cron.php?doing_wp_cron=1782677404.0169138908386230468750 HTTP/1.1" 200 281 "-" "WordPress/6.7.2; https://clinicadentalargarate.com"
130.254.112.55 - - [28/Jun/2026:22:10:03 +0200] "GET /contacto/ HTTP/1.1" 200 23348 "-" "Mozilla/5.0 (Macintosh; Intel Mac OS X 12_5) AppleWebKit/605.1.15 (KHTML, like Gecko) Version/15.4 Safari/605.1.15"
87.98.225.137 - - [28/Jun/2026:22:19:08 +0200] "POST /wp-cron.php?doing_wp_cron=1782677948.3757460117340087890625 HTTP/1.1" 200 3658 "-" "WordPress/6.7.2; https://clinicadentalargarate.com"
85.208.96.209 - - [28/Jun/2026:22:19:08 +0200] "GET /blog/tiki-taka-casino-een-diepgaande-blik-op-de-game-ervaring/ HTTP/1.1" 500 4369 "-" "Mozilla/5.0 (compatible; SemrushBot/7~bl; +http://www.semrush.com/bot.html)"
87.98.225.137 - - [28/Jun/2026:22:21:16 +0200] "POST /wp-cron.php?doing_wp_cron=1782678076.5809290409088134765625 HTTP/1.1" 200 3658 "-" "WordPress/6.7.2; https://clinicadentalargarate.com"
85.208.96.207 - - [28/Jun/2026:22:21:16 +0200] "GET /blog/what-to-look-for-when-signing-up-at-vegashero/ HTTP/1.1" 500 4369 "-" "Mozilla/5.0 (compatible; SemrushBot/7~bl; +http://www.semrush.com/bot.html)"
40.77.167.108 - - [28/Jun/2026:22:22:47 +0200] "GET /robots.txt HTTP/1.1" 200 3959 "-" "Mozilla/5.0 AppleWebKit/537.36 (KHTML, like Gecko; compatible; bingbot/2.0; +http://www.bing.com/bingbot.htm) Chrome/116.0.1938.76 Safari/537.36"
40.77.167.108 - - [28/Jun/2026:22:22:47 +0200] "GET /robots.txt HTTP/1.1" 200 500 "-" "Mozilla/5.0 AppleWebKit/537.36 (KHTML, like Gecko; compatible; bingbot/2.0; +http://www.bing.com/bingbot.htm) Chrome/116.0.1938.76 Safari/537.36"
87.98.225.137 - - [28/Jun/2026:22:22:50 +0200] "POST /wp-cron.php?doing_wp_cron=1782678170.8163189888000488281250 HTTP/1.1" 200 3658 "-" "WordPress/6.7.2; https://clinicadentalargarate.com"
52.167.144.173 - - [28/Jun/2026:22:22:50 +0200] "GET /sitemap.txt HTTP/1.1" 404 105718 "-" "Mozilla/5.0 AppleWebKit/537.36 (KHTML, like Gecko; compatible; bingbot/2.0; +http://www.bing.com/bingbot.htm) Chrome/116.0.1938.76 Safari/537.36"
87.98.225.137 - - [28/Jun/2026:22:22:51 +0200] "POST /wp-cron.php?doing_wp_cron=1782678171.6457009315490722656250 HTTP/1.1" 200 3658 "-" "WordPress/6.7.2; https://clinicadentalargarate.com"
52.167.144.173 - - [28/Jun/2026:22:22:51 +0200] "GET /sitemaps.xml HTTP/1.1" 404 102248 "-" "Mozilla/5.0 AppleWebKit/537.36 (KHTML, like Gecko; compatible; bingbot/2.0; +http://www.bing.com/bingbot.htm) Chrome/116.0.1938.76 Safari/537.36"
87.98.225.137 - - [28/Jun/2026:22:23:53 +0200] "POST /wp-cron.php?doing_wp_cron=1782678233.3085269927978515625000 HTTP/1.1" 200 3658 "-" "WordPress/6.7.2; https://clinicadentalargarate.com"
85.208.96.203 - - [28/Jun/2026:22:23:53 +0200] "GET /blog/gt-bet-casino-de-toekomst-van-mobiel-gokken/ HTTP/1.1" 500 4369 "-" "Mozilla/5.0 (compatible; SemrushBot/7~bl; +http://www.semrush.com/bot.html)"
87.98.225.137 - - [28/Jun/2026:22:27:09 +0200] "POST /wp-cron.php?doing_wp_cron=1782678429.2192769050598144531250 HTTP/1.1" 200 3658 "-" "WordPress/6.7.2; https://clinicadentalargarate.com"
45.61.185.32 - - [28/Jun/2026:22:27:09 +0200] "GET /wp-login.php HTTP/1.1" 200 14604 "-" "Mozilla/5.0 (Macintosh; Intel Mac OS X 10_10) AppleWebKit/600.1.3 (KHTML, like Gecko) Version/8.0 Safari/600.1.3"
87.98.225.137 - - [28/Jun/2026:22:28:09 +0200] "POST /wp-cron.php?doing_wp_cron=1782678489.8666260242462158203125 HTTP/1.1" 200 3658 "-" "WordPress/6.7.2; https://clinicadentalargarate.com"
98.83.10.183 - - [28/Jun/2026:22:28:09 +0200] "GET / HTTP/1.1" 301 3686 "-" "Mozilla/5.0 AppleWebKit/537.36 (KHTML, like Gecko; compatible; Amazonbot/0.1; +https://developer.amazon.com/support/amazonbot) Chrome/119.0.6045.214 Safari/537.36"
87.98.225.137 - - [28/Jun/2026:22:28:10 +0200] "POST /wp-cron.php?doing_wp_cron=1782678490.4107449054718017578125 HTTP/1.1" 200 3658 "-" "WordPress/6.7.2; https://clinicadentalargarate.com"
52.71.216.196 - - [28/Jun/2026:22:28:10 +0200] "GET / HTTP/1.1" 200 36405 "-" "Mozilla/5.0 AppleWebKit/537.36 (KHTML, like Gecko; compatible; Amazonbot/0.1; +https://developer.amazon.com/support/amazonbot) Chrome/119.0.6045.214 Safari/537.36"
87.98.225.137 - - [28/Jun/2026:22:30:08 +0200] "POST /wp-cron.php?doing_wp_cron=1782678608.8544969558715820312500 HTTP/1.1" 200 3658 "-" "WordPress/6.7.2; https://clinicadentalargarate.com"
94.23.87.180 - - [28/Jun/2026:22:30:08 +0200] "GET / HTTP/1.0" 200 152488 "-" "-"
87.98.225.137 - - [28/Jun/2026:22:30:20 +0200] "POST /wp-cron.php?doing_wp_cron=1782678620.0536360740661621093750 HTTP/1.1" 200 3658 "-" "WordPress/6.7.2; https://clinicadentalargarate.com"
45.61.185.32 - - [28/Jun/2026:22:30:19 +0200] "POST /wp-login.php HTTP/1.1" 200 15136 "-" "Mozilla/5.0 (Macintosh; Intel Mac OS X 10_10) AppleWebKit/600.1.3 (KHTML, like Gecko) Version/8.0 Safari/600.1.3"
87.98.225.137 - - [28/Jun/2026:22:30:47 +0200] "POST /wp-cron.php?doing_wp_cron=1782678647.1728880405426025390625 HTTP/1.1" 200 3658 "-" "WordPress/6.7.2; https://clinicadentalargarate.com"
85.208.96.200 - - [28/Jun/2026:22:30:47 +0200] "GET /blog/est-ce-facile-douvrir-un-compte-sur-superbet-casino-depuis-la-france/ HTTP/1.1" 500 4369 "-" "Mozilla/5.0 (compatible; SemrushBot/7~bl; +http://www.semrush.com/bot.html)"
87.98.225.137 - - [28/Jun/2026:22:34:36 +0200] "POST /wp-cron.php?doing_wp_cron=1782678876.2889900207519531250000 HTTP/1.1" 200 3658 "-" "WordPress/6.7.2; https://clinicadentalargarate.com"
52.167.144.181 - - [28/Jun/2026:22:34:36 +0200] "GET /pages.php?sitemap568.xml HTTP/1.1" 404 105650 "-" "Mozilla/5.0 AppleWebKit/537.36 (KHTML, like Gecko; compatible; bingbot/2.0; +http://www.bing.com/bingbot.htm) Chrome/116.0.1938.76 Safari/537.36"
87.98.225.137 - - [28/Jun/2026:22:36:59 +0200] "POST /wp-cron.php?doing_wp_cron=1782679019.6015160083770751953125 HTTP/1.1" 200 3658 "-" "WordPress/6.7.2; https://clinicadentalargarate.com"
151.246.1.47 - - [28/Jun/2026:22:36:59 +0200] "GET /wp-login.php HTTP/1.1" 200 6743 "-" "Mozilla/5.0 (Windows NT 10.0; Win64; x64) AppleWebKit/537.36 (KHTML, like Gecko) Chrome/120.0.0.0 Safari/537.36"
87.98.225.137 - - [28/Jun/2026:22:36:59 +0200] "POST /wp-cron.php?doing_wp_cron=1782679019.8893840312957763671875 HTTP/1.1" 200 3658 "-" "WordPress/6.7.2; https://clinicadentalargarate.com"
151.246.1.47 - - [28/Jun/2026:22:36:59 +0200] "POST /wp-login.php HTTP/1.1" 200 3524 "https://clinicadentalargarate.com/wp-login.php" "Mozilla/5.0 (Windows NT 10.0; Win64; x64) AppleWebKit/537.36 (KHTML, like Gecko) Chrome/120.0.0.0 Safari/537.36"
87.98.225.137 - - [28/Jun/2026:22:42:26 +0200] "POST /wp-cron.php?doing_wp_cron=1782679346.9065821170806884765625 HTTP/1.1" 200 3658 "-" "WordPress/6.7.2; https://clinicadentalargarate.com"
40.77.167.136 - - [28/Jun/2026:22:42:26 +0200] "GET /blog/page/5/ HTTP/1.1" 200 27418 "-" "Mozilla/5.0 AppleWebKit/537.36 (KHTML, like Gecko; compatible; bingbot/2.0; +http://www.bing.com/bingbot.htm) Chrome/116.0.1938.76 Safari/537.36"
87.98.225.137 - - [28/Jun/2026:22:44:51 +0200] "POST /wp-cron.php?doing_wp_cron=1782679491.3072540760040283203125 HTTP/1.1" 200 3658 "-" "WordPress/6.7.2; https://clinicadentalargarate.com"
4.194.56.69 - - [28/Jun/2026:22:44:51 +0200] "GET /inputs.php HTTP/1.1" 404 105598 "-" "Mozilla/5.0 (Windows NT 10.0; Win64; x64) AppleWebKit/537.36 (KHTML, like Gecko) Chrome/120.0.0.0 Safari/537.36"
87.98.225.137 - - [28/Jun/2026:22:44:52 +0200] "POST /wp-cron.php?doing_wp_cron=1782679492.5175409317016601562500 HTTP/1.1" 200 3658 "-" "WordPress/6.7.2; https://clinicadentalargarate.com"
4.194.56.69 - - [28/Jun/2026:22:44:52 +0200] "GET /ioxi-o.php HTTP/1.1" 404 102235 "-" "Mozilla/5.0 (Windows NT 10.0; Win64; x64) AppleWebKit/537.36 (KHTML, like Gecko) Chrome/120.0.0.0 Safari/537.36"
87.98.225.137 - - [28/Jun/2026:22:44:53 +0200] "POST /wp-cron.php?doing_wp_cron=1782679493.3265221118927001953125 HTTP/1.1" 200 3658 "-" "WordPress/6.7.2; https://clinicadentalargarate.com"
4.194.56.69 - - [28/Jun/2026:22:44:53 +0200] "GET /function/function.php HTTP/1.1" 404 102235 "-" "Mozilla/5.0 (Windows NT 10.0; Win64; x64) AppleWebKit/537.36 (KHTML, like Gecko) Chrome/120.0.0.0 Safari/537.36"
87.98.225.137 - - [28/Jun/2026:22:44:54 +0200] "POST /wp-cron.php?doing_wp_cron=1782679494.0997281074523925781250 HTTP/1.1" 200 3658 "-" "WordPress/6.7.2; https://clinicadentalargarate.com"
4.194.56.69 - - [28/Jun/2026:22:44:54 +0200] "GET /rip.php HTTP/1.1" 404 102235 "-" "Mozilla/5.0 (Windows NT 10.0; Win64; x64) AppleWebKit/537.36 (KHTML, like Gecko) Chrome/120.0.0.0 Safari/537.36"
87.98.225.137 - - [28/Jun/2026:22:44:54 +0200] "POST /wp-cron.php?doing_wp_cron=1782679494.8869600296020507812500 HTTP/1.1" 200 3658 "-" "WordPress/6.7.2; https://clinicadentalargarate.com"
4.194.56.69 - - [28/Jun/2026:22:44:54 +0200] "GET /admin.php HTTP/1.1" 404 102235 "-" "Mozilla/5.0 (Windows NT 10.0; Win64; x64) AppleWebKit/537.36 (KHTML, like Gecko) Chrome/120.0.0.0 Safari/537.36"
87.98.225.137 - - [28/Jun/2026:22:44:55 +0200] "POST /wp-cron.php?doing_wp_cron=1782679495.6789839267730712890625 HTTP/1.1" 200 3658 "-" "WordPress/6.7.2; https://clinicadentalargarate.com"
4.194.56.69 - - [28/Jun/2026:22:44:55 +0200] "GET /wp-content/uploads/index.php HTTP/1.1" 301 423 "-" "Mozilla/5.0 (Windows NT 10.0; Win64; x64) AppleWebKit/537.36 (KHTML, like Gecko) Chrome/120.0.0.0 Safari/537.36"
87.98.225.137 - - [28/Jun/2026:22:44:55 +0200] "POST /wp-cron.php?doing_wp_cron=1782679495.9570279121398925781250 HTTP/1.1" 200 3658 "-" "WordPress/6.7.2; https://clinicadentalargarate.com"
4.194.56.69 - - [28/Jun/2026:22:44:55 +0200] "GET /cache.php HTTP/1.1" 404 102235 "-" "Mozilla/5.0 (Windows NT 10.0; Win64; x64) AppleWebKit/537.36 (KHTML, like Gecko) Chrome/120.0.0.0 Safari/537.36"
87.98.225.137 - - [28/Jun/2026:22:44:56 +0200] "POST /wp-cron.php?doing_wp_cron=1782679496.7309360504150390625000 HTTP/1.1" 200 3658 "-" "WordPress/6.7.2; https://clinicadentalargarate.com"
4.194.56.69 - - [28/Jun/2026:22:44:56 +0200] "GET /themes.php HTTP/1.1" 404 102235 "-" "Mozilla/5.0 (Windows NT 10.0; Win64; x64) AppleWebKit/537.36 (KHTML, like Gecko) Chrome/120.0.0.0 Safari/537.36"
87.98.225.137 - - [28/Jun/2026:22:44:57 +0200] "POST /wp-cron.php?doing_wp_cron=1782679497.5850920677185058593750 HTTP/1.1" 200 3658 "-" "WordPress/6.7.2; https://clinicadentalargarate.com"
4.194.56.69 - - [28/Jun/2026:22:44:57 +0200] "GET /an.php HTTP/1.1" 404 102235 "-" "Mozilla/5.0 (Windows NT 10.0; Win64; x64) AppleWebKit/537.36 (KHTML, like Gecko) Chrome/120.0.0.0 Safari/537.36"
87.98.225.137 - - [28/Jun/2026:22:44:58 +0200] "POST /wp-cron.php?doing_wp_cron=1782679498.3549110889434814453125 HTTP/1.1" 200 3658 "-" "WordPress/6.7.2; https://clinicadentalargarate.com"
4.194.56.69 - - [28/Jun/2026:22:44:58 +0200] "GET /index/function.php HTTP/1.1" 404 102235 "-" "Mozilla/5.0 (Windows NT 10.0; Win64; x64) AppleWebKit/537.36 (KHTML, like Gecko) Chrome/120.0.0.0 Safari/537.36"
87.98.225.137 - - [28/Jun/2026:22:44:59 +0200] "POST /wp-cron.php?doing_wp_cron=1782679499.1676321029663085937500 HTTP/1.1" 200 3658 "-" "WordPress/6.7.2; https://clinicadentalargarate.com"
4.194.56.69 - - [28/Jun/2026:22:44:59 +0200] "GET /randkeyword.PhP7 HTTP/1.1" 404 102235 "-" "Mozilla/5.0 (Windows NT 10.0; Win64; x64) AppleWebKit/537.36 (KHTML, like Gecko) Chrome/120.0.0.0 Safari/537.36"
87.98.225.137 - - [28/Jun/2026:22:44:59 +0200] "POST /wp-cron.php?doing_wp_cron=1782679499.9612770080566406250000 HTTP/1.1" 200 3658 "-" "WordPress/6.7.2; https://clinicadentalargarate.com"
4.194.56.69 - - [28/Jun/2026:22:44:59 +0200] "GET /ws.php HTTP/1.1" 404 102235 "-" "Mozilla/5.0 (Windows NT 10.0; Win64; x64) AppleWebKit/537.36 (KHTML, like Gecko) Chrome/120.0.0.0 Safari/537.36"
87.98.225.137 - - [28/Jun/2026:22:45:00 +0200] "POST /wp-cron.php?doing_wp_cron=1782679500.7643499374389648437500 HTTP/1.1" 200 3658 "-" "WordPress/6.7.2; https://clinicadentalargarate.com"
4.194.56.69 - - [28/Jun/2026:22:45:00 +0200] "GET /404.php HTTP/1.1" 404 102235 "-" "Mozilla/5.0 (Windows NT 10.0; Win64; x64) AppleWebKit/537.36 (KHTML, like Gecko) Chrome/120.0.0.0 Safari/537.36"
87.98.225.137 - - [28/Jun/2026:22:45:01 +0200] "POST /wp-cron.php?doing_wp_cron=1782679501.7576580047607421875000 HTTP/1.1" 200 3658 "-" "WordPress/6.7.2; https://clinicadentalargarate.com"
4.194.56.69 - - [28/Jun/2026:22:45:01 +0200] "GET /wp-admin/user.php HTTP/1.1" 404 102235 "-" "Mozilla/5.0 (Windows NT 10.0; Win64; x64) AppleWebKit/537.36 (KHTML, like Gecko) Chrome/120.0.0.0 Safari/537.36"
87.98.225.137 - - [28/Jun/2026:22:45:02 +0200] "POST /wp-cron.php?doing_wp_cron=1782679502.8332910537719726562500 HTTP/1.1" 200 3658 "-" "WordPress/6.7.2; https://clinicadentalargarate.com"
4.194.56.69 - - [28/Jun/2026:22:45:02 +0200] "GET /wp-conf.php HTTP/1.1" 404 102235 "-" "Mozilla/5.0 (Windows NT 10.0; Win64; x64) AppleWebKit/537.36 (KHTML, like Gecko) Chrome/120.0.0.0 Safari/537.36"
87.98.225.137 - - [28/Jun/2026:22:45:03 +0200] "POST /wp-cron.php?doing_wp_cron=1782679503.6400868892669677734375 HTTP/1.1" 200 3658 "-" "WordPress/6.7.2; https://clinicadentalargarate.com"
4.194.56.69 - - [28/Jun/2026:22:45:03 +0200] "GET /wp-content/themes/hideo/network.php HTTP/1.1" 404 102235 "-" "Mozilla/5.0 (Windows NT 10.0; Win64; x64) AppleWebKit/537.36 (KHTML, like Gecko) Chrome/120.0.0.0 Safari/537.36"
87.98.225.137 - - [28/Jun/2026:22:45:04 +0200] "POST /wp-cron.php?doing_wp_cron=1782679504.4689500331878662109375 HTTP/1.1" 200 3658 "-" "WordPress/6.7.2; https://clinicadentalargarate.com"
4.194.56.69 - - [28/Jun/2026:22:45:04 +0200] "GET /wp-login.php HTTP/1.1" 200 3425 "-" "Mozilla/5.0 (Windows NT 10.0; Win64; x64) AppleWebKit/537.36 (KHTML, like Gecko) Chrome/120.0.0.0 Safari/537.36"
87.98.225.137 - - [28/Jun/2026:22:45:04 +0200] "POST /wp-cron.php?doing_wp_cron=1782679504.7500510215759277343750 HTTP/1.1" 200 3658 "-" "WordPress/6.7.2; https://clinicadentalargarate.com"
4.194.56.69 - - [28/Jun/2026:22:45:04 +0200] "GET /abc.php HTTP/1.1" 404 102235 "-" "Mozilla/5.0 (Windows NT 10.0; Win64; x64) AppleWebKit/537.36 (KHTML, like Gecko) Chrome/120.0.0.0 Safari/537.36"
87.98.225.137 - - [28/Jun/2026:22:45:05 +0200] "POST /wp-cron.php?doing_wp_cron=1782679505.5095040798187255859375 HTTP/1.1" 200 3658 "-" "WordPress/6.7.2; https://clinicadentalargarate.com"
4.194.56.69 - - [28/Jun/2026:22:45:05 +0200] "GET /abcd.php HTTP/1.1" 404 102235 "-" "Mozilla/5.0 (Windows NT 10.0; Win64; x64) AppleWebKit/537.36 (KHTML, like Gecko) Chrome/120.0.0.0 Safari/537.36"
87.98.225.137 - - [28/Jun/2026:22:45:06 +0200] "POST /wp-cron.php?doing_wp_cron=1782679506.2628219127655029296875 HTTP/1.1" 200 3658 "-" "WordPress/6.7.2; https://clinicadentalargarate.com"
4.194.56.69 - - [28/Jun/2026:22:45:06 +0200] "GET /as.php HTTP/1.1" 404 102235 "-" "Mozilla/5.0 (Windows NT 10.0; Win64; x64) AppleWebKit/537.36 (KHTML, like Gecko) Chrome/120.0.0.0 Safari/537.36"
87.98.225.137 - - [28/Jun/2026:22:45:07 +0200] "POST /wp-cron.php?doing_wp_cron=1782679507.0738859176635742187500 HTTP/1.1" 200 3658 "-" "WordPress/6.7.2; https://clinicadentalargarate.com"
4.194.56.69 - - [28/Jun/2026:22:45:06 +0200] "GET /wp-trackback.php HTTP/1.1" 200 403 "-" "Mozilla/5.0 (Windows NT 10.0; Win64; x64) AppleWebKit/537.36 (KHTML, like Gecko) Chrome/120.0.0.0 Safari/537.36"
87.98.225.137 - - [28/Jun/2026:22:45:07 +0200] "POST /wp-cron.php?doing_wp_cron=1782679507.3645288944244384765625 HTTP/1.1" 200 3658 "-" "WordPress/6.7.2; https://clinicadentalargarate.com"
4.194.56.69 - - [28/Jun/2026:22:45:07 +0200] "GET /about.php HTTP/1.1" 404 102235 "-" "Mozilla/5.0 (Windows NT 10.0; Win64; x64) AppleWebKit/537.36 (KHTML, like Gecko) Chrome/120.0.0.0 Safari/537.36"
87.98.225.137 - - [28/Jun/2026:22:45:08 +0200] "POST /wp-cron.php?doing_wp_cron=1782679508.1183950901031494140625 HTTP/1.1" 200 3658 "-" "WordPress/6.7.2; https://clinicadentalargarate.com"
4.194.56.69 - - [28/Jun/2026:22:45:08 +0200] "GET /file.php HTTP/1.1" 404 102235 "-" "Mozilla/5.0 (Windows NT 10.0; Win64; x64) AppleWebKit/537.36 (KHTML, like Gecko) Chrome/120.0.0.0 Safari/537.36"
87.98.225.137 - - [28/Jun/2026:22:45:08 +0200] "POST /wp-cron.php?doing_wp_cron=1782679508.9539880752563476562500 HTTP/1.1" 200 3658 "-" "WordPress/6.7.2; https://clinicadentalargarate.com"
4.194.56.69 - - [28/Jun/2026:22:45:08 +0200] "GET /adminfuns.php HTTP/1.1" 404 102235 "-" "Mozilla/5.0 (Windows NT 10.0; Win64; x64) AppleWebKit/537.36 (KHTML, like Gecko) Chrome/120.0.0.0 Safari/537.36"
87.98.225.137 - - [28/Jun/2026:22:45:09 +0200] "POST /wp-cron.php?doing_wp_cron=1782679509.7500600814819335937500 HTTP/1.1" 200 3658 "-" "WordPress/6.7.2; https://clinicadentalargarate.com"
4.194.56.69 - - [28/Jun/2026:22:45:09 +0200] "GET /wp-good.php HTTP/1.1" 404 102235 "-" "Mozilla/5.0 (Windows NT 10.0; Win64; x64) AppleWebKit/537.36 (KHTML, like Gecko) Chrome/120.0.0.0 Safari/537.36"
4.194.56.69 - - [28/Jun/2026:22:45:10 +0200] "GET /xmlrpc.php HTTP/1.1" 403 529 "-" "Mozilla/5.0 (Windows NT 10.0; Win64; x64) AppleWebKit/537.36 (KHTML, like Gecko) Chrome/120.0.0.0 Safari/537.36"
87.98.225.137 - - [28/Jun/2026:22:45:10 +0200] "POST /wp-cron.php?doing_wp_cron=1782679510.6831018924713134765625 HTTP/1.1" 200 3658 "-" "WordPress/6.7.2; https://clinicadentalargarate.com"
4.194.56.69 - - [28/Jun/2026:22:45:10 +0200] "GET /goods.php HTTP/1.1" 404 102235 "-" "Mozilla/5.0 (Windows NT 10.0; Win64; x64) AppleWebKit/537.36 (KHTML, like Gecko) Chrome/120.0.0.0 Safari/537.36"
87.98.225.137 - - [28/Jun/2026:22:45:11 +0200] "POST /wp-cron.php?doing_wp_cron=1782679511.4765760898590087890625 HTTP/1.1" 200 3658 "-" "WordPress/6.7.2; https://clinicadentalargarate.com"
4.194.56.69 - - [28/Jun/2026:22:45:11 +0200] "GET /class-t.api.php HTTP/1.1" 404 102235 "-" "Mozilla/5.0 (Windows NT 10.0; Win64; x64) AppleWebKit/537.36 (KHTML, like Gecko) Chrome/120.0.0.0 Safari/537.36"
