87.98.225.137 - - [28/Jun/2026:08:02:49 +0200] "POST /wp-cron.php?doing_wp_cron=1782626569.0575029850006103515625 HTTP/1.1" 200 3658 "-" "WordPress/6.7.2; https://clinicadentalargarate.com"
196.196.53.132 - - [28/Jun/2026:08:02:48 +0200] "POST /wp-json/contact-form-7/v1/contact-forms/28/feedback HTTP/1.0" 200 3747 "https://clinicadentalargarate.com/contacto/" "Mozilla/5.0 (Windows NT 6.1) AppleWebKit/537.36 (KHTML, like Gecko) Chrome/103.0.5060.114 Safari/537.36"
87.98.225.137 - - [28/Jun/2026:08:03:34 +0200] "POST /wp-cron.php?doing_wp_cron=1782626614.3592720031738281250000 HTTP/1.1" 200 3658 "-" "WordPress/6.7.2; https://clinicadentalargarate.com"
91.247.163.132 - - [28/Jun/2026:08:03:34 +0200] "HEAD /?ajax-view-products-paged=5143&_=1782626613211591800 HTTP/1.1" 200 3761 "-" "Mozilla/5.0 (Windows NT 10.0; Win64; x64) AppleWebKit/537.36 (KHTML, like Gecko) Chrome/120.0.0.0 Safari/537.36"
176.31.139.29 - - [28/Jun/2026:08:04:10 +0200] "GET /robots.txt HTTP/1.1" 200 3834 "-" "Mozilla/5.0 (compatible; AhrefsBot/7.0; +http://ahrefs.com/robot/)"
87.98.225.137 - - [28/Jun/2026:08:04:11 +0200] "POST /wp-cron.php?doing_wp_cron=1782626651.6612060070037841796875 HTTP/1.1" 200 3658 "-" "WordPress/6.7.2; https://clinicadentalargarate.com"
198.244.183.140 - - [28/Jun/2026:08:04:11 +0200] "GET /?sitemap723.xml HTTP/1.1" 301 3660 "-" "Mozilla/5.0 (compatible; AhrefsBot/7.0; +http://ahrefs.com/robot/)"
198.244.183.140 - - [28/Jun/2026:08:04:11 +0200] "GET /?sitemap723_xml HTTP/1.1" 200 36361 "-" "Mozilla/5.0 (compatible; AhrefsBot/7.0; +http://ahrefs.com/robot/)"
87.98.225.137 - - [28/Jun/2026:08:04:23 +0200] "POST /wp-cron.php?doing_wp_cron=1782626663.2369930744171142578125 HTTP/1.1" 200 3658 "-" "WordPress/6.7.2; https://clinicadentalargarate.com"
87.192.224.131 - - [28/Jun/2026:08:04:23 +0200] "GET /wp-login.php HTTP/1.1" 200 6743 "-" "Mozilla/5.0 (Windows NT 10.0; Win64; x64; rv:133.0) Gecko/20100101 Firefox/133.0"
87.98.225.137 - - [28/Jun/2026:08:04:23 +0200] "POST /wp-cron.php?doing_wp_cron=1782626663.8292999267578125000000 HTTP/1.1" 200 3658 "-" "WordPress/6.7.2; https://clinicadentalargarate.com"
87.192.224.131 - - [28/Jun/2026:08:04:23 +0200] "POST /wp-login.php HTTP/1.1" 200 3500 "https://clinicadentalargarate.com/wp-login.php" "Mozilla/5.0 (Windows NT 10.0; Win64; x64; rv:133.0) Gecko/20100101 Firefox/133.0"
87.98.225.137 - - [28/Jun/2026:08:05:17 +0200] "POST /wp-cron.php?doing_wp_cron=1782626717.9636650085449218750000 HTTP/1.1" 200 3658 "-" "WordPress/6.7.2; https://clinicadentalargarate.com"
158.69.215.39 - - [28/Jun/2026:08:05:17 +0200] "GET /wp-login.php HTTP/1.1" 200 6743 "-" "Mozilla/5.0 (Windows NT 10.0) AppleWebKit/537.36 (KHTML, like Gecko) Chrome/133.0.0.0 Safari/537.36"
87.98.225.137 - - [28/Jun/2026:08:05:18 +0200] "POST /wp-cron.php?doing_wp_cron=1782626718.3073229789733886718750 HTTP/1.1" 200 3658 "-" "WordPress/6.7.2; https://clinicadentalargarate.com"
158.69.215.39 - - [28/Jun/2026:08:05:18 +0200] "POST /wp-login.php HTTP/1.1" 200 3527 "https://clinicadentalargarate.com/wp-login.php" "Mozilla/5.0 (Windows NT 10.0) AppleWebKit/537.36 (KHTML, like Gecko) Chrome/133.0.0.0 Safari/537.36"
87.98.225.137 - - [28/Jun/2026:08:08:25 +0200] "POST /wp-cron.php?doing_wp_cron=1782626905.0448210239410400390625 HTTP/1.1" 200 3658 "-" "WordPress/6.7.2; https://clinicadentalargarate.com"
135.148.171.117 - - [28/Jun/2026:08:08:24 +0200] "GET /wp-login.php HTTP/1.1" 200 6743 "-" "Mozilla/5.0 (Windows NT 10.0) AppleWebKit/537.36 (KHTML, like Gecko) Chrome/133.0.0.0 Safari/537.36"
87.98.225.137 - - [28/Jun/2026:08:08:25 +0200] "POST /wp-cron.php?doing_wp_cron=1782626905.4507908821105957031250 HTTP/1.1" 200 3658 "-" "WordPress/6.7.2; https://clinicadentalargarate.com"
135.148.171.117 - - [28/Jun/2026:08:08:25 +0200] "POST /wp-login.php HTTP/1.1" 200 3500 "https://clinicadentalargarate.com/wp-login.php" "Mozilla/5.0 (Windows NT 10.0) AppleWebKit/537.36 (KHTML, like Gecko) Chrome/133.0.0.0 Safari/537.36"
87.98.225.137 - - [28/Jun/2026:08:09:24 +0200] "POST /wp-cron.php?doing_wp_cron=1782626964.8146760463714599609375 HTTP/1.1" 200 3658 "-" "WordPress/6.7.2; https://clinicadentalargarate.com"
104.244.124.135 - - [28/Jun/2026:08:09:24 +0200] "GET /wp-login.php HTTP/1.1" 200 6743 "-" "Mozilla/5.0 (Macintosh; Intel Mac OS X 10_15_7) AppleWebKit/537.36 (KHTML, like Gecko) Chrome/133.0.0.0 Safari/537.36 Edg/133.0.0.0"
87.98.225.137 - - [28/Jun/2026:08:09:25 +0200] "POST /wp-cron.php?doing_wp_cron=1782626965.2474050521850585937500 HTTP/1.1" 200 3658 "-" "WordPress/6.7.2; https://clinicadentalargarate.com"
104.244.124.135 - - [28/Jun/2026:08:09:25 +0200] "POST /wp-login.php HTTP/1.1" 200 3527 "https://clinicadentalargarate.com/wp-login.php" "Mozilla/5.0 (Macintosh; Intel Mac OS X 10_15_7) AppleWebKit/537.36 (KHTML, like Gecko) Chrome/133.0.0.0 Safari/537.36 Edg/133.0.0.0"
87.98.225.137 - - [28/Jun/2026:08:12:14 +0200] "POST /wp-cron.php?doing_wp_cron=1782627134.3632230758666992187500 HTTP/1.1" 200 3658 "-" "WordPress/6.7.2; https://clinicadentalargarate.com"
135.148.171.117 - - [28/Jun/2026:08:12:14 +0200] "GET /wp-login.php HTTP/1.1" 200 6743 "-" "Mozilla/5.0 (Windows NT 10.0; WOW64) AppleWebKit/537.36 (KHTML, like Gecko) Chrome/133.0.0.0 Safari/537.36"
87.98.225.137 - - [28/Jun/2026:08:12:14 +0200] "POST /wp-cron.php?doing_wp_cron=1782627134.8010139465332031250000 HTTP/1.1" 200 3658 "-" "WordPress/6.7.2; https://clinicadentalargarate.com"
135.148.171.117 - - [28/Jun/2026:08:12:14 +0200] "POST /wp-login.php HTTP/1.1" 200 3500 "https://clinicadentalargarate.com/wp-login.php" "Mozilla/5.0 (Windows NT 10.0; WOW64) AppleWebKit/537.36 (KHTML, like Gecko) Chrome/133.0.0.0 Safari/537.36"
51.68.111.218 - - [28/Jun/2026:08:13:22 +0200] "GET /robots.txt HTTP/1.1" 200 3863 "-" "Mozilla/5.0 (compatible; MJ12bot/v2.0.5; http://mj12bot.com/)"
87.98.225.137 - - [28/Jun/2026:08:13:22 +0200] "POST /wp-cron.php?doing_wp_cron=1782627202.5797150135040283203125 HTTP/1.1" 200 3658 "-" "WordPress/6.7.2; https://clinicadentalargarate.com"
51.68.111.218 - - [28/Jun/2026:08:13:22 +0200] "GET / HTTP/1.1" 200 33030 "-" "Mozilla/5.0 (compatible; MJ12bot/v2.0.5; http://mj12bot.com/)"
87.98.225.137 - - [28/Jun/2026:08:13:41 +0200] "POST /wp-cron.php?doing_wp_cron=1782627221.0375380516052246093750 HTTP/1.1" 200 3658 "-" "WordPress/6.7.2; https://clinicadentalargarate.com"
173.247.255.22 - - [28/Jun/2026:08:13:40 +0200] "GET /wp-login.php HTTP/1.1" 200 6743 "-" "Mozilla/5.0 (Macintosh; Intel Mac OS X 10_15_7) AppleWebKit/605.1.15 (KHTML, like Gecko) Version/18.3 Safari/605.1.15"
87.98.225.137 - - [28/Jun/2026:08:13:41 +0200] "POST /wp-cron.php?doing_wp_cron=1782627221.4648170471191406250000 HTTP/1.1" 200 3658 "-" "WordPress/6.7.2; https://clinicadentalargarate.com"
173.247.255.22 - - [28/Jun/2026:08:13:41 +0200] "POST /wp-login.php HTTP/1.1" 200 3527 "https://clinicadentalargarate.com/wp-login.php" "Mozilla/5.0 (Macintosh; Intel Mac OS X 10_15_7) AppleWebKit/605.1.15 (KHTML, like Gecko) Version/18.3 Safari/605.1.15"
87.98.225.137 - - [28/Jun/2026:08:15:13 +0200] "POST /wp-cron.php?doing_wp_cron=1782627313.5593209266662597656250 HTTP/1.1" 200 3658 "-" "WordPress/6.7.2; https://clinicadentalargarate.com"
43.159.140.236 - - [28/Jun/2026:08:15:13 +0200] "GET /feed/ HTTP/1.1" 200 32777 "-" "Mozilla/5.0 (iPhone; CPU iPhone OS 13_2_3 like Mac OS X) AppleWebKit/605.1.15 (KHTML, like Gecko) Version/13.0.3 Mobile/15E148 Safari/604.1"
87.98.225.137 - - [28/Jun/2026:08:16:26 +0200] "POST /wp-cron.php?doing_wp_cron=1782627386.9723811149597167968750 HTTP/1.1" 200 3658 "-" "WordPress/6.7.2; https://clinicadentalargarate.com"
212.227.154.251 - - [28/Jun/2026:08:16:26 +0200] "GET /wp-login.php HTTP/1.1" 200 6743 "-" "Mozilla/5.0 (Macintosh; Intel Mac OS X 14_7_4) AppleWebKit/537.36 (KHTML, like Gecko) Chrome/133.0.0.0 Safari/537.36"
87.98.225.137 - - [28/Jun/2026:08:16:27 +0200] "POST /wp-cron.php?doing_wp_cron=1782627387.3771610260009765625000 HTTP/1.1" 200 3658 "-" "WordPress/6.7.2; https://clinicadentalargarate.com"
212.227.154.251 - - [28/Jun/2026:08:16:27 +0200] "POST /wp-login.php HTTP/1.1" 200 3500 "https://clinicadentalargarate.com/wp-login.php" "Mozilla/5.0 (Macintosh; Intel Mac OS X 14_7_4) AppleWebKit/537.36 (KHTML, like Gecko) Chrome/133.0.0.0 Safari/537.36"
87.98.225.137 - - [28/Jun/2026:08:17:38 +0200] "POST /wp-cron.php?doing_wp_cron=1782627458.3744320869445800781250 HTTP/1.1" 200 3658 "-" "WordPress/6.7.2; https://clinicadentalargarate.com"
137.59.109.132 - - [28/Jun/2026:08:17:38 +0200] "GET /wp-login.php HTTP/1.1" 200 6743 "-" "Mozilla/5.0 (X11; Linux i686) AppleWebKit/537.36 (KHTML, like Gecko) Chrome/133.0.0.0 Safari/537.36"
87.98.225.137 - - [28/Jun/2026:08:17:38 +0200] "POST /wp-cron.php?doing_wp_cron=1782627458.8897039890289306640625 HTTP/1.1" 200 3658 "-" "WordPress/6.7.2; https://clinicadentalargarate.com"
137.59.109.132 - - [28/Jun/2026:08:17:38 +0200] "POST /wp-login.php HTTP/1.1" 200 3527 "https://clinicadentalargarate.com/wp-login.php" "Mozilla/5.0 (X11; Linux i686) AppleWebKit/537.36 (KHTML, like Gecko) Chrome/133.0.0.0 Safari/537.36"
87.98.225.137 - - [28/Jun/2026:08:17:48 +0200] "POST /wp-cron.php?doing_wp_cron=1782627468.5787050724029541015625 HTTP/1.1" 200 3658 "-" "WordPress/6.7.2; https://clinicadentalargarate.com"
103.82.195.111 - - [28/Jun/2026:08:17:48 +0200] "GET /wp-login.php HTTP/1.1" 200 6743 "-" "Mozilla/5.0 (X11; Linux x86_64) AppleWebKit/537.36 (KHTML, like Gecko) Chrome/133.0.0.0 Safari/537.36"
87.98.225.137 - - [28/Jun/2026:08:17:49 +0200] "POST /wp-cron.php?doing_wp_cron=1782627469.2152070999145507812500 HTTP/1.1" 200 3658 "-" "WordPress/6.7.2; https://clinicadentalargarate.com"
103.82.195.111 - - [28/Jun/2026:08:17:49 +0200] "POST /wp-login.php HTTP/1.1" 200 3525 "https://clinicadentalargarate.com/wp-login.php" "Mozilla/5.0 (X11; Linux x86_64) AppleWebKit/537.36 (KHTML, like Gecko) Chrome/133.0.0.0 Safari/537.36"
87.98.225.137 - - [28/Jun/2026:08:20:32 +0200] "POST /wp-cron.php?doing_wp_cron=1782627632.8747549057006835937500 HTTP/1.1" 200 3658 "-" "WordPress/6.7.2; https://clinicadentalargarate.com"
157.180.25.43 - - [28/Jun/2026:08:20:32 +0200] "GET /wp-login.php HTTP/1.1" 200 6743 "-" "Mozilla/5.0 (Macintosh; Intel Mac OS X 10_15_7) AppleWebKit/537.36 (KHTML, like Gecko) Chrome/133.0.0.0 Safari/537.36 Edg/133.0.0.0"
157.180.25.43 - - [28/Jun/2026:08:20:32 +0200] "POST /wp-login.php HTTP/1.1" 200 3500 "https://clinicadentalargarate.com/wp-login.php" "Mozilla/5.0 (Macintosh; Intel Mac OS X 10_15_7) AppleWebKit/537.36 (KHTML, like Gecko) Chrome/133.0.0.0 Safari/537.36 Edg/133.0.0.0"
87.98.225.137 - - [28/Jun/2026:08:21:36 +0200] "POST /wp-cron.php?doing_wp_cron=1782627696.2095859050750732421875 HTTP/1.1" 200 3658 "-" "WordPress/6.7.2; https://clinicadentalargarate.com"
138.186.9.20 - - [28/Jun/2026:08:21:36 +0200] "GET /wp-json/wp/v2/users/me HTTP/1.1" 401 3998 "-" "Mozilla/5.0 (X11; CrOS x86_64 14541.0.0) AppleWebKit/537.36 (KHTML, like Gecko) Chrome/133.0.0.0 Safari/537.36"
87.98.225.137 - - [28/Jun/2026:08:26:03 +0200] "POST /wp-cron.php?doing_wp_cron=1782627963.0383648872375488281250 HTTP/1.1" 200 3658 "-" "WordPress/6.7.2; https://clinicadentalargarate.com"
137.59.109.132 - - [28/Jun/2026:08:26:02 +0200] "GET /wp-login.php HTTP/1.1" 200 6743 "-" "Mozilla/5.0 (Windows NT 10.0; Win64; x64) AppleWebKit/537.36 (KHTML, like Gecko) Chrome/133.0.0.0 Safari/537.36"
87.98.225.137 - - [28/Jun/2026:08:26:06 +0200] "POST /wp-cron.php?doing_wp_cron=1782627966.3099830150604248046875 HTTP/1.1" 200 3658 "-" "WordPress/6.7.2; https://clinicadentalargarate.com"
137.59.109.132 - - [28/Jun/2026:08:26:06 +0200] "POST /wp-login.php HTTP/1.1" 200 3527 "https://clinicadentalargarate.com/wp-login.php" "Mozilla/5.0 (Windows NT 10.0; Win64; x64) AppleWebKit/537.36 (KHTML, like Gecko) Chrome/133.0.0.0 Safari/537.36"
87.98.225.137 - - [28/Jun/2026:08:26:07 +0200] "POST /wp-cron.php?doing_wp_cron=1782627967.4352369308471679687500 HTTP/1.1" 200 3658 "-" "WordPress/6.7.2; https://clinicadentalargarate.com"
43.153.113.127 - - [28/Jun/2026:08:26:07 +0200] "GET /feed/ HTTP/1.1" 200 32777 "-" "Mozilla/5.0 (iPhone; CPU iPhone OS 13_2_3 like Mac OS X) AppleWebKit/605.1.15 (KHTML, like Gecko) Version/13.0.3 Mobile/15E148 Safari/604.1"
87.98.225.137 - - [28/Jun/2026:08:28:48 +0200] "POST /wp-cron.php?doing_wp_cron=1782628128.2402670383453369140625 HTTP/1.1" 200 3658 "-" "WordPress/6.7.2; https://clinicadentalargarate.com"
131.72.236.123 - - [28/Jun/2026:08:28:48 +0200] "GET /wp-login.php HTTP/1.1" 200 6743 "-" "Mozilla/5.0 (Windows NT 10.0; Win64; x64; rv:133.0) Gecko/20100101 Firefox/133.0"
87.98.225.137 - - [28/Jun/2026:08:28:59 +0200] "POST /wp-cron.php?doing_wp_cron=1782628139.8634009361267089843750 HTTP/1.1" 200 3658 "-" "WordPress/6.7.2; https://clinicadentalargarate.com"
131.72.236.123 - - [28/Jun/2026:08:28:59 +0200] "GET /wp-json/wp/v2/users/me HTTP/1.1" 401 3998 "-" "Mozilla/5.0 (Windows NT 10.0; Win64; x64; rv:133.0) Gecko/20100101 Firefox/133.0"
87.98.225.137 - - [28/Jun/2026:08:29:51 +0200] "POST /wp-cron.php?doing_wp_cron=1782628191.7114899158477783203125 HTTP/1.1" 200 3658 "-" "WordPress/6.7.2; https://clinicadentalargarate.com"
78.142.18.172 - - [28/Jun/2026:08:29:51 +0200] "GET /wp-login.php HTTP/1.1" 200 6743 "-" "Mozilla/5.0 (Windows NT 10.0) AppleWebKit/537.36 (KHTML, like Gecko) Chrome/133.0.0.0 Safari/537.36"
78.142.18.172 - - [28/Jun/2026:08:29:51 +0200] "POST /wp-login.php HTTP/1.1" 200 3527 "https://clinicadentalargarate.com/wp-login.php" "Mozilla/5.0 (Windows NT 10.0) AppleWebKit/537.36 (KHTML, like Gecko) Chrome/133.0.0.0 Safari/537.36"
87.98.225.137 - - [28/Jun/2026:08:30:09 +0200] "POST /wp-cron.php?doing_wp_cron=1782628209.7661418914794921875000 HTTP/1.1" 200 3658 "-" "WordPress/6.7.2; https://clinicadentalargarate.com"
94.23.87.180 - - [28/Jun/2026:08:30:09 +0200] "GET / HTTP/1.0" 200 112914 "-" "-"
87.98.225.137 - - [28/Jun/2026:08:31:07 +0200] "POST /wp-cron.php?doing_wp_cron=1782628266.9854478836059570312500 HTTP/1.1" 200 3658 "-" "WordPress/6.7.2; https://clinicadentalargarate.com"
198.46.211.159 - - [28/Jun/2026:08:31:06 +0200] "GET /wp-login.php HTTP/1.1" 200 6743 "-" "Mozilla/5.0 (Windows NT 10.0; Win64; x64) AppleWebKit/537.36 (KHTML, like Gecko) Chrome/120.0.0.0 Safari/537.36"
87.98.225.137 - - [28/Jun/2026:08:31:07 +0200] "POST /wp-cron.php?doing_wp_cron=1782628267.8721039295196533203125 HTTP/1.1" 200 3658 "-" "WordPress/6.7.2; https://clinicadentalargarate.com"
198.46.211.159 - - [28/Jun/2026:08:31:07 +0200] "POST /wp-login.php HTTP/1.1" 200 3527 "https://clinicadentalargarate.com/wp-login.php" "Mozilla/5.0 (Windows NT 10.0; Win64; x64) AppleWebKit/537.36 (KHTML, like Gecko) Chrome/120.0.0.0 Safari/537.36"
87.98.225.137 - - [28/Jun/2026:08:32:54 +0200] "POST /wp-cron.php?doing_wp_cron=1782628374.8893339633941650390625 HTTP/1.1" 200 3658 "-" "WordPress/6.7.2; https://clinicadentalargarate.com"
159.65.130.36 - - [28/Jun/2026:08:32:54 +0200] "GET /wp-login.php HTTP/1.1" 200 6743 "-" "Mozilla/5.0 (Windows NT 10.0) AppleWebKit/537.36 (KHTML, like Gecko) Chrome/133.0.0.0 Safari/537.36"
87.98.225.137 - - [28/Jun/2026:08:32:55 +0200] "POST /wp-cron.php?doing_wp_cron=1782628375.4412519931793212890625 HTTP/1.1" 200 3658 "-" "WordPress/6.7.2; https://clinicadentalargarate.com"
159.65.130.36 - - [28/Jun/2026:08:32:55 +0200] "POST /wp-login.php HTTP/1.1" 200 3500 "https://clinicadentalargarate.com/wp-login.php" "Mozilla/5.0 (Windows NT 10.0) AppleWebKit/537.36 (KHTML, like Gecko) Chrome/133.0.0.0 Safari/537.36"
87.98.225.137 - - [28/Jun/2026:08:33:46 +0200] "POST /wp-cron.php?doing_wp_cron=1782628426.4795958995819091796875 HTTP/1.1" 200 3658 "-" "WordPress/6.7.2; https://clinicadentalargarate.com"
173.247.255.22 - - [28/Jun/2026:08:33:46 +0200] "GET /wp-login.php HTTP/1.1" 200 6743 "-" "Mozilla/5.0 (Macintosh; Intel Mac OS X 10_15_7) AppleWebKit/537.36 (KHTML, like Gecko) Chrome/133.0.0.0 Safari/537.36 Edg/133.0.0.0"
87.98.225.137 - - [28/Jun/2026:08:33:46 +0200] "POST /wp-cron.php?doing_wp_cron=1782628426.9232139587402343750000 HTTP/1.1" 200 3658 "-" "WordPress/6.7.2; https://clinicadentalargarate.com"
173.247.255.22 - - [28/Jun/2026:08:33:46 +0200] "POST /wp-login.php HTTP/1.1" 200 3527 "https://clinicadentalargarate.com/wp-login.php" "Mozilla/5.0 (Macintosh; Intel Mac OS X 10_15_7) AppleWebKit/537.36 (KHTML, like Gecko) Chrome/133.0.0.0 Safari/537.36 Edg/133.0.0.0"
87.98.225.137 - - [28/Jun/2026:08:36:53 +0200] "POST /wp-cron.php?doing_wp_cron=1782628613.8429200649261474609375 HTTP/1.1" 200 3658 "-" "WordPress/6.7.2; https://clinicadentalargarate.com"
68.178.160.25 - - [28/Jun/2026:08:36:53 +0200] "GET /wp-login.php HTTP/1.1" 200 6743 "-" "Mozilla/5.0 (Windows NT 10.0; WOW64) AppleWebKit/537.36 (KHTML, like Gecko) Chrome/133.0.0.0 Safari/537.36"
87.98.225.137 - - [28/Jun/2026:08:36:54 +0200] "POST /wp-cron.php?doing_wp_cron=1782628614.4907119274139404296875 HTTP/1.1" 200 3658 "-" "WordPress/6.7.2; https://clinicadentalargarate.com"
68.178.160.25 - - [28/Jun/2026:08:36:54 +0200] "POST /wp-login.php HTTP/1.1" 200 3500 "https://clinicadentalargarate.com/wp-login.php" "Mozilla/5.0 (Windows NT 10.0; WOW64) AppleWebKit/537.36 (KHTML, like Gecko) Chrome/133.0.0.0 Safari/537.36"
87.98.225.137 - - [28/Jun/2026:08:37:53 +0200] "POST /wp-cron.php?doing_wp_cron=1782628673.7910830974578857421875 HTTP/1.1" 200 3658 "-" "WordPress/6.7.2; https://clinicadentalargarate.com"
208.68.37.246 - - [28/Jun/2026:08:37:53 +0200] "GET /wp-login.php HTTP/1.1" 200 6743 "-" "Mozilla/5.0 (Macintosh; Intel Mac OS X 10_15_7) AppleWebKit/605.1.15 (KHTML, like Gecko) Version/18.3 Safari/605.1.15"
87.98.225.137 - - [28/Jun/2026:08:37:54 +0200] "POST /wp-cron.php?doing_wp_cron=1782628674.0806860923767089843750 HTTP/1.1" 200 3658 "-" "WordPress/6.7.2; https://clinicadentalargarate.com"
208.68.37.246 - - [28/Jun/2026:08:37:53 +0200] "POST /wp-login.php HTTP/1.1" 200 3527 "https://clinicadentalargarate.com/wp-login.php" "Mozilla/5.0 (Macintosh; Intel Mac OS X 10_15_7) AppleWebKit/605.1.15 (KHTML, like Gecko) Version/18.3 Safari/605.1.15"
87.98.225.137 - - [28/Jun/2026:08:38:00 +0200] "POST /wp-cron.php?doing_wp_cron=1782628680.9417719841003417968750 HTTP/1.1" 200 281 "-" "WordPress/6.7.2; https://clinicadentalargarate.com"
43.153.85.46 - - [28/Jun/2026:08:38:00 +0200] "GET / HTTP/1.1" 301 275 "-" "Mozilla/5.0 (iPhone; CPU iPhone OS 13_2_3 like Mac OS X) AppleWebKit/605.1.15 (KHTML, like Gecko) Version/13.0.3 Mobile/15E148 Safari/604.1"
87.98.225.137 - - [28/Jun/2026:08:38:02 +0200] "POST /wp-cron.php?doing_wp_cron=1782628682.9633579254150390625000 HTTP/1.1" 200 3658 "-" "WordPress/6.7.2; https://clinicadentalargarate.com"
43.153.85.46 - - [28/Jun/2026:08:38:02 +0200] "GET / HTTP/1.1" 200 36339 "http://clinicadentalargarate.com" "Mozilla/5.0 (iPhone; CPU iPhone OS 13_2_3 like Mac OS X) AppleWebKit/605.1.15 (KHTML, like Gecko) Version/13.0.3 Mobile/15E148 Safari/604.1"
85.208.96.195 - - [28/Jun/2026:08:38:15 +0200] "GET /robots.txt HTTP/1.1" 200 3826 "-" "Mozilla/5.0 (compatible; SemrushBot/7~bl; +http://www.semrush.com/bot.html)"
87.98.225.137 - - [28/Jun/2026:08:38:16 +0200] "POST /wp-cron.php?doing_wp_cron=1782628696.1928949356079101562500 HTTP/1.1" 200 3658 "-" "WordPress/6.7.2; https://clinicadentalargarate.com"
85.208.96.201 - - [28/Jun/2026:08:38:16 +0200] "GET / HTTP/1.1" 200 36355 "-" "Mozilla/5.0 (compatible; SemrushBot/7~bl; +http://www.semrush.com/bot.html)"
87.98.225.137 - - [28/Jun/2026:08:40:42 +0200] "POST /wp-cron.php?doing_wp_cron=1782628842.7760961055755615234375 HTTP/1.1" 200 3658 "-" "WordPress/6.7.2; https://clinicadentalargarate.com"
148.72.144.211 - - [28/Jun/2026:08:40:42 +0200] "GET /wp-login.php HTTP/1.1" 200 6743 "-" "Mozilla/5.0 (Windows NT 10.0; Win64; x64) AppleWebKit/537.36 (KHTML, like Gecko) Chrome/133.0.0.0 Safari/537.36 Edg/133.0.0.0"
87.98.225.137 - - [28/Jun/2026:08:40:43 +0200] "POST /wp-cron.php?doing_wp_cron=1782628843.1095039844512939453125 HTTP/1.1" 200 3658 "-" "WordPress/6.7.2; https://clinicadentalargarate.com"
148.72.144.211 - - [28/Jun/2026:08:40:43 +0200] "POST /wp-login.php HTTP/1.1" 200 3500 "https://clinicadentalargarate.com/wp-login.php" "Mozilla/5.0 (Windows NT 10.0; Win64; x64) AppleWebKit/537.36 (KHTML, like Gecko) Chrome/133.0.0.0 Safari/537.36 Edg/133.0.0.0"
87.98.225.137 - - [28/Jun/2026:08:42:07 +0200] "POST /wp-cron.php?doing_wp_cron=1782628927.7114861011505126953125 HTTP/1.1" 200 3658 "-" "WordPress/6.7.2; https://clinicadentalargarate.com"
68.178.160.25 - - [28/Jun/2026:08:42:07 +0200] "GET /wp-login.php HTTP/1.1" 200 6743 "-" "Mozilla/5.0 (X11; Linux i686) AppleWebKit/537.36 (KHTML, like Gecko) Chrome/133.0.0.0 Safari/537.36"
87.98.225.137 - - [28/Jun/2026:08:42:08 +0200] "POST /wp-cron.php?doing_wp_cron=1782628928.9417049884796142578125 HTTP/1.1" 200 3658 "-" "WordPress/6.7.2; https://clinicadentalargarate.com"
68.178.160.25 - - [28/Jun/2026:08:42:08 +0200] "POST /wp-login.php HTTP/1.1" 200 3527 "https://clinicadentalargarate.com/wp-login.php" "Mozilla/5.0 (X11; Linux i686) AppleWebKit/537.36 (KHTML, like Gecko) Chrome/133.0.0.0 Safari/537.36"
87.98.225.137 - - [28/Jun/2026:08:43:19 +0200] "POST /wp-cron.php?doing_wp_cron=1782628999.8991289138793945312500 HTTP/1.1" 200 3658 "-" "WordPress/6.7.2; https://clinicadentalargarate.com"
45.133.115.225 - - [28/Jun/2026:08:43:19 +0200] "HEAD /?name=about-page-information&_=1782628998606799400 HTTP/1.1" 404 3693 "-" "Mozilla/5.0 (Windows NT 10.0; Win64; x64) AppleWebKit/537.36 (KHTML, like Gecko) Chrome/120.0.0.0 Safari/537.36"
87.98.225.137 - - [28/Jun/2026:08:44:24 +0200] "POST /wp-cron.php?doing_wp_cron=1782629064.1060829162597656250000 HTTP/1.1" 200 3658 "-" "WordPress/6.7.2; https://clinicadentalargarate.com"
185.176.8.77 - - [28/Jun/2026:08:44:24 +0200] "GET /wp-login.php HTTP/1.1" 200 6743 "-" "Mozilla/5.0 (Windows NT 10.0; Win64; x64) AppleWebKit/537.36 (KHTML, like Gecko) Chrome/120.0.0.0 Safari/537.36"
87.98.225.137 - - [28/Jun/2026:08:44:26 +0200] "POST /wp-cron.php?doing_wp_cron=1782629066.5483520030975341796875 HTTP/1.1" 200 3658 "-" "WordPress/6.7.2; https://clinicadentalargarate.com"
185.176.8.77 - - [28/Jun/2026:08:44:26 +0200] "POST /wp-login.php HTTP/1.1" 200 3527 "https://clinicadentalargarate.com/wp-login.php" "Mozilla/5.0 (Windows NT 10.0; Win64; x64) AppleWebKit/537.36 (KHTML, like Gecko) Chrome/120.0.0.0 Safari/537.36"
52.202.232.123 - - [28/Jun/2026:08:44:49 +0200] "GET /robots.txt HTTP/1.1" 200 3875 "-" "Mozilla/5.0 (Macintosh; Intel Mac OS X 10_10_1) AppleWebKit/600.2.5 (KHTML, like Gecko) Version/8.0.2 Safari/600.2.5 (Gort)"
87.98.225.137 - - [28/Jun/2026:08:45:15 +0200] "POST /wp-cron.php?doing_wp_cron=1782629115.8155400753021240234375 HTTP/1.1" 200 3658 "-" "WordPress/6.7.2; https://clinicadentalargarate.com"
104.244.124.135 - - [28/Jun/2026:08:45:15 +0200] "GET /wp-login.php HTTP/1.1" 200 6743 "-" "Mozilla/5.0 (Windows NT 10.0; Win64; x64) AppleWebKit/537.36 (KHTML, like Gecko) Chrome/133.0.0.0 Safari/537.36"
87.98.225.137 - - [28/Jun/2026:08:45:26 +0200] "POST /wp-cron.php?doing_wp_cron=1782629126.5976939201354980468750 HTTP/1.1" 200 3658 "-" "WordPress/6.7.2; https://clinicadentalargarate.com"
104.244.124.135 - - [28/Jun/2026:08:45:26 +0200] "GET /wp-json/wp/v2/users/me HTTP/1.1" 401 3998 "-" "Mozilla/5.0 (Windows NT 10.0; Win64; x64) AppleWebKit/537.36 (KHTML, like Gecko) Chrome/133.0.0.0 Safari/537.36"
87.98.225.137 - - [28/Jun/2026:08:46:02 +0200] "POST /wp-cron.php?doing_wp_cron=1782629162.6400220394134521484375 HTTP/1.1" 200 3658 "-" "WordPress/6.7.2; https://clinicadentalargarate.com"
208.68.37.246 - - [28/Jun/2026:08:46:02 +0200] "GET /wp-login.php HTTP/1.1" 200 6743 "-" "Mozilla/5.0 (X11; CrOS x86_64 14541.0.0) AppleWebKit/537.36 (KHTML, like Gecko) Chrome/133.0.0.0 Safari/537.36"
87.98.225.137 - - [28/Jun/2026:08:46:03 +0200] "POST /wp-cron.php?doing_wp_cron=1782629163.3226039409637451171875 HTTP/1.1" 200 3658 "-" "WordPress/6.7.2; https://clinicadentalargarate.com"
103.82.22.235 - - [28/Jun/2026:08:46:03 +0200] "GET /wp-login.php HTTP/1.1" 200 6743 "-" "Mozilla/5.0 (Windows NT 10.0; Win64; x64) AppleWebKit/537.36 (KHTML, like Gecko) Chrome/120.0.0.0 Safari/537.36"
87.98.225.137 - - [28/Jun/2026:08:46:03 +0200] "POST /wp-cron.php?doing_wp_cron=1782629163.6796960830688476562500 HTTP/1.1" 200 3658 "-" "WordPress/6.7.2; https://clinicadentalargarate.com"
103.82.22.235 - - [28/Jun/2026:08:46:03 +0200] "POST /wp-login.php HTTP/1.1" 200 3500 "https://clinicadentalargarate.com/wp-login.php" "Mozilla/5.0 (Windows NT 10.0; Win64; x64) AppleWebKit/537.36 (KHTML, like Gecko) Chrome/120.0.0.0 Safari/537.36"
208.68.37.246 - - [28/Jun/2026:08:46:03 +0200] "POST /wp-login.php HTTP/1.1" 200 3527 "https://clinicadentalargarate.com/wp-login.php" "Mozilla/5.0 (X11; CrOS x86_64 14541.0.0) AppleWebKit/537.36 (KHTML, like Gecko) Chrome/133.0.0.0 Safari/537.36"
87.98.225.137 - - [28/Jun/2026:08:49:20 +0200] "POST /wp-cron.php?doing_wp_cron=1782629360.6680040359497070312500 HTTP/1.1" 200 3658 "-" "WordPress/6.7.2; https://clinicadentalargarate.com"
97.74.88.143 - - [28/Jun/2026:08:49:20 +0200] "GET /wp-login.php HTTP/1.1" 200 6743 "-" "Mozilla/5.0 (X11; Ubuntu; Linux x86_64; rv:133.0) Gecko/20100101 Firefox/133.0"
87.98.225.137 - - [28/Jun/2026:08:49:25 +0200] "POST /wp-cron.php?doing_wp_cron=1782629365.4891080856323242187500 HTTP/1.1" 200 3658 "-" "WordPress/6.7.2; https://clinicadentalargarate.com"
97.74.88.143 - - [28/Jun/2026:08:49:25 +0200] "POST /wp-login.php HTTP/1.1" 200 3500 "https://clinicadentalargarate.com/wp-login.php" "Mozilla/5.0 (X11; Ubuntu; Linux x86_64; rv:133.0) Gecko/20100101 Firefox/133.0"
87.98.225.137 - - [28/Jun/2026:08:50:26 +0200] "POST /wp-cron.php?doing_wp_cron=1782629426.4823670387268066406250 HTTP/1.1" 200 3658 "-" "WordPress/6.7.2; https://clinicadentalargarate.com"
157.180.25.43 - - [28/Jun/2026:08:50:26 +0200] "GET /wp-login.php HTTP/1.1" 200 6743 "-" "Mozilla/5.0 (Windows NT 10.0; Win64; x64) AppleWebKit/537.36 (KHTML, like Gecko) Chrome/133.0.0.0 Safari/537.36"
157.180.25.43 - - [28/Jun/2026:08:50:26 +0200] "POST /wp-login.php HTTP/1.1" 200 3527 "https://clinicadentalargarate.com/wp-login.php" "Mozilla/5.0 (Windows NT 10.0; Win64; x64) AppleWebKit/537.36 (KHTML, like Gecko) Chrome/133.0.0.0 Safari/537.36"
87.98.225.137 - - [28/Jun/2026:08:52:11 +0200] "POST /wp-cron.php?doing_wp_cron=1782629531.6248900890350341796875 HTTP/1.1" 200 3658 "-" "WordPress/6.7.2; https://clinicadentalargarate.com"
185.176.8.77 - - [28/Jun/2026:08:52:11 +0200] "GET /wp-login.php HTTP/1.1" 200 6743 "-" "Mozilla/5.0 (Windows NT 10.0; Win64; x64) AppleWebKit/537.36 (KHTML, like Gecko) Chrome/120.0.0.0 Safari/537.36"
87.98.225.137 - - [28/Jun/2026:08:52:13 +0200] "POST /wp-cron.php?doing_wp_cron=1782629533.1973409652709960937500 HTTP/1.1" 200 3658 "-" "WordPress/6.7.2; https://clinicadentalargarate.com"
185.176.8.77 - - [28/Jun/2026:08:52:13 +0200] "POST /wp-login.php HTTP/1.1" 200 3499 "https://clinicadentalargarate.com/wp-login.php" "Mozilla/5.0 (Windows NT 10.0; Win64; x64) AppleWebKit/537.36 (KHTML, like Gecko) Chrome/120.0.0.0 Safari/537.36"
87.98.225.137 - - [28/Jun/2026:08:54:39 +0200] "POST /wp-cron.php?doing_wp_cron=1782629679.3199899196624755859375 HTTP/1.1" 200 3658 "-" "WordPress/6.7.2; https://clinicadentalargarate.com"
185.109.244.91 - - [28/Jun/2026:08:54:39 +0200] "GET /wp-login.php HTTP/1.1" 200 6743 "-" "Mozilla/5.0 (Windows NT 10.0) AppleWebKit/537.36 (KHTML, like Gecko) Chrome/133.0.0.0 Safari/537.36"
87.98.225.137 - - [28/Jun/2026:08:54:39 +0200] "POST /wp-cron.php?doing_wp_cron=1782629679.7418789863586425781250 HTTP/1.1" 200 3658 "-" "WordPress/6.7.2; https://clinicadentalargarate.com"
185.109.244.91 - - [28/Jun/2026:08:54:39 +0200] "POST /wp-login.php HTTP/1.1" 200 3527 "https://clinicadentalargarate.com/wp-login.php" "Mozilla/5.0 (Windows NT 10.0) AppleWebKit/537.36 (KHTML, like Gecko) Chrome/133.0.0.0 Safari/537.36"
87.98.225.137 - - [28/Jun/2026:08:57:32 +0200] "POST /wp-cron.php?doing_wp_cron=1782629852.8276910781860351562500 HTTP/1.1" 200 3658 "-" "WordPress/6.7.2; https://clinicadentalargarate.com"
158.69.215.39 - - [28/Jun/2026:08:57:32 +0200] "GET /wp-login.php HTTP/1.1" 200 6743 "-" "Mozilla/5.0 (X11; CrOS x86_64 14541.0.0) AppleWebKit/537.36 (KHTML, like Gecko) Chrome/133.0.0.0 Safari/537.36"
87.98.225.137 - - [28/Jun/2026:08:57:33 +0200] "POST /wp-cron.php?doing_wp_cron=1782629853.1940870285034179687500 HTTP/1.1" 200 3658 "-" "WordPress/6.7.2; https://clinicadentalargarate.com"
158.69.215.39 - - [28/Jun/2026:08:57:33 +0200] "POST /wp-login.php HTTP/1.1" 200 3500 "https://clinicadentalargarate.com/wp-login.php" "Mozilla/5.0 (X11; CrOS x86_64 14541.0.0) AppleWebKit/537.36 (KHTML, like Gecko) Chrome/133.0.0.0 Safari/537.36"
87.98.225.137 - - [28/Jun/2026:08:59:31 +0200] "POST /wp-cron.php?doing_wp_cron=1782629971.2944450378417968750000 HTTP/1.1" 200 3658 "-" "WordPress/6.7.2; https://clinicadentalargarate.com"
209.42.18.223 - - [28/Jun/2026:08:59:31 +0200] "GET /wp-login.php HTTP/1.1" 200 6743 "-" "Mozilla/5.0 (Windows NT 10.0; Win64; x64) AppleWebKit/537.36 (KHTML, like Gecko) Chrome/120.0.0.0 Safari/537.36"
209.42.18.223 - - [28/Jun/2026:08:59:31 +0200] "POST /wp-login.php HTTP/1.1" 200 3502 "https://clinicadentalargarate.com/wp-login.php" "Mozilla/5.0 (Windows NT 10.0; Win64; x64) AppleWebKit/537.36 (KHTML, like Gecko) Chrome/120.0.0.0 Safari/537.36"
87.98.225.137 - - [28/Jun/2026:09:00:36 +0200] "POST /wp-cron.php?doing_wp_cron=1782630036.9248020648956298828125 HTTP/1.1" 200 3658 "-" "WordPress/6.7.2; https://clinicadentalargarate.com"
158.69.215.39 - - [28/Jun/2026:09:00:36 +0200] "GET /wp-login.php HTTP/1.1" 200 6743 "-" "Mozilla/5.0 (Windows NT 10.0; Win64; x64; rv:133.0) Gecko/20100101 Firefox/133.0"
87.98.225.137 - - [28/Jun/2026:09:00:37 +0200] "POST /wp-cron.php?doing_wp_cron=1782630037.4487988948822021484375 HTTP/1.1" 200 3658 "-" "WordPress/6.7.2; https://clinicadentalargarate.com"
158.69.215.39 - - [28/Jun/2026:09:00:37 +0200] "POST /wp-login.php HTTP/1.1" 200 3525 "https://clinicadentalargarate.com/wp-login.php" "Mozilla/5.0 (Windows NT 10.0; Win64; x64; rv:133.0) Gecko/20100101 Firefox/133.0"
87.98.225.137 - - [28/Jun/2026:09:00:57 +0200] "POST /wp-cron.php?doing_wp_cron=1782630057.8160409927368164062500 HTTP/1.1" 200 3658 "-" "WordPress/6.7.2; https://clinicadentalargarate.com"
143.198.203.76 - - [28/Jun/2026:09:00:57 +0200] "GET /wp-login.php HTTP/1.1" 200 6743 "-" "Mozilla/5.0 (Windows NT 10.0; Win64; x64) AppleWebKit/537.36 (KHTML, like Gecko) Chrome/120.0.0.0 Safari/537.36"
87.98.225.137 - - [28/Jun/2026:09:00:58 +0200] "POST /wp-cron.php?doing_wp_cron=1782630058.1108219623565673828125 HTTP/1.1" 200 3658 "-" "WordPress/6.7.2; https://clinicadentalargarate.com"
143.198.203.76 - - [28/Jun/2026:09:00:58 +0200] "POST /wp-login.php HTTP/1.1" 200 3500 "https://clinicadentalargarate.com/wp-login.php" "Mozilla/5.0 (Windows NT 10.0; Win64; x64) AppleWebKit/537.36 (KHTML, like Gecko) Chrome/120.0.0.0 Safari/537.36"
87.98.225.137 - - [28/Jun/2026:09:01:38 +0200] "POST /wp-cron.php?doing_wp_cron=1782630098.3208649158477783203125 HTTP/1.1" 200 3658 "-" "WordPress/6.7.2; https://clinicadentalargarate.com"
213.128.70.19 - - [28/Jun/2026:09:01:38 +0200] "GET /wp-login.php HTTP/1.1" 200 6743 "-" "Mozilla/5.0 (X11; Fedora; Linux x86_64) AppleWebKit/537.36 (KHTML, like Gecko) Chrome/133.0.0.0 Safari/537.36"
87.98.225.137 - - [28/Jun/2026:09:01:38 +0200] "POST /wp-cron.php?doing_wp_cron=1782630098.5799829959869384765625 HTTP/1.1" 200 3658 "-" "WordPress/6.7.2; https://clinicadentalargarate.com"
213.128.70.19 - - [28/Jun/2026:09:01:38 +0200] "POST /wp-login.php HTTP/1.1" 200 3500 "https://clinicadentalargarate.com/wp-login.php" "Mozilla/5.0 (X11; Fedora; Linux x86_64) AppleWebKit/537.36 (KHTML, like Gecko) Chrome/133.0.0.0 Safari/537.36"
87.98.225.137 - - [28/Jun/2026:09:05:38 +0200] "POST /wp-cron.php?doing_wp_cron=1782630338.6148989200592041015625 HTTP/1.1" 200 3658 "-" "WordPress/6.7.2; https://clinicadentalargarate.com"
158.69.215.39 - - [28/Jun/2026:09:05:38 +0200] "GET /wp-login.php HTTP/1.1" 200 6743 "-" "Mozilla/5.0 (X11; Ubuntu; Linux x86_64) AppleWebKit/537.36 (KHTML, like Gecko) Chrome/133.0.0.0 Safari/537.36"
87.98.225.137 - - [28/Jun/2026:09:05:47 +0200] "POST /wp-cron.php?doing_wp_cron=1782630347.4497840404510498046875 HTTP/1.1" 200 3658 "-" "WordPress/6.7.2; https://clinicadentalargarate.com"
158.69.215.39 - - [28/Jun/2026:09:05:47 +0200] "GET /wp-json/wp/v2/users/me HTTP/1.1" 401 3998 "-" "Mozilla/5.0 (X11; Ubuntu; Linux x86_64) AppleWebKit/537.36 (KHTML, like Gecko) Chrome/133.0.0.0 Safari/537.36"
87.98.225.137 - - [28/Jun/2026:09:06:09 +0200] "POST /wp-cron.php?doing_wp_cron=1782630369.0496749877929687500000 HTTP/1.1" 200 3658 "-" "WordPress/6.7.2; https://clinicadentalargarate.com"
91.246.51.140 - - [28/Jun/2026:09:06:08 +0200] "HEAD /?add-to-cart0128263=35058&_=1782630367908339300 HTTP/1.1" 200 3761 "-" "Mozilla/5.0 (Windows NT 10.0; Win64; x64) AppleWebKit/537.36 (KHTML, like Gecko) Chrome/120.0.0.0 Safari/537.36"
87.98.225.137 - - [28/Jun/2026:09:07:33 +0200] "POST /wp-cron.php?doing_wp_cron=1782630453.5231330394744873046875 HTTP/1.1" 200 281 "-" "WordPress/6.7.2; https://clinicadentalargarate.com"
176.36.146.80 - - [28/Jun/2026:09:07:33 +0200] "GET http://clinicadentalargarate.com/contacto/ HTTP/1.0" 301 406 "http://clinicadentalargarate.com/contacto/" "Mozilla/5.0 (Windows NT 10.0; Win64; x64) AppleWebKit/537.36 (KHTML, like Gecko) Chrome/131.0.0.0 Safari/537.36"
87.98.225.137 - - [28/Jun/2026:09:09:41 +0200] "POST /wp-cron.php?doing_wp_cron=1782630581.2571389675140380859375 HTTP/1.1" 200 3658 "-" "WordPress/6.7.2; https://clinicadentalargarate.com"
40.160.63.222 - - [28/Jun/2026:09:09:41 +0200] "GET /wp-login.php HTTP/1.1" 200 6743 "-" "Mozilla/5.0 (X11; Linux i686) AppleWebKit/537.36 (KHTML, like Gecko) Chrome/133.0.0.0 Safari/537.36"
87.98.225.137 - - [28/Jun/2026:09:09:41 +0200] "POST /wp-cron.php?doing_wp_cron=1782630581.5932929515838623046875 HTTP/1.1" 200 3658 "-" "WordPress/6.7.2; https://clinicadentalargarate.com"
40.160.63.222 - - [28/Jun/2026:09:09:41 +0200] "POST /wp-login.php HTTP/1.1" 200 3500 "https://clinicadentalargarate.com/wp-login.php" "Mozilla/5.0 (X11; Linux i686) AppleWebKit/537.36 (KHTML, like Gecko) Chrome/133.0.0.0 Safari/537.36"
87.98.225.137 - - [28/Jun/2026:09:10:31 +0200] "POST /wp-cron.php?doing_wp_cron=1782630631.6975529193878173828125 HTTP/1.1" 200 281 "-" "WordPress/6.7.2; https://clinicadentalargarate.com"
192.166.82.229 - - [28/Jun/2026:09:10:31 +0200] "GET /wp-config.php_1 HTTP/1.1" 404 101419 "-" "Python-urllib/2.7"
87.98.225.137 - - [28/Jun/2026:09:11:01 +0200] "POST /wp-cron.php?doing_wp_cron=1782630661.2689409255981445312500 HTTP/1.1" 200 3658 "-" "WordPress/6.7.2; https://clinicadentalargarate.com"
178.62.89.9 - - [28/Jun/2026:09:11:01 +0200] "GET /wp-login.php HTTP/1.1" 200 6743 "-" "Mozilla/5.0 (X11; CrOS x86_64 14541.0.0) AppleWebKit/537.36 (KHTML, like Gecko) Chrome/133.0.0.0 Safari/537.36"
87.98.225.137 - - [28/Jun/2026:09:11:02 +0200] "POST /wp-cron.php?doing_wp_cron=1782630662.0824708938598632812500 HTTP/1.1" 200 3658 "-" "WordPress/6.7.2; https://clinicadentalargarate.com"
178.62.89.9 - - [28/Jun/2026:09:11:01 +0200] "POST /wp-login.php HTTP/1.1" 200 3527 "https://clinicadentalargarate.com/wp-login.php" "Mozilla/5.0 (X11; CrOS x86_64 14541.0.0) AppleWebKit/537.36 (KHTML, like Gecko) Chrome/133.0.0.0 Safari/537.36"
87.98.225.137 - - [28/Jun/2026:09:14:11 +0200] "POST /wp-cron.php?doing_wp_cron=1782630851.1875491142272949218750 HTTP/1.1" 200 3658 "-" "WordPress/6.7.2; https://clinicadentalargarate.com"
198.46.83.219 - - [28/Jun/2026:09:14:11 +0200] "GET /wp-json/wp/v2/users/me HTTP/1.1" 401 3998 "-" "Mozilla/5.0 (X11; Linux x86_64) AppleWebKit/537.36 (KHTML, like Gecko) Chrome/133.0.0.0 Safari/537.36 Edg/133.0.0.0"
87.98.225.137 - - [28/Jun/2026:09:17:10 +0200] "POST /wp-cron.php?doing_wp_cron=1782631030.7404649257659912109375 HTTP/1.1" 200 3658 "-" "WordPress/6.7.2; https://clinicadentalargarate.com"
72.255.5.39 - - [28/Jun/2026:09:17:10 +0200] "GET /blog/implantes-dentales-duelen/ HTTP/1.1" 500 6599 "-" "Mozilla/5.0 (Macintosh; Intel Mac OS X 10_15_7) AppleWebKit/537.36 (KHTML, like Gecko) Chrome/92.0.4515.69 Safari/537.36"
87.98.225.137 - - [28/Jun/2026:09:18:09 +0200] "POST /wp-cron.php?doing_wp_cron=1782631089.6379868984222412109375 HTTP/1.1" 200 3658 "-" "WordPress/6.7.2; https://clinicadentalargarate.com"
97.74.88.143 - - [28/Jun/2026:09:18:09 +0200] "GET /wp-login.php HTTP/1.1" 200 6743 "-" "Mozilla/5.0 (X11; Linux x86_64) AppleWebKit/537.36 (KHTML, like Gecko) Chrome/133.0.0.0 Safari/537.36"
87.98.225.137 - - [28/Jun/2026:09:18:10 +0200] "POST /wp-cron.php?doing_wp_cron=1782631090.1874420642852783203125 HTTP/1.1" 200 3658 "-" "WordPress/6.7.2; https://clinicadentalargarate.com"
97.74.88.143 - - [28/Jun/2026:09:18:10 +0200] "POST /wp-login.php HTTP/1.1" 200 3500 "https://clinicadentalargarate.com/wp-login.php" "Mozilla/5.0 (X11; Linux x86_64) AppleWebKit/537.36 (KHTML, like Gecko) Chrome/133.0.0.0 Safari/537.36"
87.98.225.137 - - [28/Jun/2026:09:19:52 +0200] "POST /wp-cron.php?doing_wp_cron=1782631191.9924249649047851562500 HTTP/1.1" 200 3658 "-" "WordPress/6.7.2; https://clinicadentalargarate.com"
164.138.220.142 - - [28/Jun/2026:09:19:51 +0200] "GET /wp-login.php HTTP/1.1" 200 6743 "-" "Mozilla/5.0 (Windows NT 10.0) AppleWebKit/537.36 (KHTML, like Gecko) Chrome/133.0.0.0 Safari/537.36"
87.98.225.137 - - [28/Jun/2026:09:19:53 +0200] "POST /wp-cron.php?doing_wp_cron=1782631193.8631219863891601562500 HTTP/1.1" 200 3658 "-" "WordPress/6.7.2; https://clinicadentalargarate.com"
164.138.220.142 - - [28/Jun/2026:09:19:53 +0200] "POST /wp-login.php HTTP/1.1" 200 3527 "https://clinicadentalargarate.com/wp-login.php" "Mozilla/5.0 (Windows NT 10.0) AppleWebKit/537.36 (KHTML, like Gecko) Chrome/133.0.0.0 Safari/537.36"
87.98.225.137 - - [28/Jun/2026:09:22:30 +0200] "POST /wp-cron.php?doing_wp_cron=1782631350.8110079765319824218750 HTTP/1.1" 200 3658 "-" "WordPress/6.7.2; https://clinicadentalargarate.com"
85.215.122.59 - - [28/Jun/2026:09:22:30 +0200] "GET /wp-login.php HTTP/1.1" 200 6743 "-" "Mozilla/5.0 (Macintosh; Intel Mac OS X 10_15_7) AppleWebKit/605.1.15 (KHTML, like Gecko) Version/18.3 Safari/605.1.15"
87.98.225.137 - - [28/Jun/2026:09:22:32 +0200] "POST /wp-cron.php?doing_wp_cron=1782631352.2446389198303222656250 HTTP/1.1" 200 3658 "-" "WordPress/6.7.2; https://clinicadentalargarate.com"
85.215.122.59 - - [28/Jun/2026:09:22:32 +0200] "POST /wp-login.php HTTP/1.1" 200 3500 "https://clinicadentalargarate.com/wp-login.php" "Mozilla/5.0 (Macintosh; Intel Mac OS X 10_15_7) AppleWebKit/605.1.15 (KHTML, like Gecko) Version/18.3 Safari/605.1.15"
87.98.225.137 - - [28/Jun/2026:09:24:10 +0200] "POST /wp-cron.php?doing_wp_cron=1782631450.6189260482788085937500 HTTP/1.1" 200 3658 "-" "WordPress/6.7.2; https://clinicadentalargarate.com"
103.179.201.40 - - [28/Jun/2026:09:24:10 +0200] "GET / HTTP/1.1" 200 36394 "https://www.google.com/" "Mozilla/5.0 (X11; Linux x86_64) AppleWebKit/537.36 (KHTML, like Gecko) Chrome/145.0.0.0 Safari/537.36"
109.69.5.147 - - [28/Jun/2026:09:24:12 +0200] "GET /wp-includes/css/dist/block-library/style.min.css HTTP/1.1" 200 15950 "https://clinicadentalargarate.com/" "Mozilla/5.0 (X11; Linux x86_64) AppleWebKit/537.36 (KHTML, like Gecko) Chrome/145.0.0.0 Safari/537.36"
212.68.59.17 - - [28/Jun/2026:09:24:12 +0200] "GET /wp-content/plugins/contact-form-7/includes/css/styles.css HTTP/1.1" 200 1354 "https://clinicadentalargarate.com/" "Mozilla/5.0 (X11; Linux x86_64) AppleWebKit/537.36 (KHTML, like Gecko) Chrome/145.0.0.0 Safari/537.36"
212.68.59.17 - - [28/Jun/2026:09:24:12 +0200] "GET /wp-content/plugins/revslider/public/assets/css/settings.css HTTP/1.1" 200 9908 "https://clinicadentalargarate.com/" "Mozilla/5.0 (X11; Linux x86_64) AppleWebKit/537.36 (KHTML, like Gecko) Chrome/145.0.0.0 Safari/537.36"
109.69.5.147 - - [28/Jun/2026:09:24:12 +0200] "GET /wp-content/themes/thefox/style_end.css HTTP/1.1" 200 34915 "https://clinicadentalargarate.com/" "Mozilla/5.0 (X11; Linux x86_64) AppleWebKit/537.36 (KHTML, like Gecko) Chrome/145.0.0.0 Safari/537.36"
98.97.76.192 - - [28/Jun/2026:09:24:12 +0200] "GET /wp-content/themes/thefox/style.css HTTP/1.1" 200 38918 "https://clinicadentalargarate.com/" "Mozilla/5.0 (X11; Linux x86_64) AppleWebKit/537.36 (KHTML, like Gecko) Chrome/145.0.0.0 Safari/537.36"
212.68.59.17 - - [28/Jun/2026:09:24:12 +0200] "GET /wp-content/themes/thefox_child_theme/style.css HTTP/1.1" 200 2612 "https://clinicadentalargarate.com/" "Mozilla/5.0 (X11; Linux x86_64) AppleWebKit/537.36 (KHTML, like Gecko) Chrome/145.0.0.0 Safari/537.36"
109.69.5.147 - - [28/Jun/2026:09:24:12 +0200] "GET /wp-content/themes/thefox/css/rgs.css HTTP/1.1" 200 1103 "https://clinicadentalargarate.com/" "Mozilla/5.0 (X11; Linux x86_64) AppleWebKit/537.36 (KHTML, like Gecko) Chrome/145.0.0.0 Safari/537.36"
169.224.94.216 - - [28/Jun/2026:09:24:13 +0200] "GET /wp-content/themes/thefox/media-queries_wide.css HTTP/1.1" 200 12950 "https://clinicadentalargarate.com/" "Mozilla/5.0 (X11; Linux x86_64) AppleWebKit/537.36 (KHTML, like Gecko) Chrome/145.0.0.0 Safari/537.36"
212.68.59.17 - - [28/Jun/2026:09:24:13 +0200] "GET /wp-content/themes/thefox/css/animations.css HTTP/1.1" 200 5656 "https://clinicadentalargarate.com/" "Mozilla/5.0 (X11; Linux x86_64) AppleWebKit/537.36 (KHTML, like Gecko) Chrome/145.0.0.0 Safari/537.36"
109.69.5.147 - - [28/Jun/2026:09:24:13 +0200] "GET /wp-content/themes/thefox/includes/Flexslider/flexslider.css HTTP/1.1" 200 2048 "https://clinicadentalargarate.com/" "Mozilla/5.0 (X11; Linux x86_64) AppleWebKit/537.36 (KHTML, like Gecko) Chrome/145.0.0.0 Safari/537.36"
109.69.5.147 - - [28/Jun/2026:09:24:13 +0200] "GET /wp-content/themes/thefox/css/font-awesome.css HTTP/1.1" 200 5774 "https://clinicadentalargarate.com/" "Mozilla/5.0 (X11; Linux x86_64) AppleWebKit/537.36 (KHTML, like Gecko) Chrome/145.0.0.0 Safari/537.36"
212.68.59.17 - - [28/Jun/2026:09:24:13 +0200] "GET /wp-content/themes/thefox/css/moon.css HTTP/1.1" 200 13748 "https://clinicadentalargarate.com/" "Mozilla/5.0 (X11; Linux x86_64) AppleWebKit/537.36 (KHTML, like Gecko) Chrome/145.0.0.0 Safari/537.36"
109.69.5.147 - - [28/Jun/2026:09:24:13 +0200] "GET /wp-content/themes/thefox/includes/prettyPhoto/css/prettyPhoto.css HTTP/1.1" 200 3778 "https://clinicadentalargarate.com/" "Mozilla/5.0 (X11; Linux x86_64) AppleWebKit/537.36 (KHTML, like Gecko) Chrome/145.0.0.0 Safari/537.36"
169.224.94.216 - - [28/Jun/2026:09:24:13 +0200] "GET /wp-content/themes/thefox/css/elegant.css HTTP/1.1" 200 5038 "https://clinicadentalargarate.com/" "Mozilla/5.0 (X11; Linux x86_64) AppleWebKit/537.36 (KHTML, like Gecko) Chrome/145.0.0.0 Safari/537.36"
109.69.5.147 - - [28/Jun/2026:09:24:13 +0200] "GET /wp-content/themes/thefox/css/thefox_js_composer.css HTTP/1.1" 200 19521 "https://clinicadentalargarate.com/" "Mozilla/5.0 (X11; Linux x86_64) AppleWebKit/537.36 (KHTML, like Gecko) Chrome/145.0.0.0 Safari/537.36"
212.68.59.17 - - [28/Jun/2026:09:24:13 +0200] "GET /wp-content/themes/thefox/includes/zilla-likes/styles/zilla-likes.css HTTP/1.1" 200 526 "https://clinicadentalargarate.com/" "Mozilla/5.0 (X11; Linux x86_64) AppleWebKit/537.36 (KHTML, like Gecko) Chrome/145.0.0.0 Safari/537.36"
169.224.94.216 - - [28/Jun/2026:09:24:13 +0200] "GET /wp-includes/js/jquery/jquery.min.js HTTP/1.1" 200 30846 "https://clinicadentalargarate.com/" "Mozilla/5.0 (X11; Linux x86_64) AppleWebKit/537.36 (KHTML, like Gecko) Chrome/145.0.0.0 Safari/537.36"
109.69.5.147 - - [28/Jun/2026:09:24:13 +0200] "GET /wp-includes/js/jquery/jquery-migrate.min.js HTTP/1.1" 200 5238 "https://clinicadentalargarate.com/" "Mozilla/5.0 (X11; Linux x86_64) AppleWebKit/537.36 (KHTML, like Gecko) Chrome/145.0.0.0 Safari/537.36"
212.68.59.17 - - [28/Jun/2026:09:24:13 +0200] "GET /wp-content/plugins/revslider/public/assets/js/jquery.themepunch.tools.min.js HTTP/1.1" 200 38810 "https://clinicadentalargarate.com/" "Mozilla/5.0 (X11; Linux x86_64) AppleWebKit/537.36 (KHTML, like Gecko) Chrome/145.0.0.0 Safari/537.36"
109.69.5.147 - - [28/Jun/2026:09:24:13 +0200] "GET /wp-content/plugins/revslider/public/assets/js/jquery.themepunch.revolution.min.js HTTP/1.1" 200 18432 "https://clinicadentalargarate.com/" "Mozilla/5.0 (X11; Linux x86_64) AppleWebKit/537.36 (KHTML, like Gecko) Chrome/145.0.0.0 Safari/537.36"
109.69.5.147 - - [28/Jun/2026:09:24:15 +0200] "GET /wp-content/uploads/2018/01/implantes-baratos-donostia.jpg HTTP/1.1" 200 60643 "https://clinicadentalargarate.com/" "Mozilla/5.0 (X11; Linux x86_64) AppleWebKit/537.36 (KHTML, like Gecko) Chrome/145.0.0.0 Safari/537.36"
212.68.59.17 - - [28/Jun/2026:09:24:15 +0200] "GET /wp-content/uploads/2017/12/clinica-dental.jpg HTTP/1.1" 200 50467 "https://clinicadentalargarate.com/" "Mozilla/5.0 (X11; Linux x86_64) AppleWebKit/537.36 (KHTML, like Gecko) Chrome/145.0.0.0 Safari/537.36"
169.224.94.216 - - [28/Jun/2026:09:24:15 +0200] "GET /wp-content/uploads/2017/12/implantes.jpg HTTP/1.1" 200 51960 "https://clinicadentalargarate.com/" "Mozilla/5.0 (X11; Linux x86_64) AppleWebKit/537.36 (KHTML, like Gecko) Chrome/145.0.0.0 Safari/537.36"
98.97.76.192 - - [28/Jun/2026:09:24:15 +0200] "GET /wp-content/uploads/2017/12/logo-clinica-dental-argarate.jpg HTTP/1.1" 200 5887 "https://clinicadentalargarate.com/" "Mozilla/5.0 (X11; Linux x86_64) AppleWebKit/537.36 (KHTML, like Gecko) Chrome/145.0.0.0 Safari/537.36"
109.69.5.147 - - [28/Jun/2026:09:24:15 +0200] "GET /wp-content/uploads/2017/12/ninos.jpg HTTP/1.1" 200 30601 "https://clinicadentalargarate.com/" "Mozilla/5.0 (X11; Linux x86_64) AppleWebKit/537.36 (KHTML, like Gecko) Chrome/145.0.0.0 Safari/537.36"
109.69.5.147 - - [28/Jun/2026:09:24:16 +0200] "GET /wp-content/uploads/2017/12/ortodoncia-570x570.jpg HTTP/1.1" 200 28909 "https://clinicadentalargarate.com/" "Mozilla/5.0 (X11; Linux x86_64) AppleWebKit/537.36 (KHTML, like Gecko) Chrome/145.0.0.0 Safari/537.36"
212.68.59.17 - - [28/Jun/2026:09:24:16 +0200] "GET /wp-content/uploads/telephone.svg HTTP/1.1" 200 1735 "https://clinicadentalargarate.com/" "Mozilla/5.0 (X11; Linux x86_64) AppleWebKit/537.36 (KHTML, like Gecko) Chrome/145.0.0.0 Safari/537.36"
98.97.76.192 - - [28/Jun/2026:09:24:16 +0200] "GET /wp-content/uploads/2017/12/implantes-dentales-img-570x570.jpg HTTP/1.1" 200 18129 "https://clinicadentalargarate.com/" "Mozilla/5.0 (X11; Linux x86_64) AppleWebKit/537.36 (KHTML, like Gecko) Chrome/145.0.0.0 Safari/537.36"
169.224.94.216 - - [28/Jun/2026:09:24:16 +0200] "GET /wp-content/uploads/2017/12/odontologia-570x570.jpg HTTP/1.1" 200 31192 "https://clinicadentalargarate.com/" "Mozilla/5.0 (X11; Linux x86_64) AppleWebKit/537.36 (KHTML, like Gecko) Chrome/145.0.0.0 Safari/537.36"
109.69.5.147 - - [28/Jun/2026:09:24:16 +0200] "GET /wp-content/themes/thefox/js/scrollmagic.js HTTP/1.1" 200 46717 "https://clinicadentalargarate.com/" "Mozilla/5.0 (X11; Linux x86_64) AppleWebKit/537.36 (KHTML, like Gecko) Chrome/145.0.0.0 Safari/537.36"
212.68.59.17 - - [28/Jun/2026:09:24:16 +0200] "GET /wp-content/uploads/2017/12/argarate-logo-footer.png HTTP/1.1" 200 10182 "https://clinicadentalargarate.com/" "Mozilla/5.0 (X11; Linux x86_64) AppleWebKit/537.36 (KHTML, like Gecko) Chrome/145.0.0.0 Safari/537.36"
109.69.5.147 - - [28/Jun/2026:09:24:16 +0200] "GET /wp-content/uploads/2017/12/jon-argarate.jpg HTTP/1.1" 200 12835 "https://clinicadentalargarate.com/" "Mozilla/5.0 (X11; Linux x86_64) AppleWebKit/537.36 (KHTML, like Gecko) Chrome/145.0.0.0 Safari/537.36"
212.68.59.17 - - [28/Jun/2026:09:24:16 +0200] "GET /wp-content/themes/thefox/js/custom_woo_js.js HTTP/1.1" 200 1053 "https://clinicadentalargarate.com/" "Mozilla/5.0 (X11; Linux x86_64) AppleWebKit/537.36 (KHTML, like Gecko) Chrome/145.0.0.0 Safari/537.36"
109.69.5.147 - - [28/Jun/2026:09:24:16 +0200] "GET /wp-content/plugins/contact-form-7/includes/js/scripts.js HTTP/1.1" 200 4359 "https://clinicadentalargarate.com/" "Mozilla/5.0 (X11; Linux x86_64) AppleWebKit/537.36 (KHTML, like Gecko) Chrome/145.0.0.0 Safari/537.36"
109.69.5.147 - - [28/Jun/2026:09:24:16 +0200] "GET /wp-content/themes/thefox/js/sorting_bp.js HTTP/1.1" 200 611 "https://clinicadentalargarate.com/" "Mozilla/5.0 (X11; Linux x86_64) AppleWebKit/537.36 (KHTML, like Gecko) Chrome/145.0.0.0 Safari/537.36"
212.68.59.17 - - [28/Jun/2026:09:24:16 +0200] "GET /wp-content/themes/thefox/js/jquery.isotope.min.js HTTP/1.1" 200 13325 "https://clinicadentalargarate.com/" "Mozilla/5.0 (X11; Linux x86_64) AppleWebKit/537.36 (KHTML, like Gecko) Chrome/145.0.0.0 Safari/537.36"
109.69.5.147 - - [28/Jun/2026:09:24:16 +0200] "GET /wp-content/themes/thefox/js/refresh_bp.js HTTP/1.1" 200 569 "https://clinicadentalargarate.com/" "Mozilla/5.0 (X11; Linux x86_64) AppleWebKit/537.36 (KHTML, like Gecko) Chrome/145.0.0.0 Safari/537.36"
98.97.76.192 - - [28/Jun/2026:09:24:16 +0200] "GET /wp-content/plugins/js_composer/assets/js/dist/js_composer_front.min.js HTTP/1.1" 200 6078 "https://clinicadentalargarate.com/" "Mozilla/5.0 (X11; Linux x86_64) AppleWebKit/537.36 (KHTML, like Gecko) Chrome/145.0.0.0 Safari/537.36"
87.98.225.137 - - [28/Jun/2026:09:24:16 +0200] "POST /wp-cron.php?doing_wp_cron=1782631456.9656219482421875000000 HTTP/1.1" 200 3658 "-" "WordPress/6.7.2; https://clinicadentalargarate.com"
169.224.94.216 - - [28/Jun/2026:09:24:17 +0200] "GET /wp-content/themes/thefox/js/customjs.js HTTP/1.1" 200 66171 "https://clinicadentalargarate.com/" "Mozilla/5.0 (X11; Linux x86_64) AppleWebKit/537.36 (KHTML, like Gecko) Chrome/145.0.0.0 Safari/537.36"
109.69.5.147 - - [28/Jun/2026:09:24:16 +0200] "GET /favicon.ico HTTP/1.1" 302 445 "https://clinicadentalargarate.com/" "Mozilla/5.0 (X11; Linux x86_64) AppleWebKit/537.36 (KHTML, like Gecko) Chrome/145.0.0.0 Safari/537.36"
