87.98.225.137 - - [28/Jun/2026:01:30:19 +0200] "POST /wp-cron.php?doing_wp_cron=1782603019.8181641101837158203125 HTTP/1.1" 200 3658 "-" "WordPress/6.7.2; https://clinicadentalargarate.com"
148.251.47.87 - - [28/Jun/2026:01:30:19 +0200] "GET /wp-login.php HTTP/1.1" 200 6744 "-" "Mozilla/5.0 (X11; Linux x86_64; rv:133.0) Gecko/20100101 Firefox/133.0"
148.251.47.87 - - [28/Jun/2026:01:30:19 +0200] "POST /wp-login.php HTTP/1.1" 200 3503 "https://clinicadentalargarate.com/wp-login.php" "Mozilla/5.0 (X11; Linux x86_64; rv:133.0) Gecko/20100101 Firefox/133.0"
87.98.225.137 - - [28/Jun/2026:01:31:55 +0200] "POST /wp-cron.php?doing_wp_cron=1782603115.9317929744720458984375 HTTP/1.1" 200 3658 "-" "WordPress/6.7.2; https://clinicadentalargarate.com"
40.160.63.222 - - [28/Jun/2026:01:31:55 +0200] "GET /wp-login.php HTTP/1.1" 200 6744 "-" "Mozilla/5.0 (Macintosh; Intel Mac OS X 10_15_7) AppleWebKit/537.36 (KHTML, like Gecko) Chrome/133.0.0.0 Safari/537.36 Edg/133.0.0.0"
87.98.225.137 - - [28/Jun/2026:01:31:57 +0200] "POST /wp-cron.php?doing_wp_cron=1782603117.7930569648742675781250 HTTP/1.1" 200 3658 "-" "WordPress/6.7.2; https://clinicadentalargarate.com"
40.160.63.222 - - [28/Jun/2026:01:31:57 +0200] "POST /wp-login.php HTTP/1.1" 200 3526 "https://clinicadentalargarate.com/wp-login.php" "Mozilla/5.0 (Macintosh; Intel Mac OS X 10_15_7) AppleWebKit/537.36 (KHTML, like Gecko) Chrome/133.0.0.0 Safari/537.36 Edg/133.0.0.0"
87.98.225.137 - - [28/Jun/2026:01:34:06 +0200] "POST /wp-cron.php?doing_wp_cron=1782603246.6259229183197021484375 HTTP/1.1" 200 3658 "-" "WordPress/6.7.2; https://clinicadentalargarate.com"
188.121.105.55 - - [28/Jun/2026:01:34:06 +0200] "GET /wp-login.php HTTP/1.1" 200 6744 "-" "Mozilla/5.0 (Macintosh; Intel Mac OS X 10_15_7) AppleWebKit/537.36 (KHTML, like Gecko) Chrome/133.0.0.0 Safari/537.36 Edg/133.0.0.0"
87.98.225.137 - - [28/Jun/2026:01:34:07 +0200] "POST /wp-cron.php?doing_wp_cron=1782603247.2483251094818115234375 HTTP/1.1" 200 3658 "-" "WordPress/6.7.2; https://clinicadentalargarate.com"
188.121.105.55 - - [28/Jun/2026:01:34:07 +0200] "POST /wp-login.php HTTP/1.1" 200 3501 "https://clinicadentalargarate.com/wp-login.php" "Mozilla/5.0 (Macintosh; Intel Mac OS X 10_15_7) AppleWebKit/537.36 (KHTML, like Gecko) Chrome/133.0.0.0 Safari/537.36 Edg/133.0.0.0"
87.98.225.137 - - [28/Jun/2026:01:34:12 +0200] "POST /wp-cron.php?doing_wp_cron=1782603252.1647369861602783203125 HTTP/1.1" 200 3658 "-" "WordPress/6.7.2; https://clinicadentalargarate.com"
185.176.8.77 - - [28/Jun/2026:01:34:12 +0200] "GET /wp-login.php HTTP/1.1" 200 6744 "-" "Mozilla/5.0 (Windows NT 10.0; Win64; x64) AppleWebKit/537.36 (KHTML, like Gecko) Chrome/120.0.0.0 Safari/537.36"
185.176.8.77 - - [28/Jun/2026:01:34:12 +0200] "POST /wp-login.php HTTP/1.1" 200 3503 "https://clinicadentalargarate.com/wp-login.php" "Mozilla/5.0 (Windows NT 10.0; Win64; x64) AppleWebKit/537.36 (KHTML, like Gecko) Chrome/120.0.0.0 Safari/537.36"
87.98.225.137 - - [28/Jun/2026:01:34:19 +0200] "POST /wp-cron.php?doing_wp_cron=1782603259.5033149719238281250000 HTTP/1.1" 200 3658 "-" "WordPress/6.7.2; https://clinicadentalargarate.com"
119.195.102.159 - - [28/Jun/2026:01:34:19 +0200] "GET /wp-login.php HTTP/1.1" 200 6744 "-" "Mozilla/5.0 (X11; Linux x86_64) AppleWebKit/537.36 (KHTML, like Gecko) Chrome/133.0.0.0 Safari/537.36"
87.98.225.137 - - [28/Jun/2026:01:34:20 +0200] "POST /wp-cron.php?doing_wp_cron=1782603260.2025790214538574218750 HTTP/1.1" 200 3658 "-" "WordPress/6.7.2; https://clinicadentalargarate.com"
119.195.102.159 - - [28/Jun/2026:01:34:20 +0200] "POST /wp-login.php HTTP/1.1" 200 3502 "https://clinicadentalargarate.com/wp-login.php" "Mozilla/5.0 (X11; Linux x86_64) AppleWebKit/537.36 (KHTML, like Gecko) Chrome/133.0.0.0 Safari/537.36"
87.98.225.137 - - [28/Jun/2026:01:36:14 +0200] "POST /wp-cron.php?doing_wp_cron=1782603374.8752510547637939453125 HTTP/1.1" 200 3658 "-" "WordPress/6.7.2; https://clinicadentalargarate.com"
148.251.47.87 - - [28/Jun/2026:01:36:14 +0200] "GET /wp-login.php HTTP/1.1" 200 6744 "-" "Mozilla/5.0 (Macintosh; Intel Mac OS X 11_7_10) AppleWebKit/537.36 (KHTML, like Gecko) Chrome/133.0.0.0 Safari/537.36"
148.251.47.87 - - [28/Jun/2026:01:36:14 +0200] "POST /wp-login.php HTTP/1.1" 200 3500 "https://clinicadentalargarate.com/wp-login.php" "Mozilla/5.0 (Macintosh; Intel Mac OS X 11_7_10) AppleWebKit/537.36 (KHTML, like Gecko) Chrome/133.0.0.0 Safari/537.36"
87.98.225.137 - - [28/Jun/2026:01:37:26 +0200] "POST /wp-cron.php?doing_wp_cron=1782603446.5255949497222900390625 HTTP/1.1" 200 3658 "-" "WordPress/6.7.2; https://clinicadentalargarate.com"
43.154.250.181 - - [28/Jun/2026:01:37:26 +0200] "GET /wp-json/oembed/1.0/embed?url=https%3A%2F%2Fclinicadentalargarate.com%2Ftratamientos%2Festetica-dental%2F&format=xml HTTP/1.1" 200 5050 "-" "Mozilla/5.0 (iPhone; CPU iPhone OS 13_2_3 like Mac OS X) AppleWebKit/605.1.15 (KHTML, like Gecko) Version/13.0.3 Mobile/15E148 Safari/604.1"
87.98.225.137 - - [28/Jun/2026:01:42:08 +0200] "POST /wp-cron.php?doing_wp_cron=1782603728.0980010032653808593750 HTTP/1.1" 200 3658 "-" "WordPress/6.7.2; https://clinicadentalargarate.com"
20.153.140.50 - - [28/Jun/2026:01:42:07 +0200] "GET /wp-login.php HTTP/1.1" 200 6744 "-" "Mozilla/5.0 (X11; Fedora; Linux x86_64) AppleWebKit/537.36 (KHTML, like Gecko) Chrome/133.0.0.0 Safari/537.36"
87.98.225.137 - - [28/Jun/2026:01:42:11 +0200] "POST /wp-cron.php?doing_wp_cron=1782603731.2883009910583496093750 HTTP/1.1" 200 3658 "-" "WordPress/6.7.2; https://clinicadentalargarate.com"
20.153.140.50 - - [28/Jun/2026:01:42:11 +0200] "POST /wp-login.php HTTP/1.1" 200 3503 "https://clinicadentalargarate.com/wp-login.php" "Mozilla/5.0 (X11; Fedora; Linux x86_64) AppleWebKit/537.36 (KHTML, like Gecko) Chrome/133.0.0.0 Safari/537.36"
87.98.225.137 - - [28/Jun/2026:01:42:35 +0200] "POST /wp-cron.php?doing_wp_cron=1782603755.1256160736083984375000 HTTP/1.1" 200 3658 "-" "WordPress/6.7.2; https://clinicadentalargarate.com"
205.185.121.3 - - [28/Jun/2026:01:42:35 +0200] "GET /wp-login.php HTTP/1.1" 200 14604 "-" "Mozilla/5.0 (X11; Linux x86_64) AppleWebKit/537.36 (KHTML, like Gecko) Chrome/36.0.1985.125 Safari/537.36"
13.220.224.38 - - [28/Jun/2026:01:43:20 +0200] "GET /robots.txt HTTP/1.1" 200 3863 "-" "Mozilla/5.0 (Windows NT 10.0; Win64; x64) AppleWebKit/537.36 (KHTML, like Gecko) Chrome/86.0.4240.75 Safari/537.36"
13.220.224.38 - - [28/Jun/2026:01:43:20 +0200] "GET /robots.txt HTTP/1.1" 200 3863 "-" "Mozilla/5.0 (Windows NT 10.0; Win64; x64) AppleWebKit/537.36 (KHTML, like Gecko) Chrome/86.0.4240.75 Safari/537.36"
13.220.224.38 - - [28/Jun/2026:01:43:21 +0200] "GET /robots.txt HTTP/1.1" 200 3863 "-" "Mozilla/5.0 (Windows NT 10.0; Win64; x64) AppleWebKit/537.36 (KHTML, like Gecko) Chrome/86.0.4240.75 Safari/537.36"
13.220.224.38 - - [28/Jun/2026:01:43:21 +0200] "GET /robots.txt HTTP/1.1" 200 3863 "-" "Mozilla/5.0 (Windows NT 10.0; Win64; x64) AppleWebKit/537.36 (KHTML, like Gecko) Chrome/86.0.4240.75 Safari/537.36"
13.220.224.38 - - [28/Jun/2026:01:43:21 +0200] "GET /robots.txt HTTP/1.1" 200 3863 "-" "Mozilla/5.0 (Windows NT 10.0; Win64; x64) AppleWebKit/537.36 (KHTML, like Gecko) Chrome/86.0.4240.75 Safari/537.36"
13.220.224.38 - - [28/Jun/2026:01:43:20 +0200] "GET /blog/nomad-casino-rukovodstvo-po-bezopasnosti-dlya-igrokov-iz-kazahstana/ HTTP/1.1" 500 3224 "-" "Mozilla/5.0 (Windows NT 10.0; Win64; x64) AppleWebKit/537.36 (KHTML, like Gecko) Chrome/86.0.4240.75 Safari/537.36"
87.98.225.137 - - [28/Jun/2026:01:43:21 +0200] "POST /wp-cron.php?doing_wp_cron=1782603800.6210749149322509765625 HTTP/1.1" 200 3658 "-" "WordPress/6.7.2; https://clinicadentalargarate.com"
13.220.224.38 - - [28/Jun/2026:01:43:21 +0200] "GET /blog/blazing-wildz-casino-en-de-opkomende-goktrends/ HTTP/1.1" 500 3224 "-" "Mozilla/5.0 (Windows NT 10.0; Win64; x64) AppleWebKit/537.36 (KHTML, like Gecko) Chrome/86.0.4240.75 Safari/537.36"
13.220.224.38 - - [28/Jun/2026:01:43:20 +0200] "GET /blog/gt-bet-casino-de-toekomst-van-mobiel-gokken/ HTTP/1.1" 500 3224 "-" "Mozilla/5.0 (Windows NT 10.0; Win64; x64) AppleWebKit/537.36 (KHTML, like Gecko) Chrome/86.0.4240.75 Safari/537.36"
13.220.224.38 - - [28/Jun/2026:01:43:21 +0200] "GET /ortodoncia/ HTTP/1.1" 200 27375 "-" "Mozilla/5.0 (Windows NT 10.0; Win64; x64) AppleWebKit/537.36 (KHTML, like Gecko) Chrome/86.0.4240.75 Safari/537.36"
13.220.224.38 - - [28/Jun/2026:01:43:21 +0200] "GET /blog/winhero-casino-vergeleken-met-andere-online-casinos/ HTTP/1.1" 500 3224 "-" "Mozilla/5.0 (Windows NT 10.0; Win64; x64) AppleWebKit/537.36 (KHTML, like Gecko) Chrome/86.0.4240.75 Safari/537.36"
87.98.225.137 - - [28/Jun/2026:01:43:32 +0200] "POST /wp-cron.php?doing_wp_cron=1782603811.9950239658355712890625 HTTP/1.1" 200 3658 "-" "WordPress/6.7.2; https://clinicadentalargarate.com"
205.185.121.3 - - [28/Jun/2026:01:43:31 +0200] "POST /wp-login.php HTTP/1.1" 200 15136 "-" "Mozilla/5.0 (X11; Linux x86_64) AppleWebKit/537.36 (KHTML, like Gecko) Chrome/36.0.1985.125 Safari/537.36"
87.98.225.137 - - [28/Jun/2026:01:43:33 +0200] "POST /wp-cron.php?doing_wp_cron=1782603813.6507959365844726562500 HTTP/1.1" 200 3658 "-" "WordPress/6.7.2; https://clinicadentalargarate.com"
13.220.224.38 - - [28/Jun/2026:01:43:33 +0200] "GET /blog/europe-fortune-casino-le-point-sur-les-modalites-de-retrait-entre-joueurs-francais/ HTTP/1.1" 500 6586 "-" "Mozilla/5.0 (Windows NT 10.0; Win64; x64) AppleWebKit/537.36 (KHTML, like Gecko) Chrome/86.0.4240.75 Safari/537.36"
13.220.224.38 - - [28/Jun/2026:01:43:33 +0200] "GET /blog/what-is-the-angliabet-online-casino-experience-like/ HTTP/1.1" 500 6586 "-" "Mozilla/5.0 (Windows NT 10.0; Win64; x64) AppleWebKit/537.36 (KHTML, like Gecko) Chrome/86.0.4240.75 Safari/537.36"
13.220.224.38 - - [28/Jun/2026:01:43:33 +0200] "GET /blog/verkenning-van-de-spellen-bij-lunarspins-casino/ HTTP/1.1" 500 6586 "-" "Mozilla/5.0 (Windows NT 10.0; Win64; x64) AppleWebKit/537.36 (KHTML, like Gecko) Chrome/86.0.4240.75 Safari/537.36"
13.220.224.38 - - [28/Jun/2026:01:43:33 +0200] "GET /blog/quels-sont-les-criteres-pour-evaluer-la-fiabilite-de-bruno-casino/ HTTP/1.1" 500 3570 "-" "Mozilla/5.0 (Windows NT 10.0; Win64; x64) AppleWebKit/537.36 (KHTML, like Gecko) Chrome/86.0.4240.75 Safari/537.36"
13.220.224.38 - - [28/Jun/2026:01:43:33 +0200] "GET /blog/ HTTP/1.1" 200 27772 "-" "Mozilla/5.0 (Windows NT 10.0; Win64; x64) AppleWebKit/537.36 (KHTML, like Gecko) Chrome/86.0.4240.75 Safari/537.36"
87.98.225.137 - - [28/Jun/2026:01:43:44 +0200] "POST /wp-cron.php?doing_wp_cron=1782603824.5627510547637939453125 HTTP/1.1" 200 3658 "-" "WordPress/6.7.2; https://clinicadentalargarate.com"
13.220.224.38 - - [28/Jun/2026:01:43:44 +0200] "GET /blog/les-meilleures-strategies-pour-exploiter-les-bonus-fast-slots-casino/ HTTP/1.1" 500 6586 "-" "Mozilla/5.0 (Windows NT 10.0; Win64; x64) AppleWebKit/537.36 (KHTML, like Gecko) Chrome/86.0.4240.75 Safari/537.36"
13.220.224.38 - - [28/Jun/2026:01:43:44 +0200] "GET /blog/what-to-look-for-when-signing-up-at-vegashero/ HTTP/1.1" 500 3570 "-" "Mozilla/5.0 (Windows NT 10.0; Win64; x64) AppleWebKit/537.36 (KHTML, like Gecko) Chrome/86.0.4240.75 Safari/537.36"
13.220.224.38 - - [28/Jun/2026:01:43:44 +0200] "GET /blog/betsixty-casino-betaalmethoden-wat-je-moet-weten/ HTTP/1.1" 500 6586 "-" "Mozilla/5.0 (Windows NT 10.0; Win64; x64) AppleWebKit/537.36 (KHTML, like Gecko) Chrome/86.0.4240.75 Safari/537.36"
13.220.224.38 - - [28/Jun/2026:01:43:44 +0200] "GET /blog/comment-utiliser-efficacement-les-free-spins-offerts-par-cazeus-casino/ HTTP/1.1" 500 6586 "-" "Mozilla/5.0 (Windows NT 10.0; Win64; x64) AppleWebKit/537.36 (KHTML, like Gecko) Chrome/86.0.4240.75 Safari/537.36"
13.220.224.38 - - [28/Jun/2026:01:43:44 +0200] "GET /tratamientos/periodoncia/ HTTP/1.1" 200 28131 "-" "Mozilla/5.0 (Windows NT 10.0; Win64; x64) AppleWebKit/537.36 (KHTML, like Gecko) Chrome/86.0.4240.75 Safari/537.36"
66.249.66.42 - - [28/Jun/2026:01:44:09 +0200] "GET /wp-content/uploads/2019/11/implantes-dentales-salud-100x110.jpg HTTP/1.1" 200 6626 "-" "Googlebot-Image/1.0"
87.98.225.137 - - [28/Jun/2026:01:44:21 +0200] "POST /wp-cron.php?doing_wp_cron=1782603861.9544439315795898437500 HTTP/1.1" 200 3658 "-" "WordPress/6.7.2; https://clinicadentalargarate.com"
173.247.255.22 - - [28/Jun/2026:01:44:21 +0200] "GET /wp-login.php HTTP/1.1" 200 6744 "-" "Mozilla/5.0 (X11; Fedora; Linux x86_64) AppleWebKit/537.36 (KHTML, like Gecko) Chrome/133.0.0.0 Safari/537.36"
87.98.225.137 - - [28/Jun/2026:01:44:36 +0200] "POST /wp-cron.php?doing_wp_cron=1782603876.3067240715026855468750 HTTP/1.1" 200 3658 "-" "WordPress/6.7.2; https://clinicadentalargarate.com"
198.46.83.219 - - [28/Jun/2026:01:44:36 +0200] "GET /wp-login.php HTTP/1.1" 200 6744 "-" "Mozilla/5.0 (Windows NT 10.0; WOW64) AppleWebKit/537.36 (KHTML, like Gecko) Chrome/133.0.0.0 Safari/537.36"
87.98.225.137 - - [28/Jun/2026:01:44:37 +0200] "POST /wp-cron.php?doing_wp_cron=1782603876.9028339385986328125000 HTTP/1.1" 200 3658 "-" "WordPress/6.7.2; https://clinicadentalargarate.com"
198.46.83.219 - - [28/Jun/2026:01:44:36 +0200] "POST /wp-login.php HTTP/1.1" 200 3502 "https://clinicadentalargarate.com/wp-login.php" "Mozilla/5.0 (Windows NT 10.0; WOW64) AppleWebKit/537.36 (KHTML, like Gecko) Chrome/133.0.0.0 Safari/537.36"
87.98.225.137 - - [28/Jun/2026:01:44:40 +0200] "POST /wp-cron.php?doing_wp_cron=1782603880.3998370170593261718750 HTTP/1.1" 200 3658 "-" "WordPress/6.7.2; https://clinicadentalargarate.com"
173.247.255.22 - - [28/Jun/2026:01:44:40 +0200] "GET /wp-json/wp/v2/users/me HTTP/1.1" 401 3998 "-" "Mozilla/5.0 (X11; Fedora; Linux x86_64) AppleWebKit/537.36 (KHTML, like Gecko) Chrome/133.0.0.0 Safari/537.36"
87.98.225.137 - - [28/Jun/2026:01:46:48 +0200] "POST /wp-cron.php?doing_wp_cron=1782604008.8438720703125000000000 HTTP/1.1" 200 3658 "-" "WordPress/6.7.2; https://clinicadentalargarate.com"
104.244.124.135 - - [28/Jun/2026:01:46:48 +0200] "GET /wp-login.php HTTP/1.1" 200 6744 "-" "Mozilla/5.0 (X11; Linux x86_64) AppleWebKit/537.36 (KHTML, like Gecko) Chrome/133.0.0.0 Safari/537.36 Edg/133.0.0.0"
87.98.225.137 - - [28/Jun/2026:01:46:49 +0200] "POST /wp-cron.php?doing_wp_cron=1782604009.6213750839233398437500 HTTP/1.1" 200 3658 "-" "WordPress/6.7.2; https://clinicadentalargarate.com"
104.244.124.135 - - [28/Jun/2026:01:46:49 +0200] "POST /wp-login.php HTTP/1.1" 200 3500 "https://clinicadentalargarate.com/wp-login.php" "Mozilla/5.0 (X11; Linux x86_64) AppleWebKit/537.36 (KHTML, like Gecko) Chrome/133.0.0.0 Safari/537.36 Edg/133.0.0.0"
87.98.225.137 - - [28/Jun/2026:01:47:04 +0200] "POST /wp-cron.php?doing_wp_cron=1782604024.5018301010131835937500 HTTP/1.1" 200 3658 "-" "WordPress/6.7.2; https://clinicadentalargarate.com"
198.46.83.219 - - [28/Jun/2026:01:47:04 +0200] "GET /wp-login.php HTTP/1.1" 200 6744 "-" "Mozilla/5.0 (Windows NT 10.0; Win64; x64; rv:133.0) Gecko/20100101 Firefox/133.0"
87.98.225.137 - - [28/Jun/2026:01:47:04 +0200] "POST /wp-cron.php?doing_wp_cron=1782604024.9208390712738037109375 HTTP/1.1" 200 3658 "-" "WordPress/6.7.2; https://clinicadentalargarate.com"
198.46.83.219 - - [28/Jun/2026:01:47:04 +0200] "POST /wp-login.php HTTP/1.1" 200 3528 "https://clinicadentalargarate.com/wp-login.php" "Mozilla/5.0 (Windows NT 10.0; Win64; x64; rv:133.0) Gecko/20100101 Firefox/133.0"
87.98.225.137 - - [28/Jun/2026:01:47:56 +0200] "POST /wp-cron.php?doing_wp_cron=1782604076.3563089370727539062500 HTTP/1.1" 200 3658 "-" "WordPress/6.7.2; https://clinicadentalargarate.com"
43.135.139.165 - - [28/Jun/2026:01:47:56 +0200] "GET /?p=393 HTTP/1.1" 301 3743 "-" "Mozilla/5.0 (iPhone; CPU iPhone OS 13_2_3 like Mac OS X) AppleWebKit/605.1.15 (KHTML, like Gecko) Version/13.0.3 Mobile/15E148 Safari/604.1"
87.98.225.137 - - [28/Jun/2026:01:47:59 +0200] "POST /wp-cron.php?doing_wp_cron=1782604079.6931331157684326171875 HTTP/1.1" 200 3658 "-" "WordPress/6.7.2; https://clinicadentalargarate.com"
43.135.139.165 - - [28/Jun/2026:01:47:59 +0200] "GET /tratamientos/estetica-dental/ HTTP/1.1" 200 28329 "https://clinicadentalargarate.com/?p=393" "Mozilla/5.0 (iPhone; CPU iPhone OS 13_2_3 like Mac OS X) AppleWebKit/605.1.15 (KHTML, like Gecko) Version/13.0.3 Mobile/15E148 Safari/604.1"
87.98.225.137 - - [28/Jun/2026:01:48:10 +0200] "POST /wp-cron.php?doing_wp_cron=1782604090.3161680698394775390625 HTTP/1.1" 200 3658 "-" "WordPress/6.7.2; https://clinicadentalargarate.com"
52.167.144.196 - - [28/Jun/2026:01:48:10 +0200] "GET /tratamientos/endodoncia/ HTTP/1.1" 200 29712 "-" "Mozilla/5.0 AppleWebKit/537.36 (KHTML, like Gecko; compatible; bingbot/2.0; +http://www.bing.com/bingbot.htm) Chrome/116.0.1938.76 Safari/537.36"
87.98.225.137 - - [28/Jun/2026:01:52:27 +0200] "POST /wp-cron.php?doing_wp_cron=1782604347.2558789253234863281250 HTTP/1.1" 200 3658 "-" "WordPress/6.7.2; https://clinicadentalargarate.com"
87.98.225.137 - - [28/Jun/2026:01:52:27 +0200] "POST /wp-cron.php?doing_wp_cron=1782604347.2560620307922363281250 HTTP/1.1" 200 3658 "-" "WordPress/6.7.2; https://clinicadentalargarate.com"
87.98.225.137 - - [28/Jun/2026:01:52:27 +0200] "POST /wp-cron.php?doing_wp_cron=1782604347.2557899951934814453125 HTTP/1.1" 200 3658 "-" "WordPress/6.7.2; https://clinicadentalargarate.com"
13.220.224.38 - - [28/Jun/2026:01:52:27 +0200] "GET /aviso-legal/ HTTP/1.1" 200 31525 "-" "Mozilla/5.0 (Windows NT 10.0; Win64; x64) AppleWebKit/537.36 (KHTML, like Gecko) Chrome/86.0.4240.75 Safari/537.36"
13.220.224.38 - - [28/Jun/2026:01:52:27 +0200] "GET /blog/explore-the-vegashero-platform-experience-from-sign-up-to-payout/ HTTP/1.1" 500 6586 "-" "Mozilla/5.0 (Windows NT 10.0; Win64; x64) AppleWebKit/537.36 (KHTML, like Gecko) Chrome/86.0.4240.75 Safari/537.36"
13.220.224.38 - - [28/Jun/2026:01:52:27 +0200] "GET /blog/peut-on-utiliser-plusieurs-methodes-de-paiement-sur-all-wins-casino-simultanement/ HTTP/1.1" 500 6586 "-" "Mozilla/5.0 (Windows NT 10.0; Win64; x64) AppleWebKit/537.36 (KHTML, like Gecko) Chrome/86.0.4240.75 Safari/537.36"
13.220.224.38 - - [28/Jun/2026:01:52:27 +0200] "GET /blog/tiki-taka-casino-een-diepgaande-blik-op-de-game-ervaring/ HTTP/1.1" 500 6586 "-" "Mozilla/5.0 (Windows NT 10.0; Win64; x64) AppleWebKit/537.36 (KHTML, like Gecko) Chrome/86.0.4240.75 Safari/537.36"
13.220.224.38 - - [28/Jun/2026:01:52:27 +0200] "GET /blog/est-ce-que-les-promotions-wild-dice-casino-sont-mises-a-jour-regulierement/ HTTP/1.1" 500 6586 "-" "Mozilla/5.0 (Windows NT 10.0; Win64; x64) AppleWebKit/537.36 (KHTML, like Gecko) Chrome/86.0.4240.75 Safari/537.36"
87.98.225.137 - - [28/Jun/2026:01:52:38 +0200] "POST /wp-cron.php?doing_wp_cron=1782604358.1328799724578857421875 HTTP/1.1" 200 3658 "-" "WordPress/6.7.2; https://clinicadentalargarate.com"
87.98.225.137 - - [28/Jun/2026:01:52:38 +0200] "POST /wp-cron.php?doing_wp_cron=1782604358.3505969047546386718750 HTTP/1.1" 200 3658 "-" "WordPress/6.7.2; https://clinicadentalargarate.com"
13.220.224.38 - - [28/Jun/2026:01:52:38 +0200] "GET /blog/de-meest-opvallende-kenmerken-van-froggybet-casino/ HTTP/1.1" 500 3570 "-" "Mozilla/5.0 (Windows NT 10.0; Win64; x64) AppleWebKit/537.36 (KHTML, like Gecko) Chrome/86.0.4240.75 Safari/537.36"
13.220.224.38 - - [28/Jun/2026:01:52:38 +0200] "GET /blog/quels-sont-les-secrets-pour-maximiser-les-gains-avec-les-bonus-nirvana-casino/ HTTP/1.1" 500 6586 "-" "Mozilla/5.0 (Windows NT 10.0; Win64; x64) AppleWebKit/537.36 (KHTML, like Gecko) Chrome/86.0.4240.75 Safari/537.36"
13.220.224.38 - - [28/Jun/2026:01:52:38 +0200] "GET /tratamientos/endodoncia/ HTTP/1.1" 200 29658 "-" "Mozilla/5.0 (Windows NT 10.0; Win64; x64) AppleWebKit/537.36 (KHTML, like Gecko) Chrome/86.0.4240.75 Safari/537.36"
13.220.224.38 - - [28/Jun/2026:01:52:38 +0200] "GET /blog/tout-savoir-sur-les-conditions-de-bonus-spinbara-casino-a-jour/ HTTP/1.1" 500 6586 "-" "Mozilla/5.0 (Windows NT 10.0; Win64; x64) AppleWebKit/537.36 (KHTML, like Gecko) Chrome/86.0.4240.75 Safari/537.36"
13.220.224.38 - - [28/Jun/2026:01:52:38 +0200] "GET /contacto/ HTTP/1.1" 200 26783 "-" "Mozilla/5.0 (Windows NT 10.0; Win64; x64) AppleWebKit/537.36 (KHTML, like Gecko) Chrome/86.0.4240.75 Safari/537.36"
87.98.225.137 - - [28/Jun/2026:01:52:41 +0200] "POST /wp-cron.php?doing_wp_cron=1782604361.7328948974609375000000 HTTP/1.1" 200 3658 "-" "WordPress/6.7.2; https://clinicadentalargarate.com"
148.251.47.87 - - [28/Jun/2026:01:52:41 +0200] "GET /wp-login.php HTTP/1.1" 200 6744 "-" "Mozilla/5.0 (Windows NT 10.0; Win64; x64; rv:133.0) Gecko/20100101 Firefox/133.0"
148.251.47.87 - - [28/Jun/2026:01:52:41 +0200] "POST /wp-login.php HTTP/1.1" 200 3503 "https://clinicadentalargarate.com/wp-login.php" "Mozilla/5.0 (Windows NT 10.0; Win64; x64; rv:133.0) Gecko/20100101 Firefox/133.0"
87.98.225.137 - - [28/Jun/2026:01:52:49 +0200] "POST /wp-cron.php?doing_wp_cron=1782604369.1291310787200927734375 HTTP/1.1" 200 3658 "-" "WordPress/6.7.2; https://clinicadentalargarate.com"
13.220.224.38 - - [28/Jun/2026:01:52:49 +0200] "GET /blog/verken-de-mobiele-versie-van-simple-casino/ HTTP/1.1" 500 3570 "-" "Mozilla/5.0 (Windows NT 10.0; Win64; x64) AppleWebKit/537.36 (KHTML, like Gecko) Chrome/86.0.4240.75 Safari/537.36"
13.220.224.38 - - [28/Jun/2026:01:52:49 +0200] "GET /blog/winhero-casino-wat-maakt-het-een-ideaal-platform/ HTTP/1.1" 500 6586 "-" "Mozilla/5.0 (Windows NT 10.0; Win64; x64) AppleWebKit/537.36 (KHTML, like Gecko) Chrome/86.0.4240.75 Safari/537.36"
13.220.224.38 - - [28/Jun/2026:01:52:49 +0200] "GET /blog/starzino-casino-een-blik-op-de-nieuwste-uitbetalingsmethodes/ HTTP/1.1" 500 6586 "-" "Mozilla/5.0 (Windows NT 10.0; Win64; x64) AppleWebKit/537.36 (KHTML, like Gecko) Chrome/86.0.4240.75 Safari/537.36"
13.220.224.38 - - [28/Jun/2026:01:52:49 +0200] "GET /blog/de-beste-slots-bij-vulkan-vegas-casino-onder-de-aandacht/ HTTP/1.1" 500 6586 "-" "Mozilla/5.0 (Windows NT 10.0; Win64; x64) AppleWebKit/537.36 (KHTML, like Gecko) Chrome/86.0.4240.75 Safari/537.36"
13.220.224.38 - - [28/Jun/2026:01:52:49 +0200] "GET /tratamientos/dentista-ninos-odontopediatra/ HTTP/1.1" 200 27859 "-" "Mozilla/5.0 (Windows NT 10.0; Win64; x64) AppleWebKit/537.36 (KHTML, like Gecko) Chrome/86.0.4240.75 Safari/537.36"
87.98.225.137 - - [28/Jun/2026:01:53:00 +0200] "POST /wp-cron.php?doing_wp_cron=1782604380.0408689975738525390625 HTTP/1.1" 200 3658 "-" "WordPress/6.7.2; https://clinicadentalargarate.com"
87.98.225.137 - - [28/Jun/2026:01:53:00 +0200] "POST /wp-cron.php?doing_wp_cron=1782604380.0411319732666015625000 HTTP/1.1" 200 3658 "-" "WordPress/6.7.2; https://clinicadentalargarate.com"
87.98.225.137 - - [28/Jun/2026:01:53:00 +0200] "POST /wp-cron.php?doing_wp_cron=1782604380.0412900447845458984375 HTTP/1.1" 200 3658 "-" "WordPress/6.7.2; https://clinicadentalargarate.com"
13.220.224.38 - - [28/Jun/2026:01:52:59 +0200] "GET /blog/kult-kirjautuminen-taydellinen-opas-suomalaisille-pelaajille/ HTTP/1.1" 500 3570 "-" "Mozilla/5.0 (Windows NT 10.0; Win64; x64) AppleWebKit/537.36 (KHTML, like Gecko) Chrome/86.0.4240.75 Safari/537.36"
13.220.224.38 - - [28/Jun/2026:01:52:59 +0200] "GET /blog/betzard-casino-hoe-zijn-de-gebruikerservaringen/ HTTP/1.1" 500 6586 "-" "Mozilla/5.0 (Windows NT 10.0; Win64; x64) AppleWebKit/537.36 (KHTML, like Gecko) Chrome/86.0.4240.75 Safari/537.36"
13.220.224.38 - - [28/Jun/2026:01:52:59 +0200] "GET /blog/kenmerken-van-jacktop-casinos-klantenservice/ HTTP/1.1" 500 6586 "-" "Mozilla/5.0 (Windows NT 10.0; Win64; x64) AppleWebKit/537.36 (KHTML, like Gecko) Chrome/86.0.4240.75 Safari/537.36"
13.220.224.38 - - [28/Jun/2026:01:52:59 +0200] "GET /blog/quelles-sont-les-conditions-pour-activer-les-free-spins-chez-casino-intense/ HTTP/1.1" 500 6586 "-" "Mozilla/5.0 (Windows NT 10.0; Win64; x64) AppleWebKit/537.36 (KHTML, like Gecko) Chrome/86.0.4240.75 Safari/537.36"
13.220.224.38 - - [28/Jun/2026:01:52:59 +0200] "GET /tratamientos/odontologia-general/ HTTP/1.1" 200 27248 "-" "Mozilla/5.0 (Windows NT 10.0; Win64; x64) AppleWebKit/537.36 (KHTML, like Gecko) Chrome/86.0.4240.75 Safari/537.36"
87.98.225.137 - - [28/Jun/2026:01:53:11 +0200] "POST /wp-cron.php?doing_wp_cron=1782604391.0306799411773681640625 HTTP/1.1" 200 3658 "-" "WordPress/6.7.2; https://clinicadentalargarate.com"
13.220.224.38 - - [28/Jun/2026:01:53:10 +0200] "GET /blog/wat-te-verwachten-van-de-nieuwe-spellen-bij-wino-casino/ HTTP/1.1" 500 3570 "-" "Mozilla/5.0 (Windows NT 10.0; Win64; x64) AppleWebKit/537.36 (KHTML, like Gecko) Chrome/86.0.4240.75 Safari/537.36"
87.98.225.137 - - [28/Jun/2026:01:53:33 +0200] "POST /wp-cron.php?doing_wp_cron=1782604413.8437459468841552734375 HTTP/1.1" 200 3658 "-" "WordPress/6.7.2; https://clinicadentalargarate.com"
217.174.149.203 - - [28/Jun/2026:01:53:33 +0200] "GET /wp-login.php HTTP/1.1" 200 6744 "-" "Mozilla/5.0 (X11; Linux x86_64; rv:133.0) Gecko/20100101 Firefox/133.0"
87.98.225.137 - - [28/Jun/2026:01:53:38 +0200] "POST /wp-cron.php?doing_wp_cron=1782604418.1152210235595703125000 HTTP/1.1" 200 3658 "-" "WordPress/6.7.2; https://clinicadentalargarate.com"
217.174.149.203 - - [28/Jun/2026:01:53:38 +0200] "POST /wp-login.php HTTP/1.1" 200 3526 "https://clinicadentalargarate.com/wp-login.php" "Mozilla/5.0 (X11; Linux x86_64; rv:133.0) Gecko/20100101 Firefox/133.0"
87.98.225.137 - - [28/Jun/2026:01:54:00 +0200] "POST /wp-cron.php?doing_wp_cron=1782604440.2224769592285156250000 HTTP/1.1" 200 3658 "-" "WordPress/6.7.2; https://clinicadentalargarate.com"
43.135.36.201 - - [28/Jun/2026:01:54:00 +0200] "GET /?p=166 HTTP/1.1" 301 3726 "-" "Mozilla/5.0 (iPhone; CPU iPhone OS 13_2_3 like Mac OS X) AppleWebKit/605.1.15 (KHTML, like Gecko) Version/13.0.3 Mobile/15E148 Safari/604.1"
87.98.225.137 - - [28/Jun/2026:01:54:04 +0200] "POST /wp-cron.php?doing_wp_cron=1782604444.9523301124572753906250 HTTP/1.1" 200 3658 "-" "WordPress/6.7.2; https://clinicadentalargarate.com"
43.135.36.201 - - [28/Jun/2026:01:54:04 +0200] "GET /aviso-legal/ HTTP/1.1" 200 31472 "https://clinicadentalargarate.com/?p=166" "Mozilla/5.0 (iPhone; CPU iPhone OS 13_2_3 like Mac OS X) AppleWebKit/605.1.15 (KHTML, like Gecko) Version/13.0.3 Mobile/15E148 Safari/604.1"
87.98.225.137 - - [28/Jun/2026:01:56:15 +0200] "POST /wp-cron.php?doing_wp_cron=1782604575.6441290378570556640625 HTTP/1.1" 200 3658 "-" "WordPress/6.7.2; https://clinicadentalargarate.com"
103.124.95.115 - - [28/Jun/2026:01:56:15 +0200] "GET /wp-login.php HTTP/1.1" 200 6744 "-" "Mozilla/5.0 (Macintosh; Intel Mac OS X 10_15_7) AppleWebKit/537.36 (KHTML, like Gecko) Chrome/133.0.0.0 Safari/537.36"
87.98.225.137 - - [28/Jun/2026:01:56:16 +0200] "POST /wp-cron.php?doing_wp_cron=1782604576.3629639148712158203125 HTTP/1.1" 200 3658 "-" "WordPress/6.7.2; https://clinicadentalargarate.com"
103.124.95.115 - - [28/Jun/2026:01:56:16 +0200] "POST /wp-login.php HTTP/1.1" 200 3500 "https://clinicadentalargarate.com/wp-login.php" "Mozilla/5.0 (Macintosh; Intel Mac OS X 10_15_7) AppleWebKit/537.36 (KHTML, like Gecko) Chrome/133.0.0.0 Safari/537.36"
87.98.225.137 - - [28/Jun/2026:01:56:57 +0200] "POST /wp-cron.php?doing_wp_cron=1782604617.8818049430847167968750 HTTP/1.1" 200 3658 "-" "WordPress/6.7.2; https://clinicadentalargarate.com"
66.249.76.42 - - [28/Jun/2026:01:56:57 +0200] "GET /pinco-online-kazino-az-rbaycanda-vip-klub-v-loyalliq-proqramlari/ HTTP/1.1" 200 25269 "-" "Mozilla/5.0 (Linux; Android 6.0.1; Nexus 5X Build/MMB29P) AppleWebKit/537.36 (KHTML, like Gecko) Chrome/148.0.7778.96 Mobile Safari/537.36 (compatible; Googlebot/2.1; +http://www.google.com/bot.html)"
87.98.225.137 - - [28/Jun/2026:01:57:52 +0200] "POST /wp-cron.php?doing_wp_cron=1782604672.3105680942535400390625 HTTP/1.1" 200 3658 "-" "WordPress/6.7.2; https://clinicadentalargarate.com"
164.90.178.220 - - [28/Jun/2026:01:57:52 +0200] "GET /wp-login.php HTTP/1.1" 200 6744 "-" "Mozilla/5.0 (X11; Linux i686) AppleWebKit/537.36 (KHTML, like Gecko) Chrome/133.0.0.0 Safari/537.36"
87.98.225.137 - - [28/Jun/2026:01:57:52 +0200] "POST /wp-cron.php?doing_wp_cron=1782604672.5743939876556396484375 HTTP/1.1" 200 3658 "-" "WordPress/6.7.2; https://clinicadentalargarate.com"
164.90.178.220 - - [28/Jun/2026:01:57:52 +0200] "POST /wp-login.php HTTP/1.1" 200 3528 "https://clinicadentalargarate.com/wp-login.php" "Mozilla/5.0 (X11; Linux i686) AppleWebKit/537.36 (KHTML, like Gecko) Chrome/133.0.0.0 Safari/537.36"
216.73.217.169 - - [28/Jun/2026:02:01:12 +0200] "GET /robots.txt HTTP/1.1" 200 3834 "-" "Mozilla/5.0 AppleWebKit/537.36 (KHTML, like Gecko; compatible; ClaudeBot/1.0; +claudebot@anthropic.com)"
87.98.225.137 - - [28/Jun/2026:02:01:12 +0200] "POST /wp-cron.php?doing_wp_cron=1782604872.9001140594482421875000 HTTP/1.1" 200 3658 "-" "WordPress/6.7.2; https://clinicadentalargarate.com"
216.73.217.169 - - [28/Jun/2026:02:01:12 +0200] "GET /pages.php HTTP/1.1" 404 102180 "-" "Mozilla/5.0 AppleWebKit/537.36 (KHTML, like Gecko; compatible; ClaudeBot/1.0; +claudebot@anthropic.com)"
87.98.225.137 - - [28/Jun/2026:02:02:28 +0200] "POST /wp-cron.php?doing_wp_cron=1782604948.6638000011444091796875 HTTP/1.1" 200 3658 "-" "WordPress/6.7.2; https://clinicadentalargarate.com"
216.73.217.169 - - [28/Jun/2026:02:02:28 +0200] "GET / HTTP/1.1" 200 36390 "-" "Mozilla/5.0 AppleWebKit/537.36 (KHTML, like Gecko; compatible; ClaudeBot/1.0; +claudebot@anthropic.com)"
87.98.225.137 - - [28/Jun/2026:02:02:52 +0200] "POST /wp-cron.php?doing_wp_cron=1782604972.2992670536041259765625 HTTP/1.1" 200 3658 "-" "WordPress/6.7.2; https://clinicadentalargarate.com"
155.254.17.105 - - [28/Jun/2026:02:02:52 +0200] "GET /wp-login.php HTTP/1.1" 200 6743 "-" "Mozilla/5.0 (X11; Linux i686) AppleWebKit/537.36 (KHTML, like Gecko) Chrome/133.0.0.0 Safari/537.36"
87.98.225.137 - - [28/Jun/2026:02:02:52 +0200] "POST /wp-cron.php?doing_wp_cron=1782604972.9576220512390136718750 HTTP/1.1" 200 3658 "-" "WordPress/6.7.2; https://clinicadentalargarate.com"
155.254.17.105 - - [28/Jun/2026:02:02:52 +0200] "POST /wp-login.php HTTP/1.1" 200 3502 "https://clinicadentalargarate.com/wp-login.php" "Mozilla/5.0 (X11; Linux i686) AppleWebKit/537.36 (KHTML, like Gecko) Chrome/133.0.0.0 Safari/537.36"
87.98.225.137 - - [28/Jun/2026:02:05:20 +0200] "POST /wp-cron.php?doing_wp_cron=1782605120.4173491001129150390625 HTTP/1.1" 200 3658 "-" "WordPress/6.7.2; https://clinicadentalargarate.com"
43.153.123.3 - - [28/Jun/2026:02:05:20 +0200] "GET /tratamientos/periodoncia/ HTTP/1.1" 200 28076 "-" "Mozilla/5.0 (iPhone; CPU iPhone OS 13_2_3 like Mac OS X) AppleWebKit/605.1.15 (KHTML, like Gecko) Version/13.0.3 Mobile/15E148 Safari/604.1"
87.98.225.137 - - [28/Jun/2026:02:05:26 +0200] "POST /wp-cron.php?doing_wp_cron=1782605126.1748080253601074218750 HTTP/1.1" 200 3658 "-" "WordPress/6.7.2; https://clinicadentalargarate.com"
131.72.236.123 - - [28/Jun/2026:02:05:26 +0200] "GET /wp-login.php HTTP/1.1" 200 6743 "-" "Mozilla/5.0 (X11; CrOS x86_64 14541.0.0) AppleWebKit/537.36 (KHTML, like Gecko) Chrome/133.0.0.0 Safari/537.36"
87.98.225.137 - - [28/Jun/2026:02:05:26 +0200] "POST /wp-cron.php?doing_wp_cron=1782605126.7847859859466552734375 HTTP/1.1" 200 3658 "-" "WordPress/6.7.2; https://clinicadentalargarate.com"
131.72.236.123 - - [28/Jun/2026:02:05:26 +0200] "POST /wp-login.php HTTP/1.1" 200 3499 "https://clinicadentalargarate.com/wp-login.php" "Mozilla/5.0 (X11; CrOS x86_64 14541.0.0) AppleWebKit/537.36 (KHTML, like Gecko) Chrome/133.0.0.0 Safari/537.36"
87.98.225.137 - - [28/Jun/2026:02:05:32 +0200] "POST /wp-cron.php?doing_wp_cron=1782605132.8838028907775878906250 HTTP/1.1" 200 3658 "-" "WordPress/6.7.2; https://clinicadentalargarate.com"
15.235.66.151 - - [28/Jun/2026:02:05:32 +0200] "GET /wp-login.php HTTP/1.1" 200 6743 "-" "Mozilla/5.0 (X11; Ubuntu; Linux x86_64) AppleWebKit/537.36 (KHTML, like Gecko) Chrome/133.0.0.0 Safari/537.36"
87.98.225.137 - - [28/Jun/2026:02:05:33 +0200] "POST /wp-cron.php?doing_wp_cron=1782605133.2450509071350097656250 HTTP/1.1" 200 3658 "-" "WordPress/6.7.2; https://clinicadentalargarate.com"
15.235.66.151 - - [28/Jun/2026:02:05:33 +0200] "POST /wp-login.php HTTP/1.1" 200 3500 "https://clinicadentalargarate.com/wp-login.php" "Mozilla/5.0 (X11; Ubuntu; Linux x86_64) AppleWebKit/537.36 (KHTML, like Gecko) Chrome/133.0.0.0 Safari/537.36"
87.98.225.137 - - [28/Jun/2026:02:08:28 +0200] "POST /wp-cron.php?doing_wp_cron=1782605308.9409339427947998046875 HTTP/1.1" 200 3658 "-" "WordPress/6.7.2; https://clinicadentalargarate.com"
198.46.211.159 - - [28/Jun/2026:02:08:28 +0200] "GET /wp-login.php HTTP/1.1" 200 6743 "-" "Mozilla/5.0 (Windows NT 10.0; Win64; x64) AppleWebKit/537.36 (KHTML, like Gecko) Chrome/120.0.0.0 Safari/537.36"
198.46.211.159 - - [28/Jun/2026:02:08:29 +0200] "POST /wp-login.php HTTP/1.1" 200 3500 "https://clinicadentalargarate.com/wp-login.php" "Mozilla/5.0 (Windows NT 10.0; Win64; x64) AppleWebKit/537.36 (KHTML, like Gecko) Chrome/120.0.0.0 Safari/537.36"
87.98.225.137 - - [28/Jun/2026:02:13:10 +0200] "POST /wp-cron.php?doing_wp_cron=1782605590.1555199623107910156250 HTTP/1.1" 200 3658 "-" "WordPress/6.7.2; https://clinicadentalargarate.com"
103.82.195.111 - - [28/Jun/2026:02:13:10 +0200] "GET /wp-login.php HTTP/1.1" 200 6743 "-" "Mozilla/5.0 (Windows NT 10.0; WOW64) AppleWebKit/537.36 (KHTML, like Gecko) Chrome/133.0.0.0 Safari/537.36"
87.98.225.137 - - [28/Jun/2026:02:13:10 +0200] "POST /wp-cron.php?doing_wp_cron=1782605590.7955520153045654296875 HTTP/1.1" 200 3658 "-" "WordPress/6.7.2; https://clinicadentalargarate.com"
103.82.195.111 - - [28/Jun/2026:02:13:10 +0200] "POST /wp-login.php HTTP/1.1" 200 3502 "https://clinicadentalargarate.com/wp-login.php" "Mozilla/5.0 (Windows NT 10.0; WOW64) AppleWebKit/537.36 (KHTML, like Gecko) Chrome/133.0.0.0 Safari/537.36"
13.220.224.38 - - [28/Jun/2026:02:13:35 +0200] "GET /ortodoncia/como-elegir-tu-tratamiento-de-ortodoncia/ HTTP/1.1" 200 28558 "-" "Mozilla/5.0 (Windows NT 10.0; Win64; x64) AppleWebKit/537.36 (KHTML, like Gecko) Chrome/86.0.4240.75 Safari/537.36"
87.98.225.137 - - [28/Jun/2026:02:13:35 +0200] "POST /wp-cron.php?doing_wp_cron=1782605615.8069510459899902343750 HTTP/1.1" 200 3658 "-" "WordPress/6.7.2; https://clinicadentalargarate.com"
87.98.225.137 - - [28/Jun/2026:02:13:36 +0200] "POST /wp-cron.php?doing_wp_cron=1782605615.8069870471954345703125 HTTP/1.1" 200 3658 "-" "WordPress/6.7.2; https://clinicadentalargarate.com"
13.220.224.38 - - [28/Jun/2026:02:13:35 +0200] "GET /blog/een-blik-op-de-klantenservice-van-casino-peaches/ HTTP/1.1" 500 6586 "-" "Mozilla/5.0 (Windows NT 10.0; Win64; x64) AppleWebKit/537.36 (KHTML, like Gecko) Chrome/86.0.4240.75 Safari/537.36"
13.220.224.38 - - [28/Jun/2026:02:13:35 +0200] "GET /?page_id=1093 HTTP/1.1" 404 105598 "-" "Mozilla/5.0 (Windows NT 10.0; Win64; x64) AppleWebKit/537.36 (KHTML, like Gecko) Chrome/86.0.4240.75 Safari/537.36"
13.220.224.38 - - [28/Jun/2026:02:13:35 +0200] "GET /blog/een-overzicht-van-de-betalingsopties-bij-love-casino-2/ HTTP/1.1" 500 6586 "-" "Mozilla/5.0 (Windows NT 10.0; Win64; x64) AppleWebKit/537.36 (KHTML, like Gecko) Chrome/86.0.4240.75 Safari/537.36"
13.220.224.38 - - [28/Jun/2026:02:13:35 +0200] "GET /blog/wat-maakt-cusco-casino-zo-bijzonder/ HTTP/1.1" 500 6586 "-" "Mozilla/5.0 (Windows NT 10.0; Win64; x64) AppleWebKit/537.36 (KHTML, like Gecko) Chrome/86.0.4240.75 Safari/537.36"
87.98.225.137 - - [28/Jun/2026:02:13:47 +0200] "POST /wp-cron.php?doing_wp_cron=1782605627.1549980640411376953125 HTTP/1.1" 200 3658 "-" "WordPress/6.7.2; https://clinicadentalargarate.com"
13.220.224.38 - - [28/Jun/2026:02:13:47 +0200] "GET /blog/spin-million-casino-comment-recuperer-un-compte-bloque-simplement/ HTTP/1.1" 500 3570 "-" "Mozilla/5.0 (Windows NT 10.0; Win64; x64) AppleWebKit/537.36 (KHTML, like Gecko) Chrome/86.0.4240.75 Safari/537.36"
87.98.225.137 - - [28/Jun/2026:02:13:47 +0200] "POST /wp-cron.php?doing_wp_cron=1782605627.4182550907135009765625 HTTP/1.1" 200 3658 "-" "WordPress/6.7.2; https://clinicadentalargarate.com"
13.220.224.38 - - [28/Jun/2026:02:13:47 +0200] "GET /blog/peut-on-faire-confiance-aux-avis-joueurs-sur-winbet-casino/ HTTP/1.1" 500 3570 "-" "Mozilla/5.0 (Windows NT 10.0; Win64; x64) AppleWebKit/537.36 (KHTML, like Gecko) Chrome/86.0.4240.75 Safari/537.36"
13.220.224.38 - - [28/Jun/2026:02:13:47 +0200] "GET /blog/quels-sont-les-petits-plus-des-offres-cashed-casino-qui-font-la-difference/ HTTP/1.1" 500 3570 "-" "Mozilla/5.0 (Windows NT 10.0; Win64; x64) AppleWebKit/537.36 (KHTML, like Gecko) Chrome/86.0.4240.75 Safari/537.36"
87.98.225.137 - - [28/Jun/2026:02:13:58 +0200] "POST /wp-cron.php?doing_wp_cron=1782605638.2342998981475830078125 HTTP/1.1" 200 3658 "-" "WordPress/6.7.2; https://clinicadentalargarate.com"
13.220.224.38 - - [28/Jun/2026:02:13:58 +0200] "GET /blog/een-eerlijke-blik-op-de-inzetvereisten-van-revery-play-casino/ HTTP/1.1" 500 3570 "-" "Mozilla/5.0 (Windows NT 10.0; Win64; x64) AppleWebKit/537.36 (KHTML, like Gecko) Chrome/86.0.4240.75 Safari/537.36"
87.98.225.137 - - [28/Jun/2026:02:13:58 +0200] "POST /wp-cron.php?doing_wp_cron=1782605638.4520869255065917968750 HTTP/1.1" 200 3658 "-" "WordPress/6.7.2; https://clinicadentalargarate.com"
13.220.224.38 - - [28/Jun/2026:02:13:58 +0200] "GET /blog/quels-sont-les-avantages-dutiliser-buran-casino-sur-smartphone/ HTTP/1.1" 500 6586 "-" "Mozilla/5.0 (Windows NT 10.0; Win64; x64) AppleWebKit/537.36 (KHTML, like Gecko) Chrome/86.0.4240.75 Safari/537.36"
13.220.224.38 - - [28/Jun/2026:02:13:58 +0200] "GET /blog/nv-casino-offre-t-il-des-solutions-rapides-pour-la-verification-didentite/ HTTP/1.1" 500 6586 "-" "Mozilla/5.0 (Windows NT 10.0; Win64; x64) AppleWebKit/537.36 (KHTML, like Gecko) Chrome/86.0.4240.75 Safari/537.36"
13.220.224.38 - - [28/Jun/2026:02:13:58 +0200] "GET /blog/b7-casinos-maak-een-impact-in-de-online-gaming-markt/ HTTP/1.1" 500 3570 "-" "Mozilla/5.0 (Windows NT 10.0; Win64; x64) AppleWebKit/537.36 (KHTML, like Gecko) Chrome/86.0.4240.75 Safari/537.36"
13.220.224.38 - - [28/Jun/2026:02:13:58 +0200] "GET /blog/hoe-kaasino-casino-klanttevredenheid-garandeert/ HTTP/1.1" 500 6586 "-" "Mozilla/5.0 (Windows NT 10.0; Win64; x64) AppleWebKit/537.36 (KHTML, like Gecko) Chrome/86.0.4240.75 Safari/537.36"
87.98.225.137 - - [28/Jun/2026:02:14:09 +0200] "POST /wp-cron.php?doing_wp_cron=1782605649.2899041175842285156250 HTTP/1.1" 200 3658 "-" "WordPress/6.7.2; https://clinicadentalargarate.com"
13.220.224.38 - - [28/Jun/2026:02:14:09 +0200] "GET /blog/is-kaasino-casino-geschikt-voor-high-rollers/ HTTP/1.1" 500 3570 "-" "Mozilla/5.0 (Windows NT 10.0; Win64; x64) AppleWebKit/537.36 (KHTML, like Gecko) Chrome/86.0.4240.75 Safari/537.36"
87.98.225.137 - - [28/Jun/2026:02:14:09 +0200] "POST /wp-cron.php?doing_wp_cron=1782605649.6114139556884765625000 HTTP/1.1" 200 3658 "-" "WordPress/6.7.2; https://clinicadentalargarate.com"
13.220.224.38 - - [28/Jun/2026:02:14:09 +0200] "GET /tratamientos/estetica-dental/ HTTP/1.1" 200 28381 "-" "Mozilla/5.0 (Windows NT 10.0; Win64; x64) AppleWebKit/537.36 (KHTML, like Gecko) Chrome/86.0.4240.75 Safari/537.36"
13.220.224.38 - - [28/Jun/2026:02:14:09 +0200] "GET /tratamientos/estetica-dental/blanqueamiento-dental/ HTTP/1.1" 200 25112 "-" "Mozilla/5.0 (Windows NT 10.0; Win64; x64) AppleWebKit/537.36 (KHTML, like Gecko) Chrome/86.0.4240.75 Safari/537.36"
13.220.224.38 - - [28/Jun/2026:02:14:09 +0200] "GET /blog/de-bijzondere-aanpak-van-klantenservice-bij-nv-casino/ HTTP/1.1" 500 3570 "-" "Mozilla/5.0 (Windows NT 10.0; Win64; x64) AppleWebKit/537.36 (KHTML, like Gecko) Chrome/86.0.4240.75 Safari/537.36"
13.220.224.38 - - [28/Jun/2026:02:14:09 +0200] "GET /tratamientos/estetica-dental/carillas-dentales/ HTTP/1.1" 200 26826 "-" "Mozilla/5.0 (Windows NT 10.0; Win64; x64) AppleWebKit/537.36 (KHTML, like Gecko) Chrome/86.0.4240.75 Safari/537.36"
87.98.225.137 - - [28/Jun/2026:02:14:20 +0200] "POST /wp-cron.php?doing_wp_cron=1782605660.3703019618988037109375 HTTP/1.1" 200 3658 "-" "WordPress/6.7.2; https://clinicadentalargarate.com"
13.220.224.38 - - [28/Jun/2026:02:14:20 +0200] "GET /blog/casino-intense-offre-t-il-un-bonus-anniversaire-pour-ses-membres/ HTTP/1.1" 500 6586 "-" "Mozilla/5.0 (Windows NT 10.0; Win64; x64) AppleWebKit/537.36 (KHTML, like Gecko) Chrome/86.0.4240.75 Safari/537.36"
13.220.224.38 - - [28/Jun/2026:02:14:20 +0200] "GET /aviso-legal/ HTTP/1.1" 200 31523 "-" "Mozilla/5.0 (Windows NT 10.0; Win64; x64) AppleWebKit/537.36 (KHTML, like Gecko) Chrome/86.0.4240.75 Safari/537.36"
13.220.224.38 - - [28/Jun/2026:02:14:20 +0200] "GET /tratamientos/implantes-dentales/ HTTP/1.1" 200 31867 "-" "Mozilla/5.0 (Windows NT 10.0; Win64; x64) AppleWebKit/537.36 (KHTML, like Gecko) Chrome/86.0.4240.75 Safari/537.36"
87.98.225.137 - - [28/Jun/2026:02:15:25 +0200] "POST /wp-cron.php?doing_wp_cron=1782605725.2744350433349609375000 HTTP/1.1" 200 3658 "-" "WordPress/6.7.2; https://clinicadentalargarate.com"
45.61.130.166 - - [28/Jun/2026:02:15:25 +0200] "GET /wp-panel.php HTTP/1.1" 404 105597 "-" "Mozilla/5.0 (compatible; WPSiteAudit/1.0)"
87.98.225.137 - - [28/Jun/2026:02:15:39 +0200] "POST /wp-cron.php?doing_wp_cron=1782605739.1573019027709960937500 HTTP/1.1" 200 3658 "-" "WordPress/6.7.2; https://clinicadentalargarate.com"
104.244.124.135 - - [28/Jun/2026:02:15:39 +0200] "GET /wp-login.php HTTP/1.1" 200 6743 "-" "Mozilla/5.0 (X11; Ubuntu; Linux x86_64) AppleWebKit/537.36 (KHTML, like Gecko) Chrome/133.0.0.0 Safari/537.36"
87.98.225.137 - - [28/Jun/2026:02:15:39 +0200] "POST /wp-cron.php?doing_wp_cron=1782605739.5921859741210937500000 HTTP/1.1" 200 3658 "-" "WordPress/6.7.2; https://clinicadentalargarate.com"
104.244.124.135 - - [28/Jun/2026:02:15:39 +0200] "POST /wp-login.php HTTP/1.1" 200 3499 "https://clinicadentalargarate.com/wp-login.php" "Mozilla/5.0 (X11; Ubuntu; Linux x86_64) AppleWebKit/537.36 (KHTML, like Gecko) Chrome/133.0.0.0 Safari/537.36"
87.98.225.137 - - [28/Jun/2026:02:15:57 +0200] "POST /wp-cron.php?doing_wp_cron=1782605757.4780609607696533203125 HTTP/1.1" 200 3658 "-" "WordPress/6.7.2; https://clinicadentalargarate.com"
170.106.72.178 - - [28/Jun/2026:02:15:57 +0200] "GET /aviso-legal/ HTTP/1.1" 200 31472 "-" "Mozilla/5.0 (iPhone; CPU iPhone OS 13_2_3 like Mac OS X) AppleWebKit/605.1.15 (KHTML, like Gecko) Version/13.0.3 Mobile/15E148 Safari/604.1"
87.98.225.137 - - [28/Jun/2026:02:16:58 +0200] "POST /wp-cron.php?doing_wp_cron=1782605818.9450490474700927734375 HTTP/1.1" 200 3658 "-" "WordPress/6.7.2; https://clinicadentalargarate.com"
31.14.99.66 - - [28/Jun/2026:02:16:58 +0200] "GET /wp-login.php HTTP/1.1" 200 6743 "-" "Mozilla/5.0 (Windows NT 10.0; Win64; x64; rv:133.0) Gecko/20100101 Firefox/133.0"
31.14.99.66 - - [28/Jun/2026:02:16:59 +0200] "POST /wp-login.php HTTP/1.1" 200 3500 "https://clinicadentalargarate.com/wp-login.php" "Mozilla/5.0 (Windows NT 10.0; Win64; x64; rv:133.0) Gecko/20100101 Firefox/133.0"
45.61.130.166 - - [28/Jun/2026:02:17:42 +0200] "GET /wp-includes/html-api/html5-named-character-token.php?kk=8185591&connect=1 HTTP/1.1" 403 3869 "-" "Mozilla/5.0 (compatible; WPSiteAudit/1.0)"
87.98.225.137 - - [28/Jun/2026:02:17:42 +0200] "POST /wp-cron.php?doing_wp_cron=1782605862.6396079063415527343750 HTTP/1.1" 200 3658 "-" "WordPress/6.7.2; https://clinicadentalargarate.com"
45.61.130.166 - - [28/Jun/2026:02:17:42 +0200] "GET /wp-content/drop-ins/index.php?kk=8185591&connect=1 HTTP/1.1" 301 3807 "-" "Mozilla/5.0 (compatible; WPSiteAudit/1.0)"
45.61.130.166 - - [28/Jun/2026:02:17:42 +0200] "GET /wp-content/plugins/woocommerce-addons/vendor/composer/platform_config.php HTTP/1.1" 404 105597 "-" "Mozilla/5.0 (compatible; WPSiteAudit/1.0)"
87.98.225.137 - - [28/Jun/2026:02:17:44 +0200] "POST /wp-cron.php?doing_wp_cron=1782605864.3975698947906494140625 HTTP/1.1" 200 281 "-" "WordPress/6.7.2; https://clinicadentalargarate.com"
46.151.182.58 - - [28/Jun/2026:02:17:44 +0200] "GET / HTTP/1.1" 301 268 "-" "-"
87.98.225.137 - - [28/Jun/2026:02:17:46 +0200] "POST /wp-cron.php?doing_wp_cron=1782605866.0325670242309570312500 HTTP/1.1" 200 3658 "-" "WordPress/6.7.2; https://clinicadentalargarate.com"
46.151.182.58 - - [28/Jun/2026:02:17:45 +0200] "GET / HTTP/1.1" 200 153336 "-" "-"
87.98.225.137 - - [28/Jun/2026:02:17:46 +0200] "POST /wp-cron.php?doing_wp_cron=1782605866.6490480899810791015625 HTTP/1.1" 200 3658 "-" "WordPress/6.7.2; https://clinicadentalargarate.com"
46.151.182.58 - - [28/Jun/2026:02:17:46 +0200] "GET /wp-admin/install.php HTTP/1.1" 200 1669 "-" "-"
46.151.182.58 - - [28/Jun/2026:02:17:46 +0200] "GET /wp-admin/setup-config.php HTTP/1.1" 500 2941 "-" "-"
87.98.225.137 - - [28/Jun/2026:02:18:05 +0200] "POST /wp-cron.php?doing_wp_cron=1782605885.8753681182861328125000 HTTP/1.1" 200 3658 "-" "WordPress/6.7.2; https://clinicadentalargarate.com"
87.106.67.224 - - [28/Jun/2026:02:18:05 +0200] "GET /wp-login.php HTTP/1.1" 200 6743 "-" "Mozilla/5.0 (Macintosh; Intel Mac OS X 14_7_4) AppleWebKit/537.36 (KHTML, like Gecko) Chrome/133.0.0.0 Safari/537.36"
87.98.225.137 - - [28/Jun/2026:02:18:09 +0200] "POST /wp-cron.php?doing_wp_cron=1782605889.0520420074462890625000 HTTP/1.1" 200 3658 "-" "WordPress/6.7.2; https://clinicadentalargarate.com"
87.106.67.224 - - [28/Jun/2026:02:18:08 +0200] "POST /wp-login.php HTTP/1.1" 200 3527 "https://clinicadentalargarate.com/wp-login.php" "Mozilla/5.0 (Macintosh; Intel Mac OS X 14_7_4) AppleWebKit/537.36 (KHTML, like Gecko) Chrome/133.0.0.0 Safari/537.36"
87.98.225.137 - - [28/Jun/2026:02:18:22 +0200] "POST /wp-cron.php?doing_wp_cron=1782605902.3172199726104736328125 HTTP/1.1" 200 3658 "-" "WordPress/6.7.2; https://clinicadentalargarate.com"
209.42.21.221 - - [28/Jun/2026:02:18:22 +0200] "GET /wp-login.php HTTP/1.1" 200 6743 "-" "Mozilla/5.0 (Windows NT 10.0; Win64; x64) AppleWebKit/537.36 (KHTML, like Gecko) Chrome/120.0.0.0 Safari/537.36"
209.42.21.221 - - [28/Jun/2026:02:18:22 +0200] "POST /wp-login.php HTTP/1.1" 200 3499 "https://clinicadentalargarate.com/wp-login.php" "Mozilla/5.0 (Windows NT 10.0; Win64; x64) AppleWebKit/537.36 (KHTML, like Gecko) Chrome/120.0.0.0 Safari/537.36"
87.98.225.137 - - [28/Jun/2026:02:19:48 +0200] "POST /wp-cron.php?doing_wp_cron=1782605988.0992159843444824218750 HTTP/1.1" 200 3658 "-" "WordPress/6.7.2; https://clinicadentalargarate.com"
45.61.130.166 - - [28/Jun/2026:02:19:47 +0200] "GET /wp-content/drop-ins/?kk=8185591&connect=1 HTTP/1.1" 404 105597 "-" "Mozilla/5.0 (compatible; WPSiteAudit/1.0)"
66.249.76.40 - - [28/Jun/2026:02:22:44 +0200] "GET /wp-content/uploads/2018/01/implantes-baratos-donostia.jpg HTTP/1.1" 304 3618 "-" "Googlebot-Image/1.0"
87.98.225.137 - - [28/Jun/2026:02:23:31 +0200] "POST /wp-cron.php?doing_wp_cron=1782606211.7811338901519775390625 HTTP/1.1" 200 3658 "-" "WordPress/6.7.2; https://clinicadentalargarate.com"
103.74.116.239 - - [28/Jun/2026:02:23:31 +0200] "GET /wp-login.php HTTP/1.1" 200 6743 "-" "Mozilla/5.0 (X11; Linux x86_64) AppleWebKit/537.36 (KHTML, like Gecko) Chrome/133.0.0.0 Safari/537.36 Edg/133.0.0.0"
87.98.225.137 - - [28/Jun/2026:02:23:32 +0200] "POST /wp-cron.php?doing_wp_cron=1782606212.7620840072631835937500 HTTP/1.1" 200 3658 "-" "WordPress/6.7.2; https://clinicadentalargarate.com"
103.74.116.239 - - [28/Jun/2026:02:23:32 +0200] "POST /wp-login.php HTTP/1.1" 200 3500 "https://clinicadentalargarate.com/wp-login.php" "Mozilla/5.0 (X11; Linux x86_64) AppleWebKit/537.36 (KHTML, like Gecko) Chrome/133.0.0.0 Safari/537.36 Edg/133.0.0.0"
87.98.225.137 - - [28/Jun/2026:02:25:00 +0200] "POST /wp-cron.php?doing_wp_cron=1782606300.5018029212951660156250 HTTP/1.1" 200 3658 "-" "WordPress/6.7.2; https://clinicadentalargarate.com"
45.175.84.131 - - [28/Jun/2026:02:25:00 +0200] "GET /tratamientos/dentista-ninos-odontopediatra/ HTTP/1.1" 200 27870 "-" "Mozilla/5.0 (Macintosh; Intel Mac OS X 11_2_1) AppleWebKit/537.36 (KHTML, like Gecko) Chrome/89.0.4389.90 Safari/537.36"
87.98.225.137 - - [28/Jun/2026:02:25:57 +0200] "POST /wp-cron.php?doing_wp_cron=1782606357.4812660217285156250000 HTTP/1.1" 200 3658 "-" "WordPress/6.7.2; https://clinicadentalargarate.com"
170.106.180.246 - - [28/Jun/2026:02:25:57 +0200] "GET /blog/pistolo-casinos-uitstekende-klantenservice-en-support/ HTTP/1.1" 500 6570 "-" "Mozilla/5.0 (iPhone; CPU iPhone OS 13_2_3 like Mac OS X) AppleWebKit/605.1.15 (KHTML, like Gecko) Version/13.0.3 Mobile/15E148 Safari/604.1"
114.119.135.143 - - [28/Jun/2026:02:26:07 +0200] "GET /robots.txt HTTP/1.1" 200 3810 "https://clinicadentalargarate.com/robots.txt" "Mozilla/5.0 (Windows NT 10.0; Win64; x64) AppleWebKit/537.36 (KHTML, like Gecko) Chrome/148.0.0.0 Safari/537.36"
87.98.225.137 - - [28/Jun/2026:02:26:46 +0200] "POST /wp-cron.php?doing_wp_cron=1782606406.6081318855285644531250 HTTP/1.1" 200 3658 "-" "WordPress/6.7.2; https://clinicadentalargarate.com"
198.244.240.166 - - [28/Jun/2026:02:26:46 +0200] "GET /?sitemap300.xml HTTP/1.1" 301 3660 "-" "Mozilla/5.0 (compatible; AhrefsBot/7.0; +http://ahrefs.com/robot/)"
198.244.240.166 - - [28/Jun/2026:02:26:46 +0200] "GET /?sitemap300_xml HTTP/1.1" 200 36364 "-" "Mozilla/5.0 (compatible; AhrefsBot/7.0; +http://ahrefs.com/robot/)"
87.98.225.137 - - [28/Jun/2026:02:27:31 +0200] "POST /wp-cron.php?doing_wp_cron=1782606451.5663158893585205078125 HTTP/1.1" 200 3658 "-" "WordPress/6.7.2; https://clinicadentalargarate.com"
74.208.59.251 - - [28/Jun/2026:02:27:31 +0200] "GET /wp-login.php HTTP/1.1" 200 6743 "-" "Mozilla/5.0 (X11; Linux i686) AppleWebKit/537.36 (KHTML, like Gecko) Chrome/133.0.0.0 Safari/537.36"
87.98.225.137 - - [28/Jun/2026:02:27:31 +0200] "POST /wp-cron.php?doing_wp_cron=1782606451.9473700523376464843750 HTTP/1.1" 200 3658 "-" "WordPress/6.7.2; https://clinicadentalargarate.com"
74.208.59.251 - - [28/Jun/2026:02:27:31 +0200] "POST /wp-login.php HTTP/1.1" 200 3500 "https://clinicadentalargarate.com/wp-login.php" "Mozilla/5.0 (X11; Linux i686) AppleWebKit/537.36 (KHTML, like Gecko) Chrome/133.0.0.0 Safari/537.36"
87.98.225.137 - - [28/Jun/2026:02:28:26 +0200] "POST /wp-cron.php?doing_wp_cron=1782606506.9384670257568359375000 HTTP/1.1" 200 3658 "-" "WordPress/6.7.2; https://clinicadentalargarate.com"
97.74.88.143 - - [28/Jun/2026:02:28:26 +0200] "GET /wp-login.php HTTP/1.1" 200 6743 "-" "Mozilla/5.0 (Windows NT 10.0; WOW64) AppleWebKit/537.36 (KHTML, like Gecko) Chrome/133.0.0.0 Safari/537.36"
