66.249.93.7 - - [29/Jun/2026:13:53:55 +0200] "GET /.well-known/traffic-advice HTTP/1.1" 404 105582 "-" "Chrome Privacy Preserving Prefetch Proxy"
162.120.188.216 - - [29/Jun/2026:13:53:56 +0200] "GET / HTTP/1.1" 200 36395 "https://www.google.com/" "Mozilla/5.0 (Macintosh; Intel Mac OS X 10_15_7) AppleWebKit/537.36 (KHTML, like Gecko) Chrome/148.0.0.0 Safari/537.36"
87.98.225.137 - - [29/Jun/2026:13:55:08 +0200] "POST /wp-cron.php?doing_wp_cron=1782734108.2966101169586181640625 HTTP/1.1" 200 3658 "-" "WordPress/6.7.2; https://clinicadentalargarate.com"
51.89.129.0 - - [29/Jun/2026:13:55:08 +0200] "GET /?sitemap300.xml HTTP/1.1" 301 3660 "-" "Mozilla/5.0 (compatible; AhrefsBot/7.0; +http://ahrefs.com/robot/)"
51.89.129.0 - - [29/Jun/2026:13:55:08 +0200] "GET /?sitemap300_xml HTTP/1.1" 200 36363 "-" "Mozilla/5.0 (compatible; AhrefsBot/7.0; +http://ahrefs.com/robot/)"
37.230.76.194 - - [29/Jun/2026:13:55:35 +0200] "POST /xmlrpc.php HTTP/1.1" 403 3869 "https://clinicadentalargarate.com/xmlrpc.php" "Mozilla/5.0 (Windows NT 10.0; Win64; x64) AppleWebKit/537.36 (KHTML, like Gecko) Chrome/132.0.0.0 Safari/537.36"
70.29.166.99 - - [29/Jun/2026:13:55:39 +0200] "POST /xmlrpc.php HTTP/1.1" 403 3885 "https://clinicadentalargarate.com/xmlrpc.php" "Mozilla/5.0 (Windows NT 10.0; Win64; x64) AppleWebKit/537.36 (KHTML, like Gecko) Chrome/132.0.0.0 Safari/537.36"
176.36.152.250 - - [29/Jun/2026:13:56:00 +0200] "POST /xmlrpc.php HTTP/1.1" 403 3885 "https://clinicadentalargarate.com/xmlrpc.php" "Mozilla/5.0 (Windows NT 10.0; Win64; x64) AppleWebKit/537.36 (KHTML, like Gecko) Chrome/130.0.0.0 Safari/537.36"
87.98.225.137 - - [29/Jun/2026:13:56:02 +0200] "POST /wp-cron.php?doing_wp_cron=1782734162.1311750411987304687500 HTTP/1.1" 200 3658 "-" "WordPress/6.7.2; https://clinicadentalargarate.com"
85.139.94.231 - - [29/Jun/2026:13:56:02 +0200] "POST /wp/xmlrpc.php HTTP/1.1" 404 105597 "https://clinicadentalargarate.com/xmlrpc.php" "Mozilla/5.0 (Windows NT 10.0; Win64; x64) AppleWebKit/537.36 (KHTML, like Gecko) Chrome/130.0.0.0 Safari/537.36"
87.98.225.137 - - [29/Jun/2026:13:56:03 +0200] "POST /wp-cron.php?doing_wp_cron=1782734163.8739979267120361328125 HTTP/1.1" 200 281 "-" "WordPress/6.7.2; https://clinicadentalargarate.com"
148.71.17.93 - - [29/Jun/2026:13:56:03 +0200] "POST /wp/xmlrpc.php HTTP/1.1" 404 101434 "https://clinicadentalargarate.com/xmlrpc.php" "Mozilla/5.0 (Windows NT 10.0; Win64; x64) AppleWebKit/537.36 (KHTML, like Gecko) Chrome/130.0.0.0 Safari/537.36"
87.98.225.137 - - [29/Jun/2026:13:56:06 +0200] "POST /wp-cron.php?doing_wp_cron=1782734166.4783639907836914062500 HTTP/1.1" 200 3658 "-" "WordPress/6.7.2; https://clinicadentalargarate.com"
109.49.65.196 - - [29/Jun/2026:13:56:06 +0200] "POST /wp/xmlrpc.php HTTP/1.1" 404 105665 "https://clinicadentalargarate.com/xmlrpc.php" "Mozilla/5.0 (Windows NT 10.0; Win64; x64) AppleWebKit/537.36 (KHTML, like Gecko) Chrome/130.0.0.0 Safari/537.36"
87.98.225.137 - - [29/Jun/2026:13:56:09 +0200] "POST /wp-cron.php?doing_wp_cron=1782734169.8722031116485595703125 HTTP/1.1" 200 281 "-" "WordPress/6.7.2; https://clinicadentalargarate.com"
109.50.219.82 - - [29/Jun/2026:13:56:09 +0200] "POST /wp/xmlrpc.php HTTP/1.1" 404 101502 "https://clinicadentalargarate.com/xmlrpc.php" "Mozilla/5.0 (Windows NT 10.0; Win64; x64) AppleWebKit/537.36 (KHTML, like Gecko) Chrome/130.0.0.0 Safari/537.36"
87.98.225.137 - - [29/Jun/2026:13:56:13 +0200] "POST /wp-cron.php?doing_wp_cron=1782734173.9571568965911865234375 HTTP/1.1" 200 3658 "-" "WordPress/6.7.2; https://clinicadentalargarate.com"
24.65.229.178 - - [29/Jun/2026:13:56:13 +0200] "POST /blog/xmlrpc.php HTTP/1.1" 404 105597 "https://clinicadentalargarate.com/xmlrpc.php" "Mozilla/5.0 (Macintosh; Intel Mac OS X 10_15_7) AppleWebKit/537.36 (KHTML, like Gecko) Chrome/131.0.0.0 Safari/537.36"
142.127.4.150 - - [29/Jun/2026:13:56:17 +0200] "POST /blog/xmlrpc.php HTTP/1.1" 400 499 "https://clinicadentalargarate.com/xmlrpc.php" "Mozilla/5.0 (Macintosh; Intel Mac OS X 10_15_7) AppleWebKit/537.36 (KHTML, like Gecko) Chrome/131.0.0.0 Safari/537.36"
87.98.225.137 - - [29/Jun/2026:13:56:17 +0200] "POST /wp-cron.php?doing_wp_cron=1782734177.5243649482727050781250 HTTP/1.1" 200 281 "-" "WordPress/6.7.2; https://clinicadentalargarate.com"
95.108.213.198 - - [29/Jun/2026:13:56:37 +0200] "GET /robots.txt HTTP/1.1" 200 4154 "-" "Mozilla/5.0 (compatible; YandexBot/3.0; +http://yandex.com/bots)"
87.98.225.137 - - [29/Jun/2026:13:56:38 +0200] "POST /wp-cron.php?doing_wp_cron=1782734198.7829170227050781250000 HTTP/1.1" 200 3658 "-" "WordPress/6.7.2; https://clinicadentalargarate.com"
95.108.213.139 - - [29/Jun/2026:13:56:38 +0200] "GET /wp-json/wp/v2/posts/1124 HTTP/1.1" 200 12126 "-" "Mozilla/5.0 (compatible; YandexBot/3.0; +http://yandex.com/bots)"
87.98.225.137 - - [29/Jun/2026:13:57:10 +0200] "POST /wp-cron.php?doing_wp_cron=1782734230.3757290840148925781250 HTTP/1.1" 200 3658 "-" "WordPress/6.7.2; https://clinicadentalargarate.com"
87.120.104.25 - - [29/Jun/2026:13:57:10 +0200] "POST /blog/xmlrpc.php HTTP/1.1" 404 105613 "https://clinicadentalargarate.com/xmlrpc.php" "Mozilla/5.0 (Windows NT 10.0; Win64; x64) AppleWebKit/537.36 (KHTML, like Gecko) Chrome/132.0.0.0 Safari/537.36 Edg/132.0.0.0"
87.98.225.137 - - [29/Jun/2026:13:57:11 +0200] "POST /wp-cron.php?doing_wp_cron=1782734231.6169900894165039062500 HTTP/1.1" 200 281 "-" "WordPress/6.7.2; https://clinicadentalargarate.com"
89.217.110.159 - - [29/Jun/2026:13:57:11 +0200] "POST /blog/xmlrpc.php HTTP/1.1" 404 101434 "https://clinicadentalargarate.com/xmlrpc.php" "Mozilla/5.0 (Windows NT 10.0; Win64; x64) AppleWebKit/537.36 (KHTML, like Gecko) Chrome/132.0.0.0 Safari/537.36 Edg/132.0.0.0"
87.98.225.137 - - [29/Jun/2026:13:57:13 +0200] "POST /wp-cron.php?doing_wp_cron=1782734233.5797729492187500000000 HTTP/1.1" 200 3658 "-" "WordPress/6.7.2; https://clinicadentalargarate.com"
78.174.79.8 - - [29/Jun/2026:13:57:13 +0200] "POST /blog/xmlrpc.php HTTP/1.1" 404 105665 "https://clinicadentalargarate.com/xmlrpc.php" "Mozilla/5.0 (Windows NT 10.0; Win64; x64) AppleWebKit/537.36 (KHTML, like Gecko) Chrome/132.0.0.0 Safari/537.36 Edg/132.0.0.0"
87.98.225.137 - - [29/Jun/2026:13:57:14 +0200] "POST /wp-cron.php?doing_wp_cron=1782734234.8115680217742919921875 HTTP/1.1" 200 281 "-" "WordPress/6.7.2; https://clinicadentalargarate.com"
188.92.22.26 - - [29/Jun/2026:13:57:14 +0200] "POST /blog/xmlrpc.php HTTP/1.1" 404 101502 "https://clinicadentalargarate.com/xmlrpc.php" "Mozilla/5.0 (Windows NT 10.0; Win64; x64) AppleWebKit/537.36 (KHTML, like Gecko) Chrome/132.0.0.0 Safari/537.36 Edg/132.0.0.0"
87.98.225.137 - - [29/Jun/2026:13:57:29 +0200] "POST /wp-cron.php?doing_wp_cron=1782734249.3273611068725585937500 HTTP/1.1" 200 3658 "-" "WordPress/6.7.2; https://clinicadentalargarate.com"
2.134.26.113 - - [29/Jun/2026:13:57:29 +0200] "POST /wordpress/xmlrpc.php HTTP/1.1" 404 105613 "https://clinicadentalargarate.com/xmlrpc.php" "Mozilla/5.0 (Macintosh; Intel Mac OS X 10_15_7) AppleWebKit/537.36 (KHTML, like Gecko) Chrome/131.0.0.0 Safari/537.36"
87.98.225.137 - - [29/Jun/2026:14:01:00 +0200] "POST /wp-cron.php?doing_wp_cron=1782734460.1564431190490722656250 HTTP/1.1" 200 3658 "-" "WordPress/6.7.2; https://clinicadentalargarate.com"
216.73.217.169 - - [29/Jun/2026:14:01:00 +0200] "GET / HTTP/1.1" 200 36360 "-" "Mozilla/5.0 AppleWebKit/537.36 (KHTML, like Gecko; compatible; ClaudeBot/1.0; +claudebot@anthropic.com)"
87.98.225.137 - - [29/Jun/2026:14:02:21 +0200] "POST /wp-cron.php?doing_wp_cron=1782734541.4315030574798583984375 HTTP/1.1" 200 3658 "-" "WordPress/6.7.2; https://clinicadentalargarate.com"
172.98.32.110 - - [29/Jun/2026:14:02:21 +0200] "POST /wp-login.php HTTP/1.1" 200 6682 "-" "Mozilla/5.0 (Windows NT 10.0; Win64; rv:143.0) Gecko/20100101 Firefox/143.0"
87.98.225.137 - - [29/Jun/2026:14:02:21 +0200] "POST /wp-cron.php?doing_wp_cron=1782734541.4314351081848144531250 HTTP/1.1" 200 3658 "-" "WordPress/6.7.2; https://clinicadentalargarate.com"
45.132.227.76 - - [29/Jun/2026:14:02:21 +0200] "POST /wp-login.php HTTP/1.1" 200 6680 "-" "Mozilla/5.0 (Windows NT 10.0; Win64; x64) AppleWebKit/537.36 Chrome/129.0.0.0 Safari/537.36"
87.98.225.137 - - [29/Jun/2026:14:02:21 +0200] "POST /wp-cron.php?doing_wp_cron=1782734541.4318170547485351562500 HTTP/1.1" 200 3658 "-" "WordPress/6.7.2; https://clinicadentalargarate.com"
87.98.225.137 - - [29/Jun/2026:14:02:21 +0200] "POST /wp-cron.php?doing_wp_cron=1782734541.4314351081848144531250 HTTP/1.1" 200 3658 "-" "WordPress/6.7.2; https://clinicadentalargarate.com"
172.98.32.209 - - [29/Jun/2026:14:02:21 +0200] "POST /wp-login.php HTTP/1.1" 200 6681 "-" "Mozilla/5.0 (Windows NT 10.0; Win64; rv:143.0) Gecko/20100101 Firefox/143.0"
87.98.225.137 - - [29/Jun/2026:14:02:21 +0200] "POST /wp-cron.php?doing_wp_cron=1782734541.4321489334106445312500 HTTP/1.1" 200 3658 "-" "WordPress/6.7.2; https://clinicadentalargarate.com"
45.132.227.83 - - [29/Jun/2026:14:02:21 +0200] "POST /wp-login.php HTTP/1.1" 200 6707 "-" "Mozilla/5.0 (Windows NT 10.0; Win64; x64) AppleWebKit/537.36 Chrome/129.0.0.0 Safari/537.36"
45.132.227.73 - - [29/Jun/2026:14:02:21 +0200] "POST /wp-login.php HTTP/1.1" 200 6709 "-" "Mozilla/5.0 (Windows NT 10.0; Win64; rv:143.0) Gecko/20100101 Firefox/143.0"
45.132.227.80 - - [29/Jun/2026:14:02:21 +0200] "POST /wp-login.php HTTP/1.1" 200 6680 "-" "Mozilla/5.0 (Windows NT 10.0; Win64; rv:143.0) Gecko/20100101 Firefox/143.0"
87.98.225.137 - - [29/Jun/2026:14:02:22 +0200] "POST /wp-cron.php?doing_wp_cron=1782734542.1165390014648437500000 HTTP/1.1" 200 3658 "-" "WordPress/6.7.2; https://clinicadentalargarate.com"
172.98.32.121 - - [29/Jun/2026:14:02:22 +0200] "POST /wp-login.php HTTP/1.1" 200 3722 "-" "Mozilla/5.0 (Windows NT 10.0; Win64; x64) AppleWebKit/537.36 Chrome/129.0.0.0 Safari/537.36"
87.98.225.137 - - [29/Jun/2026:14:05:51 +0200] "POST /wp-cron.php?doing_wp_cron=1782734751.2511830329895019531250 HTTP/1.1" 200 3658 "-" "WordPress/6.7.2; https://clinicadentalargarate.com"
41.248.69.18 - - [29/Jun/2026:14:05:51 +0200] "GET /blog/de-beste-slots-bij-vulkan-vegas-casino-onder-de-aandacht/ HTTP/1.1" 500 6601 "-" "Mozilla/5.0 (Macintosh; Intel Mac OS X 10_10_5) AppleWebKit/537.36 (KHTML, like Gecko) Brave Chrome/86.0.4240.75 Safari/537.36"
87.98.225.137 - - [29/Jun/2026:14:10:13 +0200] "POST /wp-cron.php?doing_wp_cron=1782735013.5325179100036621093750 HTTP/1.1" 200 3658 "-" "WordPress/6.7.2; https://clinicadentalargarate.com"
209.42.21.221 - - [29/Jun/2026:14:10:13 +0200] "GET /wp-login.php HTTP/1.1" 200 6744 "-" "Mozilla/5.0 (Windows NT 10.0; Win64; x64) AppleWebKit/537.36 (KHTML, like Gecko) Chrome/120.0.0.0 Safari/537.36"
209.42.21.221 - - [29/Jun/2026:14:10:13 +0200] "POST /wp-login.php HTTP/1.1" 200 3503 "https://clinicadentalargarate.com/wp-login.php" "Mozilla/5.0 (Windows NT 10.0; Win64; x64) AppleWebKit/537.36 (KHTML, like Gecko) Chrome/120.0.0.0 Safari/537.36"
87.98.225.137 - - [29/Jun/2026:14:11:11 +0200] "POST /wp-cron.php?doing_wp_cron=1782735071.0163609981536865234375 HTTP/1.1" 200 3658 "-" "WordPress/6.7.2; https://clinicadentalargarate.com"
185.223.152.80 - - [29/Jun/2026:14:11:10 +0200] "POST /wp-login.php HTTP/1.1" 200 6960 "https://clinicadentalargarate.com/wp-admin/" "Mozilla/5.0 (iPhone; CPU iPhone OS 14_6 like Mac OS X) AppleWebKit/605.1.15 (KHTML, like Gecko) Version/14.0 Mobile/15E148 Safari/604.1"
87.98.225.137 - - [29/Jun/2026:14:11:15 +0200] "POST /wp-cron.php?doing_wp_cron=1782735075.5192511081695556640625 HTTP/1.1" 200 3658 "-" "WordPress/6.7.2; https://clinicadentalargarate.com"
185.223.152.75 - - [29/Jun/2026:14:11:15 +0200] "POST /wp-login.php HTTP/1.1" 200 6956 "https://clinicadentalargarate.com/wp-admin/" "Mozilla/5.0 (Windows NT 10.0; Win64; x64) AppleWebKit/537.36 (KHTML, like Gecko) Chrome/93.0.4577.63 Safari/537.36"
87.98.225.137 - - [29/Jun/2026:14:11:20 +0200] "POST /wp-cron.php?doing_wp_cron=1782735080.8447170257568359375000 HTTP/1.1" 200 3658 "-" "WordPress/6.7.2; https://clinicadentalargarate.com"
185.223.152.70 - - [29/Jun/2026:14:11:20 +0200] "POST /wp-login.php HTTP/1.1" 200 6956 "https://clinicadentalargarate.com/wp-admin/" "Mozilla/5.0 (X11; Linux x86_64) AppleWebKit/537.36 (KHTML, like Gecko) Chrome/92.0.4515.107 Safari/537.36"
87.98.225.137 - - [29/Jun/2026:14:11:24 +0200] "POST /wp-cron.php?doing_wp_cron=1782735084.5462379455566406250000 HTTP/1.1" 200 3658 "-" "WordPress/6.7.2; https://clinicadentalargarate.com"
216.73.217.169 - - [29/Jun/2026:14:11:24 +0200] "GET /pages.php HTTP/1.1" 404 105569 "-" "Mozilla/5.0 AppleWebKit/537.36 (KHTML, like Gecko; compatible; ClaudeBot/1.0; +claudebot@anthropic.com)"
87.98.225.137 - - [29/Jun/2026:14:11:29 +0200] "POST /wp-cron.php?doing_wp_cron=1782735089.5277121067047119140625 HTTP/1.1" 200 3658 "-" "WordPress/6.7.2; https://clinicadentalargarate.com"
185.223.152.85 - - [29/Jun/2026:14:11:29 +0200] "POST /wp-login.php HTTP/1.1" 200 6963 "https://clinicadentalargarate.com/wp-admin/" "Mozilla/5.0 (Windows NT 10.0; Win64; x64; rv:89.0) Gecko/20100101 Firefox/89.0"
87.98.225.137 - - [29/Jun/2026:14:11:37 +0200] "POST /wp-cron.php?doing_wp_cron=1782735097.5580420494079589843750 HTTP/1.1" 200 3658 "-" "WordPress/6.7.2; https://clinicadentalargarate.com"
185.223.152.82 - - [29/Jun/2026:14:11:37 +0200] "POST /wp-login.php HTTP/1.1" 200 6963 "https://clinicadentalargarate.com/wp-admin/" "Mozilla/5.0 (Windows NT 10.0; Win64; x64) AppleWebKit/537.36 (KHTML, like Gecko) Chrome/90.0.4430.85 Safari/537.36"
87.98.225.137 - - [29/Jun/2026:14:11:46 +0200] "POST /wp-cron.php?doing_wp_cron=1782735106.5725820064544677734375 HTTP/1.1" 200 3658 "-" "WordPress/6.7.2; https://clinicadentalargarate.com"
185.223.152.81 - - [29/Jun/2026:14:11:46 +0200] "POST /wp-login.php HTTP/1.1" 200 6954 "https://clinicadentalargarate.com/wp-admin/" "Mozilla/5.0 (Windows NT 10.0; Win64; x64) AppleWebKit/537.36 (KHTML, like Gecko) Chrome/93.0.4577.63 Safari/537.36"
87.98.225.137 - - [29/Jun/2026:14:11:56 +0200] "POST /wp-cron.php?doing_wp_cron=1782735116.2047441005706787109375 HTTP/1.1" 200 3658 "-" "WordPress/6.7.2; https://clinicadentalargarate.com"
185.223.152.68 - - [29/Jun/2026:14:11:56 +0200] "POST /wp-login.php HTTP/1.1" 200 6909 "https://clinicadentalargarate.com/wp-admin/" "Mozilla/5.0 (Windows NT 10.0; Win64; x64) AppleWebKit/537.36 (KHTML, like Gecko) Edge/91.0.864.59"
87.98.225.137 - - [29/Jun/2026:14:12:06 +0200] "POST /wp-cron.php?doing_wp_cron=1782735126.4085938930511474609375 HTTP/1.1" 200 3658 "-" "WordPress/6.7.2; https://clinicadentalargarate.com"
185.223.152.80 - - [29/Jun/2026:14:12:06 +0200] "POST /wp-login.php HTTP/1.1" 200 6909 "https://clinicadentalargarate.com/wp-admin/" "Mozilla/5.0 (Windows NT 10.0; Win64; x64) AppleWebKit/537.36 (KHTML, like Gecko) Edge/91.0.864.59"
87.98.225.137 - - [29/Jun/2026:14:12:15 +0200] "POST /wp-cron.php?doing_wp_cron=1782735135.8110630512237548828125 HTTP/1.1" 200 3658 "-" "WordPress/6.7.2; https://clinicadentalargarate.com"
45.132.227.71 - - [29/Jun/2026:14:12:15 +0200] "POST /wp-login.php HTTP/1.1" 200 6681 "-" "Mozilla/5.0 (Macintosh; Intel Mac OS X 10_15_7) AppleWebKit/605.1.15 Version/17.0 Safari/605.1.15"
87.98.225.137 - - [29/Jun/2026:14:12:15 +0200] "POST /wp-cron.php?doing_wp_cron=1782735135.8113179206848144531250 HTTP/1.1" 200 3658 "-" "WordPress/6.7.2; https://clinicadentalargarate.com"
172.98.32.116 - - [29/Jun/2026:14:12:15 +0200] "POST /wp-login.php HTTP/1.1" 200 6709 "-" "Mozilla/5.0 (Windows NT 10.0; Win64; x64) AppleWebKit/537.36 Chrome/129.0.0.0 Safari/537.36"
45.132.227.69 - - [29/Jun/2026:14:12:15 +0200] "POST /wp-login.php HTTP/1.1" 200 6680 "-" "Mozilla/5.0 (Macintosh; Intel Mac OS X 10_15_7) AppleWebKit/605.1.15 Version/17.0 Safari/605.1.15"
45.132.227.72 - - [29/Jun/2026:14:12:15 +0200] "POST /wp-login.php HTTP/1.1" 200 6707 "-" "Mozilla/5.0 (Macintosh; Intel Mac OS X 10_15_7) AppleWebKit/605.1.15 Version/17.0 Safari/605.1.15"
45.132.227.69 - - [29/Jun/2026:14:12:15 +0200] "POST /wp-login.php HTTP/1.1" 200 6680 "-" "Mozilla/5.0 (Windows NT 10.0; Win64; rv:143.0) Gecko/20100101 Firefox/143.0"
172.98.32.102 - - [29/Jun/2026:14:12:15 +0200] "POST /wp-login.php HTTP/1.1" 200 6682 "-" "Mozilla/5.0 (Windows NT 10.0; Win64; rv:143.0) Gecko/20100101 Firefox/143.0"
87.98.225.137 - - [29/Jun/2026:14:12:16 +0200] "POST /wp-cron.php?doing_wp_cron=1782735136.5042290687561035156250 HTTP/1.1" 200 3658 "-" "WordPress/6.7.2; https://clinicadentalargarate.com"
172.98.32.102 - - [29/Jun/2026:14:12:16 +0200] "POST /wp-login.php HTTP/1.1" 200 3722 "-" "Mozilla/5.0 (Macintosh; Intel Mac OS X 10_15_7) AppleWebKit/605.1.15 Version/17.0 Safari/605.1.15"
87.98.225.137 - - [29/Jun/2026:14:12:27 +0200] "POST /wp-cron.php?doing_wp_cron=1782735147.2537229061126708984375 HTTP/1.1" 200 3658 "-" "WordPress/6.7.2; https://clinicadentalargarate.com"
185.223.152.77 - - [29/Jun/2026:14:12:27 +0200] "POST /wp-login.php HTTP/1.1" 200 6954 "https://clinicadentalargarate.com/wp-admin/" "Mozilla/5.0 (Windows NT 10.0; Win64; x64) AppleWebKit/537.36 (KHTML, like Gecko) Chrome/91.0.4472.124 Safari/537.36"
87.98.225.137 - - [29/Jun/2026:14:12:33 +0200] "POST /wp-cron.php?doing_wp_cron=1782735153.8121449947357177734375 HTTP/1.1" 200 3658 "-" "WordPress/6.7.2; https://clinicadentalargarate.com"
185.223.152.83 - - [29/Jun/2026:14:12:33 +0200] "POST /wp-login.php HTTP/1.1" 200 6957 "https://clinicadentalargarate.com/wp-admin/" "Mozilla/5.0 (iPhone; CPU iPhone OS 14_6 like Mac OS X) AppleWebKit/605.1.15 (KHTML, like Gecko) Version/14.0 Mobile/15E148 Safari/604.1"
87.98.225.137 - - [29/Jun/2026:14:12:45 +0200] "POST /wp-cron.php?doing_wp_cron=1782735165.3692770004272460937500 HTTP/1.1" 200 3658 "-" "WordPress/6.7.2; https://clinicadentalargarate.com"
185.223.152.78 - - [29/Jun/2026:14:12:45 +0200] "POST /wp-login.php HTTP/1.1" 200 6955 "https://clinicadentalargarate.com/wp-admin/" "Mozilla/5.0 (X11; Linux x86_64) AppleWebKit/537.36 (KHTML, like Gecko) Chrome/92.0.4515.107 Safari/537.36"
87.98.225.137 - - [29/Jun/2026:14:12:53 +0200] "POST /wp-cron.php?doing_wp_cron=1782735173.7765760421752929687500 HTTP/1.1" 200 3658 "-" "WordPress/6.7.2; https://clinicadentalargarate.com"
185.223.152.79 - - [29/Jun/2026:14:12:53 +0200] "POST /wp-login.php HTTP/1.1" 200 6957 "https://clinicadentalargarate.com/wp-admin/" "Mozilla/5.0 (Windows NT 10.0; Win64; x64) AppleWebKit/537.36 (KHTML, like Gecko) Edge/91.0.864.59"
87.98.225.137 - - [29/Jun/2026:14:13:02 +0200] "POST /wp-cron.php?doing_wp_cron=1782735182.4935030937194824218750 HTTP/1.1" 200 3658 "-" "WordPress/6.7.2; https://clinicadentalargarate.com"
185.223.152.84 - - [29/Jun/2026:14:13:02 +0200] "POST /wp-login.php HTTP/1.1" 200 6955 "https://clinicadentalargarate.com/wp-admin/" "Mozilla/5.0 (Macintosh; Intel Mac OS X 10_15_7) AppleWebKit/605.1.15 (KHTML, like Gecko) Version/14.1.1 Safari/605.1.15"
87.98.225.137 - - [29/Jun/2026:14:13:06 +0200] "POST /wp-cron.php?doing_wp_cron=1782735186.2161240577697753906250 HTTP/1.1" 200 3658 "-" "WordPress/6.7.2; https://clinicadentalargarate.com"
185.223.152.78 - - [29/Jun/2026:14:13:06 +0200] "POST /wp-login.php HTTP/1.1" 200 6957 "https://clinicadentalargarate.com/wp-admin/" "Mozilla/5.0 (Macintosh; Intel Mac OS X 10_15_7) AppleWebKit/605.1.15 (KHTML, like Gecko) Version/14.1.1 Safari/605.1.15"
87.98.225.137 - - [29/Jun/2026:14:13:13 +0200] "POST /wp-cron.php?doing_wp_cron=1782735193.4872450828552246093750 HTTP/1.1" 200 3658 "-" "WordPress/6.7.2; https://clinicadentalargarate.com"
185.223.152.70 - - [29/Jun/2026:14:13:13 +0200] "POST /wp-login.php HTTP/1.1" 200 6959 "https://clinicadentalargarate.com/wp-admin/" "Mozilla/5.0 (Windows NT 10.0; Win64; x64) AppleWebKit/537.36 (KHTML, like Gecko) Edge/91.0.864.59"
87.98.225.137 - - [29/Jun/2026:14:13:19 +0200] "POST /wp-cron.php?doing_wp_cron=1782735199.1649050712585449218750 HTTP/1.1" 200 3658 "-" "WordPress/6.7.2; https://clinicadentalargarate.com"
185.223.152.65 - - [29/Jun/2026:14:13:19 +0200] "POST /wp-login.php HTTP/1.1" 200 6909 "https://clinicadentalargarate.com/wp-admin/" "Mozilla/5.0 (Windows NT 10.0; Win64; x64) AppleWebKit/537.36 (KHTML, like Gecko) Edge/91.0.864.59"
87.98.225.137 - - [29/Jun/2026:14:13:29 +0200] "POST /wp-cron.php?doing_wp_cron=1782735209.9823329448699951171875 HTTP/1.1" 200 3658 "-" "WordPress/6.7.2; https://clinicadentalargarate.com"
185.223.152.85 - - [29/Jun/2026:14:13:29 +0200] "POST /wp-login.php HTTP/1.1" 200 6955 "https://clinicadentalargarate.com/wp-admin/" "Mozilla/5.0 (iPhone; CPU iPhone OS 14_6 like Mac OS X) AppleWebKit/605.1.15 (KHTML, like Gecko) Version/14.0 Mobile/15E148 Safari/604.1"
87.98.225.137 - - [29/Jun/2026:14:13:35 +0200] "POST /wp-cron.php?doing_wp_cron=1782735215.6242280006408691406250 HTTP/1.1" 200 3658 "-" "WordPress/6.7.2; https://clinicadentalargarate.com"
185.223.152.75 - - [29/Jun/2026:14:13:35 +0200] "POST /wp-login.php HTTP/1.1" 200 6956 "https://clinicadentalargarate.com/wp-admin/" "Mozilla/5.0 (Windows NT 10.0; Win64; x64) AppleWebKit/537.36 (KHTML, like Gecko) Chrome/93.0.4577.63 Safari/537.36"
87.98.225.137 - - [29/Jun/2026:14:13:43 +0200] "POST /wp-cron.php?doing_wp_cron=1782735223.9363830089569091796875 HTTP/1.1" 200 3658 "-" "WordPress/6.7.2; https://clinicadentalargarate.com"
185.223.152.71 - - [29/Jun/2026:14:13:43 +0200] "POST /wp-login.php HTTP/1.1" 200 6953 "https://clinicadentalargarate.com/wp-admin/" "Mozilla/5.0 (Windows NT 10.0; Win64; x64) AppleWebKit/537.36 (KHTML, like Gecko) Chrome/90.0.4430.85 Safari/537.36"
87.98.225.137 - - [29/Jun/2026:14:13:49 +0200] "POST /wp-cron.php?doing_wp_cron=1782735229.3900558948516845703125 HTTP/1.1" 200 3658 "-" "WordPress/6.7.2; https://clinicadentalargarate.com"
185.223.152.68 - - [29/Jun/2026:14:13:49 +0200] "POST /wp-login.php HTTP/1.1" 200 6957 "https://clinicadentalargarate.com/wp-admin/" "Mozilla/5.0 (Windows NT 10.0; Win64; x64) AppleWebKit/537.36 (KHTML, like Gecko) Chrome/95.0.4638.54 Safari/537.36"
87.98.225.137 - - [29/Jun/2026:14:13:52 +0200] "POST /wp-cron.php?doing_wp_cron=1782735232.4831058979034423828125 HTTP/1.1" 200 3658 "-" "WordPress/6.7.2; https://clinicadentalargarate.com"
185.223.152.72 - - [29/Jun/2026:14:13:52 +0200] "POST /wp-login.php HTTP/1.1" 200 6957 "https://clinicadentalargarate.com/wp-admin/" "Mozilla/5.0 (Windows NT 10.0; Win64; x64) AppleWebKit/537.36 (KHTML, like Gecko) Chrome/90.0.4430.85 Safari/537.36"
87.98.225.137 - - [29/Jun/2026:14:13:54 +0200] "POST /wp-cron.php?doing_wp_cron=1782735234.6995100975036621093750 HTTP/1.1" 200 3658 "-" "WordPress/6.7.2; https://clinicadentalargarate.com"
185.223.152.65 - - [29/Jun/2026:14:13:54 +0200] "POST /wp-login.php HTTP/1.1" 200 6957 "https://clinicadentalargarate.com/wp-admin/" "Mozilla/5.0 (Windows NT 10.0; Win64; x64) AppleWebKit/537.36 (KHTML, like Gecko) Chrome/90.0.4430.85 Safari/537.36"
87.98.225.137 - - [29/Jun/2026:14:13:58 +0200] "POST /wp-cron.php?doing_wp_cron=1782735238.1993710994720458984375 HTTP/1.1" 200 3658 "-" "WordPress/6.7.2; https://clinicadentalargarate.com"
185.223.152.89 - - [29/Jun/2026:14:13:58 +0200] "POST /wp-login.php HTTP/1.1" 200 6953 "https://clinicadentalargarate.com/wp-admin/" "Mozilla/5.0 (Windows NT 10.0; Win64; x64) AppleWebKit/537.36 (KHTML, like Gecko) Chrome/91.0.4472.124 Safari/537.36"
87.98.225.137 - - [29/Jun/2026:14:14:15 +0200] "POST /wp-cron.php?doing_wp_cron=1782735255.8486869335174560546875 HTTP/1.1" 200 3658 "-" "WordPress/6.7.2; https://clinicadentalargarate.com"
185.223.152.66 - - [29/Jun/2026:14:14:15 +0200] "POST /wp-login.php HTTP/1.1" 200 6955 "https://clinicadentalargarate.com/wp-admin/" "Mozilla/5.0 (Windows NT 10.0; Win64; x64) AppleWebKit/537.36 (KHTML, like Gecko) Chrome/90.0.4430.85 Safari/537.36"
87.98.225.137 - - [29/Jun/2026:14:14:19 +0200] "POST /wp-cron.php?doing_wp_cron=1782735259.5543529987335205078125 HTTP/1.1" 200 3658 "-" "WordPress/6.7.2; https://clinicadentalargarate.com"
185.223.152.88 - - [29/Jun/2026:14:14:19 +0200] "POST /wp-login.php HTTP/1.1" 200 6959 "https://clinicadentalargarate.com/wp-admin/" "Mozilla/5.0 (Windows NT 10.0; Win64; x64) AppleWebKit/537.36 (KHTML, like Gecko) Chrome/95.0.4638.54 Safari/537.36"
87.98.225.137 - - [29/Jun/2026:14:14:24 +0200] "POST /wp-cron.php?doing_wp_cron=1782735264.6918880939483642578125 HTTP/1.1" 200 3658 "-" "WordPress/6.7.2; https://clinicadentalargarate.com"
185.223.152.82 - - [29/Jun/2026:14:14:24 +0200] "POST /wp-login.php HTTP/1.1" 200 6956 "https://clinicadentalargarate.com/wp-admin/" "Mozilla/5.0 (Windows NT 10.0; Win64; x64) AppleWebKit/537.36 (KHTML, like Gecko) Chrome/94.0.4606.71 Safari/537.36"
87.98.225.137 - - [29/Jun/2026:14:14:37 +0200] "POST /wp-cron.php?doing_wp_cron=1782735277.3466420173645019531250 HTTP/1.1" 200 3658 "-" "WordPress/6.7.2; https://clinicadentalargarate.com"
185.223.152.74 - - [29/Jun/2026:14:14:37 +0200] "POST /wp-login.php HTTP/1.1" 200 6955 "https://clinicadentalargarate.com/wp-admin/" "Mozilla/5.0 (Macintosh; Intel Mac OS X 10_15_7) AppleWebKit/605.1.15 (KHTML, like Gecko) Version/14.1.1 Safari/605.1.15"
87.98.225.137 - - [29/Jun/2026:14:14:45 +0200] "POST /wp-cron.php?doing_wp_cron=1782735285.5106859207153320312500 HTTP/1.1" 200 3658 "-" "WordPress/6.7.2; https://clinicadentalargarate.com"
185.223.152.77 - - [29/Jun/2026:14:14:45 +0200] "POST /wp-login.php HTTP/1.1" 200 6952 "https://clinicadentalargarate.com/wp-admin/" "Mozilla/5.0 (X11; Linux x86_64) AppleWebKit/537.36 (KHTML, like Gecko) Chrome/92.0.4515.107 Safari/537.36"
87.98.225.137 - - [29/Jun/2026:14:14:47 +0200] "POST /wp-cron.php?doing_wp_cron=1782735287.7167870998382568359375 HTTP/1.1" 200 3658 "-" "WordPress/6.7.2; https://clinicadentalargarate.com"
185.223.152.66 - - [29/Jun/2026:14:14:47 +0200] "POST /wp-login.php HTTP/1.1" 200 6953 "https://clinicadentalargarate.com/wp-admin/" "Mozilla/5.0 (Macintosh; Intel Mac OS X 10_15_7) AppleWebKit/605.1.15 (KHTML, like Gecko) Version/14.1.1 Safari/605.1.15"
87.98.225.137 - - [29/Jun/2026:14:14:55 +0200] "POST /wp-cron.php?doing_wp_cron=1782735295.6667640209197998046875 HTTP/1.1" 200 3658 "-" "WordPress/6.7.2; https://clinicadentalargarate.com"
185.223.152.72 - - [29/Jun/2026:14:14:55 +0200] "POST /wp-login.php HTTP/1.1" 200 6958 "https://clinicadentalargarate.com/wp-admin/" "Mozilla/5.0 (Windows NT 10.0; Win64; x64) AppleWebKit/537.36 (KHTML, like Gecko) Chrome/94.0.4606.71 Safari/537.36"
87.98.225.137 - - [29/Jun/2026:14:15:02 +0200] "POST /wp-cron.php?doing_wp_cron=1782735302.8193829059600830078125 HTTP/1.1" 200 3658 "-" "WordPress/6.7.2; https://clinicadentalargarate.com"
185.223.152.82 - - [29/Jun/2026:14:15:02 +0200] "POST /wp-login.php HTTP/1.1" 200 6959 "https://clinicadentalargarate.com/wp-admin/" "Mozilla/5.0 (Windows NT 10.0; Win64; x64; rv:89.0) Gecko/20100101 Firefox/89.0"
87.98.225.137 - - [29/Jun/2026:14:15:08 +0200] "POST /wp-cron.php?doing_wp_cron=1782735308.9223909378051757812500 HTTP/1.1" 200 3658 "-" "WordPress/6.7.2; https://clinicadentalargarate.com"
185.223.152.77 - - [29/Jun/2026:14:15:08 +0200] "POST /wp-login.php HTTP/1.1" 200 6955 "https://clinicadentalargarate.com/wp-admin/" "Mozilla/5.0 (Windows NT 10.0; Win64; x64) AppleWebKit/537.36 (KHTML, like Gecko) Edge/91.0.864.59"
87.98.225.137 - - [29/Jun/2026:14:15:20 +0200] "POST /wp-cron.php?doing_wp_cron=1782735320.5326390266418457031250 HTTP/1.1" 200 3658 "-" "WordPress/6.7.2; https://clinicadentalargarate.com"
185.223.152.77 - - [29/Jun/2026:14:15:20 +0200] "POST /wp-login.php HTTP/1.1" 200 6955 "https://clinicadentalargarate.com/wp-admin/" "Mozilla/5.0 (Windows NT 10.0; Win64; x64) AppleWebKit/537.36 (KHTML, like Gecko) Chrome/91.0.4472.124 Safari/537.36"
87.98.225.137 - - [29/Jun/2026:14:15:38 +0200] "POST /wp-cron.php?doing_wp_cron=1782735338.1814749240875244140625 HTTP/1.1" 200 3658 "-" "WordPress/6.7.2; https://clinicadentalargarate.com"
185.223.152.78 - - [29/Jun/2026:14:15:38 +0200] "POST /wp-login.php HTTP/1.1" 200 6972 "https://clinicadentalargarate.com/wp-admin/" "Mozilla/5.0 (Windows NT 10.0; Win64; x64; rv:89.0) Gecko/20100101 Firefox/89.0"
87.98.225.137 - - [29/Jun/2026:14:15:47 +0200] "POST /wp-cron.php?doing_wp_cron=1782735347.8924419879913330078125 HTTP/1.1" 200 3658 "-" "WordPress/6.7.2; https://clinicadentalargarate.com"
185.223.152.66 - - [29/Jun/2026:14:15:47 +0200] "POST /wp-login.php HTTP/1.1" 200 6959 "https://clinicadentalargarate.com/wp-admin/" "Mozilla/5.0 (Windows NT 10.0; Win64; x64) AppleWebKit/537.36 (KHTML, like Gecko) Chrome/93.0.4577.63 Safari/537.36"
87.98.225.137 - - [29/Jun/2026:14:15:58 +0200] "POST /wp-cron.php?doing_wp_cron=1782735358.0145359039306640625000 HTTP/1.1" 200 3658 "-" "WordPress/6.7.2; https://clinicadentalargarate.com"
185.223.152.66 - - [29/Jun/2026:14:15:57 +0200] "POST /wp-login.php HTTP/1.1" 200 6959 "https://clinicadentalargarate.com/wp-admin/" "Mozilla/5.0 (Macintosh; Intel Mac OS X 10_15_7) AppleWebKit/605.1.15 (KHTML, like Gecko) Version/14.1.1 Safari/605.1.15"
87.98.225.137 - - [29/Jun/2026:14:16:02 +0200] "POST /wp-cron.php?doing_wp_cron=1782735362.0626239776611328125000 HTTP/1.1" 200 3658 "-" "WordPress/6.7.2; https://clinicadentalargarate.com"
185.223.152.249 - - [29/Jun/2026:14:16:01 +0200] "POST /wp-login.php HTTP/1.1" 200 6957 "https://clinicadentalargarate.com/wp-admin/" "Mozilla/5.0 (X11; Linux x86_64) AppleWebKit/537.36 (KHTML, like Gecko) Chrome/92.0.4515.107 Safari/537.36"
87.98.225.137 - - [29/Jun/2026:14:16:17 +0200] "POST /wp-cron.php?doing_wp_cron=1782735377.0807569026947021484375 HTTP/1.1" 200 3658 "-" "WordPress/6.7.2; https://clinicadentalargarate.com"
185.223.152.80 - - [29/Jun/2026:14:16:16 +0200] "POST /wp-login.php HTTP/1.1" 200 6953 "https://clinicadentalargarate.com/wp-admin/" "Mozilla/5.0 (Windows NT 10.0; Win64; x64) AppleWebKit/537.36 (KHTML, like Gecko) Chrome/94.0.4606.71 Safari/537.36"
87.98.225.137 - - [29/Jun/2026:14:16:26 +0200] "POST /wp-cron.php?doing_wp_cron=1782735386.1164090633392333984375 HTTP/1.1" 200 3658 "-" "WordPress/6.7.2; https://clinicadentalargarate.com"
185.223.152.67 - - [29/Jun/2026:14:16:26 +0200] "POST /wp-login.php HTTP/1.1" 200 6957 "https://clinicadentalargarate.com/wp-admin/" "Mozilla/5.0 (Windows NT 10.0; Win64; x64) AppleWebKit/537.36 (KHTML, like Gecko) Chrome/94.0.4606.71 Safari/537.36"
87.98.225.137 - - [29/Jun/2026:14:16:44 +0200] "POST /wp-cron.php?doing_wp_cron=1782735404.5526759624481201171875 HTTP/1.1" 200 3658 "-" "WordPress/6.7.2; https://clinicadentalargarate.com"
185.223.152.86 - - [29/Jun/2026:14:16:44 +0200] "POST /wp-login.php HTTP/1.1" 200 6956 "https://clinicadentalargarate.com/wp-admin/" "Mozilla/5.0 (Windows NT 10.0; Win64; x64) AppleWebKit/537.36 (KHTML, like Gecko) Chrome/93.0.4577.63 Safari/537.36"
87.98.225.137 - - [29/Jun/2026:14:16:58 +0200] "POST /wp-cron.php?doing_wp_cron=1782735418.3063809871673583984375 HTTP/1.1" 200 3658 "-" "WordPress/6.7.2; https://clinicadentalargarate.com"
185.223.152.87 - - [29/Jun/2026:14:16:58 +0200] "POST /wp-login.php HTTP/1.1" 200 6956 "https://clinicadentalargarate.com/wp-admin/" "Mozilla/5.0 (Windows NT 10.0; Win64; x64) AppleWebKit/537.36 (KHTML, like Gecko) Chrome/94.0.4606.71 Safari/537.36"
87.98.225.137 - - [29/Jun/2026:14:17:05 +0200] "POST /wp-cron.php?doing_wp_cron=1782735425.7788519859313964843750 HTTP/1.1" 200 3658 "-" "WordPress/6.7.2; https://clinicadentalargarate.com"
185.223.152.91 - - [29/Jun/2026:14:17:05 +0200] "POST /wp-login.php HTTP/1.1" 200 6909 "https://clinicadentalargarate.com/wp-admin/" "Mozilla/5.0 (Windows NT 10.0; Win64; x64) AppleWebKit/537.36 (KHTML, like Gecko) Chrome/93.0.4577.63 Safari/537.36"
87.98.225.137 - - [29/Jun/2026:14:17:09 +0200] "POST /wp-cron.php?doing_wp_cron=1782735429.0930929183959960937500 HTTP/1.1" 200 3658 "-" "WordPress/6.7.2; https://clinicadentalargarate.com"
185.223.152.73 - - [29/Jun/2026:14:17:08 +0200] "POST /wp-login.php HTTP/1.1" 200 6956 "https://clinicadentalargarate.com/wp-admin/" "Mozilla/5.0 (Windows NT 10.0; Win64; x64) AppleWebKit/537.36 (KHTML, like Gecko) Chrome/93.0.4577.63 Safari/537.36"
87.98.225.137 - - [29/Jun/2026:14:17:15 +0200] "POST /wp-cron.php?doing_wp_cron=1782735435.9286739826202392578125 HTTP/1.1" 200 3658 "-" "WordPress/6.7.2; https://clinicadentalargarate.com"
185.223.152.70 - - [29/Jun/2026:14:17:15 +0200] "POST /wp-login.php HTTP/1.1" 200 6909 "https://clinicadentalargarate.com/wp-admin/" "Mozilla/5.0 (iPhone; CPU iPhone OS 14_6 like Mac OS X) AppleWebKit/605.1.15 (KHTML, like Gecko) Version/14.0 Mobile/15E148 Safari/604.1"
87.98.225.137 - - [29/Jun/2026:14:17:31 +0200] "POST /wp-cron.php?doing_wp_cron=1782735451.7717320919036865234375 HTTP/1.1" 200 3658 "-" "WordPress/6.7.2; https://clinicadentalargarate.com"
185.223.152.88 - - [29/Jun/2026:14:17:31 +0200] "POST /wp-login.php HTTP/1.1" 200 6909 "https://clinicadentalargarate.com/wp-admin/" "Mozilla/5.0 (iPhone; CPU iPhone OS 14_6 like Mac OS X) AppleWebKit/605.1.15 (KHTML, like Gecko) Version/14.0 Mobile/15E148 Safari/604.1"
87.98.225.137 - - [29/Jun/2026:14:17:42 +0200] "POST /wp-cron.php?doing_wp_cron=1782735462.6880619525909423828125 HTTP/1.1" 200 3658 "-" "WordPress/6.7.2; https://clinicadentalargarate.com"
185.223.152.66 - - [29/Jun/2026:14:17:42 +0200] "POST /wp-login.php HTTP/1.1" 200 6956 "https://clinicadentalargarate.com/wp-admin/" "Mozilla/5.0 (Windows NT 10.0; Win64; x64) AppleWebKit/537.36 (KHTML, like Gecko) Chrome/90.0.4430.85 Safari/537.36"
87.98.225.137 - - [29/Jun/2026:14:17:44 +0200] "POST /wp-cron.php?doing_wp_cron=1782735464.8743789196014404296875 HTTP/1.1" 200 3658 "-" "WordPress/6.7.2; https://clinicadentalargarate.com"
185.223.152.86 - - [29/Jun/2026:14:17:44 +0200] "POST /wp-login.php HTTP/1.1" 200 6957 "https://clinicadentalargarate.com/wp-admin/" "Mozilla/5.0 (Windows NT 10.0; Win64; x64) AppleWebKit/537.36 (KHTML, like Gecko) Edge/91.0.864.59"
87.98.225.137 - - [29/Jun/2026:14:17:52 +0200] "POST /wp-cron.php?doing_wp_cron=1782735472.2346539497375488281250 HTTP/1.1" 200 3658 "-" "WordPress/6.7.2; https://clinicadentalargarate.com"
185.223.152.70 - - [29/Jun/2026:14:17:52 +0200] "POST /wp-login.php HTTP/1.1" 200 6953 "https://clinicadentalargarate.com/wp-admin/" "Mozilla/5.0 (iPhone; CPU iPhone OS 14_6 like Mac OS X) AppleWebKit/605.1.15 (KHTML, like Gecko) Version/14.0 Mobile/15E148 Safari/604.1"
87.98.225.137 - - [29/Jun/2026:14:18:06 +0200] "POST /wp-cron.php?doing_wp_cron=1782735486.7476670742034912109375 HTTP/1.1" 200 3658 "-" "WordPress/6.7.2; https://clinicadentalargarate.com"
185.223.152.87 - - [29/Jun/2026:14:18:06 +0200] "POST /wp-login.php HTTP/1.1" 200 6909 "https://clinicadentalargarate.com/wp-admin/" "Mozilla/5.0 (Windows NT 10.0; Win64; x64) AppleWebKit/537.36 (KHTML, like Gecko) Chrome/91.0.4472.124 Safari/537.36"
87.98.225.137 - - [29/Jun/2026:14:18:11 +0200] "POST /wp-cron.php?doing_wp_cron=1782735491.7136440277099609375000 HTTP/1.1" 200 3658 "-" "WordPress/6.7.2; https://clinicadentalargarate.com"
185.223.152.78 - - [29/Jun/2026:14:18:11 +0200] "POST /wp-login.php HTTP/1.1" 200 6953 "https://clinicadentalargarate.com/wp-admin/" "Mozilla/5.0 (X11; Linux x86_64) AppleWebKit/537.36 (KHTML, like Gecko) Chrome/92.0.4515.107 Safari/537.36"
87.98.225.137 - - [29/Jun/2026:14:18:20 +0200] "POST /wp-cron.php?doing_wp_cron=1782735500.5295090675354003906250 HTTP/1.1" 200 3658 "-" "WordPress/6.7.2; https://clinicadentalargarate.com"
185.223.152.76 - - [29/Jun/2026:14:18:20 +0200] "POST /wp-login.php HTTP/1.1" 200 6957 "https://clinicadentalargarate.com/wp-admin/" "Mozilla/5.0 (Windows NT 10.0; Win64; x64) AppleWebKit/537.36 (KHTML, like Gecko) Chrome/90.0.4430.85 Safari/537.36"
87.98.225.137 - - [29/Jun/2026:14:18:29 +0200] "POST /wp-cron.php?doing_wp_cron=1782735509.1324090957641601562500 HTTP/1.1" 200 3658 "-" "WordPress/6.7.2; https://clinicadentalargarate.com"
185.223.152.73 - - [29/Jun/2026:14:18:29 +0200] "POST /wp-login.php HTTP/1.1" 200 6953 "https://clinicadentalargarate.com/wp-admin/" "Mozilla/5.0 (Macintosh; Intel Mac OS X 10_15_7) AppleWebKit/605.1.15 (KHTML, like Gecko) Version/14.1.1 Safari/605.1.15"
87.98.225.137 - - [29/Jun/2026:14:18:33 +0200] "POST /wp-cron.php?doing_wp_cron=1782735513.0378530025482177734375 HTTP/1.1" 200 3658 "-" "WordPress/6.7.2; https://clinicadentalargarate.com"
185.223.152.91 - - [29/Jun/2026:14:18:32 +0200] "POST /wp-login.php HTTP/1.1" 200 6909 "https://clinicadentalargarate.com/wp-admin/" "Mozilla/5.0 (Windows NT 10.0; Win64; x64) AppleWebKit/537.36 (KHTML, like Gecko) Chrome/90.0.4430.85 Safari/537.36"
87.98.225.137 - - [29/Jun/2026:14:18:42 +0200] "POST /wp-cron.php?doing_wp_cron=1782735522.1456830501556396484375 HTTP/1.1" 200 3658 "-" "WordPress/6.7.2; https://clinicadentalargarate.com"
185.223.152.86 - - [29/Jun/2026:14:18:42 +0200] "POST /wp-login.php HTTP/1.1" 200 6958 "https://clinicadentalargarate.com/wp-admin/" "Mozilla/5.0 (Windows NT 10.0; Win64; x64) AppleWebKit/537.36 (KHTML, like Gecko) Chrome/90.0.4430.85 Safari/537.36"
87.98.225.137 - - [29/Jun/2026:14:18:45 +0200] "POST /wp-cron.php?doing_wp_cron=1782735525.7087490558624267578125 HTTP/1.1" 200 3658 "-" "WordPress/6.7.2; https://clinicadentalargarate.com"
185.223.152.85 - - [29/Jun/2026:14:18:45 +0200] "POST /wp-login.php HTTP/1.1" 200 6954 "https://clinicadentalargarate.com/wp-admin/" "Mozilla/5.0 (Windows NT 10.0; Win64; x64) AppleWebKit/537.36 (KHTML, like Gecko) Chrome/90.0.4430.85 Safari/537.36"
87.98.225.137 - - [29/Jun/2026:14:18:52 +0200] "POST /wp-cron.php?doing_wp_cron=1782735532.0795340538024902343750 HTTP/1.1" 200 3658 "-" "WordPress/6.7.2; https://clinicadentalargarate.com"
185.223.152.77 - - [29/Jun/2026:14:18:51 +0200] "POST /wp-login.php HTTP/1.1" 200 6957 "https://clinicadentalargarate.com/wp-admin/" "Mozilla/5.0 (Windows NT 10.0; Win64; x64) AppleWebKit/537.36 (KHTML, like Gecko) Chrome/90.0.4430.85 Safari/537.36"
87.98.225.137 - - [29/Jun/2026:14:19:07 +0200] "POST /wp-cron.php?doing_wp_cron=1782735547.2541348934173583984375 HTTP/1.1" 200 3658 "-" "WordPress/6.7.2; https://clinicadentalargarate.com"
185.223.152.91 - - [29/Jun/2026:14:19:07 +0200] "POST /wp-login.php HTTP/1.1" 200 6970 "https://clinicadentalargarate.com/wp-admin/" "Mozilla/5.0 (Windows NT 10.0; Win64; x64) AppleWebKit/537.36 (KHTML, like Gecko) Chrome/95.0.4638.54 Safari/537.36"
87.98.225.137 - - [29/Jun/2026:14:19:16 +0200] "POST /wp-cron.php?doing_wp_cron=1782735556.1459989547729492187500 HTTP/1.1" 200 3658 "-" "WordPress/6.7.2; https://clinicadentalargarate.com"
185.223.152.70 - - [29/Jun/2026:14:19:16 +0200] "POST /wp-login.php HTTP/1.1" 200 6958 "https://clinicadentalargarate.com/wp-admin/" "Mozilla/5.0 (Windows NT 10.0; Win64; x64) AppleWebKit/537.36 (KHTML, like Gecko) Edge/91.0.864.59"
45.132.227.73 - - [29/Jun/2026:14:22:05 +0200] "POST /wp-login.php HTTP/1.1" 200 6709 "-" "Mozilla/5.0 (Windows NT 10.0; Win64; x64) AppleWebKit/537.36 Chrome/129.0.0.0 Safari/537.36"
87.98.225.137 - - [29/Jun/2026:14:22:06 +0200] "POST /wp-cron.php?doing_wp_cron=1782735726.3976159095764160156250 HTTP/1.1" 200 3658 "-" "WordPress/6.7.2; https://clinicadentalargarate.com"
172.98.32.113 - - [29/Jun/2026:14:22:05 +0200] "POST /wp-login.php HTTP/1.1" 200 6683 "-" "Mozilla/5.0 (Windows NT 10.0; Win64; rv:143.0) Gecko/20100101 Firefox/143.0"
87.98.225.137 - - [29/Jun/2026:14:22:06 +0200] "POST /wp-cron.php?doing_wp_cron=1782735726.3972530364990234375000 HTTP/1.1" 200 3658 "-" "WordPress/6.7.2; https://clinicadentalargarate.com"
136.144.42.85 - - [29/Jun/2026:14:22:05 +0200] "POST /wp-login.php HTTP/1.1" 200 6682 "-" "Mozilla/5.0 (Windows NT 10.0; Win64; rv:143.0) Gecko/20100101 Firefox/143.0"
87.98.225.137 - - [29/Jun/2026:14:22:06 +0200] "POST /wp-cron.php?doing_wp_cron=1782735726.3976640701293945312500 HTTP/1.1" 200 3658 "-" "WordPress/6.7.2; https://clinicadentalargarate.com"
45.132.227.71 - - [29/Jun/2026:14:22:05 +0200] "POST /wp-login.php HTTP/1.1" 200 6680 "-" "Mozilla/5.0 (Windows NT 10.0; Win64; rv:143.0) Gecko/20100101 Firefox/143.0"
87.98.225.137 - - [29/Jun/2026:14:22:06 +0200] "POST /wp-cron.php?doing_wp_cron=1782735726.3991670608520507812500 HTTP/1.1" 200 3658 "-" "WordPress/6.7.2; https://clinicadentalargarate.com"
45.132.227.71 - - [29/Jun/2026:14:22:05 +0200] "POST /wp-login.php HTTP/1.1" 200 6681 "-" "Mozilla/5.0 (Macintosh; Intel Mac OS X 10_15_7) AppleWebKit/605.1.15 Version/17.0 Safari/605.1.15"
45.132.227.75 - - [29/Jun/2026:14:22:05 +0200] "POST /wp-login.php HTTP/1.1" 200 6707 "-" "Mozilla/5.0 (Windows NT 10.0; Win64; rv:143.0) Gecko/20100101 Firefox/143.0"
136.144.42.94 - - [29/Jun/2026:14:22:05 +0200] "POST /wp-login.php HTTP/1.1" 200 6680 "-" "Mozilla/5.0 (Windows NT 10.0; Win64; rv:143.0) Gecko/20100101 Firefox/143.0"
87.98.225.137 - - [29/Jun/2026:14:22:23 +0200] "POST /wp-cron.php?doing_wp_cron=1782735743.5449790954589843750000 HTTP/1.1" 200 3658 "-" "WordPress/6.7.2; https://clinicadentalargarate.com"
40.77.167.243 - - [29/Jun/2026:14:22:23 +0200] "GET /?sitemap705.xml HTTP/1.1" 301 3741 "-" "Mozilla/5.0 AppleWebKit/537.36 (KHTML, like Gecko; compatible; bingbot/2.0; +http://www.bing.com/bingbot.htm) Chrome/116.0.1938.76 Safari/537.36"
87.98.225.137 - - [29/Jun/2026:14:22:24 +0200] "POST /wp-cron.php?doing_wp_cron=1782735744.2451200485229492187500 HTTP/1.1" 200 3658 "-" "WordPress/6.7.2; https://clinicadentalargarate.com"
40.77.167.243 - - [29/Jun/2026:14:22:24 +0200] "GET /?sitemap705_xml HTTP/1.1" 200 32970 "-" "Mozilla/5.0 AppleWebKit/537.36 (KHTML, like Gecko; compatible; bingbot/2.0; +http://www.bing.com/bingbot.htm) Chrome/116.0.1938.76 Safari/537.36"
87.98.225.137 - - [29/Jun/2026:14:22:34 +0200] "POST /wp-cron.php?doing_wp_cron=1782735754.2137970924377441406250 HTTP/1.1" 200 3658 "-" "WordPress/6.7.2; https://clinicadentalargarate.com"
151.246.1.47 - - [29/Jun/2026:14:22:34 +0200] "GET /wp-login.php HTTP/1.1" 200 6744 "-" "Mozilla/5.0 (Windows NT 10.0; Win64; x64) AppleWebKit/537.36 (KHTML, like Gecko) Chrome/120.0.0.0 Safari/537.36"
87.98.225.137 - - [29/Jun/2026:14:22:34 +0200] "POST /wp-cron.php?doing_wp_cron=1782735754.5745871067047119140625 HTTP/1.1" 200 3658 "-" "WordPress/6.7.2; https://clinicadentalargarate.com"
151.246.1.47 - - [29/Jun/2026:14:22:34 +0200] "POST /wp-login.php HTTP/1.1" 200 3500 "https://clinicadentalargarate.com/wp-login.php" "Mozilla/5.0 (Windows NT 10.0; Win64; x64) AppleWebKit/537.36 (KHTML, like Gecko) Chrome/120.0.0.0 Safari/537.36"
87.98.225.137 - - [29/Jun/2026:14:30:09 +0200] "POST /wp-cron.php?doing_wp_cron=1782736209.7620680332183837890625 HTTP/1.1" 200 3658 "-" "WordPress/6.7.2; https://clinicadentalargarate.com"
94.23.87.180 - - [29/Jun/2026:14:30:09 +0200] "GET / HTTP/1.0" 200 130290 "-" "-"
87.98.225.137 - - [29/Jun/2026:14:30:40 +0200] "POST /wp-cron.php?doing_wp_cron=1782736240.8479449748992919921875 HTTP/1.1" 200 3658 "-" "WordPress/6.7.2; https://clinicadentalargarate.com"
52.167.144.16 - - [29/Jun/2026:14:30:40 +0200] "GET /?sitemap723.xml HTTP/1.1" 301 3741 "-" "Mozilla/5.0 AppleWebKit/537.36 (KHTML, like Gecko; compatible; bingbot/2.0; +http://www.bing.com/bingbot.htm) Chrome/116.0.1938.76 Safari/537.36"
87.98.225.137 - - [29/Jun/2026:14:30:41 +0200] "POST /wp-cron.php?doing_wp_cron=1782736241.5683870315551757812500 HTTP/1.1" 200 3658 "-" "WordPress/6.7.2; https://clinicadentalargarate.com"
52.167.144.16 - - [29/Jun/2026:14:30:41 +0200] "GET /?sitemap723_xml HTTP/1.1" 200 32977 "-" "Mozilla/5.0 AppleWebKit/537.36 (KHTML, like Gecko; compatible; bingbot/2.0; +http://www.bing.com/bingbot.htm) Chrome/116.0.1938.76 Safari/537.36"
87.98.225.137 - - [29/Jun/2026:14:32:00 +0200] "POST /wp-cron.php?doing_wp_cron=1782736320.1044490337371826171875 HTTP/1.1" 200 3658 "-" "WordPress/6.7.2; https://clinicadentalargarate.com"
172.98.32.209 - - [29/Jun/2026:14:31:59 +0200] "POST /wp-login.php HTTP/1.1" 200 6707 "-" "Mozilla/5.0 (Macintosh; Intel Mac OS X 10_15_7) AppleWebKit/605.1.15 Version/17.0 Safari/605.1.15"
87.98.225.137 - - [29/Jun/2026:14:32:00 +0200] "POST /wp-cron.php?doing_wp_cron=1782736320.1045320034027099609375 HTTP/1.1" 200 3658 "-" "WordPress/6.7.2; https://clinicadentalargarate.com"
45.132.227.71 - - [29/Jun/2026:14:32:00 +0200] "POST /wp-login.php HTTP/1.1" 200 6680 "-" "Mozilla/5.0 (Macintosh; Intel Mac OS X 10_15_7) AppleWebKit/605.1.15 Version/17.0 Safari/605.1.15"
45.132.227.77 - - [29/Jun/2026:14:31:59 +0200] "POST /wp-login.php HTTP/1.1" 200 6681 "-" "Mozilla/5.0 (Windows NT 10.0; Win64; x64) AppleWebKit/537.36 Chrome/129.0.0.0 Safari/537.36"
45.132.227.83 - - [29/Jun/2026:14:31:59 +0200] "POST /wp-login.php HTTP/1.1" 200 6680 "-" "Mozilla/5.0 (Windows NT 10.0; Win64; x64) AppleWebKit/537.36 Chrome/129.0.0.0 Safari/537.36"
45.132.227.71 - - [29/Jun/2026:14:31:59 +0200] "POST /wp-login.php HTTP/1.1" 200 6683 "-" "Mozilla/5.0 (Macintosh; Intel Mac OS X 10_15_7) AppleWebKit/605.1.15 Version/17.0 Safari/605.1.15"
172.98.32.122 - - [29/Jun/2026:14:32:00 +0200] "POST /wp-login.php HTTP/1.1" 200 6709 "-" "Mozilla/5.0 (Windows NT 10.0; Win64; x64) AppleWebKit/537.36 Chrome/129.0.0.0 Safari/537.36"
172.98.32.114 - - [29/Jun/2026:14:32:00 +0200] "POST /wp-login.php HTTP/1.1" 200 6682 "-" "Mozilla/5.0 (Macintosh; Intel Mac OS X 10_15_7) AppleWebKit/605.1.15 Version/17.0 Safari/605.1.15"
87.98.225.137 - - [29/Jun/2026:14:37:14 +0200] "POST /wp-cron.php?doing_wp_cron=1782736634.6916160583496093750000 HTTP/1.1" 200 3658 "-" "WordPress/6.7.2; https://clinicadentalargarate.com"
34.185.178.242 - - [29/Jun/2026:14:37:14 +0200] "GET /blog/page/12/ HTTP/1.1" 200 27263 "-" "LinkupBot/1.0 (LinkupBot for web indexing; https://linkup.so/bot; bot@linkup.so)"
87.98.225.137 - - [29/Jun/2026:14:37:16 +0200] "POST /wp-cron.php?doing_wp_cron=1782736636.2531299591064453125000 HTTP/1.1" 200 3658 "-" "WordPress/6.7.2; https://clinicadentalargarate.com"
34.185.178.242 - - [29/Jun/2026:14:37:16 +0200] "GET /blog/starcasino-nl-beveiligingsgids-veilige-speelomgeving-en-licentie/ HTTP/1.1" 500 3224 "-" "LinkupBot/1.0 (LinkupBot for web indexing; https://linkup.so/bot; bot@linkup.so)"
87.98.225.137 - - [29/Jun/2026:14:37:17 +0200] "POST /wp-cron.php?doing_wp_cron=1782736637.7691810131072998046875 HTTP/1.1" 200 3658 "-" "WordPress/6.7.2; https://clinicadentalargarate.com"
34.185.178.242 - - [29/Jun/2026:14:37:17 +0200] "GET /blog/online-casino-ranking-belgie/ HTTP/1.1" 500 3585 "-" "LinkupBot/1.0 (LinkupBot for web indexing; https://linkup.so/bot; bot@linkup.so)"
87.98.225.137 - - [29/Jun/2026:14:37:19 +0200] "POST /wp-cron.php?doing_wp_cron=1782736639.3078939914703369140625 HTTP/1.1" 200 3658 "-" "WordPress/6.7.2; https://clinicadentalargarate.com"
34.185.178.242 - - [29/Jun/2026:14:37:19 +0200] "GET /blog/revery-play-promo-code-steps-and-methods/ HTTP/1.1" 500 3585 "-" "LinkupBot/1.0 (LinkupBot for web indexing; https://linkup.so/bot; bot@linkup.so)"
87.98.225.137 - - [29/Jun/2026:14:37:20 +0200] "POST /wp-cron.php?doing_wp_cron=1782736640.7454319000244140625000 HTTP/1.1" 200 3658 "-" "WordPress/6.7.2; https://clinicadentalargarate.com"
34.185.178.242 - - [29/Jun/2026:14:37:20 +0200] "GET /blog/lemon-casino-online-casino-recenzje/ HTTP/1.1" 500 3585 "-" "LinkupBot/1.0 (LinkupBot for web indexing; https://linkup.so/bot; bot@linkup.so)"
87.98.225.137 - - [29/Jun/2026:14:37:22 +0200] "POST /wp-cron.php?doing_wp_cron=1782736642.2719800472259521484375 HTTP/1.1" 200 3658 "-" "WordPress/6.7.2; https://clinicadentalargarate.com"
34.185.178.242 - - [29/Jun/2026:14:37:22 +0200] "GET /blog/mostbet-w-polsce-oferta-gier/ HTTP/1.1" 500 3585 "-" "LinkupBot/1.0 (LinkupBot for web indexing; https://linkup.so/bot; bot@linkup.so)"
87.98.225.137 - - [29/Jun/2026:14:37:23 +0200] "POST /wp-cron.php?doing_wp_cron=1782736643.6715600490570068359375 HTTP/1.1" 200 3658 "-" "WordPress/6.7.2; https://clinicadentalargarate.com"
34.185.178.242 - - [29/Jun/2026:14:37:23 +0200] "GET /blog/spin-star-casino-gids-alles-wat-nederlandse-spelers-moeten-weten/ HTTP/1.1" 500 3585 "-" "LinkupBot/1.0 (LinkupBot for web indexing; https://linkup.so/bot; bot@linkup.so)"
87.98.225.137 - - [29/Jun/2026:14:37:25 +0200] "POST /wp-cron.php?doing_wp_cron=1782736645.1571838855743408203125 HTTP/1.1" 200 3658 "-" "WordPress/6.7.2; https://clinicadentalargarate.com"
34.185.178.242 - - [29/Jun/2026:14:37:25 +0200] "GET /blog/ HTTP/1.1" 200 24771 "-" "LinkupBot/1.0 (LinkupBot for web indexing; https://linkup.so/bot; bot@linkup.so)"
87.98.225.137 - - [29/Jun/2026:14:38:00 +0200] "POST /wp-cron.php?doing_wp_cron=1782736680.9031999111175537109375 HTTP/1.1" 200 3658 "-" "WordPress/6.7.2; https://clinicadentalargarate.com"
198.244.240.162 - - [29/Jun/2026:14:38:00 +0200] "GET /?sitemap723.xml HTTP/1.1" 301 3660 "-" "Mozilla/5.0 (compatible; AhrefsBot/7.0; +http://ahrefs.com/robot/)"
198.244.240.162 - - [29/Jun/2026:14:38:00 +0200] "GET /?sitemap723_xml HTTP/1.1" 200 36361 "-" "Mozilla/5.0 (compatible; AhrefsBot/7.0; +http://ahrefs.com/robot/)"
87.98.225.137 - - [29/Jun/2026:14:38:15 +0200] "POST /wp-cron.php?doing_wp_cron=1782736695.3742740154266357421875 HTTP/1.1" 200 3658 "-" "WordPress/6.7.2; https://clinicadentalargarate.com"
34.185.178.242 - - [29/Jun/2026:14:38:15 +0200] "GET /blog/bonus-sans-depot-reveryplay-etapes-d-inscription-detaillees/ HTTP/1.1" 500 6601 "-" "LinkupBot/1.0 (LinkupBot for web indexing; https://linkup.so/bot; bot@linkup.so)"
87.98.225.137 - - [29/Jun/2026:14:41:39 +0200] "POST /wp-cron.php?doing_wp_cron=1782736899.4175739288330078125000 HTTP/1.1" 200 281 "-" "WordPress/6.7.2; https://clinicadentalargarate.com"
20.226.81.217 - - [29/Jun/2026:14:41:39 +0200] "GET /wp-content/plugins/hellopress/wp_filemanager.php HTTP/1.1" 404 101412 "-" "-"
87.98.225.137 - - [29/Jun/2026:14:41:40 +0200] "POST /wp-cron.php?doing_wp_cron=1782736900.6895439624786376953125 HTTP/1.1" 200 281 "-" "WordPress/6.7.2; https://clinicadentalargarate.com"
20.226.81.217 - - [29/Jun/2026:14:41:40 +0200] "GET /this_is_a_new_hello_world.php HTTP/1.1" 404 101378 "-" "-"
87.98.225.137 - - [29/Jun/2026:14:41:41 +0200] "POST /wp-cron.php?doing_wp_cron=1782736901.7671849727630615234375 HTTP/1.1" 200 281 "-" "WordPress/6.7.2; https://clinicadentalargarate.com"
20.226.81.217 - - [29/Jun/2026:14:41:41 +0200] "GET /xyn.php HTTP/1.1" 404 101378 "-" "-"
