172.98.32.112 - - [29/Jun/2026:16:49:36 +0200] "POST /wp-login.php HTTP/1.1" 200 6681 "-" "Mozilla/5.0 (Windows NT 10.0; Win64; rv:143.0) Gecko/20100101 Firefox/143.0"
45.132.227.75 - - [29/Jun/2026:16:49:36 +0200] "POST /wp-login.php HTTP/1.1" 200 6683 "-" "Mozilla/5.0 (Windows NT 10.0; Win64; rv:143.0) Gecko/20100101 Firefox/143.0"
172.98.32.117 - - [29/Jun/2026:16:49:36 +0200] "POST /wp-login.php HTTP/1.1" 200 6707 "-" "Mozilla/5.0 (Macintosh; Intel Mac OS X 10_15_7) AppleWebKit/605.1.15 Version/17.0 Safari/605.1.15"
172.98.32.108 - - [29/Jun/2026:16:49:36 +0200] "POST /wp-login.php HTTP/1.1" 200 6680 "-" "Mozilla/5.0 (Macintosh; Intel Mac OS X 10_15_7) AppleWebKit/605.1.15 Version/17.0 Safari/605.1.15"
87.98.225.137 - - [29/Jun/2026:16:50:45 +0200] "POST /wp-cron.php?doing_wp_cron=1782744645.0532391071319580078125 HTTP/1.1" 200 3658 "-" "WordPress/6.7.2; https://clinicadentalargarate.com"
213.171.208.62 - - [29/Jun/2026:16:50:44 +0200] "GET /wp-login.php HTTP/1.1" 200 6744 "-" "Mozilla/5.0 (X11; Fedora; Linux x86_64) AppleWebKit/537.36 (KHTML, like Gecko) Chrome/133.0.0.0 Safari/537.36"
87.98.225.137 - - [29/Jun/2026:16:50:45 +0200] "POST /wp-cron.php?doing_wp_cron=1782744645.5838229656219482421875 HTTP/1.1" 200 3658 "-" "WordPress/6.7.2; https://clinicadentalargarate.com"
213.171.208.62 - - [29/Jun/2026:16:50:45 +0200] "POST /wp-login.php HTTP/1.1" 200 3503 "https://clinicadentalargarate.com/wp-login.php" "Mozilla/5.0 (X11; Fedora; Linux x86_64) AppleWebKit/537.36 (KHTML, like Gecko) Chrome/133.0.0.0 Safari/537.36"
87.98.225.137 - - [29/Jun/2026:16:51:13 +0200] "POST /wp-cron.php?doing_wp_cron=1782744673.4751660823822021484375 HTTP/1.1" 200 3658 "-" "WordPress/6.7.2; https://clinicadentalargarate.com"
68.178.160.25 - - [29/Jun/2026:16:51:13 +0200] "GET /wp-login.php HTTP/1.1" 200 6744 "-" "Mozilla/5.0 (X11; Fedora; Linux x86_64) AppleWebKit/537.36 (KHTML, like Gecko) Chrome/133.0.0.0 Safari/537.36"
87.98.225.137 - - [29/Jun/2026:16:51:14 +0200] "POST /wp-cron.php?doing_wp_cron=1782744674.4442079067230224609375 HTTP/1.1" 200 3658 "-" "WordPress/6.7.2; https://clinicadentalargarate.com"
68.178.160.25 - - [29/Jun/2026:16:51:14 +0200] "POST /wp-login.php HTTP/1.1" 200 3529 "https://clinicadentalargarate.com/wp-login.php" "Mozilla/5.0 (X11; Fedora; Linux x86_64) AppleWebKit/537.36 (KHTML, like Gecko) Chrome/133.0.0.0 Safari/537.36"
87.98.225.137 - - [29/Jun/2026:16:52:40 +0200] "POST /wp-cron.php?doing_wp_cron=1782744760.6517760753631591796875 HTTP/1.1" 200 3658 "-" "WordPress/6.7.2; https://clinicadentalargarate.com"
131.72.236.123 - - [29/Jun/2026:16:52:40 +0200] "GET /wp-login.php HTTP/1.1" 200 6744 "-" "Mozilla/5.0 (X11; Fedora; Linux x86_64) AppleWebKit/537.36 (KHTML, like Gecko) Chrome/133.0.0.0 Safari/537.36"
87.98.225.137 - - [29/Jun/2026:16:52:41 +0200] "POST /wp-cron.php?doing_wp_cron=1782744761.6838350296020507812500 HTTP/1.1" 200 3658 "-" "WordPress/6.7.2; https://clinicadentalargarate.com"
131.72.236.123 - - [29/Jun/2026:16:52:41 +0200] "POST /wp-login.php HTTP/1.1" 200 3526 "https://clinicadentalargarate.com/wp-login.php" "Mozilla/5.0 (X11; Fedora; Linux x86_64) AppleWebKit/537.36 (KHTML, like Gecko) Chrome/133.0.0.0 Safari/537.36"
87.98.225.137 - - [29/Jun/2026:16:55:44 +0200] "POST /wp-cron.php?doing_wp_cron=1782744944.6606559753417968750000 HTTP/1.1" 200 3658 "-" "WordPress/6.7.2; https://clinicadentalargarate.com"
192.185.4.108 - - [29/Jun/2026:16:55:44 +0200] "GET /wp-login.php HTTP/1.1" 200 6744 "-" "Mozilla/5.0 (Windows NT 10.0; Win64; x64) AppleWebKit/537.36 (KHTML, like Gecko) Chrome/120.0.0.0 Safari/537.36"
87.98.225.137 - - [29/Jun/2026:16:55:45 +0200] "POST /wp-cron.php?doing_wp_cron=1782744945.6230509281158447265625 HTTP/1.1" 200 3658 "-" "WordPress/6.7.2; https://clinicadentalargarate.com"
192.185.4.108 - - [29/Jun/2026:16:55:45 +0200] "POST /wp-login.php HTTP/1.1" 200 3501 "https://clinicadentalargarate.com/wp-login.php" "Mozilla/5.0 (Windows NT 10.0; Win64; x64) AppleWebKit/537.36 (KHTML, like Gecko) Chrome/120.0.0.0 Safari/537.36"
87.98.225.137 - - [29/Jun/2026:16:59:27 +0200] "POST /wp-cron.php?doing_wp_cron=1782745167.6799650192260742187500 HTTP/1.1" 200 3658 "-" "WordPress/6.7.2; https://clinicadentalargarate.com"
172.98.32.119 - - [29/Jun/2026:16:59:27 +0200] "POST /wp-login.php HTTP/1.1" 200 6680 "-" "Mozilla/5.0 (Windows NT 10.0; Win64; rv:143.0) Gecko/20100101 Firefox/143.0"
172.98.32.117 - - [29/Jun/2026:16:59:27 +0200] "POST /wp-login.php HTTP/1.1" 200 6707 "-" "Mozilla/5.0 (Macintosh; Intel Mac OS X 10_15_7) AppleWebKit/605.1.15 Version/17.0 Safari/605.1.15"
45.132.227.76 - - [29/Jun/2026:16:59:27 +0200] "POST /wp-login.php HTTP/1.1" 200 6709 "-" "Mozilla/5.0 (Windows NT 10.0; Win64; x64) AppleWebKit/537.36 Chrome/129.0.0.0 Safari/537.36"
172.98.32.119 - - [29/Jun/2026:16:59:27 +0200] "POST /wp-login.php HTTP/1.1" 200 6680 "-" "Mozilla/5.0 (Windows NT 10.0; Win64; rv:143.0) Gecko/20100101 Firefox/143.0"
45.132.227.84 - - [29/Jun/2026:16:59:27 +0200] "POST /wp-login.php HTTP/1.1" 200 6681 "-" "Mozilla/5.0 (Macintosh; Intel Mac OS X 10_15_7) AppleWebKit/605.1.15 Version/17.0 Safari/605.1.15"
172.98.32.208 - - [29/Jun/2026:16:59:27 +0200] "POST /wp-login.php HTTP/1.1" 200 6683 "-" "Mozilla/5.0 (Macintosh; Intel Mac OS X 10_15_7) AppleWebKit/605.1.15 Version/17.0 Safari/605.1.15"
87.98.225.137 - - [29/Jun/2026:16:59:28 +0200] "POST /wp-cron.php?doing_wp_cron=1782745168.3865230083465576171875 HTTP/1.1" 200 3658 "-" "WordPress/6.7.2; https://clinicadentalargarate.com"
45.132.227.79 - - [29/Jun/2026:16:59:28 +0200] "POST /wp-login.php HTTP/1.1" 200 3721 "-" "Mozilla/5.0 (Windows NT 10.0; Win64; rv:143.0) Gecko/20100101 Firefox/143.0"
87.98.225.137 - - [29/Jun/2026:17:03:08 +0200] "POST /wp-cron.php?doing_wp_cron=1782745388.6617810726165771484375 HTTP/1.1" 200 3658 "-" "WordPress/6.7.2; https://clinicadentalargarate.com"
178.156.206.238 - - [29/Jun/2026:17:03:08 +0200] "GET /wp-login.php HTTP/1.1" 200 6744 "-" "Mozilla/5.0 (Macintosh; Intel Mac OS X 14_7_4) AppleWebKit/537.36 (KHTML, like Gecko) Chrome/133.0.0.0 Safari/537.36"
87.98.225.137 - - [29/Jun/2026:17:03:08 +0200] "POST /wp-cron.php?doing_wp_cron=1782745388.9716980457305908203125 HTTP/1.1" 200 3658 "-" "WordPress/6.7.2; https://clinicadentalargarate.com"
178.156.206.238 - - [29/Jun/2026:17:03:08 +0200] "POST /wp-login.php HTTP/1.1" 200 3502 "https://clinicadentalargarate.com/wp-login.php" "Mozilla/5.0 (Macintosh; Intel Mac OS X 14_7_4) AppleWebKit/537.36 (KHTML, like Gecko) Chrome/133.0.0.0 Safari/537.36"
87.98.225.137 - - [29/Jun/2026:17:05:14 +0200] "POST /wp-cron.php?doing_wp_cron=1782745514.1319730281829833984375 HTTP/1.1" 200 3658 "-" "WordPress/6.7.2; https://clinicadentalargarate.com"
213.171.208.62 - - [29/Jun/2026:17:05:14 +0200] "GET /wp-login.php HTTP/1.1" 200 6744 "-" "Mozilla/5.0 (Windows NT 10.0; Win64; x64; rv:133.0) Gecko/20100101 Firefox/133.0"
213.171.208.62 - - [29/Jun/2026:17:05:14 +0200] "POST /wp-login.php HTTP/1.1" 200 3500 "https://clinicadentalargarate.com/wp-login.php" "Mozilla/5.0 (Windows NT 10.0; Win64; x64; rv:133.0) Gecko/20100101 Firefox/133.0"
87.98.225.137 - - [29/Jun/2026:17:05:40 +0200] "POST /wp-cron.php?doing_wp_cron=1782745540.8957700729370117187500 HTTP/1.1" 200 3658 "-" "WordPress/6.7.2; https://clinicadentalargarate.com"
117.0.21.154 - - [29/Jun/2026:17:05:40 +0200] "GET /wp-login.php HTTP/1.1" 200 6744 "-" "Mozilla/5.0 (X11; Fedora; Linux x86_64) AppleWebKit/537.36 (KHTML, like Gecko) Chrome/133.0.0.0 Safari/537.36"
87.98.225.137 - - [29/Jun/2026:17:05:41 +0200] "POST /wp-cron.php?doing_wp_cron=1782745541.7767469882965087890625 HTTP/1.1" 200 3658 "-" "WordPress/6.7.2; https://clinicadentalargarate.com"
117.0.21.154 - - [29/Jun/2026:17:05:41 +0200] "POST /wp-login.php HTTP/1.1" 200 3529 "https://clinicadentalargarate.com/wp-login.php" "Mozilla/5.0 (X11; Fedora; Linux x86_64) AppleWebKit/537.36 (KHTML, like Gecko) Chrome/133.0.0.0 Safari/537.36"
87.98.225.137 - - [29/Jun/2026:17:08:27 +0200] "POST /wp-cron.php?doing_wp_cron=1782745707.9271509647369384765625 HTTP/1.1" 200 3658 "-" "WordPress/6.7.2; https://clinicadentalargarate.com"
198.244.168.36 - - [29/Jun/2026:17:08:27 +0200] "GET /?sitemap300.xml HTTP/1.1" 301 3660 "-" "Mozilla/5.0 (compatible; AhrefsBot/7.0; +http://ahrefs.com/robot/)"
198.244.168.36 - - [29/Jun/2026:17:08:27 +0200] "GET /?sitemap300_xml HTTP/1.1" 200 36363 "-" "Mozilla/5.0 (compatible; AhrefsBot/7.0; +http://ahrefs.com/robot/)"
45.132.227.76 - - [29/Jun/2026:17:09:26 +0200] "POST /wp-login.php HTTP/1.1" 200 6709 "-" "Mozilla/5.0 (Windows NT 10.0; Win64; rv:143.0) Gecko/20100101 Firefox/143.0"
87.98.225.137 - - [29/Jun/2026:17:09:26 +0200] "POST /wp-cron.php?doing_wp_cron=1782745766.5972299575805664062500 HTTP/1.1" 200 3658 "-" "WordPress/6.7.2; https://clinicadentalargarate.com"
172.98.32.109 - - [29/Jun/2026:17:09:26 +0200] "POST /wp-login.php HTTP/1.1" 200 6680 "-" "Mozilla/5.0 (Windows NT 10.0; Win64; rv:143.0) Gecko/20100101 Firefox/143.0"
172.98.32.114 - - [29/Jun/2026:17:09:26 +0200] "POST /wp-login.php HTTP/1.1" 200 6682 "-" "Mozilla/5.0 (Windows NT 10.0; Win64; rv:143.0) Gecko/20100101 Firefox/143.0"
172.98.32.209 - - [29/Jun/2026:17:09:26 +0200] "POST /wp-login.php HTTP/1.1" 200 6681 "-" "Mozilla/5.0 (Macintosh; Intel Mac OS X 10_15_7) AppleWebKit/605.1.15 Version/17.0 Safari/605.1.15"
172.98.32.112 - - [29/Jun/2026:17:09:26 +0200] "POST /wp-login.php HTTP/1.1" 200 6683 "-" "Mozilla/5.0 (Windows NT 10.0; Win64; rv:143.0) Gecko/20100101 Firefox/143.0"
172.98.32.121 - - [29/Jun/2026:17:09:26 +0200] "POST /wp-login.php HTTP/1.1" 200 6707 "-" "Mozilla/5.0 (Windows NT 10.0; Win64; rv:143.0) Gecko/20100101 Firefox/143.0"
45.132.227.72 - - [29/Jun/2026:17:09:26 +0200] "POST /wp-login.php HTTP/1.1" 200 6680 "-" "Mozilla/5.0 (Macintosh; Intel Mac OS X 10_15_7) AppleWebKit/605.1.15 Version/17.0 Safari/605.1.15"
216.73.217.169 - - [29/Jun/2026:17:11:39 +0200] "GET /robots.txt HTTP/1.1" 200 3834 "-" "Mozilla/5.0 AppleWebKit/537.36 (KHTML, like Gecko; compatible; ClaudeBot/1.0; +claudebot@anthropic.com)"
87.98.225.137 - - [29/Jun/2026:17:11:39 +0200] "POST /wp-cron.php?doing_wp_cron=1782745899.7441821098327636718750 HTTP/1.1" 200 3658 "-" "WordPress/6.7.2; https://clinicadentalargarate.com"
216.73.217.169 - - [29/Jun/2026:17:11:39 +0200] "GET /tratamientos/periodoncia/ HTTP/1.1" 200 24715 "-" "Mozilla/5.0 AppleWebKit/537.36 (KHTML, like Gecko; compatible; ClaudeBot/1.0; +claudebot@anthropic.com)"
87.98.225.137 - - [29/Jun/2026:17:16:46 +0200] "POST /wp-cron.php?doing_wp_cron=1782746206.6103179454803466796875 HTTP/1.1" 200 3658 "-" "WordPress/6.7.2; https://clinicadentalargarate.com"
177.23.117.43 - - [29/Jun/2026:17:16:46 +0200] "GET /tratamientos/estetica-dental/blanqueamiento-dental-preguntas-frecuentes/ HTTP/1.1" 200 27072 "-" "Mozilla/5.0 (Windows NT 10.0) AppleWebKit/537.36 (KHTML, like Gecko) Brave Chrome/78.0.3904.108 Safari/537.36"
87.98.225.137 - - [29/Jun/2026:17:17:23 +0200] "POST /wp-cron.php?doing_wp_cron=1782746243.7383229732513427734375 HTTP/1.1" 200 3658 "-" "WordPress/6.7.2; https://clinicadentalargarate.com"
173.247.255.22 - - [29/Jun/2026:17:17:23 +0200] "GET /wp-login.php HTTP/1.1" 200 6744 "-" "Mozilla/5.0 (X11; Ubuntu; Linux x86_64) AppleWebKit/537.36 (KHTML, like Gecko) Chrome/133.0.0.0 Safari/537.36"
136.144.42.81 - - [29/Jun/2026:17:19:27 +0200] "POST /wp-login.php HTTP/1.1" 200 6681 "-" "Mozilla/5.0 (Windows NT 10.0; Win64; x64) AppleWebKit/537.36 Chrome/129.0.0.0 Safari/537.36"
45.132.227.77 - - [29/Jun/2026:17:19:27 +0200] "POST /wp-login.php HTTP/1.1" 200 6680 "-" "Mozilla/5.0 (Windows NT 10.0; Win64; x64) AppleWebKit/537.36 Chrome/129.0.0.0 Safari/537.36"
45.132.227.72 - - [29/Jun/2026:17:19:27 +0200] "POST /wp-login.php HTTP/1.1" 200 6680 "-" "Mozilla/5.0 (Macintosh; Intel Mac OS X 10_15_7) AppleWebKit/605.1.15 Version/17.0 Safari/605.1.15"
172.98.32.123 - - [29/Jun/2026:17:19:27 +0200] "POST /wp-login.php HTTP/1.1" 200 6709 "-" "Mozilla/5.0 (Macintosh; Intel Mac OS X 10_15_7) AppleWebKit/605.1.15 Version/17.0 Safari/605.1.15"
45.132.227.75 - - [29/Jun/2026:17:19:27 +0200] "POST /wp-login.php HTTP/1.1" 200 6707 "-" "Mozilla/5.0 (Windows NT 10.0; Win64; rv:143.0) Gecko/20100101 Firefox/143.0"
136.144.42.95 - - [29/Jun/2026:17:19:28 +0200] "POST /wp-login.php HTTP/1.1" 200 3721 "-" "Mozilla/5.0 (Windows NT 10.0; Win64; x64) AppleWebKit/537.36 Chrome/129.0.0.0 Safari/537.36"
87.98.225.137 - - [29/Jun/2026:17:21:29 +0200] "POST /wp-cron.php?doing_wp_cron=1782746489.6973340511322021484375 HTTP/1.1" 200 3658 "-" "WordPress/6.7.2; https://clinicadentalargarate.com"
131.72.236.123 - - [29/Jun/2026:17:21:29 +0200] "GET /wp-login.php HTTP/1.1" 200 6744 "-" "Mozilla/5.0 (X11; Linux i686) AppleWebKit/537.36 (KHTML, like Gecko) Chrome/133.0.0.0 Safari/537.36"
87.98.225.137 - - [29/Jun/2026:17:21:33 +0200] "POST /wp-cron.php?doing_wp_cron=1782746493.7159988880157470703125 HTTP/1.1" 200 3658 "-" "WordPress/6.7.2; https://clinicadentalargarate.com"
131.72.236.123 - - [29/Jun/2026:17:21:33 +0200] "POST /wp-login.php HTTP/1.1" 200 3500 "https://clinicadentalargarate.com/wp-login.php" "Mozilla/5.0 (X11; Linux i686) AppleWebKit/537.36 (KHTML, like Gecko) Chrome/133.0.0.0 Safari/537.36"
87.98.225.137 - - [29/Jun/2026:17:21:41 +0200] "POST /wp-cron.php?doing_wp_cron=1782746501.5204460620880126953125 HTTP/1.1" 200 3658 "-" "WordPress/6.7.2; https://clinicadentalargarate.com"
119.195.102.159 - - [29/Jun/2026:17:21:41 +0200] "GET /wp-login.php HTTP/1.1" 200 6744 "-" "Mozilla/5.0 (X11; Ubuntu; Linux x86_64; rv:133.0) Gecko/20100101 Firefox/133.0"
87.98.225.137 - - [29/Jun/2026:17:21:43 +0200] "POST /wp-cron.php?doing_wp_cron=1782746503.3046839237213134765625 HTTP/1.1" 200 3658 "-" "WordPress/6.7.2; https://clinicadentalargarate.com"
119.195.102.159 - - [29/Jun/2026:17:21:43 +0200] "POST /wp-login.php HTTP/1.1" 200 3529 "https://clinicadentalargarate.com/wp-login.php" "Mozilla/5.0 (X11; Ubuntu; Linux x86_64; rv:133.0) Gecko/20100101 Firefox/133.0"
87.98.225.137 - - [29/Jun/2026:17:22:44 +0200] "POST /wp-cron.php?doing_wp_cron=1782746564.4256529808044433593750 HTTP/1.1" 200 3658 "-" "WordPress/6.7.2; https://clinicadentalargarate.com"
148.113.47.200 - - [29/Jun/2026:17:22:44 +0200] "GET /wp-login.php HTTP/1.1" 200 6744 "-" "Mozilla/5.0 (X11; Linux i686) AppleWebKit/537.36 (KHTML, like Gecko) Chrome/133.0.0.0 Safari/537.36"
87.98.225.137 - - [29/Jun/2026:17:22:45 +0200] "POST /wp-cron.php?doing_wp_cron=1782746565.0789039134979248046875 HTTP/1.1" 200 3658 "-" "WordPress/6.7.2; https://clinicadentalargarate.com"
148.113.47.200 - - [29/Jun/2026:17:22:44 +0200] "POST /wp-login.php HTTP/1.1" 200 3526 "https://clinicadentalargarate.com/wp-login.php" "Mozilla/5.0 (X11; Linux i686) AppleWebKit/537.36 (KHTML, like Gecko) Chrome/133.0.0.0 Safari/537.36"
172.98.32.112 - - [29/Jun/2026:17:29:28 +0200] "POST /wp-login.php HTTP/1.1" 200 6707 "-" "Mozilla/5.0 (Windows NT 10.0; Win64; x64) AppleWebKit/537.36 Chrome/129.0.0.0 Safari/537.36"
87.98.225.137 - - [29/Jun/2026:17:29:28 +0200] "POST /wp-cron.php?doing_wp_cron=1782746968.2256228923797607421875 HTTP/1.1" 200 3658 "-" "WordPress/6.7.2; https://clinicadentalargarate.com"
45.132.227.80 - - [29/Jun/2026:17:29:28 +0200] "POST /wp-login.php HTTP/1.1" 200 6709 "-" "Mozilla/5.0 (Windows NT 10.0; Win64; x64) AppleWebKit/537.36 Chrome/129.0.0.0 Safari/537.36"
87.98.225.137 - - [29/Jun/2026:17:29:28 +0200] "POST /wp-cron.php?doing_wp_cron=1782746968.2245969772338867187500 HTTP/1.1" 200 3658 "-" "WordPress/6.7.2; https://clinicadentalargarate.com"
45.132.227.77 - - [29/Jun/2026:17:29:28 +0200] "POST /wp-login.php HTTP/1.1" 200 6682 "-" "Mozilla/5.0 (Windows NT 10.0; Win64; rv:143.0) Gecko/20100101 Firefox/143.0"
87.98.225.137 - - [29/Jun/2026:17:29:28 +0200] "POST /wp-cron.php?doing_wp_cron=1782746968.2246050834655761718750 HTTP/1.1" 200 3658 "-" "WordPress/6.7.2; https://clinicadentalargarate.com"
172.98.32.101 - - [29/Jun/2026:17:29:28 +0200] "POST /wp-login.php HTTP/1.1" 200 6680 "-" "Mozilla/5.0 (Windows NT 10.0; Win64; rv:143.0) Gecko/20100101 Firefox/143.0"
87.98.225.137 - - [29/Jun/2026:17:29:28 +0200] "POST /wp-cron.php?doing_wp_cron=1782746968.2254519462585449218750 HTTP/1.1" 200 3658 "-" "WordPress/6.7.2; https://clinicadentalargarate.com"
172.98.32.111 - - [29/Jun/2026:17:29:28 +0200] "POST /wp-login.php HTTP/1.1" 200 6681 "-" "Mozilla/5.0 (Windows NT 10.0; Win64; x64) AppleWebKit/537.36 Chrome/129.0.0.0 Safari/537.36"
172.98.32.117 - - [29/Jun/2026:17:29:28 +0200] "POST /wp-login.php HTTP/1.1" 200 6683 "-" "Mozilla/5.0 (Macintosh; Intel Mac OS X 10_15_7) AppleWebKit/605.1.15 Version/17.0 Safari/605.1.15"
172.98.32.111 - - [29/Jun/2026:17:29:28 +0200] "POST /wp-login.php HTTP/1.1" 200 6680 "-" "Mozilla/5.0 (Windows NT 10.0; Win64; x64) AppleWebKit/537.36 Chrome/129.0.0.0 Safari/537.36"
87.98.225.137 - - [29/Jun/2026:17:30:06 +0200] "POST /wp-cron.php?doing_wp_cron=1782747006.3199930191040039062500 HTTP/1.1" 200 3658 "-" "WordPress/6.7.2; https://clinicadentalargarate.com"
84.247.151.140 - - [29/Jun/2026:17:30:06 +0200] "GET /wp-login.php HTTP/1.1" 200 6744 "-" "Mozilla/5.0 (X11; Linux x86_64) AppleWebKit/537.36 (KHTML, like Gecko) Chrome/133.0.0.0 Safari/537.36"
87.98.225.137 - - [29/Jun/2026:17:30:07 +0200] "POST /wp-cron.php?doing_wp_cron=1782747007.4511029720306396484375 HTTP/1.1" 200 3658 "-" "WordPress/6.7.2; https://clinicadentalargarate.com"
84.247.151.140 - - [29/Jun/2026:17:30:07 +0200] "POST /wp-login.php HTTP/1.1" 200 3501 "https://clinicadentalargarate.com/wp-login.php" "Mozilla/5.0 (X11; Linux x86_64) AppleWebKit/537.36 (KHTML, like Gecko) Chrome/133.0.0.0 Safari/537.36"
87.98.225.137 - - [29/Jun/2026:17:30:10 +0200] "POST /wp-cron.php?doing_wp_cron=1782747010.5144391059875488281250 HTTP/1.1" 200 3658 "-" "WordPress/6.7.2; https://clinicadentalargarate.com"
94.23.87.180 - - [29/Jun/2026:17:30:10 +0200] "GET / HTTP/1.0" 200 130290 "-" "-"
87.98.225.137 - - [29/Jun/2026:17:38:02 +0200] "POST /wp-cron.php?doing_wp_cron=1782747482.0227670669555664062500 HTTP/1.1" 200 3658 "-" "WordPress/6.7.2; https://clinicadentalargarate.com"
144.76.57.30 - - [29/Jun/2026:17:38:01 +0200] "GET /wp-login.php HTTP/1.1" 200 6744 "-" "Mozilla/5.0 (Windows NT 10.0; Win64; x64) AppleWebKit/537.36 (KHTML, like Gecko) Chrome/133.0.0.0 Safari/537.36 Edg/133.0.0.0"
87.98.225.137 - - [29/Jun/2026:17:38:02 +0200] "POST /wp-cron.php?doing_wp_cron=1782747482.4363160133361816406250 HTTP/1.1" 200 3658 "-" "WordPress/6.7.2; https://clinicadentalargarate.com"
144.76.57.30 - - [29/Jun/2026:17:38:02 +0200] "POST /wp-login.php HTTP/1.1" 200 3503 "https://clinicadentalargarate.com/wp-login.php" "Mozilla/5.0 (Windows NT 10.0; Win64; x64) AppleWebKit/537.36 (KHTML, like Gecko) Chrome/133.0.0.0 Safari/537.36 Edg/133.0.0.0"
87.98.225.137 - - [29/Jun/2026:17:38:49 +0200] "POST /wp-cron.php?doing_wp_cron=1782747529.4704999923706054687500 HTTP/1.1" 200 3658 "-" "WordPress/6.7.2; https://clinicadentalargarate.com"
209.42.18.223 - - [29/Jun/2026:17:38:49 +0200] "GET /wp-login.php HTTP/1.1" 200 6744 "-" "Mozilla/5.0 (Windows NT 10.0; Win64; x64) AppleWebKit/537.36 (KHTML, like Gecko) Chrome/120.0.0.0 Safari/537.36"
209.42.18.223 - - [29/Jun/2026:17:38:49 +0200] "POST /wp-login.php HTTP/1.1" 200 3526 "https://clinicadentalargarate.com/wp-login.php" "Mozilla/5.0 (Windows NT 10.0; Win64; x64) AppleWebKit/537.36 (KHTML, like Gecko) Chrome/120.0.0.0 Safari/537.36"
87.98.225.137 - - [29/Jun/2026:17:38:58 +0200] "POST /wp-cron.php?doing_wp_cron=1782747538.5042440891265869140625 HTTP/1.1" 200 3658 "-" "WordPress/6.7.2; https://clinicadentalargarate.com"
78.142.18.172 - - [29/Jun/2026:17:38:58 +0200] "GET /wp-login.php HTTP/1.1" 200 6744 "-" "Mozilla/5.0 (Macintosh; Intel Mac OS X 14_7_4) AppleWebKit/537.36 (KHTML, like Gecko) Chrome/133.0.0.0 Safari/537.36"
87.98.225.137 - - [29/Jun/2026:17:38:58 +0200] "POST /wp-cron.php?doing_wp_cron=1782747538.9116239547729492187500 HTTP/1.1" 200 3658 "-" "WordPress/6.7.2; https://clinicadentalargarate.com"
78.142.18.172 - - [29/Jun/2026:17:38:58 +0200] "POST /wp-login.php HTTP/1.1" 200 3529 "https://clinicadentalargarate.com/wp-login.php" "Mozilla/5.0 (Macintosh; Intel Mac OS X 14_7_4) AppleWebKit/537.36 (KHTML, like Gecko) Chrome/133.0.0.0 Safari/537.36"
87.98.225.137 - - [29/Jun/2026:17:39:01 +0200] "POST /wp-cron.php?doing_wp_cron=1782747541.0534710884094238281250 HTTP/1.1" 200 3658 "-" "WordPress/6.7.2; https://clinicadentalargarate.com"
151.246.1.47 - - [29/Jun/2026:17:39:00 +0200] "GET /wp-login.php HTTP/1.1" 200 6744 "-" "Mozilla/5.0 (Windows NT 10.0; Win64; x64) AppleWebKit/537.36 (KHTML, like Gecko) Chrome/120.0.0.0 Safari/537.36"
87.98.225.137 - - [29/Jun/2026:17:39:01 +0200] "POST /wp-cron.php?doing_wp_cron=1782747541.3500070571899414062500 HTTP/1.1" 200 3658 "-" "WordPress/6.7.2; https://clinicadentalargarate.com"
151.246.1.47 - - [29/Jun/2026:17:39:01 +0200] "POST /wp-login.php HTTP/1.1" 200 3501 "https://clinicadentalargarate.com/wp-login.php" "Mozilla/5.0 (Windows NT 10.0; Win64; x64) AppleWebKit/537.36 (KHTML, like Gecko) Chrome/120.0.0.0 Safari/537.36"
87.98.225.137 - - [29/Jun/2026:17:39:07 +0200] "POST /wp-cron.php?doing_wp_cron=1782747547.9456930160522460937500 HTTP/1.1" 200 3658 "-" "WordPress/6.7.2; https://clinicadentalargarate.com"
41.216.188.177 - - [29/Jun/2026:17:39:07 +0200] "GET / HTTP/1.1" 200 36408 "-" "Mozilla/5.0"
172.98.32.114 - - [29/Jun/2026:17:39:37 +0200] "POST /wp-login.php HTTP/1.1" 200 6680 "-" "Mozilla/5.0 (Windows NT 10.0; Win64; rv:143.0) Gecko/20100101 Firefox/143.0"
45.132.227.69 - - [29/Jun/2026:17:39:37 +0200] "POST /wp-login.php HTTP/1.1" 200 6709 "-" "Mozilla/5.0 (Windows NT 10.0; Win64; rv:143.0) Gecko/20100101 Firefox/143.0"
87.98.225.137 - - [29/Jun/2026:17:39:37 +0200] "POST /wp-cron.php?doing_wp_cron=1782747577.1498870849609375000000 HTTP/1.1" 200 3658 "-" "WordPress/6.7.2; https://clinicadentalargarate.com"
87.98.225.137 - - [29/Jun/2026:17:39:37 +0200] "POST /wp-cron.php?doing_wp_cron=1782747577.1498839855194091796875 HTTP/1.1" 200 3658 "-" "WordPress/6.7.2; https://clinicadentalargarate.com"
87.98.225.137 - - [29/Jun/2026:17:39:37 +0200] "POST /wp-cron.php?doing_wp_cron=1782747577.1498839855194091796875 HTTP/1.1" 200 3658 "-" "WordPress/6.7.2; https://clinicadentalargarate.com"
136.144.42.88 - - [29/Jun/2026:17:39:37 +0200] "POST /wp-login.php HTTP/1.1" 200 6680 "-" "Mozilla/5.0 (Windows NT 10.0; Win64; rv:143.0) Gecko/20100101 Firefox/143.0"
172.98.32.113 - - [29/Jun/2026:17:39:37 +0200] "POST /wp-login.php HTTP/1.1" 200 6707 "-" "Mozilla/5.0 (Windows NT 10.0; Win64; rv:143.0) Gecko/20100101 Firefox/143.0"
172.98.32.108 - - [29/Jun/2026:17:39:37 +0200] "POST /wp-login.php HTTP/1.1" 200 6683 "-" "Mozilla/5.0 (Windows NT 10.0; Win64; rv:143.0) Gecko/20100101 Firefox/143.0"
172.98.32.109 - - [29/Jun/2026:17:39:37 +0200] "POST /wp-login.php HTTP/1.1" 200 6681 "-" "Mozilla/5.0 (Macintosh; Intel Mac OS X 10_15_7) AppleWebKit/605.1.15 Version/17.0 Safari/605.1.15"
87.98.225.137 - - [29/Jun/2026:17:39:58 +0200] "POST /wp-cron.php?doing_wp_cron=1782747598.8827109336853027343750 HTTP/1.1" 200 3658 "-" "WordPress/6.7.2; https://clinicadentalargarate.com"
136.144.42.95 - - [29/Jun/2026:17:39:58 +0200] "POST /wp-login.php HTTP/1.1" 200 3677 "-" "Mozilla/5.0 (Windows NT 10.0; Win64; rv:143.0) Gecko/20100101 Firefox/143.0"
87.98.225.137 - - [29/Jun/2026:17:49:40 +0200] "POST /wp-cron.php?doing_wp_cron=1782748180.4020199775695800781250 HTTP/1.1" 200 3658 "-" "WordPress/6.7.2; https://clinicadentalargarate.com"
172.98.32.117 - - [29/Jun/2026:17:49:40 +0200] "POST /wp-login.php HTTP/1.1" 200 6709 "-" "Mozilla/5.0 (Macintosh; Intel Mac OS X 10_15_7) AppleWebKit/605.1.15 Version/17.0 Safari/605.1.15"
87.98.225.137 - - [29/Jun/2026:17:49:40 +0200] "POST /wp-cron.php?doing_wp_cron=1782748180.4023060798645019531250 HTTP/1.1" 200 3658 "-" "WordPress/6.7.2; https://clinicadentalargarate.com"
87.98.225.137 - - [29/Jun/2026:17:49:40 +0200] "POST /wp-cron.php?doing_wp_cron=1782748180.4023408889770507812500 HTTP/1.1" 200 3658 "-" "WordPress/6.7.2; https://clinicadentalargarate.com"
45.132.227.85 - - [29/Jun/2026:17:49:40 +0200] "POST /wp-login.php HTTP/1.1" 200 6683 "-" "Mozilla/5.0 (Windows NT 10.0; Win64; x64) AppleWebKit/537.36 Chrome/129.0.0.0 Safari/537.36"
87.98.225.137 - - [29/Jun/2026:17:49:40 +0200] "POST /wp-cron.php?doing_wp_cron=1782748180.4023680686950683593750 HTTP/1.1" 200 3658 "-" "WordPress/6.7.2; https://clinicadentalargarate.com"
45.132.227.82 - - [29/Jun/2026:17:49:40 +0200] "POST /wp-login.php HTTP/1.1" 200 6682 "-" "Mozilla/5.0 (Macintosh; Intel Mac OS X 10_15_7) AppleWebKit/605.1.15 Version/17.0 Safari/605.1.15"
87.98.225.137 - - [29/Jun/2026:17:49:40 +0200] "POST /wp-cron.php?doing_wp_cron=1782748180.4023010730743408203125 HTTP/1.1" 200 3658 "-" "WordPress/6.7.2; https://clinicadentalargarate.com"
45.132.227.85 - - [29/Jun/2026:17:49:40 +0200] "POST /wp-login.php HTTP/1.1" 200 6680 "-" "Mozilla/5.0 (Macintosh; Intel Mac OS X 10_15_7) AppleWebKit/605.1.15 Version/17.0 Safari/605.1.15"
45.132.227.82 - - [29/Jun/2026:17:49:40 +0200] "POST /wp-login.php HTTP/1.1" 200 6680 "-" "Mozilla/5.0 (Windows NT 10.0; Win64; x64) AppleWebKit/537.36 Chrome/129.0.0.0 Safari/537.36"
45.132.227.80 - - [29/Jun/2026:17:49:40 +0200] "POST /wp-login.php HTTP/1.1" 200 6681 "-" "Mozilla/5.0 (Windows NT 10.0; Win64; rv:143.0) Gecko/20100101 Firefox/143.0"
87.98.225.137 - - [29/Jun/2026:17:49:41 +0200] "POST /wp-cron.php?doing_wp_cron=1782748181.0619978904724121093750 HTTP/1.1" 200 3658 "-" "WordPress/6.7.2; https://clinicadentalargarate.com"
45.132.227.69 - - [29/Jun/2026:17:49:40 +0200] "POST /wp-login.php HTTP/1.1" 200 3746 "-" "Mozilla/5.0 (Windows NT 10.0; Win64; x64) AppleWebKit/537.36 Chrome/129.0.0.0 Safari/537.36"
87.98.225.137 - - [29/Jun/2026:17:51:59 +0200] "POST /wp-cron.php?doing_wp_cron=1782748319.6877470016479492187500 HTTP/1.1" 200 3658 "-" "WordPress/6.7.2; https://clinicadentalargarate.com"
52.167.144.228 - - [29/Jun/2026:17:51:59 +0200] "GET /blog/codigos-de-bono-en-kudos-casino-espana-donde-y-como-canjearlos/ HTTP/1.1" 500 6682 "-" "Mozilla/5.0 AppleWebKit/537.36 (KHTML, like Gecko; compatible; bingbot/2.0; +http://www.bing.com/bingbot.htm) Chrome/116.0.1938.76 Safari/537.36"
87.98.225.137 - - [29/Jun/2026:17:52:34 +0200] "POST /wp-cron.php?doing_wp_cron=1782748354.5352680683135986328125 HTTP/1.1" 200 3658 "-" "WordPress/6.7.2; https://clinicadentalargarate.com"
216.73.217.169 - - [29/Jun/2026:17:52:34 +0200] "GET / HTTP/1.1" 200 36393 "-" "Mozilla/5.0 AppleWebKit/537.36 (KHTML, like Gecko; compatible; ClaudeBot/1.0; +claudebot@anthropic.com)"
87.98.225.137 - - [29/Jun/2026:17:53:11 +0200] "POST /wp-cron.php?doing_wp_cron=1782748391.2911109924316406250000 HTTP/1.1" 200 3658 "-" "WordPress/6.7.2; https://clinicadentalargarate.com"
97.74.88.143 - - [29/Jun/2026:17:53:11 +0200] "GET /wp-login.php HTTP/1.1" 200 6744 "-" "Mozilla/5.0 (Windows NT 10.0; Win64; x64; rv:133.0) Gecko/20100101 Firefox/133.0"
87.98.225.137 - - [29/Jun/2026:17:53:11 +0200] "POST /wp-cron.php?doing_wp_cron=1782748391.8341369628906250000000 HTTP/1.1" 200 3658 "-" "WordPress/6.7.2; https://clinicadentalargarate.com"
97.74.88.143 - - [29/Jun/2026:17:53:11 +0200] "POST /wp-login.php HTTP/1.1" 200 3503 "https://clinicadentalargarate.com/wp-login.php" "Mozilla/5.0 (Windows NT 10.0; Win64; x64; rv:133.0) Gecko/20100101 Firefox/133.0"
198.244.183.248 - - [29/Jun/2026:17:54:07 +0200] "GET /robots.txt HTTP/1.1" 200 3834 "-" "Mozilla/5.0 (compatible; AhrefsBot/7.0; +http://ahrefs.com/robot/)"
87.98.225.137 - - [29/Jun/2026:17:54:07 +0200] "POST /wp-cron.php?doing_wp_cron=1782748447.6441578865051269531250 HTTP/1.1" 200 3658 "-" "WordPress/6.7.2; https://clinicadentalargarate.com"
152.228.213.32 - - [29/Jun/2026:17:54:07 +0200] "GET /wp-login.php HTTP/1.1" 200 6744 "-" "Mozilla/5.0 (X11; CrOS x86_64 14541.0.0) AppleWebKit/537.36 (KHTML, like Gecko) Chrome/133.0.0.0 Safari/537.36"
152.228.213.32 - - [29/Jun/2026:17:54:07 +0200] "POST /wp-login.php HTTP/1.1" 200 3529 "https://clinicadentalargarate.com/wp-login.php" "Mozilla/5.0 (X11; CrOS x86_64 14541.0.0) AppleWebKit/537.36 (KHTML, like Gecko) Chrome/133.0.0.0 Safari/537.36"
87.98.225.137 - - [29/Jun/2026:17:54:08 +0200] "POST /wp-cron.php?doing_wp_cron=1782748448.7158141136169433593750 HTTP/1.1" 200 3658 "-" "WordPress/6.7.2; https://clinicadentalargarate.com"
51.195.215.217 - - [29/Jun/2026:17:54:08 +0200] "GET /?sitemap723.xml HTTP/1.1" 301 3660 "-" "Mozilla/5.0 (compatible; AhrefsBot/7.0; +http://ahrefs.com/robot/)"
51.195.215.217 - - [29/Jun/2026:17:54:08 +0200] "GET /?sitemap723_xml HTTP/1.1" 200 36390 "-" "Mozilla/5.0 (compatible; AhrefsBot/7.0; +http://ahrefs.com/robot/)"
87.98.225.137 - - [29/Jun/2026:17:54:26 +0200] "POST /wp-cron.php?doing_wp_cron=1782748466.6694860458374023437500 HTTP/1.1" 200 3658 "-" "WordPress/6.7.2; https://clinicadentalargarate.com"
185.153.203.86 - - [29/Jun/2026:17:54:26 +0200] "GET /wp-login.php HTTP/1.1" 200 6744 "-" "Mozilla/5.0 (X11; Linux i686) AppleWebKit/537.36 (KHTML, like Gecko) Chrome/133.0.0.0 Safari/537.36"
185.153.203.86 - - [29/Jun/2026:17:54:26 +0200] "POST /wp-login.php HTTP/1.1" 200 3500 "https://clinicadentalargarate.com/wp-login.php" "Mozilla/5.0 (X11; Linux i686) AppleWebKit/537.36 (KHTML, like Gecko) Chrome/133.0.0.0 Safari/537.36"
87.98.225.137 - - [29/Jun/2026:17:54:58 +0200] "POST /wp-cron.php?doing_wp_cron=1782748498.8243420124053955078125 HTTP/1.1" 200 3658 "-" "WordPress/6.7.2; https://clinicadentalargarate.com"
114.119.135.143 - - [29/Jun/2026:17:54:58 +0200] "GET /blog/tiki-taka-casino-een-diepgaande-blik-op-de-game-ervaring/ HTTP/1.1" 500 6570 "https://clinicadentalargarate.com/" "Mozilla/5.0 (Linux; Android 7.0;) AppleWebKit/537.36 (HTML, like Gecko) Mobile Safari/537.36 (compatible; PetalBot;+https://webmaster.petalsearch.com/site/petalbot)"
87.98.225.137 - - [29/Jun/2026:17:56:49 +0200] "POST /wp-cron.php?doing_wp_cron=1782748609.3389260768890380859375 HTTP/1.1" 200 3658 "-" "WordPress/6.7.2; https://clinicadentalargarate.com"
216.73.217.169 - - [29/Jun/2026:17:56:49 +0200] "GET / HTTP/1.1" 200 36363 "-" "Mozilla/5.0 AppleWebKit/537.36 (KHTML, like Gecko; compatible; ClaudeBot/1.0; +claudebot@anthropic.com)"
87.98.225.137 - - [29/Jun/2026:17:59:30 +0200] "POST /wp-cron.php?doing_wp_cron=1782748770.0296940803527832031250 HTTP/1.1" 200 3658 "-" "WordPress/6.7.2; https://clinicadentalargarate.com"
87.98.225.137 - - [29/Jun/2026:17:59:30 +0200] "POST /wp-cron.php?doing_wp_cron=1782748770.0296540260314941406250 HTTP/1.1" 200 3658 "-" "WordPress/6.7.2; https://clinicadentalargarate.com"
172.98.32.107 - - [29/Jun/2026:17:59:29 +0200] "POST /wp-login.php HTTP/1.1" 200 6683 "-" "Mozilla/5.0 (Macintosh; Intel Mac OS X 10_15_7) AppleWebKit/605.1.15 Version/17.0 Safari/605.1.15"
87.98.225.137 - - [29/Jun/2026:17:59:30 +0200] "POST /wp-cron.php?doing_wp_cron=1782748770.0312900543212890625000 HTTP/1.1" 200 3658 "-" "WordPress/6.7.2; https://clinicadentalargarate.com"
172.98.32.123 - - [29/Jun/2026:17:59:29 +0200] "POST /wp-login.php HTTP/1.1" 200 6707 "-" "Mozilla/5.0 (Windows NT 10.0; Win64; x64) AppleWebKit/537.36 Chrome/129.0.0.0 Safari/537.36"
87.98.225.137 - - [29/Jun/2026:17:59:30 +0200] "POST /wp-cron.php?doing_wp_cron=1782748770.0293269157409667968750 HTTP/1.1" 200 3658 "-" "WordPress/6.7.2; https://clinicadentalargarate.com"
87.98.225.137 - - [29/Jun/2026:17:59:30 +0200] "POST /wp-cron.php?doing_wp_cron=1782748770.0294680595397949218750 HTTP/1.1" 200 3658 "-" "WordPress/6.7.2; https://clinicadentalargarate.com"
45.132.227.73 - - [29/Jun/2026:17:59:29 +0200] "POST /wp-login.php HTTP/1.1" 200 6681 "-" "Mozilla/5.0 (Macintosh; Intel Mac OS X 10_15_7) AppleWebKit/605.1.15 Version/17.0 Safari/605.1.15"
172.98.32.101 - - [29/Jun/2026:17:59:29 +0200] "POST /wp-login.php HTTP/1.1" 200 6680 "-" "Mozilla/5.0 (Windows NT 10.0; Win64; x64) AppleWebKit/537.36 Chrome/129.0.0.0 Safari/537.36"
172.98.32.117 - - [29/Jun/2026:17:59:29 +0200] "POST /wp-login.php HTTP/1.1" 200 6709 "-" "Mozilla/5.0 (Windows NT 10.0; Win64; rv:143.0) Gecko/20100101 Firefox/143.0"
87.98.225.137 - - [29/Jun/2026:18:08:03 +0200] "POST /wp-cron.php?doing_wp_cron=1782749283.2857389450073242187500 HTTP/1.1" 200 3658 "-" "WordPress/6.7.2; https://clinicadentalargarate.com"
216.73.217.169 - - [29/Jun/2026:18:08:03 +0200] "GET /pages.php HTTP/1.1" 404 105569 "-" "Mozilla/5.0 AppleWebKit/537.36 (KHTML, like Gecko; compatible; ClaudeBot/1.0; +claudebot@anthropic.com)"
45.132.227.78 - - [29/Jun/2026:18:09:45 +0200] "POST /wp-login.php HTTP/1.1" 200 6682 "-" "Mozilla/5.0 (Windows NT 10.0; Win64; x64) AppleWebKit/537.36 Chrome/129.0.0.0 Safari/537.36"
87.98.225.137 - - [29/Jun/2026:18:09:45 +0200] "POST /wp-cron.php?doing_wp_cron=1782749385.4299290180206298828125 HTTP/1.1" 200 3658 "-" "WordPress/6.7.2; https://clinicadentalargarate.com"
87.98.225.137 - - [29/Jun/2026:18:09:45 +0200] "POST /wp-cron.php?doing_wp_cron=1782749385.4296948909759521484375 HTTP/1.1" 200 3658 "-" "WordPress/6.7.2; https://clinicadentalargarate.com"
136.144.42.81 - - [29/Jun/2026:18:09:45 +0200] "POST /wp-login.php HTTP/1.1" 200 6680 "-" "Mozilla/5.0 (Windows NT 10.0; Win64; rv:143.0) Gecko/20100101 Firefox/143.0"
45.132.227.80 - - [29/Jun/2026:18:09:45 +0200] "POST /wp-login.php HTTP/1.1" 200 6709 "-" "Mozilla/5.0 (Windows NT 10.0; Win64; x64) AppleWebKit/537.36 Chrome/129.0.0.0 Safari/537.36"
45.132.227.79 - - [29/Jun/2026:18:09:45 +0200] "POST /wp-login.php HTTP/1.1" 200 6681 "-" "Mozilla/5.0 (Macintosh; Intel Mac OS X 10_15_7) AppleWebKit/605.1.15 Version/17.0 Safari/605.1.15"
136.144.42.94 - - [29/Jun/2026:18:09:45 +0200] "POST /wp-login.php HTTP/1.1" 200 6707 "-" "Mozilla/5.0 (Windows NT 10.0; Win64; x64) AppleWebKit/537.36 Chrome/129.0.0.0 Safari/537.36"
87.98.225.137 - - [29/Jun/2026:18:09:46 +0200] "POST /wp-cron.php?doing_wp_cron=1782749385.8068659305572509765625 HTTP/1.1" 200 3658 "-" "WordPress/6.7.2; https://clinicadentalargarate.com"
172.98.32.105 - - [29/Jun/2026:18:09:46 +0200] "POST /wp-login.php HTTP/1.1" 200 3719 "-" "Mozilla/5.0 (Macintosh; Intel Mac OS X 10_15_7) AppleWebKit/605.1.15 Version/17.0 Safari/605.1.15"
45.132.227.76 - - [29/Jun/2026:18:09:45 +0200] "POST /wp-login.php HTTP/1.1" 200 6683 "-" "Mozilla/5.0 (Windows NT 10.0; Win64; x64) AppleWebKit/537.36 Chrome/129.0.0.0 Safari/537.36"
87.98.225.137 - - [29/Jun/2026:18:10:27 +0200] "POST /wp-cron.php?doing_wp_cron=1782749427.3919749259948730468750 HTTP/1.1" 200 3658 "-" "WordPress/6.7.2; https://clinicadentalargarate.com"
152.228.213.32 - - [29/Jun/2026:18:10:27 +0200] "GET /wp-login.php HTTP/1.1" 200 6744 "-" "Mozilla/5.0 (Windows NT 10.0; Win64; x64; rv:133.0) Gecko/20100101 Firefox/133.0"
87.98.225.137 - - [29/Jun/2026:18:10:28 +0200] "POST /wp-cron.php?doing_wp_cron=1782749428.1631848812103271484375 HTTP/1.1" 200 3658 "-" "WordPress/6.7.2; https://clinicadentalargarate.com"
152.228.213.32 - - [29/Jun/2026:18:10:28 +0200] "POST /wp-login.php HTTP/1.1" 200 3503 "https://clinicadentalargarate.com/wp-login.php" "Mozilla/5.0 (Windows NT 10.0; Win64; x64; rv:133.0) Gecko/20100101 Firefox/133.0"
87.98.225.137 - - [29/Jun/2026:18:11:06 +0200] "POST /wp-cron.php?doing_wp_cron=1782749466.9471640586853027343750 HTTP/1.1" 200 3658 "-" "WordPress/6.7.2; https://clinicadentalargarate.com"
144.76.57.30 - - [29/Jun/2026:18:11:06 +0200] "GET /wp-login.php HTTP/1.1" 200 6744 "-" "Mozilla/5.0 (Macintosh; Intel Mac OS X 11_7_10) AppleWebKit/537.36 (KHTML, like Gecko) Chrome/133.0.0.0 Safari/537.36"
144.76.57.30 - - [29/Jun/2026:18:11:07 +0200] "POST /wp-login.php HTTP/1.1" 200 3500 "https://clinicadentalargarate.com/wp-login.php" "Mozilla/5.0 (Macintosh; Intel Mac OS X 11_7_10) AppleWebKit/537.36 (KHTML, like Gecko) Chrome/133.0.0.0 Safari/537.36"
87.98.225.137 - - [29/Jun/2026:18:11:07 +0200] "POST /wp-cron.php?doing_wp_cron=1782749467.4590680599212646484375 HTTP/1.1" 200 3658 "-" "WordPress/6.7.2; https://clinicadentalargarate.com"
94.243.71.190 - - [29/Jun/2026:18:11:07 +0200] "GET /blog/indicadores-hijo-puede-necesitar-ortodoncia/ HTTP/1.1" 500 6599 "-" "Mozilla/5.0 (Windows NT 6.1; WOW64) AppleWebKit/537.36 (KHTML, like Gecko) Chrome/107.0.0.0 Safari/537.36"
87.98.225.137 - - [29/Jun/2026:18:12:27 +0200] "POST /wp-cron.php?doing_wp_cron=1782749547.1521968841552734375000 HTTP/1.1" 200 3658 "-" "WordPress/6.7.2; https://clinicadentalargarate.com"
117.0.21.154 - - [29/Jun/2026:18:12:27 +0200] "GET /wp-login.php HTTP/1.1" 200 6744 "-" "Mozilla/5.0 (X11; Linux x86_64) AppleWebKit/537.36 (KHTML, like Gecko) Chrome/133.0.0.0 Safari/537.36 Edg/133.0.0.0"
87.98.225.137 - - [29/Jun/2026:18:12:27 +0200] "POST /wp-cron.php?doing_wp_cron=1782749547.7830600738525390625000 HTTP/1.1" 200 3658 "-" "WordPress/6.7.2; https://clinicadentalargarate.com"
117.0.21.154 - - [29/Jun/2026:18:12:27 +0200] "POST /wp-login.php HTTP/1.1" 200 3502 "https://clinicadentalargarate.com/wp-login.php" "Mozilla/5.0 (X11; Linux x86_64) AppleWebKit/537.36 (KHTML, like Gecko) Chrome/133.0.0.0 Safari/537.36 Edg/133.0.0.0"
87.98.225.137 - - [29/Jun/2026:18:15:11 +0200] "POST /wp-cron.php?doing_wp_cron=1782749711.5933101177215576171875 HTTP/1.1" 200 3658 "-" "WordPress/6.7.2; https://clinicadentalargarate.com"
43.157.243.191 - - [29/Jun/2026:18:15:11 +0200] "GET /wp-login.php HTTP/1.1" 200 6744 "-" "Mozilla/5.0 (Macintosh; Intel Mac OS X 10_15_7) AppleWebKit/537.36 (KHTML, like Gecko) Chrome/133.0.0.0 Safari/537.36"
87.98.225.137 - - [29/Jun/2026:18:15:12 +0200] "POST /wp-cron.php?doing_wp_cron=1782749712.5618538856506347656250 HTTP/1.1" 200 3658 "-" "WordPress/6.7.2; https://clinicadentalargarate.com"
43.157.243.191 - - [29/Jun/2026:18:15:12 +0200] "POST /wp-login.php HTTP/1.1" 200 3501 "https://clinicadentalargarate.com/wp-login.php" "Mozilla/5.0 (Macintosh; Intel Mac OS X 10_15_7) AppleWebKit/537.36 (KHTML, like Gecko) Chrome/133.0.0.0 Safari/537.36"
87.98.225.137 - - [29/Jun/2026:18:18:18 +0200] "POST /wp-cron.php?doing_wp_cron=1782749898.5667870044708251953125 HTTP/1.1" 200 3658 "-" "WordPress/6.7.2; https://clinicadentalargarate.com"
197.244.31.178 - - [29/Jun/2026:18:18:18 +0200] "GET /blog/est-ce-que-legiano-casino-accepte-les-portefeuilles-electroniques/ HTTP/1.1" 500 6601 "-" "Mozilla/5.0 (Windows NT 6.2; WOW64) AppleWebKit/537.14 (KHTML, like Gecko) Chrome/24.0.1292.0 Safari/537.14"
136.144.42.85 - - [29/Jun/2026:18:19:49 +0200] "POST /wp-login.php HTTP/1.1" 200 6681 "-" "Mozilla/5.0 (Macintosh; Intel Mac OS X 10_15_7) AppleWebKit/605.1.15 Version/17.0 Safari/605.1.15"
136.144.42.82 - - [29/Jun/2026:18:19:49 +0200] "POST /wp-login.php HTTP/1.1" 200 6683 "-" "Mozilla/5.0 (Macintosh; Intel Mac OS X 10_15_7) AppleWebKit/605.1.15 Version/17.0 Safari/605.1.15"
172.98.32.209 - - [29/Jun/2026:18:19:49 +0200] "POST /wp-login.php HTTP/1.1" 200 6680 "-" "Mozilla/5.0 (Macintosh; Intel Mac OS X 10_15_7) AppleWebKit/605.1.15 Version/17.0 Safari/605.1.15"
87.98.225.137 - - [29/Jun/2026:18:19:49 +0200] "POST /wp-cron.php?doing_wp_cron=1782749989.5154080390930175781250 HTTP/1.1" 200 3658 "-" "WordPress/6.7.2; https://clinicadentalargarate.com"
87.98.225.137 - - [29/Jun/2026:18:19:49 +0200] "POST /wp-cron.php?doing_wp_cron=1782749989.5144150257110595703125 HTTP/1.1" 200 3658 "-" "WordPress/6.7.2; https://clinicadentalargarate.com"
87.98.225.137 - - [29/Jun/2026:18:19:49 +0200] "POST /wp-cron.php?doing_wp_cron=1782749989.5144701004028320312500 HTTP/1.1" 200 3658 "-" "WordPress/6.7.2; https://clinicadentalargarate.com"
45.132.227.77 - - [29/Jun/2026:18:19:49 +0200] "POST /wp-login.php HTTP/1.1" 200 6707 "-" "Mozilla/5.0 (Windows NT 10.0; Win64; x64) AppleWebKit/537.36 Chrome/129.0.0.0 Safari/537.36"
45.132.227.77 - - [29/Jun/2026:18:19:49 +0200] "POST /wp-login.php HTTP/1.1" 200 6682 "-" "Mozilla/5.0 (Windows NT 10.0; Win64; rv:143.0) Gecko/20100101 Firefox/143.0"
172.98.32.101 - - [29/Jun/2026:18:19:49 +0200] "POST /wp-login.php HTTP/1.1" 200 6680 "-" "Mozilla/5.0 (Macintosh; Intel Mac OS X 10_15_7) AppleWebKit/605.1.15 Version/17.0 Safari/605.1.15"
87.98.225.137 - - [29/Jun/2026:18:19:50 +0200] "POST /wp-cron.php?doing_wp_cron=1782749990.2172579765319824218750 HTTP/1.1" 200 3658 "-" "WordPress/6.7.2; https://clinicadentalargarate.com"
45.132.227.69 - - [29/Jun/2026:18:19:50 +0200] "POST /wp-login.php HTTP/1.1" 200 3748 "-" "Mozilla/5.0 (Macintosh; Intel Mac OS X 10_15_7) AppleWebKit/605.1.15 Version/17.0 Safari/605.1.15"
87.98.225.137 - - [29/Jun/2026:18:23:12 +0200] "POST /wp-cron.php?doing_wp_cron=1782750192.0630431175231933593750 HTTP/1.1" 200 3658 "-" "WordPress/6.7.2; https://clinicadentalargarate.com"
66.249.66.41 - - [29/Jun/2026:18:23:11 +0200] "GET /sitemap.xml HTTP/1.1" 301 3672 "-" "Mozilla/5.0 (compatible; Googlebot/2.1; +http://www.google.com/bot.html)"
87.98.225.137 - - [29/Jun/2026:18:23:13 +0200] "POST /wp-cron.php?doing_wp_cron=1782750193.0572888851165771484375 HTTP/1.1" 200 3658 "-" "WordPress/6.7.2; https://clinicadentalargarate.com"
66.249.66.42 - - [29/Jun/2026:18:23:12 +0200] "GET /wp-sitemap.xml HTTP/1.1" 200 3859 "-" "Mozilla/5.0 (compatible; Googlebot/2.1; +http://www.google.com/bot.html)"
87.98.225.137 - - [29/Jun/2026:18:26:46 +0200] "POST /wp-cron.php?doing_wp_cron=1782750406.0142068862915039062500 HTTP/1.1" 200 3658 "-" "WordPress/6.7.2; https://clinicadentalargarate.com"
207.180.238.18 - - [29/Jun/2026:18:26:45 +0200] "GET /wp-login.php HTTP/1.1" 200 6744 "-" "Mozilla/5.0 (Macintosh; Intel Mac OS X 14_7_4) AppleWebKit/537.36 (KHTML, like Gecko) Chrome/133.0.0.0 Safari/537.36"
87.98.225.137 - - [29/Jun/2026:18:26:46 +0200] "POST /wp-cron.php?doing_wp_cron=1782750406.6124091148376464843750 HTTP/1.1" 200 3658 "-" "WordPress/6.7.2; https://clinicadentalargarate.com"
207.180.238.18 - - [29/Jun/2026:18:26:46 +0200] "POST /wp-login.php HTTP/1.1" 200 3503 "https://clinicadentalargarate.com/wp-login.php" "Mozilla/5.0 (Macintosh; Intel Mac OS X 14_7_4) AppleWebKit/537.36 (KHTML, like Gecko) Chrome/133.0.0.0 Safari/537.36"
216.73.217.169 - - [29/Jun/2026:18:26:58 +0200] "GET /robots.txt HTTP/1.1" 200 3834 "-" "Mozilla/5.0 AppleWebKit/537.36 (KHTML, like Gecko; compatible; ClaudeBot/1.0; +claudebot@anthropic.com)"
87.98.225.137 - - [29/Jun/2026:18:26:58 +0200] "POST /wp-cron.php?doing_wp_cron=1782750418.2796659469604492187500 HTTP/1.1" 200 3658 "-" "WordPress/6.7.2; https://clinicadentalargarate.com"
216.73.217.169 - - [29/Jun/2026:18:26:58 +0200] "GET /blog/ HTTP/1.1" 200 24354 "-" "Mozilla/5.0 AppleWebKit/537.36 (KHTML, like Gecko; compatible; ClaudeBot/1.0; +claudebot@anthropic.com)"
87.98.225.137 - - [29/Jun/2026:18:28:15 +0200] "POST /wp-cron.php?doing_wp_cron=1782750495.4968700408935546875000 HTTP/1.1" 200 3658 "-" "WordPress/6.7.2; https://clinicadentalargarate.com"
78.142.18.172 - - [29/Jun/2026:18:28:15 +0200] "GET /wp-login.php HTTP/1.1" 200 6744 "-" "Mozilla/5.0 (X11; Ubuntu; Linux x86_64; rv:133.0) Gecko/20100101 Firefox/133.0"
87.98.225.137 - - [29/Jun/2026:18:28:23 +0200] "POST /wp-cron.php?doing_wp_cron=1782750503.4005999565124511718750 HTTP/1.1" 200 3658 "-" "WordPress/6.7.2; https://clinicadentalargarate.com"
78.142.18.172 - - [29/Jun/2026:18:28:23 +0200] "GET /wp-json/wp/v2/users/me HTTP/1.1" 401 3998 "-" "Mozilla/5.0 (X11; Ubuntu; Linux x86_64; rv:133.0) Gecko/20100101 Firefox/133.0"
87.98.225.137 - - [29/Jun/2026:18:29:09 +0200] "POST /wp-cron.php?doing_wp_cron=1782750549.7638409137725830078125 HTTP/1.1" 200 3658 "-" "WordPress/6.7.2; https://clinicadentalargarate.com"
104.244.124.135 - - [29/Jun/2026:18:29:09 +0200] "GET /wp-login.php HTTP/1.1" 200 6744 "-" "Mozilla/5.0 (X11; CrOS x86_64 14541.0.0) AppleWebKit/537.36 (KHTML, like Gecko) Chrome/133.0.0.0 Safari/537.36"
87.98.225.137 - - [29/Jun/2026:18:29:10 +0200] "POST /wp-cron.php?doing_wp_cron=1782750550.1969170570373535156250 HTTP/1.1" 200 3658 "-" "WordPress/6.7.2; https://clinicadentalargarate.com"
104.244.124.135 - - [29/Jun/2026:18:29:10 +0200] "POST /wp-login.php HTTP/1.1" 200 3501 "https://clinicadentalargarate.com/wp-login.php" "Mozilla/5.0 (X11; CrOS x86_64 14541.0.0) AppleWebKit/537.36 (KHTML, like Gecko) Chrome/133.0.0.0 Safari/537.36"
172.98.32.102 - - [29/Jun/2026:18:29:41 +0200] "POST /wp-login.php HTTP/1.1" 200 6681 "-" "Mozilla/5.0 (Macintosh; Intel Mac OS X 10_15_7) AppleWebKit/605.1.15 Version/17.0 Safari/605.1.15"
87.98.225.137 - - [29/Jun/2026:18:29:41 +0200] "POST /wp-cron.php?doing_wp_cron=1782750581.6025679111480712890625 HTTP/1.1" 200 3658 "-" "WordPress/6.7.2; https://clinicadentalargarate.com"
172.98.32.118 - - [29/Jun/2026:18:29:41 +0200] "POST /wp-login.php HTTP/1.1" 200 6680 "-" "Mozilla/5.0 (Windows NT 10.0; Win64; rv:143.0) Gecko/20100101 Firefox/143.0"
87.98.225.137 - - [29/Jun/2026:18:29:41 +0200] "POST /wp-cron.php?doing_wp_cron=1782750581.6042881011962890625000 HTTP/1.1" 200 3658 "-" "WordPress/6.7.2; https://clinicadentalargarate.com"
172.98.32.101 - - [29/Jun/2026:18:29:41 +0200] "POST /wp-login.php HTTP/1.1" 200 6707 "-" "Mozilla/5.0 (Macintosh; Intel Mac OS X 10_15_7) AppleWebKit/605.1.15 Version/17.0 Safari/605.1.15"
87.98.225.137 - - [29/Jun/2026:18:29:41 +0200] "POST /wp-cron.php?doing_wp_cron=1782750581.6025650501251220703125 HTTP/1.1" 200 3658 "-" "WordPress/6.7.2; https://clinicadentalargarate.com"
136.144.42.81 - - [29/Jun/2026:18:29:41 +0200] "POST /wp-login.php HTTP/1.1" 200 6683 "-" "Mozilla/5.0 (Windows NT 10.0; Win64; x64) AppleWebKit/537.36 Chrome/129.0.0.0 Safari/537.36"
136.144.42.95 - - [29/Jun/2026:18:29:41 +0200] "POST /wp-login.php HTTP/1.1" 200 6709 "-" "Mozilla/5.0 (Windows NT 10.0; Win64; x64) AppleWebKit/537.36 Chrome/129.0.0.0 Safari/537.36"
172.98.32.101 - - [29/Jun/2026:18:29:41 +0200] "POST /wp-login.php HTTP/1.1" 200 6682 "-" "Mozilla/5.0 (Macintosh; Intel Mac OS X 10_15_7) AppleWebKit/605.1.15 Version/17.0 Safari/605.1.15"
45.132.227.71 - - [29/Jun/2026:18:29:41 +0200] "POST /wp-login.php HTTP/1.1" 200 6680 "-" "Mozilla/5.0 (Windows NT 10.0; Win64; x64) AppleWebKit/537.36 Chrome/129.0.0.0 Safari/537.36"
87.98.225.137 - - [29/Jun/2026:18:30:10 +0200] "POST /wp-cron.php?doing_wp_cron=1782750610.3990259170532226562500 HTTP/1.1" 200 3658 "-" "WordPress/6.7.2; https://clinicadentalargarate.com"
94.23.87.180 - - [29/Jun/2026:18:30:10 +0200] "GET / HTTP/1.0" 200 152488 "-" "-"
87.98.225.137 - - [29/Jun/2026:18:37:53 +0200] "POST /wp-cron.php?doing_wp_cron=1782751073.3605730533599853515625 HTTP/1.1" 200 3658 "-" "WordPress/6.7.2; https://clinicadentalargarate.com"
51.195.215.225 - - [29/Jun/2026:18:37:53 +0200] "GET /?sitemap300.xml HTTP/1.1" 301 3660 "-" "Mozilla/5.0 (compatible; AhrefsBot/7.0; +http://ahrefs.com/robot/)"
87.98.225.137 - - [29/Jun/2026:18:37:53 +0200] "POST /wp-cron.php?doing_wp_cron=1782751073.8802709579467773437500 HTTP/1.1" 200 3658 "-" "WordPress/6.7.2; https://clinicadentalargarate.com"
51.195.215.225 - - [29/Jun/2026:18:37:53 +0200] "GET /?sitemap300_xml HTTP/1.1" 200 36363 "-" "Mozilla/5.0 (compatible; AhrefsBot/7.0; +http://ahrefs.com/robot/)"
87.98.225.137 - - [29/Jun/2026:18:38:50 +0200] "POST /wp-cron.php?doing_wp_cron=1782751130.5062849521636962890625 HTTP/1.1" 200 3658 "-" "WordPress/6.7.2; https://clinicadentalargarate.com"
52.246.162.142 - - [29/Jun/2026:18:38:50 +0200] "GET /inputs.php HTTP/1.1" 404 105666 "-" "Mozilla/5.0 (Windows NT 10.0; Win64; x64) AppleWebKit/537.36 (KHTML, like Gecko) Chrome/120.0.0.0 Safari/537.36"
87.98.225.137 - - [29/Jun/2026:18:38:52 +0200] "POST /wp-cron.php?doing_wp_cron=1782751132.0209848880767822265625 HTTP/1.1" 200 3658 "-" "WordPress/6.7.2; https://clinicadentalargarate.com"
52.246.162.142 - - [29/Jun/2026:18:38:51 +0200] "GET /ioxi-o.php HTTP/1.1" 404 102303 "-" "Mozilla/5.0 (Windows NT 10.0; Win64; x64) AppleWebKit/537.36 (KHTML, like Gecko) Chrome/120.0.0.0 Safari/537.36"
87.98.225.137 - - [29/Jun/2026:18:38:53 +0200] "POST /wp-cron.php?doing_wp_cron=1782751133.0652649402618408203125 HTTP/1.1" 200 3658 "-" "WordPress/6.7.2; https://clinicadentalargarate.com"
52.246.162.142 - - [29/Jun/2026:18:38:52 +0200] "GET /function/function.php HTTP/1.1" 404 102303 "-" "Mozilla/5.0 (Windows NT 10.0; Win64; x64) AppleWebKit/537.36 (KHTML, like Gecko) Chrome/120.0.0.0 Safari/537.36"
87.98.225.137 - - [29/Jun/2026:18:38:54 +0200] "POST /wp-cron.php?doing_wp_cron=1782751134.0235869884490966796875 HTTP/1.1" 200 3658 "-" "WordPress/6.7.2; https://clinicadentalargarate.com"
52.246.162.142 - - [29/Jun/2026:18:38:53 +0200] "GET /rip.php HTTP/1.1" 404 102303 "-" "Mozilla/5.0 (Windows NT 10.0; Win64; x64) AppleWebKit/537.36 (KHTML, like Gecko) Chrome/120.0.0.0 Safari/537.36"
87.98.225.137 - - [29/Jun/2026:18:38:55 +0200] "POST /wp-cron.php?doing_wp_cron=1782751135.0205419063568115234375 HTTP/1.1" 200 3658 "-" "WordPress/6.7.2; https://clinicadentalargarate.com"
52.246.162.142 - - [29/Jun/2026:18:38:54 +0200] "GET /admin.php HTTP/1.1" 404 102303 "-" "Mozilla/5.0 (Windows NT 10.0; Win64; x64) AppleWebKit/537.36 (KHTML, like Gecko) Chrome/120.0.0.0 Safari/537.36"
87.98.225.137 - - [29/Jun/2026:18:38:56 +0200] "POST /wp-cron.php?doing_wp_cron=1782751135.9387199878692626953125 HTTP/1.1" 200 3658 "-" "WordPress/6.7.2; https://clinicadentalargarate.com"
52.246.162.142 - - [29/Jun/2026:18:38:55 +0200] "GET /wp-content/uploads/index.php HTTP/1.1" 301 428 "-" "Mozilla/5.0 (Windows NT 10.0; Win64; x64) AppleWebKit/537.36 (KHTML, like Gecko) Chrome/120.0.0.0 Safari/537.36"
87.98.225.137 - - [29/Jun/2026:18:38:56 +0200] "POST /wp-cron.php?doing_wp_cron=1782751136.3704791069030761718750 HTTP/1.1" 200 3658 "-" "WordPress/6.7.2; https://clinicadentalargarate.com"
52.246.162.142 - - [29/Jun/2026:18:38:56 +0200] "GET /cache.php HTTP/1.1" 404 102303 "-" "Mozilla/5.0 (Windows NT 10.0; Win64; x64) AppleWebKit/537.36 (KHTML, like Gecko) Chrome/120.0.0.0 Safari/537.36"
87.98.225.137 - - [29/Jun/2026:18:38:57 +0200] "POST /wp-cron.php?doing_wp_cron=1782751137.3658740520477294921875 HTTP/1.1" 200 3658 "-" "WordPress/6.7.2; https://clinicadentalargarate.com"
