87.98.225.137 - - [29/Jun/2026:15:12:40 +0200] "POST /wp-cron.php?doing_wp_cron=1782738760.6956689357757568359375 HTTP/1.1" 200 281 "-" "WordPress/6.7.2; https://clinicadentalargarate.com"
4.223.83.61 - - [29/Jun/2026:15:12:40 +0200] "GET /wgvsn.php HTTP/1.1" 404 101446 "-" "-"
87.98.225.137 - - [29/Jun/2026:15:12:41 +0200] "POST /wp-cron.php?doing_wp_cron=1782738761.6496980190277099609375 HTTP/1.1" 200 281 "-" "WordPress/6.7.2; https://clinicadentalargarate.com"
4.223.83.61 - - [29/Jun/2026:15:12:41 +0200] "GET /lufix.php HTTP/1.1" 404 101446 "-" "-"
87.98.225.137 - - [29/Jun/2026:15:12:42 +0200] "POST /wp-cron.php?doing_wp_cron=1782738762.1780209541320800781250 HTTP/1.1" 200 281 "-" "WordPress/6.7.2; https://clinicadentalargarate.com"
4.223.83.61 - - [29/Jun/2026:15:12:42 +0200] "GET /2P.php HTTP/1.1" 404 101446 "-" "-"
87.98.225.137 - - [29/Jun/2026:15:12:42 +0200] "POST /wp-cron.php?doing_wp_cron=1782738762.6574089527130126953125 HTTP/1.1" 200 281 "-" "WordPress/6.7.2; https://clinicadentalargarate.com"
4.223.83.61 - - [29/Jun/2026:15:12:42 +0200] "GET /2P.update.php HTTP/1.1" 404 101446 "-" "-"
87.98.225.137 - - [29/Jun/2026:15:12:43 +0200] "POST /wp-cron.php?doing_wp_cron=1782738763.1412920951843261718750 HTTP/1.1" 200 281 "-" "WordPress/6.7.2; https://clinicadentalargarate.com"
4.223.83.61 - - [29/Jun/2026:15:12:43 +0200] "GET /db.php HTTP/1.1" 404 101446 "-" "-"
87.98.225.137 - - [29/Jun/2026:15:12:43 +0200] "POST /wp-cron.php?doing_wp_cron=1782738763.7822439670562744140625 HTTP/1.1" 200 281 "-" "WordPress/6.7.2; https://clinicadentalargarate.com"
4.223.83.61 - - [29/Jun/2026:15:12:43 +0200] "GET /rrdbtjru.php HTTP/1.1" 404 101446 "-" "-"
87.98.225.137 - - [29/Jun/2026:15:12:44 +0200] "POST /wp-cron.php?doing_wp_cron=1782738764.2833878993988037109375 HTTP/1.1" 200 281 "-" "WordPress/6.7.2; https://clinicadentalargarate.com"
4.223.83.61 - - [29/Jun/2026:15:12:44 +0200] "GET /xll.php HTTP/1.1" 404 101446 "-" "-"
87.98.225.137 - - [29/Jun/2026:15:12:44 +0200] "POST /wp-cron.php?doing_wp_cron=1782738764.7507669925689697265625 HTTP/1.1" 200 281 "-" "WordPress/6.7.2; https://clinicadentalargarate.com"
4.223.83.61 - - [29/Jun/2026:15:12:44 +0200] "GET /Sfn2kmdefault.php HTTP/1.1" 404 101446 "-" "-"
87.98.225.137 - - [29/Jun/2026:15:12:45 +0200] "POST /wp-cron.php?doing_wp_cron=1782738765.2810819149017333984375 HTTP/1.1" 200 281 "-" "WordPress/6.7.2; https://clinicadentalargarate.com"
4.223.83.61 - - [29/Jun/2026:15:12:45 +0200] "GET /iKScdefault.php HTTP/1.1" 404 101446 "-" "-"
87.98.225.137 - - [29/Jun/2026:15:12:45 +0200] "POST /wp-cron.php?doing_wp_cron=1782738765.7580709457397460937500 HTTP/1.1" 200 281 "-" "WordPress/6.7.2; https://clinicadentalargarate.com"
4.223.83.61 - - [29/Jun/2026:15:12:45 +0200] "GET /bawal.php HTTP/1.1" 404 101446 "-" "-"
87.98.225.137 - - [29/Jun/2026:15:12:46 +0200] "POST /wp-cron.php?doing_wp_cron=1782738766.2760460376739501953125 HTTP/1.1" 200 281 "-" "WordPress/6.7.2; https://clinicadentalargarate.com"
4.223.83.61 - - [29/Jun/2026:15:12:46 +0200] "GET /BDKR28.php HTTP/1.1" 404 101446 "-" "-"
87.98.225.137 - - [29/Jun/2026:15:12:47 +0200] "POST /wp-cron.php?doing_wp_cron=1782738767.5323760509490966796875 HTTP/1.1" 200 281 "-" "WordPress/6.7.2; https://clinicadentalargarate.com"
4.223.83.61 - - [29/Jun/2026:15:12:47 +0200] "GET /odf7udtspqtpxzyxmw2rcCdefault.php HTTP/1.1" 404 101446 "-" "-"
87.98.225.137 - - [29/Jun/2026:15:12:48 +0200] "POST /wp-cron.php?doing_wp_cron=1782738768.1413168907165527343750 HTTP/1.1" 200 281 "-" "WordPress/6.7.2; https://clinicadentalargarate.com"
4.223.83.61 - - [29/Jun/2026:15:12:48 +0200] "GET /iQps3ldefault.php HTTP/1.1" 404 101446 "-" "-"
87.98.225.137 - - [29/Jun/2026:15:12:49 +0200] "POST /wp-cron.php?doing_wp_cron=1782738769.0659940242767333984375 HTTP/1.1" 200 281 "-" "WordPress/6.7.2; https://clinicadentalargarate.com"
4.223.83.61 - - [29/Jun/2026:15:12:48 +0200] "GET /xxa.php HTTP/1.1" 404 101446 "-" "-"
87.98.225.137 - - [29/Jun/2026:15:12:49 +0200] "POST /wp-cron.php?doing_wp_cron=1782738769.5972990989685058593750 HTTP/1.1" 200 281 "-" "WordPress/6.7.2; https://clinicadentalargarate.com"
4.223.83.61 - - [29/Jun/2026:15:12:49 +0200] "GET /dxipc.php HTTP/1.1" 404 101446 "-" "-"
87.98.225.137 - - [29/Jun/2026:15:12:50 +0200] "POST /wp-cron.php?doing_wp_cron=1782738770.0962219238281250000000 HTTP/1.1" 200 281 "-" "WordPress/6.7.2; https://clinicadentalargarate.com"
4.223.83.61 - - [29/Jun/2026:15:12:50 +0200] "GET /class-t.api.php HTTP/1.1" 404 101446 "-" "-"
87.98.225.137 - - [29/Jun/2026:15:12:50 +0200] "POST /wp-cron.php?doing_wp_cron=1782738770.6077530384063720703125 HTTP/1.1" 200 281 "-" "WordPress/6.7.2; https://clinicadentalargarate.com"
4.223.83.61 - - [29/Jun/2026:15:12:50 +0200] "GET /wp-ws68.php HTTP/1.1" 404 101446 "-" "-"
87.98.225.137 - - [29/Jun/2026:15:12:51 +0200] "POST /wp-cron.php?doing_wp_cron=1782738771.2032210826873779296875 HTTP/1.1" 200 281 "-" "WordPress/6.7.2; https://clinicadentalargarate.com"
4.223.83.61 - - [29/Jun/2026:15:12:51 +0200] "GET /a11.php HTTP/1.1" 404 101446 "-" "-"
87.98.225.137 - - [29/Jun/2026:15:13:47 +0200] "POST /wp-cron.php?doing_wp_cron=1782738827.9464130401611328125000 HTTP/1.1" 200 3658 "-" "WordPress/6.7.2; https://clinicadentalargarate.com"
87.98.225.137 - - [29/Jun/2026:15:13:47 +0200] "POST /wp-cron.php?doing_wp_cron=1782738827.9464170932769775390625 HTTP/1.1" 200 3658 "-" "WordPress/6.7.2; https://clinicadentalargarate.com"
24.249.245.211 - - [29/Jun/2026:15:13:47 +0200] "GET /vodka-onlayn-kazino-registraciya-i-vhod/ HTTP/1.1" 200 26293 "-" "Mozilla/5.0 (Windows NT 10.0; Win64; x64) AppleWebKit/537.36 (KHTML, like Gecko) Chrome/145.0.0.0 Safari/537.36"
24.249.245.211 - - [29/Jun/2026:15:13:47 +0200] "GET /vodka-onlayn-kazino-registraciya-i-vhod/ HTTP/1.1" 200 26293 "-" "Mozilla/5.0 (Windows NT 10.0; Win64; x64) AppleWebKit/537.36 (KHTML, like Gecko) Chrome/145.0.0.0 Safari/537.36"
87.98.225.137 - - [29/Jun/2026:15:13:48 +0200] "POST /wp-cron.php?doing_wp_cron=1782738828.9246780872344970703125 HTTP/1.1" 200 3658 "-" "WordPress/6.7.2; https://clinicadentalargarate.com"
87.98.225.137 - - [29/Jun/2026:15:13:48 +0200] "POST /wp-cron.php?doing_wp_cron=1782738828.9266738891601562500000 HTTP/1.1" 200 3658 "-" "WordPress/6.7.2; https://clinicadentalargarate.com"
24.249.245.211 - - [29/Jun/2026:15:13:48 +0200] "GET /pin-ap-kazino-oficialnyy-sayt-pin-up-casino-igrat-onlayn-vhod-zerkalo-2026/ HTTP/1.1" 200 23605 "-" "Mozilla/5.0 (Windows NT 10.0; Win64; x64) AppleWebKit/537.36 (KHTML, like Gecko) Chrome/145.0.0.0 Safari/537.36"
24.249.245.211 - - [29/Jun/2026:15:13:48 +0200] "GET /pin-ap-kazino-oficialnyy-sayt-pin-up-casino-igrat-onlayn-vhod-zerkalo-2026/ HTTP/1.1" 200 23605 "-" "Mozilla/5.0 (Windows NT 10.0; Win64; x64) AppleWebKit/537.36 (KHTML, like Gecko) Chrome/145.0.0.0 Safari/537.36"
87.98.225.137 - - [29/Jun/2026:15:17:59 +0200] "POST /wp-cron.php?doing_wp_cron=1782739079.8676729202270507812500 HTTP/1.1" 200 281 "-" "WordPress/6.7.2; https://clinicadentalargarate.com"
43.167.214.133 - - [29/Jun/2026:15:17:59 +0200] "GET /wp-json/wp/v2/posts HTTP/1.1" 200 148279 "-" "Mozilla/5.0 (Windows NT 10.0; Win64; x64) AppleWebKit/537.36 (KHTML, like Gecko) Chrome/120.0.0.0 Safari/537.36"
87.98.225.137 - - [29/Jun/2026:15:21:05 +0200] "POST /wp-cron.php?doing_wp_cron=1782739265.0634090900421142578125 HTTP/1.1" 200 3658 "-" "WordPress/6.7.2; https://clinicadentalargarate.com"
136.144.42.93 - - [29/Jun/2026:15:21:04 +0200] "POST /wp-login.php HTTP/1.1" 200 6681 "-" "Mozilla/5.0 (Macintosh; Intel Mac OS X 10_15_7) AppleWebKit/605.1.15 Version/17.0 Safari/605.1.15"
87.98.225.137 - - [29/Jun/2026:15:21:05 +0200] "POST /wp-cron.php?doing_wp_cron=1782739265.0634090900421142578125 HTTP/1.1" 200 3658 "-" "WordPress/6.7.2; https://clinicadentalargarate.com"
172.98.32.115 - - [29/Jun/2026:15:21:04 +0200] "POST /wp-login.php HTTP/1.1" 200 6680 "-" "Mozilla/5.0 (Windows NT 10.0; Win64; x64) AppleWebKit/537.36 Chrome/129.0.0.0 Safari/537.36"
87.98.225.137 - - [29/Jun/2026:15:21:05 +0200] "POST /wp-cron.php?doing_wp_cron=1782739265.0634090900421142578125 HTTP/1.1" 200 3658 "-" "WordPress/6.7.2; https://clinicadentalargarate.com"
45.132.227.82 - - [29/Jun/2026:15:21:04 +0200] "POST /wp-login.php HTTP/1.1" 200 6682 "-" "Mozilla/5.0 (Windows NT 10.0; Win64; x64) AppleWebKit/537.36 Chrome/129.0.0.0 Safari/537.36"
45.132.227.70 - - [29/Jun/2026:15:21:04 +0200] "POST /wp-login.php HTTP/1.1" 200 6707 "-" "Mozilla/5.0 (Macintosh; Intel Mac OS X 10_15_7) AppleWebKit/605.1.15 Version/17.0 Safari/605.1.15"
172.98.32.111 - - [29/Jun/2026:15:21:04 +0200] "POST /wp-login.php HTTP/1.1" 200 6683 "-" "Mozilla/5.0 (Windows NT 10.0; Win64; rv:143.0) Gecko/20100101 Firefox/143.0"
172.98.32.112 - - [29/Jun/2026:15:21:04 +0200] "POST /wp-login.php HTTP/1.1" 200 6680 "-" "Mozilla/5.0 (Windows NT 10.0; Win64; x64) AppleWebKit/537.36 Chrome/129.0.0.0 Safari/537.36"
87.98.225.137 - - [29/Jun/2026:15:21:05 +0200] "POST /wp-cron.php?doing_wp_cron=1782739265.7996630668640136718750 HTTP/1.1" 200 3658 "-" "WordPress/6.7.2; https://clinicadentalargarate.com"
172.98.32.116 - - [29/Jun/2026:15:21:05 +0200] "POST /wp-login.php HTTP/1.1" 200 3748 "-" "Mozilla/5.0 (Windows NT 10.0; Win64; x64) AppleWebKit/537.36 Chrome/129.0.0.0 Safari/537.36"
87.98.225.137 - - [29/Jun/2026:15:25:38 +0200] "POST /wp-cron.php?doing_wp_cron=1782739538.7670819759368896484375 HTTP/1.1" 200 3658 "-" "WordPress/6.7.2; https://clinicadentalargarate.com"
179.99.191.162 - - [29/Jun/2026:15:25:38 +0200] "GET /blog/consigue-una-sonrisa-perfecta-verano/ HTTP/1.1" 500 6599 "-" "Mozilla/5.0 (Macintosh; Intel Mac OS X 10_15_7) AppleWebKit/537.36 (KHTML, like Gecko) Chrome/99.0.4844.51 Safari/537.36"
52.167.144.237 - - [29/Jun/2026:15:27:22 +0200] "GET /wp-content/uploads/2018/02/preparacion-implante-768x768.jpg HTTP/1.1" 200 56082 "-" "Mozilla/5.0 AppleWebKit/537.36 (KHTML, like Gecko; compatible; bingbot/2.0; +http://www.bing.com/bingbot.htm) Chrome/116.0.1938.76 Safari/537.36"
87.98.225.137 - - [29/Jun/2026:15:30:10 +0200] "POST /wp-cron.php?doing_wp_cron=1782739810.4251019954681396484375 HTTP/1.1" 200 3658 "-" "WordPress/6.7.2; https://clinicadentalargarate.com"
94.23.87.180 - - [29/Jun/2026:15:30:10 +0200] "GET / HTTP/1.0" 200 112914 "-" "-"
172.98.32.117 - - [29/Jun/2026:15:30:48 +0200] "POST /wp-login.php HTTP/1.1" 200 6707 "-" "Mozilla/5.0 (Macintosh; Intel Mac OS X 10_15_7) AppleWebKit/605.1.15 Version/17.0 Safari/605.1.15"
87.98.225.137 - - [29/Jun/2026:15:30:48 +0200] "POST /wp-cron.php?doing_wp_cron=1782739848.3553299903869628906250 HTTP/1.1" 200 3658 "-" "WordPress/6.7.2; https://clinicadentalargarate.com"
172.98.32.108 - - [29/Jun/2026:15:30:48 +0200] "POST /wp-login.php HTTP/1.1" 200 6682 "-" "Mozilla/5.0 (Windows NT 10.0; Win64; rv:143.0) Gecko/20100101 Firefox/143.0"
87.98.225.137 - - [29/Jun/2026:15:30:48 +0200] "POST /wp-cron.php?doing_wp_cron=1782739848.3563389778137207031250 HTTP/1.1" 200 3658 "-" "WordPress/6.7.2; https://clinicadentalargarate.com"
172.98.32.118 - - [29/Jun/2026:15:30:48 +0200] "POST /wp-login.php HTTP/1.1" 200 6681 "-" "Mozilla/5.0 (Windows NT 10.0; Win64; rv:143.0) Gecko/20100101 Firefox/143.0"
172.98.32.114 - - [29/Jun/2026:15:30:48 +0200] "POST /wp-login.php HTTP/1.1" 200 6680 "-" "Mozilla/5.0 (Windows NT 10.0; Win64; x64) AppleWebKit/537.36 Chrome/129.0.0.0 Safari/537.36"
172.98.32.209 - - [29/Jun/2026:15:30:48 +0200] "POST /wp-login.php HTTP/1.1" 200 6680 "-" "Mozilla/5.0 (Windows NT 10.0; Win64; x64) AppleWebKit/537.36 Chrome/129.0.0.0 Safari/537.36"
172.98.32.115 - - [29/Jun/2026:15:30:48 +0200] "POST /wp-login.php HTTP/1.1" 200 6709 "-" "Mozilla/5.0 (Windows NT 10.0; Win64; rv:143.0) Gecko/20100101 Firefox/143.0"
172.98.32.103 - - [29/Jun/2026:15:30:48 +0200] "POST /wp-login.php HTTP/1.1" 200 6683 "-" "Mozilla/5.0 (Windows NT 10.0; Win64; x64) AppleWebKit/537.36 Chrome/129.0.0.0 Safari/537.36"
87.98.225.137 - - [29/Jun/2026:15:32:18 +0200] "POST /wp-cron.php?doing_wp_cron=1782739938.0761940479278564453125 HTTP/1.1" 200 3658 "-" "WordPress/6.7.2; https://clinicadentalargarate.com"
198.244.226.171 - - [29/Jun/2026:15:32:17 +0200] "GET /?sitemap300.xml HTTP/1.1" 301 3660 "-" "Mozilla/5.0 (compatible; AhrefsBot/7.0; +http://ahrefs.com/robot/)"
87.98.225.137 - - [29/Jun/2026:15:32:18 +0200] "POST /wp-cron.php?doing_wp_cron=1782739938.3614609241485595703125 HTTP/1.1" 200 3658 "-" "WordPress/6.7.2; https://clinicadentalargarate.com"
198.244.226.171 - - [29/Jun/2026:15:32:18 +0200] "GET /?sitemap300_xml HTTP/1.1" 200 36364 "-" "Mozilla/5.0 (compatible; AhrefsBot/7.0; +http://ahrefs.com/robot/)"
87.98.225.137 - - [29/Jun/2026:15:34:34 +0200] "POST /wp-cron.php?doing_wp_cron=1782740074.3663859367370605468750 HTTP/1.1" 200 281 "-" "WordPress/6.7.2; https://clinicadentalargarate.com"
104.43.131.157 - - [29/Jun/2026:15:34:34 +0200] "GET /wp-content/plugins/hellopress/wp_filemanager.php HTTP/1.1" 404 101412 "-" "-"
87.98.225.137 - - [29/Jun/2026:15:34:35 +0200] "POST /wp-cron.php?doing_wp_cron=1782740075.3034060001373291015625 HTTP/1.1" 200 281 "-" "WordPress/6.7.2; https://clinicadentalargarate.com"
104.43.131.157 - - [29/Jun/2026:15:34:35 +0200] "GET /this_is_a_new_hello_world.php HTTP/1.1" 404 101378 "-" "-"
87.98.225.137 - - [29/Jun/2026:15:34:36 +0200] "POST /wp-cron.php?doing_wp_cron=1782740076.0036880970001220703125 HTTP/1.1" 200 281 "-" "WordPress/6.7.2; https://clinicadentalargarate.com"
104.43.131.157 - - [29/Jun/2026:15:34:35 +0200] "GET /xyn.php HTTP/1.1" 404 101378 "-" "-"
87.98.225.137 - - [29/Jun/2026:15:34:36 +0200] "POST /wp-cron.php?doing_wp_cron=1782740076.6775050163269042968750 HTTP/1.1" 200 281 "-" "WordPress/6.7.2; https://clinicadentalargarate.com"
104.43.131.157 - - [29/Jun/2026:15:34:36 +0200] "GET /a4.php HTTP/1.1" 404 101378 "-" "-"
87.98.225.137 - - [29/Jun/2026:15:34:37 +0200] "POST /wp-cron.php?doing_wp_cron=1782740077.3537070751190185546875 HTTP/1.1" 200 281 "-" "WordPress/6.7.2; https://clinicadentalargarate.com"
104.43.131.157 - - [29/Jun/2026:15:34:37 +0200] "GET /5.php HTTP/1.1" 404 101378 "-" "-"
74.7.241.146 - - [29/Jun/2026:15:40:07 +0200] "GET /robots.txt HTTP/1.1" 200 3834 "-" "Mozilla/5.0 (Macintosh; Intel Mac OS X 10_15_7) AppleWebKit/537.36 (KHTML, like Gecko) Chrome/131.0.0.0 Safari/537.36; compatible; OAI-SearchBot/1.4; robots.txt; +https://openai.com/searchbot"
87.98.225.137 - - [29/Jun/2026:15:40:07 +0200] "POST /wp-cron.php?doing_wp_cron=1782740407.8570001125335693359375 HTTP/1.1" 200 3658 "-" "WordPress/6.7.2; https://clinicadentalargarate.com"
74.7.242.156 - - [29/Jun/2026:15:40:07 +0200] "GET /tratamientos/estetica-dental/carillas-dentales/ HTTP/1.1" 200 29815 "-" "Mozilla/5.0 (Macintosh; Intel Mac OS X 10_15_7) AppleWebKit/537.36 (KHTML, like Gecko) Chrome/131.0.0.0 Safari/537.36; compatible; OAI-SearchBot/1.4; +https://openai.com/searchbot"
87.98.225.137 - - [29/Jun/2026:15:40:09 +0200] "POST /wp-cron.php?doing_wp_cron=1782740409.2512559890747070312500 HTTP/1.1" 200 3658 "-" "WordPress/6.7.2; https://clinicadentalargarate.com"
74.7.227.60 - - [29/Jun/2026:15:40:09 +0200] "GET /?p=1128 HTTP/1.1" 301 3785 "https://clinicadentalargarate.com/tratamientos/estetica-dental/carillas-dentales/" "Mozilla/5.0 AppleWebKit/537.36 (KHTML, like Gecko; compatible; GPTBot/1.4; +https://openai.com/gptbot)"
87.98.225.137 - - [29/Jun/2026:15:40:09 +0200] "POST /wp-cron.php?doing_wp_cron=1782740409.4811611175537109375000 HTTP/1.1" 200 3658 "-" "WordPress/6.7.2; https://clinicadentalargarate.com"
74.7.227.60 - - [29/Jun/2026:15:40:09 +0200] "GET /tratamientos/estetica-dental/carillas-dentales/ HTTP/1.1" 200 26429 "https://clinicadentalargarate.com/?p=1128" "Mozilla/5.0 AppleWebKit/537.36 (KHTML, like Gecko; compatible; GPTBot/1.4; +https://openai.com/gptbot)"
87.98.225.137 - - [29/Jun/2026:15:40:13 +0200] "POST /wp-cron.php?doing_wp_cron=1782740413.6575310230255126953125 HTTP/1.1" 200 3658 "-" "WordPress/6.7.2; https://clinicadentalargarate.com"
74.7.228.195 - - [29/Jun/2026:15:40:13 +0200] "GET /?p=1128 HTTP/1.1" 301 3785 "https://clinicadentalargarate.com/tratamientos/estetica-dental/carillas-dentales/" "Mozilla/5.0 (Macintosh; Intel Mac OS X 10_15_7) AppleWebKit/537.36 (KHTML, like Gecko) Chrome/131.0.0.0 Safari/537.36; compatible; OAI-SearchBot/1.4; +https://openai.com/searchbot"
87.98.225.137 - - [29/Jun/2026:15:40:36 +0200] "POST /wp-cron.php?doing_wp_cron=1782740436.4935870170593261718750 HTTP/1.1" 200 3658 "-" "WordPress/6.7.2; https://clinicadentalargarate.com"
87.98.225.137 - - [29/Jun/2026:15:40:36 +0200] "POST /wp-cron.php?doing_wp_cron=1782740436.4936759471893310546875 HTTP/1.1" 200 3658 "-" "WordPress/6.7.2; https://clinicadentalargarate.com"
172.98.32.120 - - [29/Jun/2026:15:40:36 +0200] "POST /wp-login.php HTTP/1.1" 200 6683 "-" "Mozilla/5.0 (Windows NT 10.0; Win64; x64) AppleWebKit/537.36 Chrome/129.0.0.0 Safari/537.36"
172.98.32.208 - - [29/Jun/2026:15:40:36 +0200] "POST /wp-login.php HTTP/1.1" 200 6680 "-" "Mozilla/5.0 (Windows NT 10.0; Win64; rv:143.0) Gecko/20100101 Firefox/143.0"
172.98.32.118 - - [29/Jun/2026:15:40:36 +0200] "POST /wp-login.php HTTP/1.1" 200 6682 "-" "Mozilla/5.0 (Macintosh; Intel Mac OS X 10_15_7) AppleWebKit/605.1.15 Version/17.0 Safari/605.1.15"
45.132.227.71 - - [29/Jun/2026:15:40:36 +0200] "POST /wp-login.php HTTP/1.1" 200 6709 "-" "Mozilla/5.0 (Macintosh; Intel Mac OS X 10_15_7) AppleWebKit/605.1.15 Version/17.0 Safari/605.1.15"
45.132.227.80 - - [29/Jun/2026:15:40:36 +0200] "POST /wp-login.php HTTP/1.1" 200 6681 "-" "Mozilla/5.0 (Macintosh; Intel Mac OS X 10_15_7) AppleWebKit/605.1.15 Version/17.0 Safari/605.1.15"
87.98.225.137 - - [29/Jun/2026:15:40:37 +0200] "POST /wp-cron.php?doing_wp_cron=1782740437.0324120521545410156250 HTTP/1.1" 200 3658 "-" "WordPress/6.7.2; https://clinicadentalargarate.com"
87.98.225.137 - - [29/Jun/2026:15:40:37 +0200] "POST /wp-cron.php?doing_wp_cron=1782740437.0323851108551025390625 HTTP/1.1" 200 3658 "-" "WordPress/6.7.2; https://clinicadentalargarate.com"
172.98.32.105 - - [29/Jun/2026:15:40:36 +0200] "POST /wp-login.php HTTP/1.1" 200 6680 "-" "Mozilla/5.0 (Macintosh; Intel Mac OS X 10_15_7) AppleWebKit/605.1.15 Version/17.0 Safari/605.1.15"
136.144.42.94 - - [29/Jun/2026:15:40:36 +0200] "POST /wp-login.php HTTP/1.1" 200 6707 "-" "Mozilla/5.0 (Macintosh; Intel Mac OS X 10_15_7) AppleWebKit/605.1.15 Version/17.0 Safari/605.1.15"
87.98.225.137 - - [29/Jun/2026:15:40:37 +0200] "POST /wp-cron.php?doing_wp_cron=1782740437.3297948837280273437500 HTTP/1.1" 200 281 "-" "WordPress/6.7.2; https://clinicadentalargarate.com"
104.43.131.157 - - [29/Jun/2026:15:40:37 +0200] "GET /wp-content/plugins/hellopress/wp_filemanager.php HTTP/1.1" 404 101412 "-" "-"
87.98.225.137 - - [29/Jun/2026:15:40:38 +0200] "POST /wp-cron.php?doing_wp_cron=1782740438.2483799457550048828125 HTTP/1.1" 200 281 "-" "WordPress/6.7.2; https://clinicadentalargarate.com"
104.43.131.157 - - [29/Jun/2026:15:40:38 +0200] "GET /this_is_a_new_hello_world.php HTTP/1.1" 404 101378 "-" "-"
87.98.225.137 - - [29/Jun/2026:15:40:38 +0200] "POST /wp-cron.php?doing_wp_cron=1782740438.7504930496215820312500 HTTP/1.1" 200 281 "-" "WordPress/6.7.2; https://clinicadentalargarate.com"
104.43.131.157 - - [29/Jun/2026:15:40:38 +0200] "GET /xyn.php HTTP/1.1" 404 101378 "-" "-"
87.98.225.137 - - [29/Jun/2026:15:40:39 +0200] "POST /wp-cron.php?doing_wp_cron=1782740439.2864959239959716796875 HTTP/1.1" 200 281 "-" "WordPress/6.7.2; https://clinicadentalargarate.com"
104.43.131.157 - - [29/Jun/2026:15:40:39 +0200] "GET /a4.php HTTP/1.1" 404 101378 "-" "-"
87.98.225.137 - - [29/Jun/2026:15:40:39 +0200] "POST /wp-cron.php?doing_wp_cron=1782740439.8461759090423583984375 HTTP/1.1" 200 281 "-" "WordPress/6.7.2; https://clinicadentalargarate.com"
104.43.131.157 - - [29/Jun/2026:15:40:39 +0200] "GET /5.php HTTP/1.1" 404 101378 "-" "-"
87.98.225.137 - - [29/Jun/2026:15:44:37 +0200] "POST /wp-cron.php?doing_wp_cron=1782740677.7516989707946777343750 HTTP/1.1" 200 3658 "-" "WordPress/6.7.2; https://clinicadentalargarate.com"
47.128.45.97 - - [29/Jun/2026:15:44:37 +0200] "GET /blog/ HTTP/1.1" 200 27771 "-" "Mozilla/5.0 (Linux; Android 5.0) AppleWebKit/537.36 (KHTML, like Gecko) Mobile Safari/537.36 (compatible; Bytespider; spider-feedback@bytedance.com)"
47.128.45.97 - - [29/Jun/2026:15:44:38 +0200] "GET /wp-content/plugins/contact-form-7/includes/css/styles.css HTTP/1.1" 200 1008 "https://clinicadentalargarate.com/blog/" "Mozilla/5.0 (Linux; Android 5.0) AppleWebKit/537.36 (KHTML, like Gecko) Mobile Safari/537.36 (compatible; Bytespider; spider-feedback@bytedance.com)"
47.128.45.97 - - [29/Jun/2026:15:44:38 +0200] "GET /wp-includes/css/dist/block-library/style.min.css HTTP/1.1" 200 15604 "https://clinicadentalargarate.com/blog/" "Mozilla/5.0 (Linux; Android 5.0) AppleWebKit/537.36 (KHTML, like Gecko) Mobile Safari/537.36 (compatible; Bytespider; spider-feedback@bytedance.com)"
47.128.45.97 - - [29/Jun/2026:15:44:39 +0200] "GET /wp-content/themes/thefox_child_theme/style.css HTTP/1.1" 200 2612 "https://clinicadentalargarate.com/blog/" "Mozilla/5.0 (Linux; Android 5.0) AppleWebKit/537.36 (KHTML, like Gecko) Mobile Safari/537.36 (compatible; Bytespider; spider-feedback@bytedance.com)"
47.128.45.97 - - [29/Jun/2026:15:44:39 +0200] "GET /wp-content/themes/thefox/style.css HTTP/1.1" 200 38918 "https://clinicadentalargarate.com/blog/" "Mozilla/5.0 (Linux; Android 5.0) AppleWebKit/537.36 (KHTML, like Gecko) Mobile Safari/537.36 (compatible; Bytespider; spider-feedback@bytedance.com)"
47.128.45.97 - - [29/Jun/2026:15:44:39 +0200] "GET /wp-content/plugins/revslider/public/assets/css/settings.css HTTP/1.1" 200 10254 "https://clinicadentalargarate.com/blog/" "Mozilla/5.0 (Linux; Android 5.0) AppleWebKit/537.36 (KHTML, like Gecko) Mobile Safari/537.36 (compatible; Bytespider; spider-feedback@bytedance.com)"
47.128.45.97 - - [29/Jun/2026:15:44:39 +0200] "GET /wp-content/themes/thefox/style_end.css HTTP/1.1" 200 38277 "https://clinicadentalargarate.com/blog/" "Mozilla/5.0 (Linux; Android 5.0) AppleWebKit/537.36 (KHTML, like Gecko) Mobile Safari/537.36 (compatible; Bytespider; spider-feedback@bytedance.com)"
47.128.45.97 - - [29/Jun/2026:15:44:39 +0200] "GET /wp-content/themes/thefox/media-queries_wide.css HTTP/1.1" 200 12950 "https://clinicadentalargarate.com/blog/" "Mozilla/5.0 (Linux; Android 5.0) AppleWebKit/537.36 (KHTML, like Gecko) Mobile Safari/537.36 (compatible; Bytespider; spider-feedback@bytedance.com)"
47.128.45.97 - - [29/Jun/2026:15:44:39 +0200] "GET /wp-content/themes/thefox/css/rgs.css HTTP/1.1" 200 4465 "https://clinicadentalargarate.com/blog/" "Mozilla/5.0 (Linux; Android 5.0) AppleWebKit/537.36 (KHTML, like Gecko) Mobile Safari/537.36 (compatible; Bytespider; spider-feedback@bytedance.com)"
47.128.45.97 - - [29/Jun/2026:15:44:39 +0200] "GET /wp-content/themes/thefox/includes/Flexslider/flexslider.css HTTP/1.1" 200 2048 "https://clinicadentalargarate.com/blog/" "Mozilla/5.0 (Linux; Android 5.0) AppleWebKit/537.36 (KHTML, like Gecko) Mobile Safari/537.36 (compatible; Bytespider; spider-feedback@bytedance.com)"
47.128.45.97 - - [29/Jun/2026:15:44:39 +0200] "GET /wp-content/themes/thefox/css/animations.css HTTP/1.1" 200 5656 "https://clinicadentalargarate.com/blog/" "Mozilla/5.0 (Linux; Android 5.0) AppleWebKit/537.36 (KHTML, like Gecko) Mobile Safari/537.36 (compatible; Bytespider; spider-feedback@bytedance.com)"
47.128.45.97 - - [29/Jun/2026:15:44:39 +0200] "GET /wp-content/themes/thefox/css/font-awesome.css HTTP/1.1" 200 5774 "https://clinicadentalargarate.com/blog/" "Mozilla/5.0 (Linux; Android 5.0) AppleWebKit/537.36 (KHTML, like Gecko) Mobile Safari/537.36 (compatible; Bytespider; spider-feedback@bytedance.com)"
47.128.45.97 - - [29/Jun/2026:15:44:39 +0200] "GET /wp-content/themes/thefox/css/moon.css HTTP/1.1" 200 13748 "https://clinicadentalargarate.com/blog/" "Mozilla/5.0 (Linux; Android 5.0) AppleWebKit/537.36 (KHTML, like Gecko) Mobile Safari/537.36 (compatible; Bytespider; spider-feedback@bytedance.com)"
47.128.45.97 - - [29/Jun/2026:15:44:39 +0200] "GET /wp-content/themes/thefox/includes/prettyPhoto/css/prettyPhoto.css HTTP/1.1" 200 3778 "https://clinicadentalargarate.com/blog/" "Mozilla/5.0 (Linux; Android 5.0) AppleWebKit/537.36 (KHTML, like Gecko) Mobile Safari/537.36 (compatible; Bytespider; spider-feedback@bytedance.com)"
47.128.45.97 - - [29/Jun/2026:15:44:39 +0200] "GET /wp-content/themes/thefox/css/elegant.css HTTP/1.1" 200 5038 "https://clinicadentalargarate.com/blog/" "Mozilla/5.0 (Linux; Android 5.0) AppleWebKit/537.36 (KHTML, like Gecko) Mobile Safari/537.36 (compatible; Bytespider; spider-feedback@bytedance.com)"
47.128.45.97 - - [29/Jun/2026:15:44:39 +0200] "GET /wp-content/themes/thefox/includes/zilla-likes/styles/zilla-likes.css HTTP/1.1" 200 526 "https://clinicadentalargarate.com/blog/" "Mozilla/5.0 (Linux; Android 5.0) AppleWebKit/537.36 (KHTML, like Gecko) Mobile Safari/537.36 (compatible; Bytespider; spider-feedback@bytedance.com)"
47.128.45.97 - - [29/Jun/2026:15:44:39 +0200] "GET /wp-content/themes/thefox/css/thefox_js_composer.css HTTP/1.1" 200 19521 "https://clinicadentalargarate.com/blog/" "Mozilla/5.0 (Linux; Android 5.0) AppleWebKit/537.36 (KHTML, like Gecko) Mobile Safari/537.36 (compatible; Bytespider; spider-feedback@bytedance.com)"
47.128.45.97 - - [29/Jun/2026:15:44:39 +0200] "GET /wp-content/uploads/2017/12/logo-clinica-dental-argarate.jpg HTTP/1.1" 206 854 "https://clinicadentalargarate.com/blog/" "Mozilla/5.0 (Linux; Android 5.0) AppleWebKit/537.36 (KHTML, like Gecko) Mobile Safari/537.36 (compatible; Bytespider; spider-feedback@bytedance.com)"
47.128.45.97 - - [29/Jun/2026:15:44:39 +0200] "GET /wp-content/uploads/telephone.svg HTTP/1.1" 206 856 "https://clinicadentalargarate.com/blog/" "Mozilla/5.0 (Linux; Android 5.0) AppleWebKit/537.36 (KHTML, like Gecko) Mobile Safari/537.36 (compatible; Bytespider; spider-feedback@bytedance.com)"
47.128.45.97 - - [29/Jun/2026:15:44:39 +0200] "GET /wp-content/uploads/2017/12/argarate-logo-footer.png HTTP/1.1" 206 853 "https://clinicadentalargarate.com/blog/" "Mozilla/5.0 (Linux; Android 5.0) AppleWebKit/537.36 (KHTML, like Gecko) Mobile Safari/537.36 (compatible; Bytespider; spider-feedback@bytedance.com)"
47.128.45.97 - - [29/Jun/2026:15:44:39 +0200] "GET /wp-content/uploads/2017/12/fondo-lineas.jpg HTTP/1.1" 206 698 "https://clinicadentalargarate.com/blog/" "Mozilla/5.0 (Linux; Android 5.0) AppleWebKit/537.36 (KHTML, like Gecko) Mobile Safari/537.36 (compatible; Bytespider; spider-feedback@bytedance.com)"
47.128.45.97 - - [29/Jun/2026:15:44:40 +0200] "GET /wp-content/uploads/telephone.svg HTTP/1.1" 304 270 "https://clinicadentalargarate.com/blog/" "Mozilla/5.0 (Linux; Android 5.0) AppleWebKit/537.36 (KHTML, like Gecko) Mobile Safari/537.36 (compatible; Bytespider; spider-feedback@bytedance.com)"
47.128.45.97 - - [29/Jun/2026:15:44:40 +0200] "GET /wp-content/uploads/telephone.svg HTTP/1.1" 206 1283 "https://clinicadentalargarate.com/blog/" "Mozilla/5.0 (Linux; Android 5.0) AppleWebKit/537.36 (KHTML, like Gecko) Mobile Safari/537.36 (compatible; Bytespider; spider-feedback@bytedance.com)"
87.98.225.137 - - [29/Jun/2026:15:48:00 +0200] "POST /wp-cron.php?doing_wp_cron=1782740880.9354429244995117187500 HTTP/1.1" 200 3658 "-" "WordPress/6.7.2; https://clinicadentalargarate.com"
94.143.197.129 - - [29/Jun/2026:15:48:00 +0200] "GET /blog/page/4/ HTTP/1.1" 200 27392 "-" "Mozilla/5.0 (Macintosh; Intel Mac OS X 10_14_6) AppleWebKit/537.36 (KHTML, like Gecko) Chrome/101.0.4951.54 Safari/537.36"
87.98.225.137 - - [29/Jun/2026:15:50:27 +0200] "POST /wp-cron.php?doing_wp_cron=1782741027.8786599636077880859375 HTTP/1.1" 200 3658 "-" "WordPress/6.7.2; https://clinicadentalargarate.com"
172.98.32.117 - - [29/Jun/2026:15:50:27 +0200] "POST /wp-login.php HTTP/1.1" 200 6682 "-" "Mozilla/5.0 (Windows NT 10.0; Win64; rv:143.0) Gecko/20100101 Firefox/143.0"
87.98.225.137 - - [29/Jun/2026:15:50:27 +0200] "POST /wp-cron.php?doing_wp_cron=1782741027.8786199092864990234375 HTTP/1.1" 200 3658 "-" "WordPress/6.7.2; https://clinicadentalargarate.com"
45.132.227.75 - - [29/Jun/2026:15:50:27 +0200] "POST /wp-login.php HTTP/1.1" 200 6683 "-" "Mozilla/5.0 (Windows NT 10.0; Win64; rv:143.0) Gecko/20100101 Firefox/143.0"
87.98.225.137 - - [29/Jun/2026:15:50:28 +0200] "POST /wp-cron.php?doing_wp_cron=1782741027.8786571025848388671875 HTTP/1.1" 200 3658 "-" "WordPress/6.7.2; https://clinicadentalargarate.com"
172.98.32.102 - - [29/Jun/2026:15:50:27 +0200] "POST /wp-login.php HTTP/1.1" 200 6680 "-" "Mozilla/5.0 (Macintosh; Intel Mac OS X 10_15_7) AppleWebKit/605.1.15 Version/17.0 Safari/605.1.15"
45.132.227.85 - - [29/Jun/2026:15:50:27 +0200] "POST /wp-login.php HTTP/1.1" 200 6709 "-" "Mozilla/5.0 (Macintosh; Intel Mac OS X 10_15_7) AppleWebKit/605.1.15 Version/17.0 Safari/605.1.15"
136.144.42.95 - - [29/Jun/2026:15:50:27 +0200] "POST /wp-login.php HTTP/1.1" 200 6681 "-" "Mozilla/5.0 (Windows NT 10.0; Win64; rv:143.0) Gecko/20100101 Firefox/143.0"
87.98.225.137 - - [29/Jun/2026:15:50:28 +0200] "POST /wp-cron.php?doing_wp_cron=1782741028.5805060863494873046875 HTTP/1.1" 200 3658 "-" "WordPress/6.7.2; https://clinicadentalargarate.com"
45.132.227.83 - - [29/Jun/2026:15:50:28 +0200] "POST /wp-login.php HTTP/1.1" 200 3746 "-" "Mozilla/5.0 (Macintosh; Intel Mac OS X 10_15_7) AppleWebKit/605.1.15 Version/17.0 Safari/605.1.15"
87.98.225.137 - - [29/Jun/2026:15:54:15 +0200] "POST /wp-cron.php?doing_wp_cron=1782741255.5864849090576171875000 HTTP/1.1" 200 3658 "-" "WordPress/6.7.2; https://clinicadentalargarate.com"
190.105.75.99 - - [29/Jun/2026:15:54:15 +0200] "GET /tratamientos/dentista-ninos-odontopediatra/ HTTP/1.1" 200 27876 "-" "Mozilla/5.0 (Windows NT 6.3; Win64; x64) AppleWebKit/537.36 (KHTML, like Gecko) Chrome/91.0.4472.164 Safari/537.36"
17.246.15.218 - - [29/Jun/2026:15:54:54 +0200] "GET /robots.txt HTTP/1.1" 200 3834 "-" "Mozilla/5.0 (Macintosh; Intel Mac OS X 10_15_7) AppleWebKit/605.1.15 (KHTML, like Gecko) Version/17.4 Safari/605.1.15 (Applebot/0.1; +http://www.apple.com/go/applebot)"
87.98.225.137 - - [29/Jun/2026:15:54:54 +0200] "POST /wp-cron.php?doing_wp_cron=1782741294.6150469779968261718750 HTTP/1.1" 200 3658 "-" "WordPress/6.7.2; https://clinicadentalargarate.com"
17.246.15.218 - - [29/Jun/2026:15:54:54 +0200] "GET / HTTP/1.1" 200 32977 "-" "Mozilla/5.0 (Macintosh; Intel Mac OS X 10_15_7) AppleWebKit/605.1.15 (KHTML, like Gecko) Version/17.4 Safari/605.1.15 (Applebot/0.1; +http://www.apple.com/go/applebot)"
216.73.217.169 - - [29/Jun/2026:15:55:45 +0200] "GET /robots.txt HTTP/1.1" 200 3834 "-" "Mozilla/5.0 AppleWebKit/537.36 (KHTML, like Gecko; compatible; ClaudeBot/1.0; +claudebot@anthropic.com)"
87.98.225.137 - - [29/Jun/2026:15:55:45 +0200] "POST /wp-cron.php?doing_wp_cron=1782741345.6655170917510986328125 HTTP/1.1" 200 3658 "-" "WordPress/6.7.2; https://clinicadentalargarate.com"
216.73.217.169 - - [29/Jun/2026:15:55:45 +0200] "GET / HTTP/1.1" 200 32975 "-" "Mozilla/5.0 AppleWebKit/537.36 (KHTML, like Gecko; compatible; ClaudeBot/1.0; +claudebot@anthropic.com)"
90.74.238.80 - - [29/Jun/2026:15:55:46 +0200] "POST /xmlrpc.php HTTP/1.1" 403 507 "https://clinicadentalargarate.com/xmlrpc.php" "Mozilla/5.0 (Windows NT 10.0; Win64; x64) AppleWebKit/537.36 (KHTML, like Gecko) Chrome/132.0.0.0 Safari/537.36"
185.103.151.94 - - [29/Jun/2026:15:55:46 +0200] "POST /xmlrpc.php HTTP/1.1" 403 507 "https://clinicadentalargarate.com/xmlrpc.php" "Mozilla/5.0 (Windows NT 10.0; Win64; x64) AppleWebKit/537.36 (KHTML, like Gecko) Chrome/132.0.0.0 Safari/537.36"
87.98.225.137 - - [29/Jun/2026:15:55:47 +0200] "POST /wp-cron.php?doing_wp_cron=1782741347.8745570182800292968750 HTTP/1.1" 200 281 "-" "WordPress/6.7.2; https://clinicadentalargarate.com"
2.49.9.80 - - [29/Jun/2026:15:55:47 +0200] "POST /wp/xmlrpc.php HTTP/1.1" 404 101434 "https://clinicadentalargarate.com/xmlrpc.php" "Mozilla/5.0 (Windows NT 10.0; Win64; x64) AppleWebKit/537.36 (KHTML, like Gecko) Chrome/132.0.0.0 Safari/537.36"
87.98.225.137 - - [29/Jun/2026:15:55:51 +0200] "POST /wp-cron.php?doing_wp_cron=1782741351.0690629482269287109375 HTTP/1.1" 200 3658 "-" "WordPress/6.7.2; https://clinicadentalargarate.com"
31.215.182.19 - - [29/Jun/2026:15:55:50 +0200] "POST /wp/xmlrpc.php HTTP/1.1" 404 105597 "https://clinicadentalargarate.com/xmlrpc.php" "Mozilla/5.0 (Windows NT 10.0; Win64; x64) AppleWebKit/537.36 (KHTML, like Gecko) Chrome/132.0.0.0 Safari/537.36"
87.98.225.137 - - [29/Jun/2026:15:55:54 +0200] "POST /wp-cron.php?doing_wp_cron=1782741354.9463140964508056640625 HTTP/1.1" 200 3658 "-" "WordPress/6.7.2; https://clinicadentalargarate.com"
86.98.116.119 - - [29/Jun/2026:15:55:54 +0200] "POST /wp/xmlrpc.php HTTP/1.1" 404 105665 "https://clinicadentalargarate.com/xmlrpc.php" "Mozilla/5.0 (Windows NT 10.0; Win64; x64) AppleWebKit/537.36 (KHTML, like Gecko) Chrome/132.0.0.0 Safari/537.36"
87.98.225.137 - - [29/Jun/2026:15:55:56 +0200] "POST /wp-cron.php?doing_wp_cron=1782741356.9350810050964355468750 HTTP/1.1" 200 281 "-" "WordPress/6.7.2; https://clinicadentalargarate.com"
92.96.192.10 - - [29/Jun/2026:15:55:56 +0200] "POST /wp/xmlrpc.php HTTP/1.1" 404 101502 "https://clinicadentalargarate.com/xmlrpc.php" "Mozilla/5.0 (Windows NT 10.0; Win64; x64) AppleWebKit/537.36 (KHTML, like Gecko) Chrome/132.0.0.0 Safari/537.36"
87.98.225.137 - - [29/Jun/2026:15:55:59 +0200] "POST /wp-cron.php?doing_wp_cron=1782741359.2373149394989013671875 HTTP/1.1" 200 281 "-" "WordPress/6.7.2; https://clinicadentalargarate.com"
85.87.87.143 - - [29/Jun/2026:15:55:59 +0200] "POST /blog/xmlrpc.php HTTP/1.1" 404 101434 "https://clinicadentalargarate.com/xmlrpc.php" "Mozilla/5.0 (Windows NT 10.0; Win64; x64) AppleWebKit/537.36 (KHTML, like Gecko) Chrome/130.0.0.0 Safari/537.36"
87.98.225.137 - - [29/Jun/2026:15:56:01 +0200] "POST /wp-cron.php?doing_wp_cron=1782741361.1907179355621337890625 HTTP/1.1" 200 281 "-" "WordPress/6.7.2; https://clinicadentalargarate.com"
167.172.27.167 - - [29/Jun/2026:15:56:01 +0200] "GET / HTTP/1.1" 301 312 "-" "Mozilla/5.0 (X11; Linux x86_64) AppleWebKit/537.36 (KHTML, like Gecko) Chrome/142.0.0.0 Safari/537.36"
87.98.225.137 - - [29/Jun/2026:15:56:01 +0200] "POST /wp-cron.php?doing_wp_cron=1782741361.4609689712524414062500 HTTP/1.1" 200 3658 "-" "WordPress/6.7.2; https://clinicadentalargarate.com"
167.172.27.167 - - [29/Jun/2026:15:56:01 +0200] "GET /favicon.ico HTTP/1.1" 302 446 "http://clinicadentalargarate.com/" "Mozilla/5.0 (X11; Linux x86_64) AppleWebKit/537.36 (KHTML, like Gecko) Chrome/142.0.0.0 Safari/537.36"
79.147.81.16 - - [29/Jun/2026:15:56:01 +0200] "POST /blog/xmlrpc.php HTTP/1.1" 404 105597 "https://clinicadentalargarate.com/xmlrpc.php" "Mozilla/5.0 (Windows NT 10.0; Win64; x64) AppleWebKit/537.36 (KHTML, like Gecko) Chrome/130.0.0.0 Safari/537.36"
87.98.225.137 - - [29/Jun/2026:15:56:02 +0200] "POST /wp-cron.php?doing_wp_cron=1782741362.6938951015472412109375 HTTP/1.1" 200 3658 "-" "WordPress/6.7.2; https://clinicadentalargarate.com"
167.172.27.167 - - [29/Jun/2026:15:56:02 +0200] "GET / HTTP/1.1" 200 36391 "-" "Mozilla/5.0 (X11; Linux x86_64) AppleWebKit/537.36 (KHTML, like Gecko) Chrome/142.0.0.0 Safari/537.36"
87.98.225.137 - - [29/Jun/2026:15:56:03 +0200] "POST /wp-cron.php?doing_wp_cron=1782741363.4189488887786865234375 HTTP/1.1" 200 3658 "-" "WordPress/6.7.2; https://clinicadentalargarate.com"
95.16.223.84 - - [29/Jun/2026:15:56:03 +0200] "POST /blog/xmlrpc.php HTTP/1.1" 404 105665 "https://clinicadentalargarate.com/xmlrpc.php" "Mozilla/5.0 (Windows NT 10.0; Win64; x64) AppleWebKit/537.36 (KHTML, like Gecko) Chrome/130.0.0.0 Safari/537.36"
87.98.225.137 - - [29/Jun/2026:15:56:05 +0200] "POST /wp-cron.php?doing_wp_cron=1782741365.0558600425720214843750 HTTP/1.1" 200 281 "-" "WordPress/6.7.2; https://clinicadentalargarate.com"
85.86.26.181 - - [29/Jun/2026:15:56:04 +0200] "POST /blog/xmlrpc.php HTTP/1.1" 404 101502 "https://clinicadentalargarate.com/xmlrpc.php" "Mozilla/5.0 (Windows NT 10.0; Win64; x64) AppleWebKit/537.36 (KHTML, like Gecko) Chrome/130.0.0.0 Safari/537.36"
167.172.27.167 - - [29/Jun/2026:15:56:08 +0200] "GET /wp-content/uploads/2017/12/favicon.png HTTP/1.1" 200 6937 "https://clinicadentalargarate.com/" "Mozilla/5.0 (X11; Linux x86_64) AppleWebKit/537.36 (KHTML, like Gecko) Chrome/142.0.0.0 Safari/537.36"
87.98.225.137 - - [29/Jun/2026:15:56:26 +0200] "POST /wp-cron.php?doing_wp_cron=1782741386.1918680667877197265625 HTTP/1.1" 200 281 "-" "WordPress/6.7.2; https://clinicadentalargarate.com"
86.98.163.158 - - [29/Jun/2026:15:56:26 +0200] "POST /wordpress/xmlrpc.php HTTP/1.1" 404 101434 "https://clinicadentalargarate.com/xmlrpc.php" "Mozilla/5.0 (Windows NT 10.0; Win64; x64) AppleWebKit/537.36 (KHTML, like Gecko) Chrome/130.0.0.0 Safari/537.36"
87.98.225.137 - - [29/Jun/2026:15:56:29 +0200] "POST /wp-cron.php?doing_wp_cron=1782741389.1706359386444091796875 HTTP/1.1" 200 3658 "-" "WordPress/6.7.2; https://clinicadentalargarate.com"
176.205.8.247 - - [29/Jun/2026:15:56:29 +0200] "POST /wordpress/xmlrpc.php HTTP/1.1" 404 105597 "https://clinicadentalargarate.com/xmlrpc.php" "Mozilla/5.0 (Windows NT 10.0; Win64; x64) AppleWebKit/537.36 (KHTML, like Gecko) Chrome/130.0.0.0 Safari/537.36"
87.98.225.137 - - [29/Jun/2026:15:56:32 +0200] "POST /wp-cron.php?doing_wp_cron=1782741392.6942811012268066406250 HTTP/1.1" 200 3658 "-" "WordPress/6.7.2; https://clinicadentalargarate.com"
86.99.137.99 - - [29/Jun/2026:15:56:32 +0200] "POST /wordpress/xmlrpc.php HTTP/1.1" 404 105665 "https://clinicadentalargarate.com/xmlrpc.php" "Mozilla/5.0 (Windows NT 10.0; Win64; x64) AppleWebKit/537.36 (KHTML, like Gecko) Chrome/130.0.0.0 Safari/537.36"
87.98.225.137 - - [29/Jun/2026:15:56:34 +0200] "POST /wp-cron.php?doing_wp_cron=1782741394.7177350521087646484375 HTTP/1.1" 200 281 "-" "WordPress/6.7.2; https://clinicadentalargarate.com"
92.98.200.115 - - [29/Jun/2026:15:56:34 +0200] "POST /wordpress/xmlrpc.php HTTP/1.1" 404 101502 "https://clinicadentalargarate.com/xmlrpc.php" "Mozilla/5.0 (Windows NT 10.0; Win64; x64) AppleWebKit/537.36 (KHTML, like Gecko) Chrome/130.0.0.0 Safari/537.36"
87.98.225.137 - - [29/Jun/2026:15:56:37 +0200] "POST /wp-cron.php?doing_wp_cron=1782741397.1108629703521728515625 HTTP/1.1" 200 281 "-" "WordPress/6.7.2; https://clinicadentalargarate.com"
187.110.109.2 - - [29/Jun/2026:15:56:37 +0200] "POST /xml/xmlrpc.php HTTP/1.1" 404 101434 "https://clinicadentalargarate.com/xmlrpc.php" "Mozilla/5.0 (Windows NT 10.0; Win64; x64) AppleWebKit/537.36 (KHTML, like Gecko) Chrome/132.0.0.0 Safari/537.36"
87.98.225.137 - - [29/Jun/2026:15:56:59 +0200] "POST /wp-cron.php?doing_wp_cron=1782741419.6903100013732910156250 HTTP/1.1" 200 3658 "-" "WordPress/6.7.2; https://clinicadentalargarate.com"
37.214.67.39 - - [29/Jun/2026:15:56:59 +0200] "POST /xml/xmlrpc.php HTTP/1.1" 404 105613 "https://clinicadentalargarate.com/xmlrpc.php" "Mozilla/5.0 (Windows NT 10.0; Win64; x64) AppleWebKit/537.36 (KHTML, like Gecko) Chrome/132.0.0.0 Safari/537.36"
87.98.225.137 - - [29/Jun/2026:15:57:02 +0200] "POST /wp-cron.php?doing_wp_cron=1782741422.4858930110931396484375 HTTP/1.1" 200 3658 "-" "WordPress/6.7.2; https://clinicadentalargarate.com"
178.187.243.26 - - [29/Jun/2026:15:57:02 +0200] "POST /xml/xmlrpc.php HTTP/1.1" 404 105665 "https://clinicadentalargarate.com/xmlrpc.php" "Mozilla/5.0 (Windows NT 10.0; Win64; x64) AppleWebKit/537.36 (KHTML, like Gecko) Chrome/132.0.0.0 Safari/537.36"
87.98.225.137 - - [29/Jun/2026:15:57:23 +0200] "POST /wp-cron.php?doing_wp_cron=1782741443.3132889270782470703125 HTTP/1.1" 200 3658 "-" "WordPress/6.7.2; https://clinicadentalargarate.com"
200.18.124.159 - - [29/Jun/2026:15:57:23 +0200] "POST /xml/xmlrpc.php HTTP/1.1" 404 105681 "https://clinicadentalargarate.com/xmlrpc.php" "Mozilla/5.0 (Windows NT 10.0; Win64; x64) AppleWebKit/537.36 (KHTML, like Gecko) Chrome/132.0.0.0 Safari/537.36"
87.98.225.137 - - [29/Jun/2026:15:57:25 +0200] "POST /wp-cron.php?doing_wp_cron=1782741445.5155799388885498046875 HTTP/1.1" 200 281 "-" "WordPress/6.7.2; https://clinicadentalargarate.com"
83.60.130.255 - - [29/Jun/2026:15:57:25 +0200] "POST /xml/xmlrpc.php HTTP/1.1" 404 101502 "https://clinicadentalargarate.com/xmlrpc.php" "Mozilla/5.0 (Windows NT 10.0; Win64; x64) AppleWebKit/537.36 (KHTML, like Gecko) Chrome/132.0.0.0 Safari/537.36"
87.98.225.137 - - [29/Jun/2026:15:58:02 +0200] "POST /wp-cron.php?doing_wp_cron=1782741482.1886999607086181640625 HTTP/1.1" 200 3658 "-" "WordPress/6.7.2; https://clinicadentalargarate.com"
216.73.217.169 - - [29/Jun/2026:15:58:02 +0200] "GET /pages.php HTTP/1.1" 404 105569 "-" "Mozilla/5.0 AppleWebKit/537.36 (KHTML, like Gecko; compatible; ClaudeBot/1.0; +claudebot@anthropic.com)"
87.98.225.137 - - [29/Jun/2026:15:58:34 +0200] "POST /wp-cron.php?doing_wp_cron=1782741513.7509989738464355468750 HTTP/1.1" 200 281 "-" "WordPress/6.7.2; https://clinicadentalargarate.com"
43.157.22.109 - - [29/Jun/2026:15:58:33 +0200] "GET / HTTP/1.1" 301 275 "-" "Mozilla/5.0 (iPhone; CPU iPhone OS 13_2_3 like Mac OS X) AppleWebKit/605.1.15 (KHTML, like Gecko) Version/13.0.3 Mobile/15E148 Safari/604.1"
87.98.225.137 - - [29/Jun/2026:15:58:35 +0200] "POST /wp-cron.php?doing_wp_cron=1782741515.8315019607543945312500 HTTP/1.1" 200 3658 "-" "WordPress/6.7.2; https://clinicadentalargarate.com"
43.157.22.109 - - [29/Jun/2026:15:58:35 +0200] "GET / HTTP/1.1" 200 36340 "http://clinicadentalargarate.com" "Mozilla/5.0 (iPhone; CPU iPhone OS 13_2_3 like Mac OS X) AppleWebKit/605.1.15 (KHTML, like Gecko) Version/13.0.3 Mobile/15E148 Safari/604.1"
87.98.225.137 - - [29/Jun/2026:15:59:55 +0200] "POST /wp-cron.php?doing_wp_cron=1782741595.6271359920501708984375 HTTP/1.1" 200 3658 "-" "WordPress/6.7.2; https://clinicadentalargarate.com"
192.185.4.108 - - [29/Jun/2026:15:59:55 +0200] "GET /wp-login.php HTTP/1.1" 200 6744 "-" "Mozilla/5.0 (Windows NT 10.0; Win64; x64) AppleWebKit/537.36 (KHTML, like Gecko) Chrome/120.0.0.0 Safari/537.36"
87.98.225.137 - - [29/Jun/2026:15:59:56 +0200] "POST /wp-cron.php?doing_wp_cron=1782741596.6718609333038330078125 HTTP/1.1" 200 3658 "-" "WordPress/6.7.2; https://clinicadentalargarate.com"
192.185.4.108 - - [29/Jun/2026:15:59:56 +0200] "POST /wp-login.php HTTP/1.1" 200 3503 "https://clinicadentalargarate.com/wp-login.php" "Mozilla/5.0 (Windows NT 10.0; Win64; x64) AppleWebKit/537.36 (KHTML, like Gecko) Chrome/120.0.0.0 Safari/537.36"
87.98.225.137 - - [29/Jun/2026:16:00:26 +0200] "POST /wp-cron.php?doing_wp_cron=1782741626.9420540332794189453125 HTTP/1.1" 200 3658 "-" "WordPress/6.7.2; https://clinicadentalargarate.com"
172.98.32.208 - - [29/Jun/2026:16:00:26 +0200] "POST /wp-login.php HTTP/1.1" 200 6707 "-" "Mozilla/5.0 (Windows NT 10.0; Win64; rv:143.0) Gecko/20100101 Firefox/143.0"
87.98.225.137 - - [29/Jun/2026:16:00:26 +0200] "POST /wp-cron.php?doing_wp_cron=1782741626.9420530796051025390625 HTTP/1.1" 200 3658 "-" "WordPress/6.7.2; https://clinicadentalargarate.com"
87.98.225.137 - - [29/Jun/2026:16:00:26 +0200] "POST /wp-cron.php?doing_wp_cron=1782741626.9426450729370117187500 HTTP/1.1" 200 3658 "-" "WordPress/6.7.2; https://clinicadentalargarate.com"
45.132.227.73 - - [29/Jun/2026:16:00:26 +0200] "POST /wp-login.php HTTP/1.1" 200 6682 "-" "Mozilla/5.0 (Macintosh; Intel Mac OS X 10_15_7) AppleWebKit/605.1.15 Version/17.0 Safari/605.1.15"
87.98.225.137 - - [29/Jun/2026:16:00:26 +0200] "POST /wp-cron.php?doing_wp_cron=1782741626.9422419071197509765625 HTTP/1.1" 200 3658 "-" "WordPress/6.7.2; https://clinicadentalargarate.com"
87.98.225.137 - - [29/Jun/2026:16:00:26 +0200] "POST /wp-cron.php?doing_wp_cron=1782741626.9437229633331298828125 HTTP/1.1" 200 3658 "-" "WordPress/6.7.2; https://clinicadentalargarate.com"
136.144.42.82 - - [29/Jun/2026:16:00:26 +0200] "POST /wp-login.php HTTP/1.1" 200 6680 "-" "Mozilla/5.0 (Windows NT 10.0; Win64; x64) AppleWebKit/537.36 Chrome/129.0.0.0 Safari/537.36"
87.98.225.137 - - [29/Jun/2026:16:00:27 +0200] "POST /wp-cron.php?doing_wp_cron=1782741626.9421329498291015625000 HTTP/1.1" 200 3658 "-" "WordPress/6.7.2; https://clinicadentalargarate.com"
136.144.42.95 - - [29/Jun/2026:16:00:26 +0200] "POST /wp-login.php HTTP/1.1" 200 6683 "-" "Mozilla/5.0 (Windows NT 10.0; Win64; rv:143.0) Gecko/20100101 Firefox/143.0"
45.132.227.79 - - [29/Jun/2026:16:00:26 +0200] "POST /wp-login.php HTTP/1.1" 200 6709 "-" "Mozilla/5.0 (Windows NT 10.0; Win64; rv:143.0) Gecko/20100101 Firefox/143.0"
45.132.227.76 - - [29/Jun/2026:16:00:26 +0200] "POST /wp-login.php HTTP/1.1" 200 6681 "-" "Mozilla/5.0 (Macintosh; Intel Mac OS X 10_15_7) AppleWebKit/605.1.15 Version/17.0 Safari/605.1.15"
87.98.225.137 - - [29/Jun/2026:16:00:27 +0200] "POST /wp-cron.php?doing_wp_cron=1782741627.6726560592651367187500 HTTP/1.1" 200 3658 "-" "WordPress/6.7.2; https://clinicadentalargarate.com"
136.144.42.87 - - [29/Jun/2026:16:00:27 +0200] "POST /wp-login.php HTTP/1.1" 200 3719 "-" "Mozilla/5.0 (Macintosh; Intel Mac OS X 10_15_7) AppleWebKit/605.1.15 Version/17.0 Safari/605.1.15"
87.98.225.137 - - [29/Jun/2026:16:06:18 +0200] "POST /wp-cron.php?doing_wp_cron=1782741978.6672780513763427734375 HTTP/1.1" 200 3658 "-" "WordPress/6.7.2; https://clinicadentalargarate.com"
200.105.105.34 - - [29/Jun/2026:16:06:18 +0200] "GET /blog/enfermedades-de-las-encias-cuales-son-sus-sintomas-y-su-tratamiento/ HTTP/1.1" 500 6599 "-" "Mozilla/5.0 (Macintosh; Intel Mac OS X 10_13_6) AppleWebKit/537.36 (KHTML, like Gecko) Brave Chrome/77.0.3865.90 Safari/537.36"
17.246.23.147 - - [29/Jun/2026:16:07:49 +0200] "GET /wp-content/plugins/contact-form-7/includes/css/styles.css HTTP/1.1" 200 4386 "https://clinicadentalargarate.com/" "Mozilla/5.0 (Macintosh; Intel Mac OS X 10_15_7) AppleWebKit/605.1.15 (KHTML, like Gecko) Version/17.4 Safari/605.1.15 (Applebot/0.1; +http://www.apple.com/go/applebot)"
17.246.23.147 - - [29/Jun/2026:16:07:50 +0200] "GET /wp-content/themes/thefox/style.css HTTP/1.1" 200 38572 "https://clinicadentalargarate.com/" "Mozilla/5.0 (Macintosh; Intel Mac OS X 10_15_7) AppleWebKit/605.1.15 (KHTML, like Gecko) Version/17.4 Safari/605.1.15 (Applebot/0.1; +http://www.apple.com/go/applebot)"
17.246.23.147 - - [29/Jun/2026:16:07:51 +0200] "GET /wp-content/plugins/revslider/public/assets/css/settings.css HTTP/1.1" 200 9908 "https://clinicadentalargarate.com/" "Mozilla/5.0 (Macintosh; Intel Mac OS X 10_15_7) AppleWebKit/605.1.15 (KHTML, like Gecko) Version/17.4 Safari/605.1.15 (Applebot/0.1; +http://www.apple.com/go/applebot)"
17.246.23.147 - - [29/Jun/2026:16:07:52 +0200] "GET /wp-content/themes/thefox/media-queries_wide.css HTTP/1.1" 200 9588 "https://clinicadentalargarate.com/" "Mozilla/5.0 (Macintosh; Intel Mac OS X 10_15_7) AppleWebKit/605.1.15 (KHTML, like Gecko) Version/17.4 Safari/605.1.15 (Applebot/0.1; +http://www.apple.com/go/applebot)"
17.246.23.147 - - [29/Jun/2026:16:07:53 +0200] "GET /wp-includes/css/dist/block-library/style.min.css HTTP/1.1" 200 15604 "https://clinicadentalargarate.com/" "Mozilla/5.0 (Macintosh; Intel Mac OS X 10_15_7) AppleWebKit/605.1.15 (KHTML, like Gecko) Version/17.4 Safari/605.1.15 (Applebot/0.1; +http://www.apple.com/go/applebot)"
17.246.23.147 - - [29/Jun/2026:16:07:54 +0200] "GET /wp-content/themes/thefox/style_end.css HTTP/1.1" 200 34915 "https://clinicadentalargarate.com/" "Mozilla/5.0 (Macintosh; Intel Mac OS X 10_15_7) AppleWebKit/605.1.15 (KHTML, like Gecko) Version/17.4 Safari/605.1.15 (Applebot/0.1; +http://www.apple.com/go/applebot)"
17.246.23.147 - - [29/Jun/2026:16:07:55 +0200] "GET /wp-content/themes/thefox_child_theme/style.css HTTP/1.1" 200 2612 "https://clinicadentalargarate.com/" "Mozilla/5.0 (Macintosh; Intel Mac OS X 10_15_7) AppleWebKit/605.1.15 (KHTML, like Gecko) Version/17.4 Safari/605.1.15 (Applebot/0.1; +http://www.apple.com/go/applebot)"
17.246.23.147 - - [29/Jun/2026:16:07:56 +0200] "GET /wp-content/themes/thefox/css/rgs.css HTTP/1.1" 200 1103 "https://clinicadentalargarate.com/" "Mozilla/5.0 (Macintosh; Intel Mac OS X 10_15_7) AppleWebKit/605.1.15 (KHTML, like Gecko) Version/17.4 Safari/605.1.15 (Applebot/0.1; +http://www.apple.com/go/applebot)"
17.246.23.147 - - [29/Jun/2026:16:07:57 +0200] "GET /wp-content/themes/thefox/css/animations.css HTTP/1.1" 200 5656 "https://clinicadentalargarate.com/" "Mozilla/5.0 (Macintosh; Intel Mac OS X 10_15_7) AppleWebKit/605.1.15 (KHTML, like Gecko) Version/17.4 Safari/605.1.15 (Applebot/0.1; +http://www.apple.com/go/applebot)"
17.246.23.147 - - [29/Jun/2026:16:07:58 +0200] "GET /wp-content/themes/thefox/includes/Flexslider/flexslider.css HTTP/1.1" 200 2048 "https://clinicadentalargarate.com/" "Mozilla/5.0 (Macintosh; Intel Mac OS X 10_15_7) AppleWebKit/605.1.15 (KHTML, like Gecko) Version/17.4 Safari/605.1.15 (Applebot/0.1; +http://www.apple.com/go/applebot)"
17.246.23.147 - - [29/Jun/2026:16:07:59 +0200] "GET /wp-content/themes/thefox/css/font-awesome.css HTTP/1.1" 200 5774 "https://clinicadentalargarate.com/" "Mozilla/5.0 (Macintosh; Intel Mac OS X 10_15_7) AppleWebKit/605.1.15 (KHTML, like Gecko) Version/17.4 Safari/605.1.15 (Applebot/0.1; +http://www.apple.com/go/applebot)"
17.246.23.147 - - [29/Jun/2026:16:08:01 +0200] "GET /wp-content/themes/thefox/css/moon.css HTTP/1.1" 200 13748 "https://clinicadentalargarate.com/" "Mozilla/5.0 (Macintosh; Intel Mac OS X 10_15_7) AppleWebKit/605.1.15 (KHTML, like Gecko) Version/17.4 Safari/605.1.15 (Applebot/0.1; +http://www.apple.com/go/applebot)"
17.246.23.147 - - [29/Jun/2026:16:08:02 +0200] "GET /wp-content/themes/thefox/css/elegant.css HTTP/1.1" 200 5038 "https://clinicadentalargarate.com/" "Mozilla/5.0 (Macintosh; Intel Mac OS X 10_15_7) AppleWebKit/605.1.15 (KHTML, like Gecko) Version/17.4 Safari/605.1.15 (Applebot/0.1; +http://www.apple.com/go/applebot)"
17.246.23.147 - - [29/Jun/2026:16:08:03 +0200] "GET /wp-content/themes/thefox/includes/prettyPhoto/css/prettyPhoto.css HTTP/1.1" 200 3778 "https://clinicadentalargarate.com/" "Mozilla/5.0 (Macintosh; Intel Mac OS X 10_15_7) AppleWebKit/605.1.15 (KHTML, like Gecko) Version/17.4 Safari/605.1.15 (Applebot/0.1; +http://www.apple.com/go/applebot)"
